{"id":141,"date":"2021-01-15T16:03:15","date_gmt":"2021-01-15T13:03:15","guid":{"rendered":"https:\/\/www.myvize.com.tr\/almanya\/?page_id=141"},"modified":"2022-03-22T14:06:21","modified_gmt":"2022-03-22T11:06:21","slug":"vatandaslik","status":"publish","type":"page","link":"https:\/\/www.myvize.com.tr\/almanya\/vatandaslik\/","title":{"rendered":"VATANDA\u015eLIK"},"content":{"rendered":"\r\n<p>Alman vatanda\u015fl\u0131\u011f\u0131, Almanya\u2019n\u0131n yasalar\u0131 taraf\u0131ndan ki\u015filere verilen yasal bir hakt\u0131r. Almanya\u2019n\u0131n vatanda\u015fl\u0131\u011f\u0131na ge\u00e7menin bir\u00e7ok avantaj\u0131 vard\u0131r. \u015e\u00fcphesiz bunun en iyi avantajlar\u0131ndan biri,\u00a0<strong>Almanya vizesi<\/strong>\u00a0almaya gerek duymadan AB \u00fclkeleri aras\u0131nda dola\u015fabilme ve i\u015f kurabilme hakk\u0131d\u0131r. Almanya\u2019n\u0131n vatanda\u015f\u0131 olan herkes,\u00a0<strong>Almanya vize i\u015flem<\/strong>\u00a0ve protokollerine gerek duymadan,\u00a0<strong>Almanya vize<\/strong>\u00a0sorunu ya\u015famadan AB \u00fclkelerinde yasal olarak serbest\u00e7e dola\u015fabilmekte ve hi\u00e7bir ek belgeye ihtiya\u00e7 duymadan \u00e7al\u0131\u015fabilmekte veya i\u015f kurabilmektedir.<\/p>\r\n\r\n\r\n\r\n<p>Alman vatanda\u015fl\u0131\u011f\u0131 hakk\u0131n\u0131 kazanman\u0131n temelde iki yolu vard\u0131r. Bu, do\u011fumla elde edilen vatanda\u015fl\u0131k ve do\u011fuma ba\u011fl\u0131 olmadan, sonradan elde edilen vatanda\u015fl\u0131kt\u0131r. Annesi veya babas\u0131 Alman vatanda\u015f\u0131 olan her \u00e7ocuk, do\u011fu\u015ftan bu hakk\u0131 kazan\u0131r. E\u011fer \u00e7ocu\u011fun annesi ve babas\u0131 yabanc\u0131 uyrukluysa ve \u00e7ocuk Almanya\u2019da do\u011fduysa; e\u011fer ebeveynlerinden biri en az 8 y\u0131ld\u0131r Almanya\u2019da ya\u015f\u0131yorsa veya oturma iznine sahipse \u00e7ocu\u011fa vatanda\u015fl\u0131k hakk\u0131 tan\u0131n\u0131r. Ancak \u00e7ocuk 18-23 ya\u015flar\u0131 aras\u0131nda anne ve babas\u0131n\u0131n uyru\u011fundan \u00e7\u0131kt\u0131\u011f\u0131n\u0131 kan\u0131tlamal\u0131 ve Alman vatanda\u015f\u0131 olmak istedi\u011fini ilgili kuruma yaz\u0131l\u0131 olarak bildirmek zorundad\u0131r. Bu bildirimi yapmayan ki\u015filer, vatanda\u015fl\u0131k haklar\u0131n\u0131 kaybetmi\u015f olurlar.<\/p>\r\n\r\n\r\n\r\n<p>Alman vatanda\u015fl\u0131\u011f\u0131, g\u00f6\u00e7men b\u00fcrolar\u0131na veya yabanc\u0131lar dairesine ba\u015fvuru formunun ve gerekli evraklar\u0131n teslim edilmesiyle ba\u015fvurularak al\u0131n\u0131r. Vatanda\u015fl\u0131\u011fa ba\u015fvurabilmek i\u00e7in \u00e7e\u015fitli \u015fartlar\u0131 yerine getiriyor olmak gerekmektedir. Bunlar; Almanca bilmek, 8 y\u0131ld\u0131r Almanya\u2019da ikamet ediyor olmak, sab\u0131ka kayd\u0131 olmamak, iyi bir gelire sahip olmak, \u00fclkeye uyum sa\u011flayabilece\u011finizi kan\u0131tlayacak belgelere sahip olmak gibi temel \u015fartlard\u0131r. Bu \u015fartlar\u0131 kar\u015f\u0131lad\u0131\u011f\u0131n\u0131z\u0131 belgelerle kan\u0131tlamak gerekecektir. Size \u00e7e\u015fitli testler yap\u0131lacak ve bu testlerle Alman sosyal ya\u015fam\u0131na uyumunuz, Alman hukuksal konular\u0131ndaki bilginiz, Almanca dilindeki yeterlili\u011finiz \u00f6l\u00e7\u00fclecektir. Alman vatanda\u015fl\u0131\u011f\u0131na ba\u015fvuranlar\u0131n s\u00fcresiz oturma izinlerinin olmas\u0131 \u015fartt\u0131r. Oturma iznine sahip olmayanlar\u0131n \u00f6ncelikle oturma iznini almalar\u0131 ve daha sonra gerekli belgelerle ba\u015fvuru yapmalar\u0131 gerekmektedir.<\/p>\r\n\r\n<p><img decoding=\"async\" src=\"https:\/\/www.myvize.com.tr\/almanya\/wp-content\/uploads\/2021\/09\/61.jpg\" \/><\/p>\r\n\r\n<h2 class=\"wp-block-heading\"><strong>Almanya Vatanda\u015fl\u0131\u011f\u0131 Avantajlar\u0131<\/strong><\/h2>\r\n\r\n\r\n\r\n<p>Yabanc\u0131 uyruklu ki\u015filere tan\u0131nan bir hak olan, Avrupa Birli\u011fi \u00fcyesi \u00fclkelerden biri olan Almanya vatanda\u015fl\u0131\u011f\u0131 avantajlar\u0131 olduk\u00e7a y\u00fcksek bir hakt\u0131r. Bu hak hem Almanya devletinin sa\u011flad\u0131\u011f\u0131 avantajlar\u0131 hem de Avrupa Birli\u011fi ile ilgili elde edilen kazan\u0131mlar\u0131 kapsamaktad\u0131r. Avrupa Birli\u011fi \u00fcyesi \u00fclkelerin aras\u0131nda bir dizi imtiyaz ve hak mevcuttur. \u00d6rne\u011fin T\u00fcrk uyruklu bir ki\u015fi Alman vatanda\u015f\u0131 oldu\u011funda Almanya\u2019ya gitmek i\u00e7in\u00a0<strong>Almanya vizesi<\/strong>\u00a0almas\u0131na gerek kalmamaktad\u0131r.\u00a0<strong>Almanya vize i\u015flem<\/strong>\u00a0ve protokollere gerek duymadan\u00a0<strong>Almanya vize<\/strong>\u00a0ba\u015fvurusu yapmadan hem Almanya\u2019ya hem de di\u011fer t\u00fcm AB \u00fcyesi \u00fclkelere seyahat edebilmektedir.<\/p>\r\n\r\n\r\n\r\n<p>AB \u00fcyesi bir \u00fclkenin vatanda\u015f\u0131 olmak kapsam\u0131nda; Alman vatanda\u015f\u0131 bir ki\u015fi, herhangi bir yerden izin almaks\u0131z\u0131n di\u011fer Avrupa Birli\u011fi \u00fcyesi \u00fclkelere \u00f6zg\u00fcrce seyahat edebilir, bu \u00fclkelerde yeni bir i\u015f bulup \u00e7al\u0131\u015fabilir ve hatta istedi\u011fi \u00fcye \u00fclkelerden birinde kendi \u00f6zel i\u015fini, \u015firketini kurabilir. Bu y\u00fczden herhangi bir AB \u00fcyesi \u00fclkenin vatanda\u015f\u0131 olmak, beraberinde bir\u00e7ok imtiyaz\u0131 beraberinde getirmektedir. Bu imtiyazlardan en \u00f6nemlisi ise seyahat \u00f6zg\u00fcrl\u00fc\u011f\u00fcd\u00fcr.<\/p>\r\n\r\n\r\n\r\n<p>Almanya vatanda\u015f\u0131 olman\u0131n bir\u00e7ok avantaj\u0131 vard\u0131r. Bu avantajlar temelde 5 b\u00f6l\u00fcmde incelenebilir. Bunlar; \u00e7al\u0131\u015fma hakk\u0131, seyahat \u00f6zg\u00fcrl\u00fc\u011f\u00fc, e\u011fitim hakk\u0131, korunma hakk\u0131, sa\u011fl\u0131k hizmetleri hakk\u0131d\u0131r. Seyahat \u00f6zg\u00fcrl\u00fc\u011f\u00fc hakk\u0131 kapsam\u0131nda t\u00fcm Alman vatanda\u015flar\u0131, Avrupa Birli\u011fine \u00fcye olan t\u00fcm \u00fclkeleri vizeleri olmad\u0131\u011f\u0131 halde ziyaret edebilir, bu \u00fclkelerde uzun zaman dola\u015fabilirler. Herhangi bir k\u0131s\u0131tlama olmadan AB \u00fclkelerinde uzun s\u00fcre kalabilirler. Seyahat \u00f6zg\u00fcrl\u00fc\u011f\u00fc d\u0131\u015f\u0131nda t\u00fcm Alman vatanda\u015flar\u0131 yasalara g\u00f6re \u00e7al\u0131\u015fma ve i\u015f kurma hakk\u0131na sahiptirler. Alman yasalar\u0131 vatanda\u015flar\u0131n\u0131n bu hakk\u0131 hayata ge\u00e7irebilmesi i\u00e7in bir\u00e7ok kolayl\u0131k sa\u011flamaktad\u0131r. Alman vatanda\u015f\u0131 olman\u0131n di\u011fer avantajlar\u0131ndan biri ise e\u011fitim g\u00f6rme hakk\u0131d\u0131r. \u0130steyen t\u00fcm Alman vatanda\u015flar\u0131n\u0131n e\u011fitim g\u00f6rebilmeleri \u00e7e\u015fitli olanaklarla geni\u015fletilmi\u015ftir. Ba\u015far\u0131l\u0131 \u00f6\u011frencilere destek burslar\u0131 verilmekte, vatanda\u015flar\u0131n e\u011fitim haklar\u0131 g\u00fcvence alt\u0131na al\u0131nmaktad\u0131r.<\/p>\r\n\r\n<p><img decoding=\"async\" src=\"https:\/\/www.myvize.com.tr\/almanya\/wp-content\/uploads\/2021\/09\/62.jpg\" \/><\/p>\r\n\r\n<h2 class=\"wp-block-heading\"><strong>Almanya Vatanda\u015fl\u0131\u011fa Ge\u00e7i\u015f<\/strong><\/h2>\r\n\r\n\r\n\r\n<p>Alman vatanda\u015f\u0131 olmayan yabanc\u0131 uyruklu ki\u015filerin Almanya vatanda\u015fl\u0131\u011fa ge\u00e7i\u015f i\u015flemleri, bir\u00e7ok yasa ile d\u00fczenlenmektedir. Ki\u015filerin Alman vatanda\u015f\u0131 olmak istemelerinin nedenleri, Almanya\u2019da bulunma s\u00fcreleri, oturma izinler gibi bir\u00e7ok fakt\u00f6r bu ge\u00e7i\u015f i\u015flemlerinde belirleyici bir rol oynamaktad\u0131r. Almanya\u2019da d\u00fcnyaya gelen ve anne veya babas\u0131 Alman vatanda\u015f\u0131 olan her \u00e7ocuk, do\u011fu\u015ftan Alman vatanda\u015f\u0131 stat\u00fcs\u00fc kazanmaktad\u0131r. Alman vatanda\u015fl\u0131\u011f\u0131na ge\u00e7en T\u00fcrk vatanda\u015flar\u0131n,\u00a0<strong>Almanya vize<\/strong>\u00a0\u015fartlar\u0131 ortadan kalkmaktad\u0131r. Alman vatanda\u015fl\u0131\u011f\u0131na ge\u00e7en T\u00fcrklerin,\u00a0<strong>Almanya vizesi<\/strong>\u00a0i\u00e7in ba\u015fvurmalar\u0131na gerek kalmamaktad\u0131r. Alman vatanda\u015fl\u0131\u011f\u0131na ge\u00e7en T\u00fcrk vatanda\u015flar\u0131,\u00a0<strong>Almanya vize i\u015flem<\/strong>\u00a0\u015fartlar\u0131n\u0131 kar\u015f\u0131lamasalar bile istedikleri t\u00fcm Avrupa Birli\u011fi \u00fclkelerine \u00f6zg\u00fcrce seyahat edebilirler.<\/p>\r\n\r\n\r\n\r\n<p>Almanya\u2019da 1 Ocak 2000 tarihinde y\u00fcr\u00fcrl\u00fc\u011fe girmi\u015f olan yasaya g\u00f6re Almanya\u2019da do\u011fan \u00e7ocuklar\u0131n anne ve babalar\u0131 yabanc\u0131 uyruklu ise, \u00e7ocu\u011fun anne veya babas\u0131 \u00e7ocu\u011fun do\u011fmas\u0131ndan \u00f6nce en az 8 y\u0131ld\u0131r Almanya\u2019da ya\u015f\u0131yor ise ya da 3 y\u0131ld\u0131r s\u00fcresiz oturma iznine sahip ise Alman vatanda\u015f\u0131 olmaktad\u0131r. Bu \u00e7ocuklar 18 ile 23 ya\u015flar\u0131 aras\u0131ndayken anne ve babalar\u0131n\u0131n uyruklar\u0131 ile Alman vatanda\u015fl\u0131\u011f\u0131 aras\u0131nda se\u00e7im yaparak bu se\u00e7imlerini bildirmek zorundad\u0131rlar. Se\u00e7imlerini bu s\u00fcre i\u00e7inde bildirmeyenler vatanda\u015fl\u0131k haklar\u0131n\u0131 kaybederler.<\/p>\r\n\r\n\r\n\r\n<p>Yabanc\u0131 uyruklu ki\u015filerin Alman vatanda\u015fl\u0131\u011f\u0131na ge\u00e7meleri i\u00e7in \u00e7e\u015fitli \u015fartlar\u0131 kar\u015f\u0131lamalar\u0131 gerekmektedir. 16 ya\u015f\u0131n\u0131 doldurmu\u015f olan her ki\u015fi, a\u015fa\u011f\u0131daki \u015fartlar\u0131 yerine getirdi\u011fi takdirde Alman vatanda\u015fl\u0131\u011f\u0131na ge\u00e7mek i\u00e7in ba\u015fvurabilmektedir.<\/p>\r\n\r\n\r\n\r\n<ul class=\"wp-block-list\">\r\n<li>Almanya\u2019da oturma iznine sahip olmak<\/li>\r\n<li>\u0130yi derecede Almanca bilmek<\/li>\r\n<li>Sab\u0131kas\u0131 olmamak.<\/li>\r\n<li>En az 8 y\u0131l Almanya\u2019da ya\u015fam\u0131\u015f olmak<\/li>\r\n<li>Almanya\u2019da ya\u015fam\u0131n\u0131 s\u00fcrd\u00fcrmek i\u00e7in bir gelire sahip olmak<\/li>\r\n<li>Almanya\u2019n\u0131n hukuksal ve toplum d\u00fczeni gibi konularda bilgi sahibi olmak<\/li>\r\n<li>Siyasi iltica isteyenler i\u00e7in en az 6 y\u0131l Almanya\u2019da ya\u015f\u0131yor olmak<\/li>\r\n<li>60 ya\u015f\u0131ndan b\u00fcy\u00fckler i\u00e7in en az 12 y\u0131l Almanya\u2019da ya\u015f\u0131yor olmak<\/li>\r\n<li>Alman vatanda\u015f\u0131 bir ki\u015finin evlat edindi\u011fi ki\u015filer i\u00e7in en az 3 y\u0131l Almanya\u2019da ya\u015f\u0131yor olmak<\/li>\r\n<li>Alman devletinin onay verdi\u011fi durumlar i\u00e7in en az 3 y\u0131l Almanya\u2019da ya\u015f\u0131yor olmak<\/li>\r\n<\/ul>\r\n\r\n<p><img decoding=\"async\" src=\"https:\/\/www.myvize.com.tr\/almanya\/wp-content\/uploads\/2021\/09\/63.jpg\" \/><\/p>\r\n\r\n<h2 class=\"wp-block-heading\"><strong>Almanya Vatanda\u015fl\u0131\u011f\u0131 \u015eartlar\u0131<\/strong><\/h2>\r\n\r\n\r\n\r\n<p>Almanya vatanda\u015f\u0131 olmak, yabanc\u0131 uyruklu ki\u015filere pek \u00e7ok imtiyaz sa\u011flamaktad\u0131r. \u00d6rne\u011fin T\u00fcrk vatanda\u015flar\u0131 Alman vatanda\u015f\u0131 olduklar\u0131nda bir Alman\u0131n sahip oldu\u011fu t\u00fcm haklardan yararlanabilmektedir. Bu ki\u015filer,\u00a0<strong>Almanya vizesi<\/strong>\u00a0ihtiyac\u0131 duymaks\u0131z\u0131n hem Almanya\u2019ya hem de t\u00fcm Avrupa Birli\u011fi \u00fclkelerine seyahat edebilirler.\u00a0<strong>Almanya vize i\u015flem\u00a0<\/strong>ve protokolleri bu ki\u015filere muaft\u0131r ve kendilerinden\u00a0<strong>Almanya vize<\/strong>\u00a0\u015fart\u0131 aranmaz. Alman bir anne veya baban\u0131n \u00e7ocu\u011fu olarak Almanya\u2019da d\u00fcnyaya gelmenin d\u0131\u015f\u0131nda Alman vatanda\u015fl\u0131\u011f\u0131 kazanmak yasalar taraf\u0131ndan belirlenmi\u015f \u00e7e\u015fitli \u015fartlara ba\u011fl\u0131 olarak elde edilir. Almanya vatanda\u015f\u0131 olabilmek bir\u00e7ok farkl\u0131 \u015fekilde yap\u0131labilmektedir.<\/p>\r\n\r\n\r\n\r\n<p>Almanya vatanda\u015fl\u0131\u011f\u0131, Almanya&#8217;da oturum izni hakk\u0131na sahip olan yabanc\u0131 uyruklu ki\u015filerin \u00e7e\u015fitli \u015fartlar\u0131 sa\u011flad\u0131klar\u0131 takdirde ba\u015fvurabildikleri yasal bir hakt\u0131r. Almanya anne veya babadan do\u011fan \u00e7ocuklar\u0131n otomatik olarak elde etti\u011fi bu hak, yabanc\u0131 uyruklu ki\u015filer i\u00e7in ancak baz\u0131 \u015fartlar\u0131n yerine getirilmesiyle kazan\u0131lmaktad\u0131r. Almanya\u2019da yabanc\u0131 uyruklu ki\u015filerin \u00e7ocuklar\u0131 Almanya\u2019da do\u011fsalar bile do\u011fu\u015ftan vatanda\u015fl\u0131k hakk\u0131 alamamaktad\u0131r. Ancak anne veya baba en az 8 y\u0131l \u00fclkede oturum iznine sahipse bu hakk\u0131 elde edebilmektedir.<\/p>\r\n\r\n\r\n\r\n<p>Almanya&#8217;da oturum izni kazanm\u0131\u015f yabanc\u0131 uyruklu ki\u015filer, Almanya vatanda\u015fl\u0131\u011f\u0131na ge\u00e7mek i\u00e7in konsolosluk taraf\u0131ndan yetkilendirilmi\u015f kurumlara ba\u015fvurmal\u0131d\u0131r. \u00c7ifte vatanda\u015fl\u0131k hakk\u0131 tan\u0131nmam\u0131\u015f ki\u015filer, ancak di\u011fer uyruklar\u0131ndan \u00e7\u0131kmalar\u0131 takdirde Alman vatanda\u015f\u0131 olabilmektedir. Vatanda\u015fl\u0131\u011fa ge\u00e7i\u015f belgeleri, temel \u015fartlara ba\u011fl\u0131 olsa da kimi durumlarda bu \u015fartlar de\u011fi\u015fiklik g\u00f6sterebilmektedir. Bu y\u00fczden ki\u015finin yerine getirmesi gereken \u015fartlar\u0131 \u00f6\u011frenmek i\u00e7in konsoloslu\u011fun yetki verdi\u011fi kurumlardan bilgi almas\u0131 gerekmektedir. Ba\u015fvurular ise bu kurumlardan al\u0131nacak formu doldurduktan sonra gerekli belgeler ile birlikte \u015fahsen yap\u0131lmal\u0131d\u0131r. Almanya vatanda\u015fl\u0131\u011f\u0131 genel \u015fartlar\u0131 ise \u015fu \u015fekildedir:<\/p>\r\n\r\n\r\n\r\n<ul class=\"wp-block-list\">\r\n<li>16 ya\u015f\u0131n\u0131 doldurmu\u015f olmak<\/li>\r\n<li>Almanya oturum izni sahibi olmak ve Almanya\u2019da 8 y\u0131l s\u00fcresince ya\u015f\u0131yor olmak<\/li>\r\n<li>Sab\u0131ka kayd\u0131 olmamak<\/li>\r\n<li>B1 d\u00fczeyinde Almanca bilmek<\/li>\r\n<li>Almanya\u2019n\u0131n hukuki ve toplumsal konular\u0131nda bilgi sahibi olmak<\/li>\r\n<li>Kendine bakabilecek d\u00fczeyde bir gelir sahibi olmak<\/li>\r\n<\/ul>\r\n","protected":false},"excerpt":{"rendered":"<p>Alman vatanda\u015fl\u0131\u011f\u0131, Almanya\u2019n\u0131n yasalar\u0131 taraf\u0131ndan ki\u015filere verilen yasal bir hakt\u0131r. Almanya\u2019n\u0131n vatanda\u015fl\u0131\u011f\u0131na ge\u00e7menin bir\u00e7ok avantaj\u0131 vard\u0131r. \u015e\u00fcphesiz bunun en iyi avantajlar\u0131ndan biri,\u00a0Almanya vizesi\u00a0almaya gerek duymadan AB \u00fclkeleri aras\u0131nda dola\u015fabilme ve i\u015f kurabilme hakk\u0131d\u0131r. Almanya\u2019n\u0131n vatanda\u015f\u0131 olan herkes,\u00a0Almanya vize i\u015flem\u00a0ve protokollerine gerek duymadan,\u00a0Almanya vize\u00a0sorunu ya\u015famadan AB \u00fclkelerinde yasal olarak serbest\u00e7e dola\u015fabilmekte ve hi\u00e7bir ek belgeye ihtiya\u00e7<\/p>\n","protected":false},"author":1,"featured_media":0,"parent":0,"menu_order":0,"comment_status":"open","ping_status":"closed","template":"","meta":{"footnotes":""},"class_list":["post-141","page","type-page","status-publish","hentry"],"yoast_head":"<!-- This site is optimized with the Yoast SEO plugin v24.0 - https:\/\/yoast.com\/wordpress\/plugins\/seo\/ -->\n<title>Almanya Vatanda\u015fl\u0131k \u0130\u015flemleri - MyVize<\/title>\n<meta name=\"description\" content=\"Almanya vatanda\u015fl\u0131k i\u015flemleri hakk\u0131nda bilgi verir.Almanya Vatanda\u015fl\u0131k Almak \u0130\u00e7in Y\u0131l\u0131nda \u0130stenen T\u00fcm Evrak Listesi Bilgisine Ula\u015f\u0131n.\" \/>\n<meta name=\"robots\" content=\"index, follow, max-snippet:-1, max-image-preview:large, max-video-preview:-1\" \/>\n<link rel=\"canonical\" href=\"https:\/\/www.myvize.com.tr\/almanya\/vatandaslik\/\" \/>\n<meta property=\"og:locale\" content=\"tr_TR\" \/>\n<meta property=\"og:type\" content=\"article\" \/>\n<meta property=\"og:title\" content=\"Almanya Vatanda\u015fl\u0131k \u0130\u015flemleri - MyVize\" \/>\n<meta property=\"og:description\" content=\"Almanya vatanda\u015fl\u0131k i\u015flemleri hakk\u0131nda bilgi verir.Almanya Vatanda\u015fl\u0131k Almak \u0130\u00e7in Y\u0131l\u0131nda \u0130stenen T\u00fcm Evrak Listesi Bilgisine Ula\u015f\u0131n.\" \/>\n<meta property=\"og:url\" content=\"https:\/\/www.myvize.com.tr\/almanya\/vatandaslik\/\" \/>\n<meta property=\"og:site_name\" content=\"Almanya Vize\" \/>\n<meta property=\"article:modified_time\" content=\"2022-03-22T11:06:21+00:00\" \/>\n<meta property=\"og:image\" content=\"https:\/\/www.myvize.com.tr\/almanya\/wp-content\/uploads\/2021\/09\/61.jpg\" \/>\n<meta name=\"twitter:card\" content=\"summary_large_image\" \/>\n<meta name=\"twitter:label1\" content=\"Tahmini okuma s\u00fcresi\" \/>\n\t<meta name=\"twitter:data1\" content=\"6 dakika\" \/>\n<script type=\"application\/ld+json\" class=\"yoast-schema-graph\">{\"@context\":\"https:\/\/schema.org\",\"@graph\":[{\"@type\":\"WebPage\",\"@id\":\"https:\/\/www.myvize.com.tr\/almanya\/vatandaslik\/\",\"url\":\"https:\/\/www.myvize.com.tr\/almanya\/vatandaslik\/\",\"name\":\"Almanya Vatanda\u015fl\u0131k \u0130\u015flemleri - MyVize\",\"isPartOf\":{\"@id\":\"https:\/\/www.myvize.com.tr\/almanya\/#website\"},\"primaryImageOfPage\":{\"@id\":\"https:\/\/www.myvize.com.tr\/almanya\/vatandaslik\/#primaryimage\"},\"image\":{\"@id\":\"https:\/\/www.myvize.com.tr\/almanya\/vatandaslik\/#primaryimage\"},\"thumbnailUrl\":\"https:\/\/www.myvize.com.tr\/almanya\/wp-content\/uploads\/2021\/09\/61.jpg\",\"datePublished\":\"2021-01-15T13:03:15+00:00\",\"dateModified\":\"2022-03-22T11:06:21+00:00\",\"description\":\"Almanya vatanda\u015fl\u0131k i\u015flemleri hakk\u0131nda bilgi verir.Almanya Vatanda\u015fl\u0131k Almak \u0130\u00e7in Y\u0131l\u0131nda \u0130stenen T\u00fcm Evrak Listesi Bilgisine Ula\u015f\u0131n.\",\"breadcrumb\":{\"@id\":\"https:\/\/www.myvize.com.tr\/almanya\/vatandaslik\/#breadcrumb\"},\"inLanguage\":\"tr\",\"potentialAction\":[{\"@type\":\"ReadAction\",\"target\":[\"https:\/\/www.myvize.com.tr\/almanya\/vatandaslik\/\"]}]},{\"@type\":\"ImageObject\",\"inLanguage\":\"tr\",\"@id\":\"https:\/\/www.myvize.com.tr\/almanya\/vatandaslik\/#primaryimage\",\"url\":\"https:\/\/www.myvize.com.tr\/almanya\/wp-content\/uploads\/2021\/09\/61.jpg\",\"contentUrl\":\"https:\/\/www.myvize.com.tr\/almanya\/wp-content\/uploads\/2021\/09\/61.jpg\",\"width\":800,\"height\":500,\"caption\":\"Almanya\"},{\"@type\":\"BreadcrumbList\",\"@id\":\"https:\/\/www.myvize.com.tr\/almanya\/vatandaslik\/#breadcrumb\",\"itemListElement\":[{\"@type\":\"ListItem\",\"position\":1,\"name\":\"Anasayfa\",\"item\":\"https:\/\/www.myvize.com.tr\/almanya\/\"},{\"@type\":\"ListItem\",\"position\":2,\"name\":\"VATANDA\u015eLIK\"}]},{\"@type\":\"WebSite\",\"@id\":\"https:\/\/www.myvize.com.tr\/almanya\/#website\",\"url\":\"https:\/\/www.myvize.com.tr\/almanya\/\",\"name\":\"Almanya Vize\",\"description\":\"\",\"potentialAction\":[{\"@type\":\"SearchAction\",\"target\":{\"@type\":\"EntryPoint\",\"urlTemplate\":\"https:\/\/www.myvize.com.tr\/almanya\/?s={search_term_string}\"},\"query-input\":{\"@type\":\"PropertyValueSpecification\",\"valueRequired\":true,\"valueName\":\"search_term_string\"}}],\"inLanguage\":\"tr\"}]}<\/script>\n<!-- \/ Yoast SEO plugin. -->","yoast_head_json":{"title":"Almanya Vatanda\u015fl\u0131k \u0130\u015flemleri - MyVize","description":"Almanya vatanda\u015fl\u0131k i\u015flemleri hakk\u0131nda bilgi verir.Almanya Vatanda\u015fl\u0131k Almak \u0130\u00e7in Y\u0131l\u0131nda \u0130stenen T\u00fcm Evrak Listesi Bilgisine Ula\u015f\u0131n.","robots":{"index":"index","follow":"follow","max-snippet":"max-snippet:-1","max-image-preview":"max-image-preview:large","max-video-preview":"max-video-preview:-1"},"canonical":"https:\/\/www.myvize.com.tr\/almanya\/vatandaslik\/","og_locale":"tr_TR","og_type":"article","og_title":"Almanya Vatanda\u015fl\u0131k \u0130\u015flemleri - MyVize","og_description":"Almanya vatanda\u015fl\u0131k i\u015flemleri hakk\u0131nda bilgi verir.Almanya Vatanda\u015fl\u0131k Almak \u0130\u00e7in Y\u0131l\u0131nda \u0130stenen T\u00fcm Evrak Listesi Bilgisine Ula\u015f\u0131n.","og_url":"https:\/\/www.myvize.com.tr\/almanya\/vatandaslik\/","og_site_name":"Almanya Vize","article_modified_time":"2022-03-22T11:06:21+00:00","og_image":[{"url":"https:\/\/www.myvize.com.tr\/almanya\/wp-content\/uploads\/2021\/09\/61.jpg","type":"","width":"","height":""}],"twitter_card":"summary_large_image","twitter_misc":{"Tahmini okuma s\u00fcresi":"6 dakika"},"schema":{"@context":"https:\/\/schema.org","@graph":[{"@type":"WebPage","@id":"https:\/\/www.myvize.com.tr\/almanya\/vatandaslik\/","url":"https:\/\/www.myvize.com.tr\/almanya\/vatandaslik\/","name":"Almanya Vatanda\u015fl\u0131k \u0130\u015flemleri - MyVize","isPartOf":{"@id":"https:\/\/www.myvize.com.tr\/almanya\/#website"},"primaryImageOfPage":{"@id":"https:\/\/www.myvize.com.tr\/almanya\/vatandaslik\/#primaryimage"},"image":{"@id":"https:\/\/www.myvize.com.tr\/almanya\/vatandaslik\/#primaryimage"},"thumbnailUrl":"https:\/\/www.myvize.com.tr\/almanya\/wp-content\/uploads\/2021\/09\/61.jpg","datePublished":"2021-01-15T13:03:15+00:00","dateModified":"2022-03-22T11:06:21+00:00","description":"Almanya vatanda\u015fl\u0131k i\u015flemleri hakk\u0131nda bilgi verir.Almanya Vatanda\u015fl\u0131k Almak \u0130\u00e7in Y\u0131l\u0131nda \u0130stenen T\u00fcm Evrak Listesi Bilgisine Ula\u015f\u0131n.","breadcrumb":{"@id":"https:\/\/www.myvize.com.tr\/almanya\/vatandaslik\/#breadcrumb"},"inLanguage":"tr","potentialAction":[{"@type":"ReadAction","target":["https:\/\/www.myvize.com.tr\/almanya\/vatandaslik\/"]}]},{"@type":"ImageObject","inLanguage":"tr","@id":"https:\/\/www.myvize.com.tr\/almanya\/vatandaslik\/#primaryimage","url":"https:\/\/www.myvize.com.tr\/almanya\/wp-content\/uploads\/2021\/09\/61.jpg","contentUrl":"https:\/\/www.myvize.com.tr\/almanya\/wp-content\/uploads\/2021\/09\/61.jpg","width":800,"height":500,"caption":"Almanya"},{"@type":"BreadcrumbList","@id":"https:\/\/www.myvize.com.tr\/almanya\/vatandaslik\/#breadcrumb","itemListElement":[{"@type":"ListItem","position":1,"name":"Anasayfa","item":"https:\/\/www.myvize.com.tr\/almanya\/"},{"@type":"ListItem","position":2,"name":"VATANDA\u015eLIK"}]},{"@type":"WebSite","@id":"https:\/\/www.myvize.com.tr\/almanya\/#website","url":"https:\/\/www.myvize.com.tr\/almanya\/","name":"Almanya Vize","description":"","potentialAction":[{"@type":"SearchAction","target":{"@type":"EntryPoint","urlTemplate":"https:\/\/www.myvize.com.tr\/almanya\/?s={search_term_string}"},"query-input":{"@type":"PropertyValueSpecification","valueRequired":true,"valueName":"search_term_string"}}],"inLanguage":"tr"}]}},"_links":{"self":[{"href":"https:\/\/www.myvize.com.tr\/almanya\/wp-json\/wp\/v2\/pages\/141","targetHints":{"allow":["GET"]}}],"collection":[{"href":"https:\/\/www.myvize.com.tr\/almanya\/wp-json\/wp\/v2\/pages"}],"about":[{"href":"https:\/\/www.myvize.com.tr\/almanya\/wp-json\/wp\/v2\/types\/page"}],"author":[{"embeddable":true,"href":"https:\/\/www.myvize.com.tr\/almanya\/wp-json\/wp\/v2\/users\/1"}],"replies":[{"embeddable":true,"href":"https:\/\/www.myvize.com.tr\/almanya\/wp-json\/wp\/v2\/comments?post=141"}],"version-history":[{"count":5,"href":"https:\/\/www.myvize.com.tr\/almanya\/wp-json\/wp\/v2\/pages\/141\/revisions"}],"predecessor-version":[{"id":1567,"href":"https:\/\/www.myvize.com.tr\/almanya\/wp-json\/wp\/v2\/pages\/141\/revisions\/1567"}],"wp:attachment":[{"href":"https:\/\/www.myvize.com.tr\/almanya\/wp-json\/wp\/v2\/media?parent=141"}],"curies":[{"name":"wp","href":"https:\/\/api.w.org\/{rel}","templated":true}]}}