{"id":427,"date":"2021-01-29T18:48:46","date_gmt":"2021-01-29T15:48:46","guid":{"rendered":"https:\/\/www.myvize.com.tr\/almanya\/?page_id=427"},"modified":"2022-03-22T15:39:40","modified_gmt":"2022-03-22T12:39:40","slug":"berlin-baskonsoloslugu","status":"publish","type":"page","link":"https:\/\/www.myvize.com.tr\/almanya\/konsolosluklar\/berlin-baskonsoloslugu\/","title":{"rendered":"Almanya Berlin Ba\u015fkonsoloslu\u011fu"},"content":{"rendered":"<h2><strong><span style=\"font-family: Roboto; font-size: 27px;\">Almanya Berlin Ba\u015fkonsolosu Kimdir?<\/span><\/strong><\/h2>\n<p><span style=\"font-family: Roboto; font-size: 14px;\">1967 y\u0131l\u0131n da Ezine\u2019de do\u011fan B\u00fcy\u00fckel\u00e7i <strong>Ahmet Ba\u015far \u015een<\/strong>, orta \u00f6\u011frenimini \u0130stanbul Kabata\u015f Erkek Lisesinde tamamlad\u0131ktan sonra 1988 y\u0131l\u0131 da Ankara \u00dcniversitesi Siyasal Bilgi Fak\u00fcltesi Uluslararas\u0131 \u0130li\u015fki B\u00f6l\u00fcm\u00fcnden mezun olmu\u015ftur. B\u00fcy\u00fckel\u00e7i \u015een 1988-1990 y\u0131llar\u0131 aras\u0131nda \u0130stanbul \u00dcniversitesi Hukuk Fak\u00fcltesinde AB\u2019nin Hukuk Yap\u0131s\u0131 alan\u0131nda, 1990-1996 y\u0131l\u0131 aras\u0131nda Stuttgart \u00dcniversitesinde Siyaset Bilim ve Alman Dili\/Edebiyat\u0131 alan\u0131nda lisans\u00fcst\u00fc \u00e7al\u0131\u015fmada bulunmu\u015ftur.<\/span><br \/>\n<span style=\"font-family: Roboto; font-size: 14px;\">D\u0131\u015f i\u015fleri Bakanl\u0131\u011f\u0131ndaki meslek hayat\u0131na 1996 y\u0131l\u0131nda \u00a0B\u00fcy\u00fckel\u00e7i \u015een, \u00c7ok Tarafl\u0131 Ekonomi \u0130\u015fler Genel M\u00fcd\u00fcrl\u00fc\u011f\u00fc, Personel Daire Ba\u015fkanl\u0131k\u0131 ve \u0130kili Ekonomi \u0130\u015fler Genel M\u00fcd\u00fcrl\u00fc\u011f\u00fcnde \u00e7e\u015fitli g\u00f6revde bulunmu\u015f; 2001 -2003 y\u0131l\u0131 aras\u0131nda Berlin Ba\u015fkonsoloslukda, 2003-2005 y\u0131l\u0131 aras\u0131nda Minsk B\u00fcy\u00fckel\u00e7ili\u011finde, 2006 &#8211; 2010 y\u0131l\u0131 aras\u0131nda New York Ba\u015fkonsoloslu\u011funda g\u00f6revlendirilmi\u015f, 2010 &#8211; 2012 y\u0131l\u0131 aras\u0131nda Orta Do\u011fu Genel M\u00fcd\u00fcrl\u00fc\u011f\u00fcnde Daire Ba\u015fkan olarak g\u00f6rev yapm\u0131\u015ft\u0131r.<\/span><br \/>\n<span style=\"font-family: Roboto; font-size: 14px;\">2012 &#8211; 2016 y\u0131l\u0131 aras\u0131nda <strong>Berlin Ba\u015fkonsoloslu\u011fu<\/strong> g\u00f6revi y\u00fcr\u00fcten B\u00fcy\u00fckel\u00e7i \u015een, 2016 &#8211; 2019 y\u0131l\u0131 aras\u0131nda T\u00fcrkiye Cumhuriyetinin Ta\u015fkent B\u00fcy\u00fckel\u00e7isi ve 2020 &#8211; 2021 y\u0131l\u0131nda D\u0131\u015f i\u015fleri Bakanl\u0131\u011f\u0131 Protokol Genel M\u00fcd\u00fcr g\u00f6revinde bulunmu\u015ftur.<\/span><br \/>\n<span style=\"font-family: Roboto; font-size: 14px;\"><strong>Almanca ve \u0130ngilizce<\/strong> bilen B\u00fcy\u00fckel\u00e7i \u015een, evli ile 2 \u00e7ocuk babas\u0131d\u0131r.<\/span><\/p>\n<h2><strong><span style=\"font-family: Roboto; font-size: 27px;\">Almanya Berlin Ba\u015fkonsoloslu\u011fu Vize \u0130\u015flemleri<\/span><\/strong><\/h2>\n<p><span style=\"font-family: Roboto; font-size: 14px;\"><strong>Almanya vize ba\u015fvuru<\/strong> i\u00e7in kullan\u0131lmas\u0131 planlanan pasaportunun vize i\u015flemine al\u0131nabilmesi i\u00e7in en az 2 sayfas\u0131 bo\u015f olmas\u0131 gerekmekte. Vize talebine bulunan ki\u015filerin pasaportu yoksa yeni \u00a0pasaport \u00e7\u0131kart\u0131lmal\u0131d\u0131r.<\/span><br \/>\n<span style=\"font-family: Roboto; font-size: 14px;\"><strong>\u00a0Almanya vizesi<\/strong> i\u015fleminde kullan\u0131lacak olan pasaport son 10 y\u0131l i\u00e7inde d\u00fczenlenmi\u015f olmalar\u0131 ve<strong> Almanya vizesi<\/strong> bitiminden sonra en az 3 ay ge\u00e7erlili\u011fi bulunmas\u0131 gerekmekte.<\/span><br \/>\n<span style=\"font-family: Roboto; font-size: 14px;\">\u00a0Re\u015fit olmayan ki\u015finin, ebeveyni ya da yasal vasisinin yard\u0131m\u0131yla <strong>Almanya Vizesi ba\u015fvuru<\/strong> yapabilece\u011fi gibi noter tasdiki bir muvafakatname yard\u0131m\u0131 ile da ba\u015fvuruda bulunabilir.<\/span><br \/>\n<span style=\"font-family: Roboto; font-size: 14px;\">\u00a0Vize ba\u015fvurunuzu resmi ikametinizi bulundu\u011fu yerde ki konsoloslukdan yapman\u0131z \u00f6nem arz etmekte.<\/span><br \/>\n<span style=\"font-family: Roboto; font-size: 14px;\">\u00a0Resmi tatillerde <strong>Almanya Berlin Ba\u015fkonsoloslu\u011fu<\/strong> kapal\u0131 olmaktad\u0131r. Vize ba\u015fvurunuz resmi tatil tarihine denk gelmesi, vize i\u015fleminizin gecikmesi neden oldu\u011fundan, <strong>Almanya vize<\/strong> ba\u015fvurusunda bulunurken vize ba\u015fvurunuzun Almanya ve T\u00fcrkiye resmi tatil g\u00fcn\u00fcne denk gelmemesi dikkat etmeniz gerekmekte.\u00a0<strong>Almanya Berlin \u00f6n vize ba\u015fvuru formu<\/strong> doldurmak i\u00e7in ba\u015fkonsoloslu\u011fu online sistemi kullan\u0131lmaktadr.<\/span><br \/>\n<span style=\"font-family: Roboto; font-size: 14px;\">\u00a0Almanya\u2019da k\u0131sa s\u00fcre ve uzun s\u00fcre vize \u00fccreti <strong>Almanya Konsoloslu\u011fu<\/strong> taraf\u0131ndan belirlenmektedir. Almanya\u2019da ki vize i\u015flemi, <span style=\"color: #2acec2;\"><strong><a style=\"color: #2acec2;\" href=\"https:\/\/www.myvize.com.tr\/almanya\/konsolosluklar\/\" target=\"_blank\" rel=\"noopener\">Almanya Konsoloslu\u011fu <\/a><\/strong><\/span>taraf\u0131ndan akredit edilmi\u015f vize hizmet merkezi taraf\u0131ndan y\u00fcr\u00fct\u00fcld\u00fc\u011f\u00fcnde, vize hizmet merkezleri masraf\u0131 d\u00e2hil edilebilir.<\/span><\/p>\n<h2><span style=\"font-family: Roboto; font-size: 14px;\">\u00a0<\/span><strong><span style=\"font-family: Roboto; font-size: 27px;\">Almanya Berlin Ba\u015fkonsoloslu\u011fu Vize Ba\u015fvurusu<\/span><\/strong><\/h2>\n<p><span style=\"font-family: Roboto; font-size: 14px;\"><strong>Almanya Berlin \u00f6n vize ba\u015fvuru formu<\/strong> doldurmak i\u00e7in ba\u015fkonsoloslu\u011fu online sistemi kullan\u0131lmaktadr. Bu sisteme eri\u015fim sa\u011flama i\u00e7in Almanya Berlin Ba\u015fkonsoloslu\u011fu kendi sayfas\u0131 giri\u015f yaparak sa\u011f \u00fcstde \u00e7\u0131kan se\u00e7enekden vize \u00f6n ba\u015fvuru sayfas\u0131 a\u00e7man\u0131z gerekmekte. Daha sonras\u0131na vize ba\u015fvuru doldurmaya ba\u015flayabilirsiniz. Ba\u015fvuru tamamiyle \u0130ngilizce olarak doldurulmal\u0131. Ba\u015fvuru form, dolduruldukdan ve teslim al\u0131nd\u0131kdan sonra \u00e7\u0131kt\u0131s\u0131 al\u0131nmas\u0131 ve ba\u015fvuru dosyas\u0131na eklenmeli.<\/span><br \/>\n<span style=\"font-family: Roboto; font-size: 14px;\"><span style=\"color: #2acec2;\"><strong><a style=\"color: #2acec2;\" href=\"https:\/\/www.myvize.com.tr\/almanya\/almanya-vize-basvuru-formu\/\" target=\"_blank\" rel=\"noopener\">\u00a0Almanya vizesi ba\u015fvuru form<\/a><\/strong><\/span> i\u00e7in t\u00fcm bilginin eksiksiz ve do\u011fru bir \u015fekilde yaz\u0131lma, ba\u015fvuru formu esas al\u0131narak yap\u0131lcak de\u011ferlendirmede evrak\u0131n\u0131za ba\u011flanaca\u011f\u0131 i\u00e7in \u00e7ok \u00f6nemli. Ula\u015f\u0131labilir olan eposta ve telefon numaran\u0131z\u0131 eklemelisiniz. Ticaret ve ziyaret vizesi ba\u015fvurunuz i\u00e7in ilgili ki\u015finin telefon numaras\u0131 ve eposta adresi de mevcut olmal\u0131d\u0131r.\u00a0<\/span><br \/>\n<span style=\"font-family: Roboto; font-size: 14px;\">Vize Ba\u015fvurusu \u0130\u00e7in Gerekli Belge:<\/span><br \/>\n<span style=\"font-family: Roboto; font-size: 14px;\">Pasaportun ve varsa \u00f6nceki (Schengen) vizenizin fotokopisi gerekli.<\/span><br \/>\n<span style=\"font-family: Roboto; font-size: 14px;\">Pasaport<\/span><br \/>\n<span style=\"font-family: Roboto; font-size: 14px;\">Vize Ba\u015fvuru ve Taahh\u00fct Mektubu<\/span><br \/>\n<span style=\"font-family: Roboto; font-size: 14px;\"><strong>Almanya Ba\u015fkonsoloslu\u011fa<\/strong> Seyahat Amac\u0131 A\u00e7\u0131klayan Ki\u015fisel Dilek\u00e7e<\/span><br \/>\n<span style=\"font-family: Roboto; font-size: 14px;\">2 adet biyometrik foto\u011fraf (Yeni \u00e7ekilmi\u015f olmas\u0131)<\/span><br \/>\n<span style=\"font-family: Roboto; font-size: 14px;\">N\u00fcfus c\u00fczdan\u0131 fotokopi (TC kimlik numaras\u0131 yaz\u0131l\u0131 oldu\u011funda emin olunuz.)<\/span><br \/>\n<span style=\"font-family: Roboto; font-size: 14px;\">Belgesi Kimlik Kayd\u0131 \u00d6rne\u011fi (Yeni Tarih ile Veli Bilgileri D\u00e2hil)<\/span><br \/>\n<span style=\"font-family: Roboto; font-size: 14px;\">Gidi\u015f-D\u00f6n\u00fc\u015f U\u00e7ak Rezervasyon ve Otel Rezervasyonu<\/span><br \/>\n<span style=\"font-family: Roboto; font-size: 14px;\">Seyahat Masraf\u0131 \u0130\u00e7in Evrak Seyahat Sa\u011fl\u0131k Sigortas\u0131 (Taraf\u0131m\u0131zda Sa\u011flan\u0131r)<\/span><br \/>\n<span style=\"font-family: Roboto; font-size: 14px;\">Profesyonel Kullan\u0131m\u0131 i\u00e7in Belge<\/span><br \/>\n<span style=\"font-family: Roboto; font-size: 14px;\">Finansal kay\u0131t<\/span><br \/>\n<span style=\"font-family: Roboto; font-size: 14px;\">Mesleki Belge<\/span><\/p>\n<h2><strong><span style=\"font-size: 27px;\"><span style=\"font-family: Roboto;\">Almanya Berlin Ba\u015fkonsoloslu\u011fu Vize Randevusu<\/span><\/span><\/strong><\/h2>\n<p><span style=\"font-family: Roboto; font-size: 14px;\"><strong>Almanya Berlin Ba\u015fkonsoloslu\u011fu<\/strong> kendi adresinde \u00e7evrim i\u00e7i vize randevu alabilece\u011fi gibi Ba\u015fkonsolosluk \u00e7a\u011fr\u0131 merkezlerine ba\u011flanarak konsoloslu\u011fun santrali \u00fczerinden ya da do\u011frudan arayarak ba\u011flanabilirler ve randevunuzu alabilirsinz.<\/span><br \/>\n<span style=\"font-family: Roboto; font-size: 14px;\">\u00a0Almanya, Schengen B\u00f6lgesine \u00fcye olan \u00fclkeden birisidir. Almanya\u2019ya k\u0131sa bir seyahat planlayan (90 g\u00fcnde az) ki\u015fi, <span style=\"color: #2acec2;\"><strong><a style=\"color: #2acec2;\" href=\"https:\/\/www.myvize.com.tr\/almanya\/vize-islemleri\/almanya-schengen-vizesi\/\" target=\"_blank\" rel=\"noopener\">Almanya Schengen vizesi<\/a><\/strong><\/span> ba\u015fvurmak zorundad\u0131rlar. Almanya Schengen Vizesine sahip olan ki\u015finin yolculu\u011fu Almanya \u2018da ba\u015flad\u0131\u011f\u0131 s\u00fcrelere di\u011fer Schengen \u00fclkesine yeniden vize almada seyahat etmesine izin verilmektedir.<\/span><br \/>\n<span style=\"font-family: Roboto; font-size: 14px;\">\u00a0Ayr\u0131ca Ye\u015fil, Gri, Siyah Pasaport 90 g\u00fcne kadar olan gidi\u015fde vize i\u015flemini gerektirmez. Ancak bordo pasaport sahip ki\u015finin vizeye sahip olmas\u0131 i\u00e7in ba\u015fvuru yapmas\u0131 gerekmektedir.<\/span><br \/>\n<span style=\"font-family: Roboto; font-size: 14px;\">\u00a0Pasaportun y\u0131pranmam\u0131\u015f olmas\u0131 gerekti\u011fi unutmay\u0131n\u0131z. Y\u0131pranm\u0131\u015f olan bir pasaport vize alsan\u0131z bile s\u0131n\u0131rda geri \u00e7evrilme ihtimaliniz bulunmakta.<\/span><\/p>\n<h3><strong><span style=\"font-family: Roboto; font-size: 24px;\">Almanya Berlin Ba\u015fkonsoloslu\u011fu Adres Ve \u0130leti\u015fim Bilgileri<\/span><\/strong><\/h3>\n<p><span style=\"font-family: Roboto; font-size: 14px;\">T\u00fcrkiye Cumhuriyeti&#8217;nin <strong>Tiergarten Cadde<\/strong> ile <strong>Hildebrand Caddesi<\/strong> kesi\u015fti\u011fi k\u00f6\u015fe de bulunan, 1918 y\u0131l\u0131 da Osmanl\u0131 Devleti taraf\u0131ndan sat\u0131n al\u0131nm\u0131\u015f ve Osmanl\u0131 Devleti nin son zamana kadar kullan\u0131lan Ba\u015fkonsoloslu\u011fu binalar\u0131, 2. D\u00fcnya Sava\u015f\u0131 sonuna do\u011fru bombard\u0131man sonucu y\u0131k\u0131lm\u0131\u015fd\u0131r.<\/span><br \/>\n<span style=\"font-family: Roboto; font-size: 14px;\">Cumhuriyet kurulmas\u0131 m\u00fcteakip 1929-1944 y\u0131l\u0131 aras\u0131nda Berlin de g\u00f6rev yapan Ba\u015fkonsolosluk de keza bu binada g\u00f6rev yapm\u0131\u015fd\u0131r.<\/span><br \/>\n<span style=\"font-family: Roboto; font-size: 14px;\">Bat\u0131 Almanya&#8217;n\u0131n kurulmas\u0131 ile Ba\u015fkonsolosluk 1950&#8217;de Bonn&#8217;da faaliyet ge\u00e7mi\u015ftir. 1950 -1999 y\u0131l\u0131 aras\u0131nda Bonn&#8217;da ki binada faaliyet g\u00f6steren Ba\u015fkonsolosluk, 1999 y\u0131l\u0131nda Berlin ta\u015f\u0131nm\u0131\u015ft\u0131r.<\/span><br \/>\n<span style=\"font-family: Roboto; font-size: 14px;\">Kan\u00e7\u0131ya binas\u0131, 30 Ekim 2012 tarihine ger\u00e7ekle\u015ftirilen a\u00e7\u0131l\u0131\u015f\u0131n ard\u0131ndan, Ba\u015fkonsolosluk 70 y\u0131l sonra ait oldu\u011fu adres, <strong>Tiergarten strasse<\/strong> 19 -21, geri d\u00f6nm\u00fc\u015fd\u00fcr.<\/span><br \/>\n<span style=\"font-family: Roboto; font-size: 14px;\">Berlin T\u00fcrk \u00c7al\u0131\u015fma Saati:<\/span><br \/>\n<span style=\"font-family: Roboto; font-size: 14px;\"><strong>Berlin T\u00fcrk Ba\u015fkonsoloslu\u011fu<\/strong> Pazartesi ve Cuma g\u00fcnleri hizmet vermektedir<\/span><br \/>\n<span style=\"font-family: Roboto; font-size: 14px;\">Pazartesi: 09:00 &#8211; 12:00<\/span><br \/>\n<span style=\"font-family: Roboto; font-size: 14px;\">Cuma: 09:00 &#8211; 12:00<\/span><\/p>\n<p><span style=\"font-family: Roboto; font-size: 14px;\"><img decoding=\"async\" src=\"https:\/\/www.myvize.com.tr\/almanya\/wp-content\/uploads\/2021\/09\/98.jpg\" \/><\/span><\/p>\n","protected":false},"excerpt":{"rendered":"<p>Almanya Berlin Ba\u015fkonsolosu Kimdir? 1967 y\u0131l\u0131n da Ezine\u2019de do\u011fan B\u00fcy\u00fckel\u00e7i Ahmet Ba\u015far \u015een, orta \u00f6\u011frenimini \u0130stanbul Kabata\u015f Erkek Lisesinde tamamlad\u0131ktan sonra 1988 y\u0131l\u0131 da Ankara \u00dcniversitesi Siyasal Bilgi Fak\u00fcltesi Uluslararas\u0131 \u0130li\u015fki B\u00f6l\u00fcm\u00fcnden mezun olmu\u015ftur. B\u00fcy\u00fckel\u00e7i \u015een 1988-1990 y\u0131llar\u0131 aras\u0131nda \u0130stanbul \u00dcniversitesi Hukuk Fak\u00fcltesinde AB\u2019nin Hukuk Yap\u0131s\u0131 alan\u0131nda, 1990-1996 y\u0131l\u0131 aras\u0131nda Stuttgart \u00dcniversitesinde Siyaset Bilim ve<\/p>\n","protected":false},"author":1,"featured_media":0,"parent":69,"menu_order":0,"comment_status":"open","ping_status":"closed","template":"","meta":{"footnotes":""},"class_list":["post-427","page","type-page","status-publish","hentry"],"yoast_head":"<!-- This site is optimized with the Yoast SEO plugin v24.0 - https:\/\/yoast.com\/wordpress\/plugins\/seo\/ -->\n<title>Almanya Berlin Ba\u015fkonsoloslu\u011fu Vize \u0130\u015flemleri - MyVize<\/title>\n<meta name=\"description\" content=\"Almanya Berlin Ba\u015fkonsoloslu\u011fu Vize \u0130\u015flemleri Nelerdir? Almanya Berlin Ba\u015fkonsoloslu\u011fu Nerededir? Bilgi \u0130\u00e7in Hemen Aray\u0131n: 0850 346 84 93\" \/>\n<meta name=\"robots\" content=\"index, follow, max-snippet:-1, max-image-preview:large, max-video-preview:-1\" \/>\n<link rel=\"canonical\" href=\"https:\/\/www.myvize.com.tr\/almanya\/konsolosluklar\/berlin-baskonsoloslugu\/\" \/>\n<meta property=\"og:locale\" content=\"tr_TR\" \/>\n<meta property=\"og:type\" content=\"article\" \/>\n<meta property=\"og:title\" content=\"Almanya Berlin Ba\u015fkonsoloslu\u011fu Vize \u0130\u015flemleri - MyVize\" \/>\n<meta property=\"og:description\" content=\"Almanya Berlin Ba\u015fkonsoloslu\u011fu Vize \u0130\u015flemleri Nelerdir? Almanya Berlin Ba\u015fkonsoloslu\u011fu Nerededir? Bilgi \u0130\u00e7in Hemen Aray\u0131n: 0850 346 84 93\" \/>\n<meta property=\"og:url\" content=\"https:\/\/www.myvize.com.tr\/almanya\/konsolosluklar\/berlin-baskonsoloslugu\/\" \/>\n<meta property=\"og:site_name\" content=\"Almanya Vize\" \/>\n<meta property=\"article:modified_time\" content=\"2022-03-22T12:39:40+00:00\" \/>\n<meta property=\"og:image\" content=\"https:\/\/www.myvize.com.tr\/almanya\/wp-content\/uploads\/2021\/09\/98.jpg\" \/>\n<meta name=\"twitter:card\" content=\"summary_large_image\" \/>\n<meta name=\"twitter:label1\" content=\"Tahmini okuma s\u00fcresi\" \/>\n\t<meta name=\"twitter:data1\" content=\"4 dakika\" \/>\n<script type=\"application\/ld+json\" class=\"yoast-schema-graph\">{\"@context\":\"https:\/\/schema.org\",\"@graph\":[{\"@type\":\"WebPage\",\"@id\":\"https:\/\/www.myvize.com.tr\/almanya\/konsolosluklar\/berlin-baskonsoloslugu\/\",\"url\":\"https:\/\/www.myvize.com.tr\/almanya\/konsolosluklar\/berlin-baskonsoloslugu\/\",\"name\":\"Almanya Berlin Ba\u015fkonsoloslu\u011fu Vize \u0130\u015flemleri - MyVize\",\"isPartOf\":{\"@id\":\"https:\/\/www.myvize.com.tr\/almanya\/#website\"},\"primaryImageOfPage\":{\"@id\":\"https:\/\/www.myvize.com.tr\/almanya\/konsolosluklar\/berlin-baskonsoloslugu\/#primaryimage\"},\"image\":{\"@id\":\"https:\/\/www.myvize.com.tr\/almanya\/konsolosluklar\/berlin-baskonsoloslugu\/#primaryimage\"},\"thumbnailUrl\":\"https:\/\/www.myvize.com.tr\/almanya\/wp-content\/uploads\/2021\/09\/98.jpg\",\"datePublished\":\"2021-01-29T15:48:46+00:00\",\"dateModified\":\"2022-03-22T12:39:40+00:00\",\"description\":\"Almanya Berlin Ba\u015fkonsoloslu\u011fu Vize \u0130\u015flemleri Nelerdir? Almanya Berlin Ba\u015fkonsoloslu\u011fu Nerededir? Bilgi \u0130\u00e7in Hemen Aray\u0131n: 0850 346 84 93\",\"breadcrumb\":{\"@id\":\"https:\/\/www.myvize.com.tr\/almanya\/konsolosluklar\/berlin-baskonsoloslugu\/#breadcrumb\"},\"inLanguage\":\"tr\",\"potentialAction\":[{\"@type\":\"ReadAction\",\"target\":[\"https:\/\/www.myvize.com.tr\/almanya\/konsolosluklar\/berlin-baskonsoloslugu\/\"]}]},{\"@type\":\"ImageObject\",\"inLanguage\":\"tr\",\"@id\":\"https:\/\/www.myvize.com.tr\/almanya\/konsolosluklar\/berlin-baskonsoloslugu\/#primaryimage\",\"url\":\"https:\/\/www.myvize.com.tr\/almanya\/wp-content\/uploads\/2021\/09\/98.jpg\",\"contentUrl\":\"https:\/\/www.myvize.com.tr\/almanya\/wp-content\/uploads\/2021\/09\/98.jpg\",\"width\":800,\"height\":500,\"caption\":\"Almanya\"},{\"@type\":\"BreadcrumbList\",\"@id\":\"https:\/\/www.myvize.com.tr\/almanya\/konsolosluklar\/berlin-baskonsoloslugu\/#breadcrumb\",\"itemListElement\":[{\"@type\":\"ListItem\",\"position\":1,\"name\":\"Anasayfa\",\"item\":\"https:\/\/www.myvize.com.tr\/almanya\/\"},{\"@type\":\"ListItem\",\"position\":2,\"name\":\"KONSOLOSLUKLAR\",\"item\":\"https:\/\/www.myvize.com.tr\/almanya\/konsolosluklar\/\"},{\"@type\":\"ListItem\",\"position\":3,\"name\":\"Almanya Berlin Ba\u015fkonsoloslu\u011fu\"}]},{\"@type\":\"WebSite\",\"@id\":\"https:\/\/www.myvize.com.tr\/almanya\/#website\",\"url\":\"https:\/\/www.myvize.com.tr\/almanya\/\",\"name\":\"Almanya Vize\",\"description\":\"\",\"potentialAction\":[{\"@type\":\"SearchAction\",\"target\":{\"@type\":\"EntryPoint\",\"urlTemplate\":\"https:\/\/www.myvize.com.tr\/almanya\/?s={search_term_string}\"},\"query-input\":{\"@type\":\"PropertyValueSpecification\",\"valueRequired\":true,\"valueName\":\"search_term_string\"}}],\"inLanguage\":\"tr\"}]}<\/script>\n<!-- \/ Yoast SEO plugin. -->","yoast_head_json":{"title":"Almanya Berlin Ba\u015fkonsoloslu\u011fu Vize \u0130\u015flemleri - MyVize","description":"Almanya Berlin Ba\u015fkonsoloslu\u011fu Vize \u0130\u015flemleri Nelerdir? Almanya Berlin Ba\u015fkonsoloslu\u011fu Nerededir? Bilgi \u0130\u00e7in Hemen Aray\u0131n: 0850 346 84 93","robots":{"index":"index","follow":"follow","max-snippet":"max-snippet:-1","max-image-preview":"max-image-preview:large","max-video-preview":"max-video-preview:-1"},"canonical":"https:\/\/www.myvize.com.tr\/almanya\/konsolosluklar\/berlin-baskonsoloslugu\/","og_locale":"tr_TR","og_type":"article","og_title":"Almanya Berlin Ba\u015fkonsoloslu\u011fu Vize \u0130\u015flemleri - MyVize","og_description":"Almanya Berlin Ba\u015fkonsoloslu\u011fu Vize \u0130\u015flemleri Nelerdir? Almanya Berlin Ba\u015fkonsoloslu\u011fu Nerededir? Bilgi \u0130\u00e7in Hemen Aray\u0131n: 0850 346 84 93","og_url":"https:\/\/www.myvize.com.tr\/almanya\/konsolosluklar\/berlin-baskonsoloslugu\/","og_site_name":"Almanya Vize","article_modified_time":"2022-03-22T12:39:40+00:00","og_image":[{"url":"https:\/\/www.myvize.com.tr\/almanya\/wp-content\/uploads\/2021\/09\/98.jpg","type":"","width":"","height":""}],"twitter_card":"summary_large_image","twitter_misc":{"Tahmini okuma s\u00fcresi":"4 dakika"},"schema":{"@context":"https:\/\/schema.org","@graph":[{"@type":"WebPage","@id":"https:\/\/www.myvize.com.tr\/almanya\/konsolosluklar\/berlin-baskonsoloslugu\/","url":"https:\/\/www.myvize.com.tr\/almanya\/konsolosluklar\/berlin-baskonsoloslugu\/","name":"Almanya Berlin Ba\u015fkonsoloslu\u011fu Vize \u0130\u015flemleri - MyVize","isPartOf":{"@id":"https:\/\/www.myvize.com.tr\/almanya\/#website"},"primaryImageOfPage":{"@id":"https:\/\/www.myvize.com.tr\/almanya\/konsolosluklar\/berlin-baskonsoloslugu\/#primaryimage"},"image":{"@id":"https:\/\/www.myvize.com.tr\/almanya\/konsolosluklar\/berlin-baskonsoloslugu\/#primaryimage"},"thumbnailUrl":"https:\/\/www.myvize.com.tr\/almanya\/wp-content\/uploads\/2021\/09\/98.jpg","datePublished":"2021-01-29T15:48:46+00:00","dateModified":"2022-03-22T12:39:40+00:00","description":"Almanya Berlin Ba\u015fkonsoloslu\u011fu Vize \u0130\u015flemleri Nelerdir? Almanya Berlin Ba\u015fkonsoloslu\u011fu Nerededir? Bilgi \u0130\u00e7in Hemen Aray\u0131n: 0850 346 84 93","breadcrumb":{"@id":"https:\/\/www.myvize.com.tr\/almanya\/konsolosluklar\/berlin-baskonsoloslugu\/#breadcrumb"},"inLanguage":"tr","potentialAction":[{"@type":"ReadAction","target":["https:\/\/www.myvize.com.tr\/almanya\/konsolosluklar\/berlin-baskonsoloslugu\/"]}]},{"@type":"ImageObject","inLanguage":"tr","@id":"https:\/\/www.myvize.com.tr\/almanya\/konsolosluklar\/berlin-baskonsoloslugu\/#primaryimage","url":"https:\/\/www.myvize.com.tr\/almanya\/wp-content\/uploads\/2021\/09\/98.jpg","contentUrl":"https:\/\/www.myvize.com.tr\/almanya\/wp-content\/uploads\/2021\/09\/98.jpg","width":800,"height":500,"caption":"Almanya"},{"@type":"BreadcrumbList","@id":"https:\/\/www.myvize.com.tr\/almanya\/konsolosluklar\/berlin-baskonsoloslugu\/#breadcrumb","itemListElement":[{"@type":"ListItem","position":1,"name":"Anasayfa","item":"https:\/\/www.myvize.com.tr\/almanya\/"},{"@type":"ListItem","position":2,"name":"KONSOLOSLUKLAR","item":"https:\/\/www.myvize.com.tr\/almanya\/konsolosluklar\/"},{"@type":"ListItem","position":3,"name":"Almanya Berlin Ba\u015fkonsoloslu\u011fu"}]},{"@type":"WebSite","@id":"https:\/\/www.myvize.com.tr\/almanya\/#website","url":"https:\/\/www.myvize.com.tr\/almanya\/","name":"Almanya Vize","description":"","potentialAction":[{"@type":"SearchAction","target":{"@type":"EntryPoint","urlTemplate":"https:\/\/www.myvize.com.tr\/almanya\/?s={search_term_string}"},"query-input":{"@type":"PropertyValueSpecification","valueRequired":true,"valueName":"search_term_string"}}],"inLanguage":"tr"}]}},"_links":{"self":[{"href":"https:\/\/www.myvize.com.tr\/almanya\/wp-json\/wp\/v2\/pages\/427","targetHints":{"allow":["GET"]}}],"collection":[{"href":"https:\/\/www.myvize.com.tr\/almanya\/wp-json\/wp\/v2\/pages"}],"about":[{"href":"https:\/\/www.myvize.com.tr\/almanya\/wp-json\/wp\/v2\/types\/page"}],"author":[{"embeddable":true,"href":"https:\/\/www.myvize.com.tr\/almanya\/wp-json\/wp\/v2\/users\/1"}],"replies":[{"embeddable":true,"href":"https:\/\/www.myvize.com.tr\/almanya\/wp-json\/wp\/v2\/comments?post=427"}],"version-history":[{"count":6,"href":"https:\/\/www.myvize.com.tr\/almanya\/wp-json\/wp\/v2\/pages\/427\/revisions"}],"predecessor-version":[{"id":1596,"href":"https:\/\/www.myvize.com.tr\/almanya\/wp-json\/wp\/v2\/pages\/427\/revisions\/1596"}],"up":[{"embeddable":true,"href":"https:\/\/www.myvize.com.tr\/almanya\/wp-json\/wp\/v2\/pages\/69"}],"wp:attachment":[{"href":"https:\/\/www.myvize.com.tr\/almanya\/wp-json\/wp\/v2\/media?parent=427"}],"curies":[{"name":"wp","href":"https:\/\/api.w.org\/{rel}","templated":true}]}}