{"id":801,"date":"2021-08-14T13:24:47","date_gmt":"2021-08-14T10:24:47","guid":{"rendered":"https:\/\/www.myvize.com.tr\/almanya\/?page_id=801"},"modified":"2022-03-22T13:53:04","modified_gmt":"2022-03-22T10:53:04","slug":"almanya-oturum-izni","status":"publish","type":"page","link":"https:\/\/www.myvize.com.tr\/almanya\/almanya-oturum-izni\/","title":{"rendered":"Almanya Oturum \u0130zni"},"content":{"rendered":"<p><span style=\"font-family: Roboto;\"><strong>Almanya oturum izni<\/strong> (oturma izni), Schengen vizesinin aksine, alt\u0131 ayda bir Almanya&#8217;da 90 g\u00fcnden fazla kalma hakk\u0131 veren bir belgedir. Yani, oturma izni ile kal\u0131c\u0131 olarak (ge\u00e7erlilik s\u00fcresinin tamam\u0131 boyunca) Almanya&#8217;da ya\u015fayabilirsiniz. \u0130kamet Yasas\u0131 (AufenthaltsG), oturma izni almak i\u00e7in bir yabanc\u0131n\u0131n Almanya&#8217;ya ulusal vize ile girmesi gerekti\u011fini a\u00e7\u0131k\u00e7a belirtir. Almanya\u2019ya <strong>Schengen vizesi<\/strong> ile girerek oturma izni ba\u015fvurusunda bulunursan\u0131z, b\u00fcy\u00fck olas\u0131l\u0131kla reddedilirsiniz.<\/span><\/p>\n<p><span style=\"font-family: Roboto;\">Ulusal vize veya D Kategorisi vize, \u00fclkeye gelip Yabanc\u0131lar Ofisi\u2019ne ba\u015fvurabilmeniz i\u00e7in yurtd\u0131\u015f\u0131ndaki <strong><a href=\"https:\/\/www.myvize.com.tr\/almanya\/konsolosluklar\/almanya-buyukelciligi-ankara\/\" target=\"_blank\" rel=\"noopener\">Alman Konsoloslu\u011fu<\/a><\/strong> taraf\u0131ndan verilen bir giri\u015f vizesidir. Oturum izni \u00f6nceden bir saat veya bir g\u00fcnde verilirdi, \u015fimdi 4 &#8211; 5 haftaya kadar s\u00fcrebilmektedir.<\/span><\/p>\n<p><span style=\"font-family: Roboto;\">D kategorisi ulusal vize, alt\u0131 ayda bir \u00fclkede 90 g\u00fcnden fazla kalman\u0131za izin veren uzun s\u00fcreli bir vizedir. B\u00f6yle bir vize i\u015f, e\u011fitim, t\u0131bbi tedavi veya aile birle\u015fimi amac\u0131yla verilir. Ba\u015fvuru sahibi vize ba\u015fvurusunda bulunur ve \u00fclkesindeki Alman konsoloslu\u011funda m\u00fclakata al\u0131n\u0131r.<\/span><\/p>\n<p><span style=\"font-family: Roboto;\">D kategorisi vize almak i\u00e7in konsolosluk, Almanya&#8217;da oturma izni (oturum izni) almay\u0131 planlad\u0131\u011f\u0131n\u0131z t\u00fcm belgeleri sa\u011flamal\u0131d\u0131r. Konsolosluk belgeleri Almanya&#8217;ya, Yabanc\u0131lar Dairesi&#8217;ne g\u00f6nderir ve Ofis, 4-6 hafta i\u00e7inde size giri\u015f vizesi (ve vard\u0131\u011f\u0131n\u0131zda oturum izni) verip vermeyece\u011fine karar verir. Size ulusal vize verildiyse, \u00fclkeye vard\u0131\u011f\u0131n\u0131zda size oturma izni de verilecektir.<\/span><\/p>\n<p><span style=\"font-family: Roboto;\">Ge\u00e7ici oturma izni, alt\u0131 ay i\u00e7inde Almanya&#8217;da 90 g\u00fcnden fazla ya\u015fama hakk\u0131 verir. Asl\u0131nda, oturma izni &#8220;uzun&#8221; bir vizedir, <strong>Schengen vizesi<\/strong> ile ayn\u0131d\u0131r, yaln\u0131zca alt\u0131 ayda bir Almanya&#8217;da 90 g\u00fcnden fazla kalma hakk\u0131 ile (\u00f6rne\u011fin, oturma izni ile Almanya&#8217;da kalabilirsiniz). Dil \u00f6\u011frenmek i\u00e7in bir y\u0131l boyunca Almanya). Oturma izni ayr\u0131ca size Schengen anla\u015fmas\u0131n\u0131n di\u011fer \u00fclkelerine (<strong>Schengen vizesi<\/strong> gibi) seyahat etme ve bu \u00fclkelerde kalma hakk\u0131 verir (alt\u0131 ayda en fazla 90 g\u00fcn)<\/span><\/p>\n<h2><span style=\"font-size: 27px; font-family: Roboto;\">Almanya oturum izni nas\u0131l al\u0131n\u0131r?<\/span><\/h2>\n<p><span style=\"font-family: Roboto;\">Almanya&#8217;da oturma izni almak i\u00e7in, Yabanc\u0131lar Dairesi&#8217;nin (Almanca: Ausl\u00e4nderbeh\u00f6rde) yerel b\u00fcrosuna ba\u015fvurman\u0131z gerekir. Ba\u015fvurman\u0131z durumunda sa\u011flanmas\u0131 gereken belgeler hakk\u0131nda do\u011fru bilgi edinmek ve uygun bir ba\u015fvuru formu elde etmek i\u00e7in bir dan\u0131\u015fmanl\u0131k hizmeti alman\u0131z \u00e7ok isabetli olacakt\u0131r. Ayr\u0131ca Almanya&#8217;da oturma izni almak i\u00e7in genellikle a\u015fa\u011f\u0131daki ko\u015fullar\u0131 yerine getirmelisiniz:<\/span><\/p>\n<ul>\n<li><span style=\"font-family: Roboto;\">En az 5 y\u0131ld\u0131r Almanya\u2019da oturmal\u0131s\u0131n\u0131z.<\/span><\/li>\n<li><span style=\"font-family: Roboto;\">Kendinizi ve ailenizi ge\u00e7indirecek kadar geliriniz olmal\u0131d\u0131r. Ba\u015fvuru sahibi taraf\u0131ndan, devletin maddi deste\u011fi olmaks\u0131z\u0131n kendisinin ve ailesinin maddi ihtiya\u00e7lar\u0131n\u0131n ba\u011f\u0131ms\u0131z olarak sa\u011flanmas\u0131.<\/span><\/li>\n<li><span style=\"font-family: Roboto;\">A2 seviyesinde Almanca konu\u015fmal\u0131 ve bunu kan\u0131tlamal\u0131s\u0131n\u0131z.<\/span><\/li>\n<li><span style=\"font-family: Roboto;\">En az 60 ay boyunca Almanya\u2019ya \u00f6zel katk\u0131 paylar\u0131 \u00f6demi\u015f olmal\u0131s\u0131n\u0131z.\u00a0Ayn\u0131 zamanda, katk\u0131lar\u0131n miktar\u0131 \u00f6nemli de\u011fildir. (En az 60 ay \u00f6denmi\u015f Emeklilik Sigortas\u0131 primi.)<\/span><\/li>\n<li><span style=\"font-family: Roboto;\">Dairenizin size ve ailenize yetecek kadar tan\u0131mlanm\u0131\u015f bir alan\u0131 olmal\u0131d\u0131r.\u00a0Her federal eyalette ya\u015fam alan\u0131 gereksinimleri farkl\u0131d\u0131r.<\/span><\/li>\n<li><span style=\"font-family: Roboto;\">\u00c7al\u0131\u015fma izniniz olmal\u0131d\u0131r.<\/span><\/li>\n<li><span style=\"font-family: Roboto;\">Oryantasyon kursunu ba\u015far\u0131yla tamamlam\u0131\u015f olmal\u0131s\u0131n\u0131z.<\/span><\/li>\n<li><span style=\"font-family: Roboto;\">Herhangi bir ciddi yasa d\u0131\u015f\u0131 faaliyette bulunmam\u0131\u015f olman\u0131z gerekir.\u00a0G\u00fcnl\u00fck 90&#8217;dan fazla olmayan para cezas\u0131 veya \u00fc\u00e7 aya kadar ertelenmi\u015f hapis cezas\u0131 \u015feklindeki cezalar genellikle \u00e7ok \u00f6nemli de\u011fildir.<\/span><\/li>\n<\/ul>\n<p><span style=\"font-family: Roboto;\">Peki <strong>Almanya\u2019da ev alarak oturma izni \u00e7\u0131kar\u0131labilir mi?<\/strong> Gayrimenkul sat\u0131n almak oturma izni almay\u0131 garanti etmez. Bununla birlikte, y\u0131lda 183 g\u00fcnden daha az bir s\u00fcre i\u00e7in bile ikamet etmek ve ya\u015famak, Alman vergi makamlar\u0131n\u0131n bir ki\u015fiyi vergi m\u00fckellefi olarak tan\u0131mlamas\u0131na neden olabilir. M\u00fclk kiralan\u0131rsa, b\u00f6yle bir risk yoktur. Detayl\u0131 bilgi i\u00e7in Vize Ba\u015fvuru Merkezi&#8217;mizi hemen arayabilirsiniz.<\/span><\/p>\n<h2><span style=\"font-size: 27px; font-family: Roboto;\">Almanya oturum izni ka\u00e7 g\u00fcnde \u00e7\u0131kar?<\/span><\/h2>\n<p><span style=\"font-family: Roboto;\"><strong>Oturum izni sonu\u00e7lanma s\u00fcreleri<\/strong> ba\u015fvuruda bulundu\u011funuz <strong><a href=\"https:\/\/www.myvize.com.tr\/almanya\/konsolosluklar\/almanya-buyukelciligi-ankara\/\">Alman Konsoloslu\u011fu<\/a><\/strong>\u2019nun \u00e7al\u0131\u015fma yo\u011funlu\u011funa g\u00f6re de\u011fi\u015fiklik g\u00f6sterebilir. Bunun d\u0131\u015f\u0131nda <strong>oturum izni ba\u015fvurular\u0131n\u0131n sonu\u00e7lanmas\u0131<\/strong> ortalama 4 ila 6 haftaya kadar uzayabilmektedir.<\/span><\/p>\n<div id=\"attachment_888\" style=\"width: 810px\" class=\"wp-caption aligncenter\"><img loading=\"lazy\" decoding=\"async\" aria-describedby=\"caption-attachment-888\" class=\"wp-image-888 size-full\" src=\"https:\/\/www.myvize.com.tr\/almanya\/wp-content\/uploads\/2021\/09\/23.jpg\" alt=\"almanya oturum izni nas\u0131l al\u0131n\u0131r\" width=\"800\" height=\"500\" srcset=\"https:\/\/www.myvize.com.tr\/almanya\/wp-content\/uploads\/2021\/09\/23.jpg 800w, https:\/\/www.myvize.com.tr\/almanya\/wp-content\/uploads\/2021\/09\/23-300x188.jpg 300w, https:\/\/www.myvize.com.tr\/almanya\/wp-content\/uploads\/2021\/09\/23-768x480.jpg 768w, https:\/\/www.myvize.com.tr\/almanya\/wp-content\/uploads\/2021\/09\/23-280x175.jpg 280w\" sizes=\"auto, (max-width: 800px) 100vw, 800px\" \/><p id=\"caption-attachment-888\" class=\"wp-caption-text\"><span style=\"font-family: Roboto;\">Almanya oturum izni nas\u0131l al\u0131n\u0131r?<\/span><\/p><\/div>\n<h2><span style=\"font-size: 27px; font-family: Roboto;\">Almanya\u2019da Oturum \u0130zni \u0130\u00e7in Gerekli Belgeler<\/span><\/h2>\n<p><span style=\"font-family: Roboto;\"><strong>Oturma izni almak i\u00e7in<\/strong>, bir ki\u015finin a\u015fa\u011f\u0131daki belgeleri Yabanc\u0131lar Dairesi&#8217;ne sunmas\u0131 gerekir:<\/span><\/p>\n<ul>\n<li><span style=\"font-family: Roboto;\">Oturma izni ba\u015fvurusu mektubu<\/span><\/li>\n<li><span style=\"font-family: Roboto;\">Ge\u00e7erli bir pasaport,<\/span><\/li>\n<li><span style=\"font-family: Roboto;\">Almanya&#8217;da ge\u00e7erli bir oturma vizesi<\/span><\/li>\n<li><span style=\"font-family: Roboto;\">biyometrik foto\u011fraf<\/span><\/li>\n<li><span style=\"font-family: Roboto;\">\u0130\u015f s\u00f6zle\u015fmesi ve i\u015fverenden al\u0131nm\u0131\u015f belge,<\/span><\/li>\n<li><span style=\"font-family: Roboto;\">Banka ekstreleriniz (sizin ve e\u015finizin)<\/span><\/li>\n<li><span style=\"font-family: Roboto;\">Emekli sand\u0131\u011f\u0131 sigortas\u0131 ve sa\u011fl\u0131k sigortas\u0131 kan\u0131t\u0131,<\/span><\/li>\n<li><span style=\"font-family: Roboto;\">Kira s\u00f6zle\u015fmesi ve ev sahibi taraf\u0131ndan doldurulmu\u015f sertifika,<\/span><\/li>\n<li><span style=\"font-family: Roboto;\">Almanca bilgisinin kan\u0131t\u0131, B1 seviyesi.<\/span><\/li>\n<\/ul>\n<h2><span style=\"font-size: 27px; font-family: Roboto;\">Almanya Oturma \u0130zni Ba\u015fvurusu<\/span><\/h2>\n<p><span style=\"font-family: Roboto;\">Almanya, AB ve di\u011fer baz\u0131 \u00fclkelerin vatanda\u015f\u0131 olmayan bir ki\u015finin vizesiz Almanya&#8217;ya girmesine izin verilmez. Almanya&#8217;da uzun s\u00fcre kalmak i\u00e7in, \u00fclkede \u00e7al\u0131\u015fma veya okuma izni i\u00e7erebilen \u00f6zel bir ki\u015fisel oturma izni ba\u015fvurusu yapman\u0131z gerekir, ancak bu izin s\u00fcresi s\u0131n\u0131rl\u0131d\u0131r ve s\u00fcrekli olarak yenilenmesi gerekir. Almanya&#8217;da s\u00fcresiz ikamet ve \u00e7al\u0131\u015fma hakk\u0131 veren belge oturma iznidir.<\/span><\/p>\n<p><span style=\"font-family: Roboto;\">Bir di\u011fer oturum izni t\u00fcr\u00fc i\u00e7in gerekli <strong>Mavi Kart<\/strong> (Blaue Karte), herhangi bir AB \u00fclkesine istihdam i\u00e7in gelen y\u00fcksek nitelikli uzmanlar i\u00e7in tasarlanm\u0131\u015f \u00f6zel bir oturma izni t\u00fcr\u00fcd\u00fcr. <strong>Mavi Kart<\/strong>, yenileme ve fesih imk\u00e2n\u0131 ile i\u015f s\u00f6zle\u015fmesi s\u00fcresince (en fazla 4 y\u0131l) ge\u00e7erlidir.<\/span><\/p>\n<p><span style=\"font-family: Roboto;\">Yabanc\u0131 bir vatanda\u015fa Federal Almanya Cumhuriyeti&#8217;nde kalma hakk\u0131 veren belgeler listesinde, oturma izni, \u00e7al\u0131\u015fma alan\u0131nda en b\u00fcy\u00fck haklar\u0131 ve pratik k\u0131s\u0131tlamalar\u0131n olmamas\u0131n\u0131 sa\u011flar. Ancak oturma izni bir kimlik belgesi de\u011fildir ve bir yabanc\u0131n\u0131n pasaportunun yerini almaz.<\/span><\/p>\n<p><span style=\"font-family: Roboto;\">Almanya&#8217;da oturma iznine benzeyen ve \u00fclkede s\u00fcresiz ikamet ve \u00e7al\u0131\u015fma hakk\u0131 veren bir di\u011fer belge ise <strong><a href=\"https:\/\/www.myvize.com.tr\/almanya\/ankara-antlasmasi\/avrupa-birligi-oturum-izni\/\">Avrupa Birli\u011fi<\/a><\/strong> Uzun S\u00fcreli Oturma \u0130zni&#8217;dir. Bu belge, sahibine neredeyse t\u00fcm AB \u00fclkelerinde ikamet etme hakk\u0131 verir.<\/span><\/p>\n<p><span style=\"font-family: Roboto;\">Oturma izni a\u015fa\u011f\u0131daki nedenlerle sona erebilir ve bu durumlarda oturum izni ba\u015fvurusu yenilenmelidir:<\/span><\/p>\n<ul>\n<li><span style=\"font-family: Roboto;\">Oturum izni sahibi \u00fclkeden \u00e7\u0131kar\u0131l\u0131rsa<\/span><\/li>\n<li><span style=\"font-family: Roboto;\">Oturma izni sahibinin ge\u00e7erli bir pasaportu yoksa<\/span><\/li>\n<li><span style=\"font-family: Roboto;\">Oturum izni sahibi uyru\u011fu de\u011fi\u015ftirirse<\/span><\/li>\n<li><span style=\"font-family: Roboto;\">Oturma izni sahibi, 6 aydan fazla bir s\u00fcre i\u00e7in Almanya&#8217;y\u0131 terk ederse<\/span><\/li>\n<\/ul>\n<h2><span style=\"font-size: 27px; font-family: Roboto;\">Almanya Oturum \u0130zni \u00dccreti<\/span><\/h2>\n<p><span style=\"font-family: Roboto;\">Almanya\u2019da oturum izni almak i\u00e7in \u00f6demeniz gereken \u00fccreti konsolosluk tahsil eder. Bu \u00fccret dan\u0131\u015fmanl\u0131k hizmeti ve di\u011fer giderler s\u00f6z konusu oldu\u011funda de\u011fi\u015febilmektedir. <strong><a href=\"https:\/\/www.myvize.com.tr\/almanya\/\" target=\"_blank\" rel=\"noopener\">MyVize<\/a><\/strong>\u2019den Almanya oturum izni \u00fccretleri hakk\u0131nda detayl\u0131 bilgi alabilirsiniz.<\/span><\/p>\n","protected":false},"excerpt":{"rendered":"<p>Almanya oturum izni (oturma izni), Schengen vizesinin aksine, alt\u0131 ayda bir Almanya&#8217;da 90 g\u00fcnden fazla kalma hakk\u0131 veren bir belgedir. Yani, oturma izni ile kal\u0131c\u0131 olarak (ge\u00e7erlilik s\u00fcresinin tamam\u0131 boyunca) Almanya&#8217;da ya\u015fayabilirsiniz. \u0130kamet Yasas\u0131 (AufenthaltsG), oturma izni almak i\u00e7in bir yabanc\u0131n\u0131n Almanya&#8217;ya ulusal vize ile girmesi gerekti\u011fini a\u00e7\u0131k\u00e7a belirtir. Almanya\u2019ya Schengen vizesi ile girerek oturma<\/p>\n","protected":false},"author":1,"featured_media":0,"parent":0,"menu_order":0,"comment_status":"open","ping_status":"closed","template":"","meta":{"footnotes":""},"class_list":["post-801","page","type-page","status-publish","hentry"],"yoast_head":"<!-- This site is optimized with the Yoast SEO plugin v24.0 - https:\/\/yoast.com\/wordpress\/plugins\/seo\/ -->\n<title>Almanya Oturum \u0130zni - Nedir - Nas\u0131l Al\u0131n\u0131r - MyVize<\/title>\n<meta name=\"description\" content=\"Almanya oturum izni (oturma izni), Schengen vizesinin aksine, alt\u0131 ayda bir Almanya&#039;da 90 g\u00fcnden fazla kalma hakk\u0131 veren bir belgedir.\" \/>\n<meta name=\"robots\" content=\"index, follow, max-snippet:-1, max-image-preview:large, max-video-preview:-1\" \/>\n<link rel=\"canonical\" href=\"https:\/\/www.myvize.com.tr\/almanya\/almanya-oturum-izni\/\" \/>\n<meta property=\"og:locale\" content=\"tr_TR\" \/>\n<meta property=\"og:type\" content=\"article\" \/>\n<meta property=\"og:title\" content=\"Almanya Oturum \u0130zni - Nedir - Nas\u0131l Al\u0131n\u0131r - MyVize\" \/>\n<meta property=\"og:description\" content=\"Almanya oturum izni (oturma izni), Schengen vizesinin aksine, alt\u0131 ayda bir Almanya&#039;da 90 g\u00fcnden fazla kalma hakk\u0131 veren bir belgedir.\" \/>\n<meta property=\"og:url\" content=\"https:\/\/www.myvize.com.tr\/almanya\/almanya-oturum-izni\/\" \/>\n<meta property=\"og:site_name\" content=\"Almanya Vize\" \/>\n<meta property=\"article:modified_time\" content=\"2022-03-22T10:53:04+00:00\" \/>\n<meta property=\"og:image\" content=\"https:\/\/www.myvize.com.tr\/almanya\/wp-content\/uploads\/2021\/09\/23.jpg\" \/>\n<meta name=\"twitter:card\" content=\"summary_large_image\" \/>\n<meta name=\"twitter:label1\" content=\"Tahmini okuma s\u00fcresi\" \/>\n\t<meta name=\"twitter:data1\" content=\"4 dakika\" \/>\n<script type=\"application\/ld+json\" class=\"yoast-schema-graph\">{\"@context\":\"https:\/\/schema.org\",\"@graph\":[{\"@type\":\"WebPage\",\"@id\":\"https:\/\/www.myvize.com.tr\/almanya\/almanya-oturum-izni\/\",\"url\":\"https:\/\/www.myvize.com.tr\/almanya\/almanya-oturum-izni\/\",\"name\":\"Almanya Oturum \u0130zni - Nedir - Nas\u0131l Al\u0131n\u0131r - MyVize\",\"isPartOf\":{\"@id\":\"https:\/\/www.myvize.com.tr\/almanya\/#website\"},\"primaryImageOfPage\":{\"@id\":\"https:\/\/www.myvize.com.tr\/almanya\/almanya-oturum-izni\/#primaryimage\"},\"image\":{\"@id\":\"https:\/\/www.myvize.com.tr\/almanya\/almanya-oturum-izni\/#primaryimage\"},\"thumbnailUrl\":\"https:\/\/www.myvize.com.tr\/almanya\/wp-content\/uploads\/2021\/09\/23.jpg\",\"datePublished\":\"2021-08-14T10:24:47+00:00\",\"dateModified\":\"2022-03-22T10:53:04+00:00\",\"description\":\"Almanya oturum izni (oturma izni), Schengen vizesinin aksine, alt\u0131 ayda bir Almanya'da 90 g\u00fcnden fazla kalma hakk\u0131 veren bir belgedir.\",\"breadcrumb\":{\"@id\":\"https:\/\/www.myvize.com.tr\/almanya\/almanya-oturum-izni\/#breadcrumb\"},\"inLanguage\":\"tr\",\"potentialAction\":[{\"@type\":\"ReadAction\",\"target\":[\"https:\/\/www.myvize.com.tr\/almanya\/almanya-oturum-izni\/\"]}]},{\"@type\":\"ImageObject\",\"inLanguage\":\"tr\",\"@id\":\"https:\/\/www.myvize.com.tr\/almanya\/almanya-oturum-izni\/#primaryimage\",\"url\":\"https:\/\/www.myvize.com.tr\/almanya\/wp-content\/uploads\/2021\/09\/23.jpg\",\"contentUrl\":\"https:\/\/www.myvize.com.tr\/almanya\/wp-content\/uploads\/2021\/09\/23.jpg\",\"width\":800,\"height\":500,\"caption\":\"Almanya oturum izni nas\u0131l al\u0131n\u0131r?\"},{\"@type\":\"BreadcrumbList\",\"@id\":\"https:\/\/www.myvize.com.tr\/almanya\/almanya-oturum-izni\/#breadcrumb\",\"itemListElement\":[{\"@type\":\"ListItem\",\"position\":1,\"name\":\"Anasayfa\",\"item\":\"https:\/\/www.myvize.com.tr\/almanya\/\"},{\"@type\":\"ListItem\",\"position\":2,\"name\":\"Almanya Oturum \u0130zni\"}]},{\"@type\":\"WebSite\",\"@id\":\"https:\/\/www.myvize.com.tr\/almanya\/#website\",\"url\":\"https:\/\/www.myvize.com.tr\/almanya\/\",\"name\":\"Almanya Vize\",\"description\":\"\",\"potentialAction\":[{\"@type\":\"SearchAction\",\"target\":{\"@type\":\"EntryPoint\",\"urlTemplate\":\"https:\/\/www.myvize.com.tr\/almanya\/?s={search_term_string}\"},\"query-input\":{\"@type\":\"PropertyValueSpecification\",\"valueRequired\":true,\"valueName\":\"search_term_string\"}}],\"inLanguage\":\"tr\"}]}<\/script>\n<!-- \/ Yoast SEO plugin. -->","yoast_head_json":{"title":"Almanya Oturum \u0130zni - Nedir - Nas\u0131l Al\u0131n\u0131r - MyVize","description":"Almanya oturum izni (oturma izni), Schengen vizesinin aksine, alt\u0131 ayda bir Almanya'da 90 g\u00fcnden fazla kalma hakk\u0131 veren bir belgedir.","robots":{"index":"index","follow":"follow","max-snippet":"max-snippet:-1","max-image-preview":"max-image-preview:large","max-video-preview":"max-video-preview:-1"},"canonical":"https:\/\/www.myvize.com.tr\/almanya\/almanya-oturum-izni\/","og_locale":"tr_TR","og_type":"article","og_title":"Almanya Oturum \u0130zni - Nedir - Nas\u0131l Al\u0131n\u0131r - MyVize","og_description":"Almanya oturum izni (oturma izni), Schengen vizesinin aksine, alt\u0131 ayda bir Almanya'da 90 g\u00fcnden fazla kalma hakk\u0131 veren bir belgedir.","og_url":"https:\/\/www.myvize.com.tr\/almanya\/almanya-oturum-izni\/","og_site_name":"Almanya Vize","article_modified_time":"2022-03-22T10:53:04+00:00","og_image":[{"url":"https:\/\/www.myvize.com.tr\/almanya\/wp-content\/uploads\/2021\/09\/23.jpg","type":"","width":"","height":""}],"twitter_card":"summary_large_image","twitter_misc":{"Tahmini okuma s\u00fcresi":"4 dakika"},"schema":{"@context":"https:\/\/schema.org","@graph":[{"@type":"WebPage","@id":"https:\/\/www.myvize.com.tr\/almanya\/almanya-oturum-izni\/","url":"https:\/\/www.myvize.com.tr\/almanya\/almanya-oturum-izni\/","name":"Almanya Oturum \u0130zni - Nedir - Nas\u0131l Al\u0131n\u0131r - MyVize","isPartOf":{"@id":"https:\/\/www.myvize.com.tr\/almanya\/#website"},"primaryImageOfPage":{"@id":"https:\/\/www.myvize.com.tr\/almanya\/almanya-oturum-izni\/#primaryimage"},"image":{"@id":"https:\/\/www.myvize.com.tr\/almanya\/almanya-oturum-izni\/#primaryimage"},"thumbnailUrl":"https:\/\/www.myvize.com.tr\/almanya\/wp-content\/uploads\/2021\/09\/23.jpg","datePublished":"2021-08-14T10:24:47+00:00","dateModified":"2022-03-22T10:53:04+00:00","description":"Almanya oturum izni (oturma izni), Schengen vizesinin aksine, alt\u0131 ayda bir Almanya'da 90 g\u00fcnden fazla kalma hakk\u0131 veren bir belgedir.","breadcrumb":{"@id":"https:\/\/www.myvize.com.tr\/almanya\/almanya-oturum-izni\/#breadcrumb"},"inLanguage":"tr","potentialAction":[{"@type":"ReadAction","target":["https:\/\/www.myvize.com.tr\/almanya\/almanya-oturum-izni\/"]}]},{"@type":"ImageObject","inLanguage":"tr","@id":"https:\/\/www.myvize.com.tr\/almanya\/almanya-oturum-izni\/#primaryimage","url":"https:\/\/www.myvize.com.tr\/almanya\/wp-content\/uploads\/2021\/09\/23.jpg","contentUrl":"https:\/\/www.myvize.com.tr\/almanya\/wp-content\/uploads\/2021\/09\/23.jpg","width":800,"height":500,"caption":"Almanya oturum izni nas\u0131l al\u0131n\u0131r?"},{"@type":"BreadcrumbList","@id":"https:\/\/www.myvize.com.tr\/almanya\/almanya-oturum-izni\/#breadcrumb","itemListElement":[{"@type":"ListItem","position":1,"name":"Anasayfa","item":"https:\/\/www.myvize.com.tr\/almanya\/"},{"@type":"ListItem","position":2,"name":"Almanya Oturum \u0130zni"}]},{"@type":"WebSite","@id":"https:\/\/www.myvize.com.tr\/almanya\/#website","url":"https:\/\/www.myvize.com.tr\/almanya\/","name":"Almanya Vize","description":"","potentialAction":[{"@type":"SearchAction","target":{"@type":"EntryPoint","urlTemplate":"https:\/\/www.myvize.com.tr\/almanya\/?s={search_term_string}"},"query-input":{"@type":"PropertyValueSpecification","valueRequired":true,"valueName":"search_term_string"}}],"inLanguage":"tr"}]}},"_links":{"self":[{"href":"https:\/\/www.myvize.com.tr\/almanya\/wp-json\/wp\/v2\/pages\/801","targetHints":{"allow":["GET"]}}],"collection":[{"href":"https:\/\/www.myvize.com.tr\/almanya\/wp-json\/wp\/v2\/pages"}],"about":[{"href":"https:\/\/www.myvize.com.tr\/almanya\/wp-json\/wp\/v2\/types\/page"}],"author":[{"embeddable":true,"href":"https:\/\/www.myvize.com.tr\/almanya\/wp-json\/wp\/v2\/users\/1"}],"replies":[{"embeddable":true,"href":"https:\/\/www.myvize.com.tr\/almanya\/wp-json\/wp\/v2\/comments?post=801"}],"version-history":[{"count":5,"href":"https:\/\/www.myvize.com.tr\/almanya\/wp-json\/wp\/v2\/pages\/801\/revisions"}],"predecessor-version":[{"id":1560,"href":"https:\/\/www.myvize.com.tr\/almanya\/wp-json\/wp\/v2\/pages\/801\/revisions\/1560"}],"wp:attachment":[{"href":"https:\/\/www.myvize.com.tr\/almanya\/wp-json\/wp\/v2\/media?parent=801"}],"curies":[{"name":"wp","href":"https:\/\/api.w.org\/{rel}","templated":true}]}}