{"id":238,"date":"2020-12-21T15:48:17","date_gmt":"2020-12-21T12:48:17","guid":{"rendered":"https:\/\/www.myvize.com.tr\/amerika\/?page_id=238"},"modified":"2022-05-17T13:01:07","modified_gmt":"2022-05-17T10:01:07","slug":"e2-yatirimci-vizesi","status":"publish","type":"page","link":"https:\/\/www.myvize.com.tr\/amerika\/calisma\/e2-yatirimci-vizesi\/","title":{"rendered":"Amerika E2 Yat\u0131r\u0131mc\u0131 Vizesi"},"content":{"rendered":"<h2><strong><span style=\"font-family: Roboto; font-size: 27px;\">Amerika Yat\u0131r\u0131mc\u0131 Vizesi Nas\u0131l Al\u0131n\u0131r?<\/span><\/strong><\/h2>\n<p><span style=\"font-family: Roboto; font-size: 14px;\"><strong>Amerika Vize ba\u015fvurusu<\/strong> yapacak ki\u015filerin vatanda\u015f\u0131 oldu\u011fu \u00fclkenin ABD ve anla\u015fmas\u0131 olmas\u0131 gerekiyor. T\u00fcrkiye\u2019nin Amerika ve anla\u015fmas\u0131 bulunuyor. Bu sebeple gerekli ko\u015fulu sa\u011flaman\u0131z durumuna vize alabilirsiniz.<\/span><br \/>\n<span style=\"font-family: Roboto; font-size: 14px;\">Ba\u015fvuru sahipleri <strong>ABD ile yat\u0131r\u0131mc\u0131 anla\u015fmas\u0131<\/strong> sahip \u00fclke vatanda\u015flar\u0131 olmal\u0131d\u0131r.<\/span><br \/>\n<span style=\"font-family: Roboto; font-size: 14px;\">Vize ABD\u2019den al\u0131nacaksa sadece ba\u015fvuru belgesi doldurulup g\u00f6nderilir. Karar y\u00fcz y\u00fcze g\u00f6r\u00fc\u015fmelerden verilir. T\u00fcrkiye\u2019den yap\u0131lacak ba\u015fvuru m\u00fclakata tabidir.<\/span><br \/>\n<span style=\"font-family: Roboto; font-size: 14px;\">Belirli bir miktar para, kayna\u011f\u0131n\u0131n izah edilebilir olmas\u0131 \u015fart\u0131 ile ABD\u2019ye getirme gerekmektedir. Kanuni y\u00fck\u00fcml\u00fc olmasa da tecr\u00fcbeye g\u00f6re yat\u0131rma miktar\u0131 <strong>80-100 bin<\/strong> <strong>dolardan<\/strong> a\u015fa\u011f\u0131 olmamal\u0131.<\/span><br \/>\n<span style=\"font-family: Roboto; font-size: 14px;\">ABD\u2019de en az aileniz beraber ya\u015fam\u0131n\u0131z idame ettirmeye yetecek kadar geliri olmal\u0131d\u0131r. Bu para hibe olabilir; ancak bor\u00e7u olamaz.<\/span><br \/>\n<span style=\"font-family: Roboto; font-size: 14px;\">Mevcut i\u015fletmeler sat\u0131n alma yolu ile vizeye ba\u015fvuruyor ise, bu i\u015fletme ge\u00e7mi\u015fe d\u00f6n\u00fck olarak kar etti\u011fi, istihdam sa\u011flad\u0131\u011f\u0131 ve b\u00fcy\u00fcme potansiyeli oldu\u011fu g\u00f6sterilmesi gerekir.<\/span><br \/>\n<span style=\"font-family: Roboto; font-size: 14px;\">\u0130\u015fletmeye tamamen sahip olunabilecek gibi \u00e7o\u011funluk hisse sahip olmak da yeterli.<\/span><br \/>\n<span style=\"font-family: Roboto; font-size: 14px;\">at\u0131n al\u0131nacak veya devri al\u0131nacak i\u015fletme <strong>Amerikan i\u015fletmesi<\/strong> olmas\u0131 gerekir.<\/span><br \/>\n<span style=\"font-family: Roboto; font-size: 14px;\">Yat\u0131r\u0131m aktif olmal\u0131.\u00a0<\/span><\/p>\n<h2><strong><span style=\"font-family: Roboto; font-size: 27px;\">Amerika Yat\u0131r\u0131mc\u0131 Vizesi Ka\u00e7 G\u00fcnde \u00c7\u0131kar?<\/span><\/strong><\/h2>\n<p><span style=\"font-family: Roboto; font-size: 14px;\"><span style=\"color: #2acec2;\"><strong><a style=\"color: #2acec2;\" href=\"https:\/\/www.myvize.com.tr\/amerika\/amerika-vizesi\/\" target=\"_blank\" rel=\"noopener\">Amerika vizesi<\/a><\/strong><\/span> ba\u015fvuru i\u00e7in ilk olarak seyahat amaca uygun olan vize t\u00fcr\u00fcn\u00fcn belirlenmi\u015f olmalar\u0131 gerekmektedir. Daha sonra Amerika Vizesi Ba\u015fvuru Form DS-160 formunun doldurulma \u015fart\u0131 aranmaktad\u0131r. <strong>Amerika Konsoloslu\u011fu<\/strong> resmi web sitesi \u00fczerinden form doldurmak i\u015fleminin ard\u0131ndan randevular al\u0131nabilmekte. Ba\u015fvuru yap\u0131lan vize t\u00fcr\u00fc ait belgelerin eksiksiz olarak konsolosluklar de\u011ferlendirmesine sunulmas\u0131 gerekmekte. Resmi tatil g\u00fcn\u00fcne, konsolosluk yo\u011funlu\u011fa veya ek evrak talep edilme durumlar\u0131 haricinde ba\u015fvuru ortalama 4-5 i\u015f g\u00fcn\u00fc i\u00e7inde de\u011ferlendirilerek sonu\u00e7lanmakta. Bu b\u00fct\u00fcn sorumluluk bu konuda deneyimi B\u00f6lgesel Merkeze ait oldu\u011fu i\u00e7in yat\u0131r\u0131mc\u0131 risk almakdan kurtulmakta. Bir gayrimenkul projesi in\u015faat safhas\u0131nda harcanan fonun yarataca\u011f\u0131 varsay\u0131lan i\u015f yat\u0131r\u0131mc\u0131 hi\u00e7bir \u00e7aba sarf etmede haz\u0131r g\u00f6r\u00fcnmekte. Bu varsay\u0131m proje baz\u0131na bir ekonomist yapt\u0131\u011f\u0131 istatistik analiz dayanmaktad\u0131r. Vize ba\u015fvurusu yapacak ki\u015filerin vatanda\u015f\u0131 oldu\u011fu \u00fclkenin ABD ve anla\u015fmas\u0131 olmas\u0131 gerekiyor. T\u00fcrkiye\u2019nin Amerika ve anla\u015fmas\u0131 bulunuyor. Bu sebeple gerekli ko\u015fulu sa\u011flaman\u0131z durumuna vize alabilirsiniz. Ba\u015fvuru sahipleri <strong>ABD ile yat\u0131r\u0131mc\u0131 anla\u015fmas\u0131<\/strong> sahip \u00fclke vatanda\u015flar\u0131 olmal\u0131d\u0131r.<\/span><br \/>\n<span style=\"font-family: Roboto; font-size: 14px;\">Vize ABD\u2019den al\u0131nacaksa sadece ba\u015fvuru belgesi doldurulup g\u00f6nderilir. Karar y\u00fcz y\u00fcze g\u00f6r\u00fc\u015fmelerden verilir. T\u00fcrkiye\u2019den yap\u0131lacak ba\u015fvuru m\u00fclakata tabidir.<\/span><\/p>\n<h2><strong><span style=\"font-family: Roboto; font-size: 27px;\">Amerika Yat\u0131r\u0131mc\u0131 Vizesi Ba\u015fvuru<\/span><\/strong><\/h2>\n<p><span style=\"font-family: Roboto; font-size: 14px;\"><strong>Amerika\u2019ya g\u00f6\u00e7 ederek<\/strong> \u00e7al\u0131\u015fma ve s\u00fcresiz oturma izni almak isteyen T.C. vatanda\u015f\u0131 <strong>Amerika daimi oturum izni<\/strong> \u015fart\u0131n\u0131 tamamlamak durumundad\u0131r. Amerika\u2019ya g\u00f6\u00e7 eden T.C. vatanda\u015f\u0131 <span style=\"color: #2acec2;\"><strong><a style=\"color: #2acec2;\" href=\"https:\/\/www.myvize.com.tr\/amerika\/amerika-oturum-izni\/\" target=\"_blank\" rel=\"noopener\">Amerika oturum izni<\/a><\/strong><\/span> sahibi aile \u00fcyesi ya da Amerika\u2019da i\u015f sahibleri olan i\u015fverenin sponsorlu\u011fu ile ye\u015fil kart\u0131 sahibi olabilmektedir. Fakat aile bireyi ya da firma ba\u015fvuran ki\u015fiyi resmi beyanla desteklemesi gerekmekte. Ki\u015fi uygun g\u00f6r\u00fcld\u00fc\u011f\u00fc takdirlerde ye\u015fil kart sahipleri olabilmekte. Amerika oturma izninin alternatif bir y\u00f6ntemse EB-5 <strong>Amerika vize program<\/strong> y\u00f6ntemidir. EB-5, Amerikaya yat\u0131r\u0131m yaparak daim oturma izni sahip olmak isteyen yabanc\u0131 yat\u0131r\u0131mc\u0131 i\u00e7in haz\u0131rlanan bir program. <strong>Amerika EB-5 program\u0131yla<\/strong> yabanc\u0131 yat\u0131r\u0131mc\u0131 Amerika\u2019da gerekli \u015fart\u0131 sa\u011flayarak yat\u0131r\u0131m yapt\u0131\u011f\u0131 takdirlerde ye\u015fil kart sahibi olabilmektedir. EB-5 vizesinde iki tip yat\u0131r\u0131mc\u0131 yararlanabilmekte. Biri k\u00fc\u00e7\u00fck \u00e7apta i\u015f kuran ve bizzat kendisinin y\u00f6netece\u011fi ticari i\u015fletme yap\u0131lan yat\u0131r\u0131m. Bu tiplere i\u015fveren en az 10 tane <strong>Amerika vatanda\u015f\u0131na i\u015f istihdam\u0131<\/strong> sa\u011flamal\u0131. Bu y\u00f6ntem pek fazla tercih edilmemekte. <strong>Yat\u0131r\u0131mc\u0131 vizesi<\/strong> alabilmek i\u00e7in di\u011fer bir y\u00f6ntem de B\u00f6lgesel Merkezi (Regional Center)\u2019d\u0131r.\u00a0<\/span><\/p>\n<h3><span style=\"font-size: 24px;\"><strong><span style=\"font-family: Roboto;\">Amerika Yat\u0131r\u0131mc\u0131 Vizesi \u0130\u00e7in Gerekli Evraklar<\/span><\/strong><\/span><\/h3>\n<p><span style=\"font-family: Roboto; font-size: 14px;\">Her <strong>Amerika yat\u0131r\u0131mc\u0131 vize ba\u015fvurusu<\/strong> i\u00e7in a\u015fa\u011f\u0131daki standart belge gereklidir:<\/span><br \/>\n<span style=\"font-family: Roboto; font-size: 14px;\">Bir DS-160 form: Her aday ayn\u0131 pasaportda olsa bile, ayr\u0131 bir DS-160 sunma zorundad\u0131r.<\/span><br \/>\n<span style=\"font-family: Roboto; font-size: 14px;\">Amerika Birle\u015fik Devletinde kalma s\u00fcresine en az 6 ay s\u00fcre ile ge\u00e7erli bir pasaport.<\/span><br \/>\n<span style=\"font-family: Roboto; font-size: 14px;\">Standart pasaport foto\u011fraflar\u0131.<\/span><br \/>\n<span style=\"font-family: Roboto; font-size: 14px;\">Yat\u0131r\u0131m\u0131na aktaraca\u011f\u0131n\u0131z para kayna\u011f\u0131n\u0131 g\u00f6sterir belge (Banka hesap d\u00f6k\u00fcm\u00fc, maa\u015f bordrosu, vergi d\u00f6k\u00fcm\u00fc, vb.)<\/span><br \/>\n<span style=\"font-family: Roboto; font-size: 14px;\">Tabii ki, ba\u015fvuru b\u00fcy\u00fck k\u0131sm\u0131 yat\u0131r\u0131m\u0131 kapsam\u0131, i\u00e7eri\u011fi kan\u0131t\u0131 ve ABD i\u015fi niteli\u011finden olu\u015facakd\u0131r.<\/span><br \/>\n<span style=\"font-family: Roboto; font-size: 14px;\">Bunun i\u00e7in, her durum kendisine has ihtiyac\u0131 beraberinde getirmekte, ancak t\u00fcm gereksinimin kar\u015f\u0131land\u0131\u011f\u0131n\u0131 kan\u0131tlama i\u00e7in a\u015fa\u011f\u0131daki belgeyi kullanmak ak\u0131ll\u0131ca olacakd\u0131r:<\/span><br \/>\n<span style=\"font-family: Roboto; font-size: 14px;\">\u0130\u015f plan<\/span><br \/>\n<span style=\"font-family: Roboto; font-size: 14px;\">Vergisi beyannamsi<\/span><br \/>\n<span style=\"font-family: Roboto; font-size: 14px;\">Yap\u0131lan harcamayla ilgili makbuzlar<\/span><br \/>\n<span style=\"font-family: Roboto; font-size: 14px;\">IRS Belgesi<\/span><br \/>\n<span style=\"font-family: Roboto; font-size: 14px;\">\u0130\u015fletme Lisans\u0131<\/span><br \/>\n<span style=\"font-family: Roboto; font-size: 14px;\">S\u00f6zle\u015fme \/ Hizmet S\u00f6zle\u015fmeleri (Elektrik, su, vb.)<\/span><br \/>\n<span style=\"font-family: Roboto; font-size: 14px;\">Banka Beyan\u0131<\/span><br \/>\n<span style=\"font-family: Roboto; font-size: 14px;\">Organizasyon \u015eemas\u0131 ve G\u00f6rev Tan\u0131mlar\u0131<\/span><\/p>\n<h3><strong><span style=\"font-family: Roboto; font-size: 24px;\">Amerika Yat\u0131r\u0131mc\u0131 Vizesi \u00dccreti<\/span><\/strong><\/h3>\n<p><span style=\"font-family: Roboto; font-size: 14px;\">E2 Vizesinin ba\u015fvuru \u00fccreti <strong>250 ABD dolard\u0131r<\/strong> ve bu \u00fccretin geri iadesi yokdur. Vize ba\u015fvurusu yapacak ki\u015filerin vatanda\u015f\u0131 oldu\u011fu \u00fclkenin ABD ve anla\u015fmas\u0131 olmas\u0131 gerekiyor. T\u00fcrkiye\u2019nin Amerika ve anla\u015fmas\u0131 bulunuyor. Bu sebeple gerekli ko\u015fulu sa\u011flaman\u0131z durumuna vize alabilirsiniz.<\/span><br \/>\n<span style=\"font-family: Roboto; font-size: 14px;\">Ba\u015fvuru sahipleri <strong>ABD ile yat\u0131r\u0131mc\u0131 anla\u015fmas\u0131<\/strong> sahip \u00fclke vatanda\u015flar\u0131 olmal\u0131d\u0131r.<\/span><br \/>\n<span style=\"font-family: Roboto; font-size: 14px;\">Vize ABD\u2019den al\u0131nacaksa sadece ba\u015fvuru belgesi doldurulup g\u00f6nderilir. Karar y\u00fcz y\u00fcze g\u00f6r\u00fc\u015fmelerden verilir. T\u00fcrkiye\u2019den yap\u0131lacak ba\u015fvuru m\u00fclakata tabidir.<\/span><br \/>\n<span style=\"font-family: Roboto; font-size: 14px;\">Belirli bir miktar para, kayna\u011f\u0131n\u0131n izah edilebilir olmas\u0131 \u015fart\u0131 ile ABD\u2019ye getirme gerekmektedir. Kanuni y\u00fck\u00fcml\u00fc olmasa da tecr\u00fcbeye g\u00f6re yat\u0131rma miktar\u0131 80-100 bin dolardan a\u015fa\u011f\u0131 olmamal\u0131.<\/span><br \/>\n<span style=\"font-family: Roboto; font-size: 14px;\">ABD\u2019de en az aileniz beraber ya\u015fam\u0131n\u0131z idame ettirmeye yetecek kadar geliri olmal\u0131d\u0131r. Bu para hibe olabilir; ancak bor\u00e7u olamaz.<\/span><br \/>\n<span style=\"font-family: Roboto; font-size: 14px;\">Amerika\u2019ya g\u00f6\u00e7 ederek \u00e7al\u0131\u015fma ve s\u00fcresiz oturma izni almak isteyen T.C. vatanda\u015f\u0131 <strong>Amerika daimi oturum izni<\/strong> \u015fart\u0131n\u0131 tamamlamak durumundad\u0131r. Amerika\u2019ya g\u00f6\u00e7 eden T.C. vatanda\u015f\u0131 <strong>Amerika\u2019da oturma izni<\/strong> sahibi aile \u00fcyesi ya da Amerika\u2019da i\u015f sahibleri olan i\u015fverenin sponsorlu\u011fu ile ye\u015fil kart\u0131 sahibi olabilmektedir.\u00a0<\/span><\/p>\n<p><span style=\"font-family: Roboto; font-size: 14px;\"><img decoding=\"async\" src=\"https:\/\/www.myvize.com.tr\/amerika\/wp-content\/uploads\/2021\/09\/37.jpg&quot;\" \/><\/span><\/p>\n","protected":false},"excerpt":{"rendered":"<p>Amerika Yat\u0131r\u0131mc\u0131 Vizesi Nas\u0131l Al\u0131n\u0131r? Amerika Vize ba\u015fvurusu yapacak ki\u015filerin vatanda\u015f\u0131 oldu\u011fu \u00fclkenin ABD ve anla\u015fmas\u0131 olmas\u0131 gerekiyor. T\u00fcrkiye\u2019nin Amerika ve anla\u015fmas\u0131 bulunuyor. Bu sebeple gerekli ko\u015fulu sa\u011flaman\u0131z durumuna vize alabilirsiniz. Ba\u015fvuru sahipleri ABD ile yat\u0131r\u0131mc\u0131 anla\u015fmas\u0131 sahip \u00fclke vatanda\u015flar\u0131 olmal\u0131d\u0131r. Vize ABD\u2019den al\u0131nacaksa sadece ba\u015fvuru belgesi doldurulup g\u00f6nderilir. Karar y\u00fcz y\u00fcze g\u00f6r\u00fc\u015fmelerden verilir. T\u00fcrkiye\u2019den<\/p>\n","protected":false},"author":1,"featured_media":0,"parent":193,"menu_order":0,"comment_status":"open","ping_status":"closed","template":"","meta":{"footnotes":""},"class_list":["post-238","page","type-page","status-publish","hentry"],"yoast_head":"<!-- This site is optimized with the Yoast SEO plugin v27.5 - https:\/\/yoast.com\/product\/yoast-seo-wordpress\/ -->\n<title>Amerika E2 Yat\u0131r\u0131mc\u0131 Vizesi - MyVize<\/title>\n<meta name=\"description\" content=\"Amerikada Yat\u0131r\u0131m Vizesi Almak \u0130stermisiniz? Hemen Evrak Listesini Al. \u00dccretsiz Amerika Yat\u0131r\u0131mc\u0131 Vizesi Dan\u0131\u015fman\u0131m\u0131zla G\u00f6r\u00fc\u015f.\" \/>\n<meta name=\"robots\" content=\"index, follow, max-snippet:-1, max-image-preview:large, max-video-preview:-1\" \/>\n<link rel=\"canonical\" href=\"https:\/\/www.myvize.com.tr\/amerika\/calisma\/e2-yatirimci-vizesi\/\" \/>\n<meta property=\"og:locale\" content=\"tr_TR\" \/>\n<meta property=\"og:type\" content=\"article\" \/>\n<meta property=\"og:title\" content=\"Amerika E2 Yat\u0131r\u0131mc\u0131 Vizesi - MyVize\" \/>\n<meta property=\"og:description\" content=\"Amerikada Yat\u0131r\u0131m Vizesi Almak \u0130stermisiniz? Hemen Evrak Listesini Al. \u00dccretsiz Amerika Yat\u0131r\u0131mc\u0131 Vizesi Dan\u0131\u015fman\u0131m\u0131zla G\u00f6r\u00fc\u015f.\" \/>\n<meta property=\"og:url\" content=\"https:\/\/www.myvize.com.tr\/amerika\/calisma\/e2-yatirimci-vizesi\/\" \/>\n<meta property=\"og:site_name\" content=\"Amerika Vizesi\" \/>\n<meta property=\"article:modified_time\" content=\"2022-05-17T10:01:07+00:00\" \/>\n<meta property=\"og:image\" content=\"https:\/\/www.myvize.com.tr\/amerika\/wp-content\/uploads\/2021\/09\/37.jpg&quot;\" \/>\n<meta name=\"twitter:card\" content=\"summary_large_image\" \/>\n<meta name=\"twitter:label1\" content=\"Tahmini okuma s\u00fcresi\" \/>\n\t<meta name=\"twitter:data1\" content=\"5 dakika\" \/>\n<script type=\"application\/ld+json\" class=\"yoast-schema-graph\">{\"@context\":\"https:\\\/\\\/schema.org\",\"@graph\":[{\"@type\":\"WebPage\",\"@id\":\"https:\\\/\\\/www.myvize.com.tr\\\/amerika\\\/calisma\\\/e2-yatirimci-vizesi\\\/\",\"url\":\"https:\\\/\\\/www.myvize.com.tr\\\/amerika\\\/calisma\\\/e2-yatirimci-vizesi\\\/\",\"name\":\"Amerika E2 Yat\u0131r\u0131mc\u0131 Vizesi - MyVize\",\"isPartOf\":{\"@id\":\"https:\\\/\\\/www.myvize.com.tr\\\/amerika\\\/#website\"},\"primaryImageOfPage\":{\"@id\":\"https:\\\/\\\/www.myvize.com.tr\\\/amerika\\\/calisma\\\/e2-yatirimci-vizesi\\\/#primaryimage\"},\"image\":{\"@id\":\"https:\\\/\\\/www.myvize.com.tr\\\/amerika\\\/calisma\\\/e2-yatirimci-vizesi\\\/#primaryimage\"},\"thumbnailUrl\":\"https:\\\/\\\/www.myvize.com.tr\\\/amerika\\\/wp-content\\\/uploads\\\/2021\\\/09\\\/37.jpg&quot;\",\"datePublished\":\"2020-12-21T12:48:17+00:00\",\"dateModified\":\"2022-05-17T10:01:07+00:00\",\"description\":\"Amerikada Yat\u0131r\u0131m Vizesi Almak \u0130stermisiniz? Hemen Evrak Listesini Al. \u00dccretsiz Amerika Yat\u0131r\u0131mc\u0131 Vizesi Dan\u0131\u015fman\u0131m\u0131zla G\u00f6r\u00fc\u015f.\",\"breadcrumb\":{\"@id\":\"https:\\\/\\\/www.myvize.com.tr\\\/amerika\\\/calisma\\\/e2-yatirimci-vizesi\\\/#breadcrumb\"},\"inLanguage\":\"tr\",\"potentialAction\":[{\"@type\":\"ReadAction\",\"target\":[\"https:\\\/\\\/www.myvize.com.tr\\\/amerika\\\/calisma\\\/e2-yatirimci-vizesi\\\/\"]}]},{\"@type\":\"ImageObject\",\"inLanguage\":\"tr\",\"@id\":\"https:\\\/\\\/www.myvize.com.tr\\\/amerika\\\/calisma\\\/e2-yatirimci-vizesi\\\/#primaryimage\",\"url\":\"https:\\\/\\\/www.myvize.com.tr\\\/amerika\\\/wp-content\\\/uploads\\\/2021\\\/09\\\/37.jpg&quot;\",\"contentUrl\":\"https:\\\/\\\/www.myvize.com.tr\\\/amerika\\\/wp-content\\\/uploads\\\/2021\\\/09\\\/37.jpg&quot;\"},{\"@type\":\"BreadcrumbList\",\"@id\":\"https:\\\/\\\/www.myvize.com.tr\\\/amerika\\\/calisma\\\/e2-yatirimci-vizesi\\\/#breadcrumb\",\"itemListElement\":[{\"@type\":\"ListItem\",\"position\":1,\"name\":\"Anasayfa\",\"item\":\"https:\\\/\\\/www.myvize.com.tr\\\/amerika\\\/\"},{\"@type\":\"ListItem\",\"position\":2,\"name\":\"\u00c7ALI\u015eMA\",\"item\":\"https:\\\/\\\/www.myvize.com.tr\\\/amerika\\\/calisma\\\/\"},{\"@type\":\"ListItem\",\"position\":3,\"name\":\"Amerika E2 Yat\u0131r\u0131mc\u0131 Vizesi\"}]},{\"@type\":\"WebSite\",\"@id\":\"https:\\\/\\\/www.myvize.com.tr\\\/amerika\\\/#website\",\"url\":\"https:\\\/\\\/www.myvize.com.tr\\\/amerika\\\/\",\"name\":\"MyVize Amerika Vize Ba\u015fvuru Merkezi\",\"description\":\"\",\"potentialAction\":[{\"@type\":\"SearchAction\",\"target\":{\"@type\":\"EntryPoint\",\"urlTemplate\":\"https:\\\/\\\/www.myvize.com.tr\\\/amerika\\\/?s={search_term_string}\"},\"query-input\":{\"@type\":\"PropertyValueSpecification\",\"valueRequired\":true,\"valueName\":\"search_term_string\"}}],\"inLanguage\":\"tr\"}]}<\/script>\n<!-- \/ Yoast SEO plugin. -->","yoast_head_json":{"title":"Amerika E2 Yat\u0131r\u0131mc\u0131 Vizesi - MyVize","description":"Amerikada Yat\u0131r\u0131m Vizesi Almak \u0130stermisiniz? Hemen Evrak Listesini Al. \u00dccretsiz Amerika Yat\u0131r\u0131mc\u0131 Vizesi Dan\u0131\u015fman\u0131m\u0131zla G\u00f6r\u00fc\u015f.","robots":{"index":"index","follow":"follow","max-snippet":"max-snippet:-1","max-image-preview":"max-image-preview:large","max-video-preview":"max-video-preview:-1"},"canonical":"https:\/\/www.myvize.com.tr\/amerika\/calisma\/e2-yatirimci-vizesi\/","og_locale":"tr_TR","og_type":"article","og_title":"Amerika E2 Yat\u0131r\u0131mc\u0131 Vizesi - MyVize","og_description":"Amerikada Yat\u0131r\u0131m Vizesi Almak \u0130stermisiniz? Hemen Evrak Listesini Al. \u00dccretsiz Amerika Yat\u0131r\u0131mc\u0131 Vizesi Dan\u0131\u015fman\u0131m\u0131zla G\u00f6r\u00fc\u015f.","og_url":"https:\/\/www.myvize.com.tr\/amerika\/calisma\/e2-yatirimci-vizesi\/","og_site_name":"Amerika Vizesi","article_modified_time":"2022-05-17T10:01:07+00:00","og_image":[{"url":"https:\/\/www.myvize.com.tr\/amerika\/wp-content\/uploads\/2021\/09\/37.jpg&quot;","type":"","width":"","height":""}],"twitter_card":"summary_large_image","twitter_misc":{"Tahmini okuma s\u00fcresi":"5 dakika"},"schema":{"@context":"https:\/\/schema.org","@graph":[{"@type":"WebPage","@id":"https:\/\/www.myvize.com.tr\/amerika\/calisma\/e2-yatirimci-vizesi\/","url":"https:\/\/www.myvize.com.tr\/amerika\/calisma\/e2-yatirimci-vizesi\/","name":"Amerika E2 Yat\u0131r\u0131mc\u0131 Vizesi - MyVize","isPartOf":{"@id":"https:\/\/www.myvize.com.tr\/amerika\/#website"},"primaryImageOfPage":{"@id":"https:\/\/www.myvize.com.tr\/amerika\/calisma\/e2-yatirimci-vizesi\/#primaryimage"},"image":{"@id":"https:\/\/www.myvize.com.tr\/amerika\/calisma\/e2-yatirimci-vizesi\/#primaryimage"},"thumbnailUrl":"https:\/\/www.myvize.com.tr\/amerika\/wp-content\/uploads\/2021\/09\/37.jpg&quot;","datePublished":"2020-12-21T12:48:17+00:00","dateModified":"2022-05-17T10:01:07+00:00","description":"Amerikada Yat\u0131r\u0131m Vizesi Almak \u0130stermisiniz? Hemen Evrak Listesini Al. \u00dccretsiz Amerika Yat\u0131r\u0131mc\u0131 Vizesi Dan\u0131\u015fman\u0131m\u0131zla G\u00f6r\u00fc\u015f.","breadcrumb":{"@id":"https:\/\/www.myvize.com.tr\/amerika\/calisma\/e2-yatirimci-vizesi\/#breadcrumb"},"inLanguage":"tr","potentialAction":[{"@type":"ReadAction","target":["https:\/\/www.myvize.com.tr\/amerika\/calisma\/e2-yatirimci-vizesi\/"]}]},{"@type":"ImageObject","inLanguage":"tr","@id":"https:\/\/www.myvize.com.tr\/amerika\/calisma\/e2-yatirimci-vizesi\/#primaryimage","url":"https:\/\/www.myvize.com.tr\/amerika\/wp-content\/uploads\/2021\/09\/37.jpg&quot;","contentUrl":"https:\/\/www.myvize.com.tr\/amerika\/wp-content\/uploads\/2021\/09\/37.jpg&quot;"},{"@type":"BreadcrumbList","@id":"https:\/\/www.myvize.com.tr\/amerika\/calisma\/e2-yatirimci-vizesi\/#breadcrumb","itemListElement":[{"@type":"ListItem","position":1,"name":"Anasayfa","item":"https:\/\/www.myvize.com.tr\/amerika\/"},{"@type":"ListItem","position":2,"name":"\u00c7ALI\u015eMA","item":"https:\/\/www.myvize.com.tr\/amerika\/calisma\/"},{"@type":"ListItem","position":3,"name":"Amerika E2 Yat\u0131r\u0131mc\u0131 Vizesi"}]},{"@type":"WebSite","@id":"https:\/\/www.myvize.com.tr\/amerika\/#website","url":"https:\/\/www.myvize.com.tr\/amerika\/","name":"MyVize Amerika Vize Ba\u015fvuru Merkezi","description":"","potentialAction":[{"@type":"SearchAction","target":{"@type":"EntryPoint","urlTemplate":"https:\/\/www.myvize.com.tr\/amerika\/?s={search_term_string}"},"query-input":{"@type":"PropertyValueSpecification","valueRequired":true,"valueName":"search_term_string"}}],"inLanguage":"tr"}]}},"_links":{"self":[{"href":"https:\/\/www.myvize.com.tr\/amerika\/wp-json\/wp\/v2\/pages\/238","targetHints":{"allow":["GET"]}}],"collection":[{"href":"https:\/\/www.myvize.com.tr\/amerika\/wp-json\/wp\/v2\/pages"}],"about":[{"href":"https:\/\/www.myvize.com.tr\/amerika\/wp-json\/wp\/v2\/types\/page"}],"author":[{"embeddable":true,"href":"https:\/\/www.myvize.com.tr\/amerika\/wp-json\/wp\/v2\/users\/1"}],"replies":[{"embeddable":true,"href":"https:\/\/www.myvize.com.tr\/amerika\/wp-json\/wp\/v2\/comments?post=238"}],"version-history":[{"count":7,"href":"https:\/\/www.myvize.com.tr\/amerika\/wp-json\/wp\/v2\/pages\/238\/revisions"}],"predecessor-version":[{"id":1268,"href":"https:\/\/www.myvize.com.tr\/amerika\/wp-json\/wp\/v2\/pages\/238\/revisions\/1268"}],"up":[{"embeddable":true,"href":"https:\/\/www.myvize.com.tr\/amerika\/wp-json\/wp\/v2\/pages\/193"}],"wp:attachment":[{"href":"https:\/\/www.myvize.com.tr\/amerika\/wp-json\/wp\/v2\/media?parent=238"}],"curies":[{"name":"wp","href":"https:\/\/api.w.org\/{rel}","templated":true}]}}