{"id":240,"date":"2020-12-21T15:48:48","date_gmt":"2020-12-21T12:48:48","guid":{"rendered":"https:\/\/www.myvize.com.tr\/amerika\/?page_id=240"},"modified":"2022-10-10T14:28:05","modified_gmt":"2022-10-10T11:28:05","slug":"diplomatik-ve-resmi-vizeler","status":"publish","type":"page","link":"https:\/\/www.myvize.com.tr\/amerika\/calisma\/diplomatik-ve-resmi-vizeler\/","title":{"rendered":"Amerika Diplomatik ve Resmi Vizeler"},"content":{"rendered":"<h2><span style=\"font-family: Roboto; font-size: 27px;\"><strong>Amerika Diplomatik ve Resmi Vize Nedir?<\/strong><\/span><\/h2>\n<p><span style=\"font-family: Roboto; font-size: 14px;\"><strong>Amerika Diplomatik ve Resmi Vize nedir<\/strong> sorusunun cevab\u0131 ile geldik. Amerika diplomatik vizesi bir \u00e7e\u015fit vize t\u00fcr\u00fcd\u00fcr. G\u00fcn\u00fcm\u00fczde bir\u00e7ok ki\u015fi bu vize t\u00fcr\u00fcn\u00fc almak ad\u0131na yo\u011fun bir ba\u015fvuru temposu i\u00e7erisine girmekten asla geri durmaz. E\u011fer sizin de bu konuya dair herhangi bir amac\u0131n\u0131z var ise l\u00fctfen <strong>Amerika diplomatik vize<\/strong> ba\u015fvurunuzu hemen \u015fimdi ger\u00e7ekle\u015ftirin. Aksi halde randevu g\u00fcn ve tarihleri direkt dolacakt\u0131r. Bu durumda da sizin randevunuz ertelenmeye ba\u015flanacakt\u0131r. Bunun olmamas\u0131 i\u00e7in l\u00fctfen daha h\u0131zl\u0131 hareket ediniz. Bu sayede Amerika diplomatik vizesini almaya hak kazanman\u0131z da tamamen an meselesidir. Bu vizeyi alman\u0131z i\u00e7in bir\u00e7ok \u015fart\u0131 da sa\u011flaman\u0131z gerekir. Her bir \u015fart\u0131 sa\u011flad\u0131ktan sonra tamamen d\u00fczg\u00fcn bir bi\u00e7imde ba\u015fvurunuzu da aktif olarak ger\u00e7ekle\u015ftirebilirsiniz. Bu sayede kendinizi daha iyi hissedece\u011finizi de s\u00f6ylemeliyiz. Hi\u00e7bir bi\u00e7imde rahats\u0131z edici bir durumla kar\u015f\u0131la\u015fmam\u0131\u015f olursunuz. Zaman\u0131n\u0131z tamamen size kal\u0131r. Bir vize merkezinden yard\u0131m al\u0131rsan\u0131z t\u00fcm zaman\u0131n\u0131z\u0131n size kalaca\u011f\u0131n\u0131 da l\u00fctfen unutmay\u0131n\u0131z. Haydi o halde belgeleri haz\u0131rlamaya \u015fimdiden ba\u015flay\u0131n\u0131z.<\/span><\/p>\n<h2><span style=\"font-family: Roboto; font-size: 27px;\"><strong>Amerika Diplomatik ve Resmi Vizeler Nas\u0131l Al\u0131n\u0131r?<\/strong><\/span><\/h2>\n<p><span style=\"font-family: Roboto; font-size: 14px;\">Amerika Diplomatik ve Resmi Vizeler nas\u0131l al\u0131n\u0131r sorusunun yan\u0131t\u0131yla sizlerleyiz. Bu t\u00fcr vizelerin nas\u0131l al\u0131naca\u011f\u0131 \u00fc\u00e7 a\u015fa\u011f\u0131 be\u015f yukar\u0131 belli olmaktad\u0131r. E\u011fer sizin de b\u00f6yle belgeler alma konusunda kal\u0131c\u0131 bir iste\u011finiz ve hevesiniz varsa hi\u00e7 durmay\u0131n, hemen siz de en iyi \u015fekilde ba\u015fvuruda bulunun. B\u00f6ylece her a\u00e7\u0131dan daha mant\u0131kl\u0131 bir s\u00fcre\u00e7 ge\u00e7irebilece\u011finizden de emin olabilirsiniz. G\u00fcn\u00fcm\u00fczde pek \u00e7ok ki\u015fi <strong>Amerika diplomatik vizesi<\/strong> alaca\u011f\u0131 zaman randevu da al\u0131r. Randevu almadan hi\u00e7bir zaman konsolosluk i\u015flemlerinizi halledemeyece\u011finizi de bilmelisiniz. Bu sayede her a\u00e7\u0131dan i\u015fleriniz daha iyi gidecek demektir. G\u00fcn\u00fcm\u00fczde pek \u00e7ok birey genel olarak Amerika diplomatik vize ba\u015fvuru s\u00fcrecinde gerekli belgeleri toparlamakla alakadar olur. Siz de bu t\u00fcr belgeleri toplayaca\u011f\u0131n\u0131z zaman l\u00fctfen \u00f6zenli davran\u0131n\u0131z. \u00d6zenli davran\u0131rsan\u0131z her i\u015flemin daha iyi ilerledi\u011fini bizzat kendiniz de g\u00f6rebilmi\u015f olursunuz. G\u00fcn\u00fcm\u00fczde say\u0131s\u0131z ki\u015finin bu vizeye ba\u015fvurdu\u011funu da kendinize s\u0131k s\u0131k hat\u0131rlat\u0131n; her a\u00e7\u0131dan vizeyi alma konusunda kendinizi motive edin deriz. Ancak bu bi\u00e7imde do\u011fru yolda ilerlemek ola\u011fan hale gelecektir.<\/span><\/p>\n<h2><span style=\"font-family: Roboto; font-size: 27px;\"><strong>Amerika Diplomatik ve Resmi Vizeler Nereden Al\u0131n\u0131r?<\/strong><\/span><\/h2>\n<p><span style=\"font-family: Roboto; font-size: 14px;\"><strong>Amerika Diplomatik ve Resmi Vizeler nereden al\u0131n\u0131r<\/strong> sorusunun yan\u0131t\u0131yla sizlerin huzurlar\u0131nday\u0131z. O halde sizi hi\u00e7 bekletmeden konumuza h\u0131zl\u0131 bir ge\u00e7i\u015f yapm\u0131\u015f olal\u0131m m\u0131? Amerika diplomatik ve resmi vizeleri her daim konsolosluklardan al\u0131n\u0131r. Bu y\u00fczden de herkes konsoloslu\u011fa ba\u015fvuru yaparak bu belgeleri almaktad\u0131r. E\u011fer siz de bu belgeleri alarak ba\u015fvuruda bulunmak istiyor iseniz elinizi biraz daha \u00e7abuk tutman\u0131z\u0131 \u00f6neririz. Bu sayede diledi\u011finiz gibi Amerika diplomatik ve resmi vizelerinden birini alabilirsiniz. Amerika diplomatik ve resmi vizelerinden herhangi bir tanesini almaya hak kazanmak isteyen herkesin ba\u015fvuruda bulunmas\u0131 kesinlikle zorunludur. Vize merkezleri arac\u0131l\u0131\u011f\u0131 ile de bu ba\u015fvuruyu ger\u00e7ekle\u015ftirmek m\u00fcmk\u00fcnd\u00fcr. Yap\u0131lmas\u0131 gereken \u015fey konsoloslu\u011fa telefon ederek randevu almak ve i\u015flemleri t\u00fcm h\u0131z\u0131 ile en iyi \u015fekilde ba\u015flatmakt\u0131r. Siz de ba\u015flat\u0131lan bu i\u015flem akabinde ad\u0131mlar\u0131n\u0131z\u0131 daha da ilerleterek Amerika diplomatik ve resmi vizenize daha da yakla\u015fabilirsiniz. Bu sayede huzurlu bir <strong>Amerika vizesi ba\u015fvuru s\u00fcreci<\/strong> ya\u015famak ka\u00e7\u0131n\u0131lmaz olacak demektir. Haydi hemen belgeleri haz\u0131rlamaya ba\u015flay\u0131n ve i\u015flemlerinizi tamamlay\u0131n.<\/span><\/p>\n<p><img decoding=\"async\" src=\"https:\/\/www.myvize.com.tr\/amerika\/wp-content\/uploads\/2021\/09\/38.jpg\" \/><\/p>\n","protected":false},"excerpt":{"rendered":"<p>Amerika Diplomatik ve Resmi Vize Nedir? Amerika Diplomatik ve Resmi Vize nedir sorusunun cevab\u0131 ile geldik. Amerika diplomatik vizesi bir \u00e7e\u015fit vize t\u00fcr\u00fcd\u00fcr. G\u00fcn\u00fcm\u00fczde bir\u00e7ok ki\u015fi bu vize t\u00fcr\u00fcn\u00fc almak ad\u0131na yo\u011fun bir ba\u015fvuru temposu i\u00e7erisine girmekten asla geri durmaz. E\u011fer sizin de bu konuya dair herhangi bir amac\u0131n\u0131z var ise l\u00fctfen Amerika diplomatik vize<\/p>\n","protected":false},"author":1,"featured_media":0,"parent":193,"menu_order":0,"comment_status":"open","ping_status":"closed","template":"","meta":{"footnotes":""},"class_list":["post-240","page","type-page","status-publish","hentry"],"yoast_head":"<!-- This site is optimized with the Yoast SEO plugin v27.4 - https:\/\/yoast.com\/product\/yoast-seo-wordpress\/ -->\n<title>Amerika Diplomatik ve Resmi Vizeler - MyVize<\/title>\n<meta name=\"description\" content=\"Amerika Diplomatik ve Resmi Vizeler Nelerdir? Amerika Diplomatik ve Resmi Vizeler Hakk\u0131nda Bilgi \u0130\u00e7in Hemen T\u0131klay\u0131n.\" \/>\n<meta name=\"robots\" content=\"index, follow, max-snippet:-1, max-image-preview:large, max-video-preview:-1\" \/>\n<link rel=\"canonical\" href=\"https:\/\/www.myvize.com.tr\/amerika\/calisma\/diplomatik-ve-resmi-vizeler\/\" \/>\n<meta property=\"og:locale\" content=\"tr_TR\" \/>\n<meta property=\"og:type\" content=\"article\" \/>\n<meta property=\"og:title\" content=\"Amerika Diplomatik ve Resmi Vizeler - MyVize\" \/>\n<meta property=\"og:description\" content=\"Amerika Diplomatik ve Resmi Vizeler Nelerdir? Amerika Diplomatik ve Resmi Vizeler Hakk\u0131nda Bilgi \u0130\u00e7in Hemen T\u0131klay\u0131n.\" \/>\n<meta property=\"og:url\" content=\"https:\/\/www.myvize.com.tr\/amerika\/calisma\/diplomatik-ve-resmi-vizeler\/\" \/>\n<meta property=\"og:site_name\" content=\"Amerika Vizesi\" \/>\n<meta property=\"article:modified_time\" content=\"2022-10-10T11:28:05+00:00\" \/>\n<meta property=\"og:image\" content=\"https:\/\/www.myvize.com.tr\/amerika\/wp-content\/uploads\/2021\/09\/38.jpg\" \/>\n<meta name=\"twitter:card\" content=\"summary_large_image\" \/>\n<meta name=\"twitter:label1\" content=\"Tahmini okuma s\u00fcresi\" \/>\n\t<meta name=\"twitter:data1\" content=\"4 dakika\" \/>\n<script type=\"application\/ld+json\" class=\"yoast-schema-graph\">{\"@context\":\"https:\\\/\\\/schema.org\",\"@graph\":[{\"@type\":\"WebPage\",\"@id\":\"https:\\\/\\\/www.myvize.com.tr\\\/amerika\\\/calisma\\\/diplomatik-ve-resmi-vizeler\\\/\",\"url\":\"https:\\\/\\\/www.myvize.com.tr\\\/amerika\\\/calisma\\\/diplomatik-ve-resmi-vizeler\\\/\",\"name\":\"Amerika Diplomatik ve Resmi Vizeler - MyVize\",\"isPartOf\":{\"@id\":\"https:\\\/\\\/www.myvize.com.tr\\\/amerika\\\/#website\"},\"primaryImageOfPage\":{\"@id\":\"https:\\\/\\\/www.myvize.com.tr\\\/amerika\\\/calisma\\\/diplomatik-ve-resmi-vizeler\\\/#primaryimage\"},\"image\":{\"@id\":\"https:\\\/\\\/www.myvize.com.tr\\\/amerika\\\/calisma\\\/diplomatik-ve-resmi-vizeler\\\/#primaryimage\"},\"thumbnailUrl\":\"https:\\\/\\\/www.myvize.com.tr\\\/amerika\\\/wp-content\\\/uploads\\\/2021\\\/09\\\/38.jpg\",\"datePublished\":\"2020-12-21T12:48:48+00:00\",\"dateModified\":\"2022-10-10T11:28:05+00:00\",\"description\":\"Amerika Diplomatik ve Resmi Vizeler Nelerdir? Amerika Diplomatik ve Resmi Vizeler Hakk\u0131nda Bilgi \u0130\u00e7in Hemen T\u0131klay\u0131n.\",\"breadcrumb\":{\"@id\":\"https:\\\/\\\/www.myvize.com.tr\\\/amerika\\\/calisma\\\/diplomatik-ve-resmi-vizeler\\\/#breadcrumb\"},\"inLanguage\":\"tr\",\"potentialAction\":[{\"@type\":\"ReadAction\",\"target\":[\"https:\\\/\\\/www.myvize.com.tr\\\/amerika\\\/calisma\\\/diplomatik-ve-resmi-vizeler\\\/\"]}]},{\"@type\":\"ImageObject\",\"inLanguage\":\"tr\",\"@id\":\"https:\\\/\\\/www.myvize.com.tr\\\/amerika\\\/calisma\\\/diplomatik-ve-resmi-vizeler\\\/#primaryimage\",\"url\":\"https:\\\/\\\/www.myvize.com.tr\\\/amerika\\\/wp-content\\\/uploads\\\/2021\\\/09\\\/38.jpg\",\"contentUrl\":\"https:\\\/\\\/www.myvize.com.tr\\\/amerika\\\/wp-content\\\/uploads\\\/2021\\\/09\\\/38.jpg\",\"width\":800,\"height\":500,\"caption\":\"Amerika\"},{\"@type\":\"BreadcrumbList\",\"@id\":\"https:\\\/\\\/www.myvize.com.tr\\\/amerika\\\/calisma\\\/diplomatik-ve-resmi-vizeler\\\/#breadcrumb\",\"itemListElement\":[{\"@type\":\"ListItem\",\"position\":1,\"name\":\"Anasayfa\",\"item\":\"https:\\\/\\\/www.myvize.com.tr\\\/amerika\\\/\"},{\"@type\":\"ListItem\",\"position\":2,\"name\":\"\u00c7ALI\u015eMA\",\"item\":\"https:\\\/\\\/www.myvize.com.tr\\\/amerika\\\/calisma\\\/\"},{\"@type\":\"ListItem\",\"position\":3,\"name\":\"Amerika Diplomatik ve Resmi Vizeler\"}]},{\"@type\":\"WebSite\",\"@id\":\"https:\\\/\\\/www.myvize.com.tr\\\/amerika\\\/#website\",\"url\":\"https:\\\/\\\/www.myvize.com.tr\\\/amerika\\\/\",\"name\":\"MyVize Amerika Vize Ba\u015fvuru Merkezi\",\"description\":\"\",\"potentialAction\":[{\"@type\":\"SearchAction\",\"target\":{\"@type\":\"EntryPoint\",\"urlTemplate\":\"https:\\\/\\\/www.myvize.com.tr\\\/amerika\\\/?s={search_term_string}\"},\"query-input\":{\"@type\":\"PropertyValueSpecification\",\"valueRequired\":true,\"valueName\":\"search_term_string\"}}],\"inLanguage\":\"tr\"}]}<\/script>\n<!-- \/ Yoast SEO plugin. -->","yoast_head_json":{"title":"Amerika Diplomatik ve Resmi Vizeler - MyVize","description":"Amerika Diplomatik ve Resmi Vizeler Nelerdir? Amerika Diplomatik ve Resmi Vizeler Hakk\u0131nda Bilgi \u0130\u00e7in Hemen T\u0131klay\u0131n.","robots":{"index":"index","follow":"follow","max-snippet":"max-snippet:-1","max-image-preview":"max-image-preview:large","max-video-preview":"max-video-preview:-1"},"canonical":"https:\/\/www.myvize.com.tr\/amerika\/calisma\/diplomatik-ve-resmi-vizeler\/","og_locale":"tr_TR","og_type":"article","og_title":"Amerika Diplomatik ve Resmi Vizeler - MyVize","og_description":"Amerika Diplomatik ve Resmi Vizeler Nelerdir? Amerika Diplomatik ve Resmi Vizeler Hakk\u0131nda Bilgi \u0130\u00e7in Hemen T\u0131klay\u0131n.","og_url":"https:\/\/www.myvize.com.tr\/amerika\/calisma\/diplomatik-ve-resmi-vizeler\/","og_site_name":"Amerika Vizesi","article_modified_time":"2022-10-10T11:28:05+00:00","og_image":[{"url":"https:\/\/www.myvize.com.tr\/amerika\/wp-content\/uploads\/2021\/09\/38.jpg","type":"","width":"","height":""}],"twitter_card":"summary_large_image","twitter_misc":{"Tahmini okuma s\u00fcresi":"4 dakika"},"schema":{"@context":"https:\/\/schema.org","@graph":[{"@type":"WebPage","@id":"https:\/\/www.myvize.com.tr\/amerika\/calisma\/diplomatik-ve-resmi-vizeler\/","url":"https:\/\/www.myvize.com.tr\/amerika\/calisma\/diplomatik-ve-resmi-vizeler\/","name":"Amerika Diplomatik ve Resmi Vizeler - MyVize","isPartOf":{"@id":"https:\/\/www.myvize.com.tr\/amerika\/#website"},"primaryImageOfPage":{"@id":"https:\/\/www.myvize.com.tr\/amerika\/calisma\/diplomatik-ve-resmi-vizeler\/#primaryimage"},"image":{"@id":"https:\/\/www.myvize.com.tr\/amerika\/calisma\/diplomatik-ve-resmi-vizeler\/#primaryimage"},"thumbnailUrl":"https:\/\/www.myvize.com.tr\/amerika\/wp-content\/uploads\/2021\/09\/38.jpg","datePublished":"2020-12-21T12:48:48+00:00","dateModified":"2022-10-10T11:28:05+00:00","description":"Amerika Diplomatik ve Resmi Vizeler Nelerdir? Amerika Diplomatik ve Resmi Vizeler Hakk\u0131nda Bilgi \u0130\u00e7in Hemen T\u0131klay\u0131n.","breadcrumb":{"@id":"https:\/\/www.myvize.com.tr\/amerika\/calisma\/diplomatik-ve-resmi-vizeler\/#breadcrumb"},"inLanguage":"tr","potentialAction":[{"@type":"ReadAction","target":["https:\/\/www.myvize.com.tr\/amerika\/calisma\/diplomatik-ve-resmi-vizeler\/"]}]},{"@type":"ImageObject","inLanguage":"tr","@id":"https:\/\/www.myvize.com.tr\/amerika\/calisma\/diplomatik-ve-resmi-vizeler\/#primaryimage","url":"https:\/\/www.myvize.com.tr\/amerika\/wp-content\/uploads\/2021\/09\/38.jpg","contentUrl":"https:\/\/www.myvize.com.tr\/amerika\/wp-content\/uploads\/2021\/09\/38.jpg","width":800,"height":500,"caption":"Amerika"},{"@type":"BreadcrumbList","@id":"https:\/\/www.myvize.com.tr\/amerika\/calisma\/diplomatik-ve-resmi-vizeler\/#breadcrumb","itemListElement":[{"@type":"ListItem","position":1,"name":"Anasayfa","item":"https:\/\/www.myvize.com.tr\/amerika\/"},{"@type":"ListItem","position":2,"name":"\u00c7ALI\u015eMA","item":"https:\/\/www.myvize.com.tr\/amerika\/calisma\/"},{"@type":"ListItem","position":3,"name":"Amerika Diplomatik ve Resmi Vizeler"}]},{"@type":"WebSite","@id":"https:\/\/www.myvize.com.tr\/amerika\/#website","url":"https:\/\/www.myvize.com.tr\/amerika\/","name":"MyVize Amerika Vize Ba\u015fvuru Merkezi","description":"","potentialAction":[{"@type":"SearchAction","target":{"@type":"EntryPoint","urlTemplate":"https:\/\/www.myvize.com.tr\/amerika\/?s={search_term_string}"},"query-input":{"@type":"PropertyValueSpecification","valueRequired":true,"valueName":"search_term_string"}}],"inLanguage":"tr"}]}},"_links":{"self":[{"href":"https:\/\/www.myvize.com.tr\/amerika\/wp-json\/wp\/v2\/pages\/240","targetHints":{"allow":["GET"]}}],"collection":[{"href":"https:\/\/www.myvize.com.tr\/amerika\/wp-json\/wp\/v2\/pages"}],"about":[{"href":"https:\/\/www.myvize.com.tr\/amerika\/wp-json\/wp\/v2\/types\/page"}],"author":[{"embeddable":true,"href":"https:\/\/www.myvize.com.tr\/amerika\/wp-json\/wp\/v2\/users\/1"}],"replies":[{"embeddable":true,"href":"https:\/\/www.myvize.com.tr\/amerika\/wp-json\/wp\/v2\/comments?post=240"}],"version-history":[{"count":6,"href":"https:\/\/www.myvize.com.tr\/amerika\/wp-json\/wp\/v2\/pages\/240\/revisions"}],"predecessor-version":[{"id":1556,"href":"https:\/\/www.myvize.com.tr\/amerika\/wp-json\/wp\/v2\/pages\/240\/revisions\/1556"}],"up":[{"embeddable":true,"href":"https:\/\/www.myvize.com.tr\/amerika\/wp-json\/wp\/v2\/pages\/193"}],"wp:attachment":[{"href":"https:\/\/www.myvize.com.tr\/amerika\/wp-json\/wp\/v2\/media?parent=240"}],"curies":[{"name":"wp","href":"https:\/\/api.w.org\/{rel}","templated":true}]}}