{"id":163,"date":"2020-12-23T15:21:35","date_gmt":"2020-12-23T12:21:35","guid":{"rendered":"https:\/\/www.myvize.com.tr\/avustralya\/?page_id=163"},"modified":"2022-03-26T14:59:28","modified_gmt":"2022-03-26T11:59:28","slug":"form-ve-dilekce","status":"publish","type":"page","link":"https:\/\/www.myvize.com.tr\/avustralya\/form-ve-dilekce\/","title":{"rendered":"FORM VE D\u0130LEK\u00c7E"},"content":{"rendered":"<p><span style=\"font-family: Roboto;\"><\/span><\/p>\r\n<p><span style=\"font-family: Roboto; font-size: 14px;\">Okyanusya K\u0131tas\u0131 \u00fclkelerinden biri olan \u00fclke turizm a\u00e7\u0131s\u0131ndan \u00f6nemli bir yere sahiptir. Ba\u015fkenti Canberra olan \u00fclkenin y\u00fcz\u00f6l\u00e7\u00fcm\u00fc d\u00fcnya s\u0131ralamas\u0131nda 6. S\u0131radad\u0131r. T\u00fcrkiye\u2019den de bir\u00e7ok ki\u015finin seyahat etmek istedi\u011fi <span style=\"color: #2acec2;\"><strong><a style=\"color: #2acec2;\" href=\"https:\/\/www.myvize.com.tr\/avustralya\/vize-islemleri\/\" target=\"_blank\" rel=\"noopener\">Avustralya vize i\u015flemleri<\/a><\/strong><\/span> konusunda olduk\u00e7a titiz davranan \u00fclkelerdendir. Bu nedenle de hi\u00e7bir pasaport sahibinin vizesiz olarak \u00fclkeye giri\u015f izni bulunmuyor. <strong>Vize muafiyeti<\/strong> bulunmayan Avustralya bir\u00e7ok farkl\u0131 vize kategorisinden birini se\u00e7erek i\u015flem yapt\u0131rman\u0131z\u0131 zorunlu tutuyor. \u00dclkeye giri\u015f i\u00e7in ki\u015filerin vize al\u0131m\u0131nda bir\u00e7ok evrak\u0131 detayl\u0131 olarak haz\u0131rlamas\u0131 \u00f6nemli konular aras\u0131nda yer al\u0131yor. Form ve dilek\u00e7enin eksiksiz ve istenilen standartlarda yaz\u0131lm\u0131\u015f olmas\u0131na \u00f6zen g\u00f6sterilmelidir. <strong>Avustralya vize<\/strong> i\u015flemlerinde son derece titiz davranmak vizeyi daha kolay alman\u0131zda olduk\u00e7a \u00f6nemlidir.<\/span><\/p>\r\n<p><span style=\"font-family: Roboto; font-size: 14px;\"><\/span><\/p>\r\n<p><span style=\"font-family: Roboto; font-size: 14px;\"><img decoding=\"async\" src=\"https:\/\/www.myvize.com.tr\/avustralya\/wp-content\/uploads\/2021\/09\/23.jpg\" \/><\/span><\/p>\r\n<p><span style=\"font-family: Roboto; font-size: 14px;\"><\/span><\/p>\r\n<h2><span style=\"font-family: Roboto; font-size: 27px;\"><strong>Avustralya Vize Ba\u015fvuru Formu<\/strong><\/span><\/h2>\r\n<p><span style=\"font-family: Roboto; font-size: 14px;\">\r\n\r\n<\/span><\/p>\r\n<p><span style=\"font-family: Roboto; font-size: 14px;\"><strong>Avustralya vize ba\u015fvuru formunu<\/strong> mutlaka istenilen kriterlere uygun \u015fekilde ve resmi bir dil kullanarak doldurman\u0131z gerekiyor. Bu form i\u00e7in konsolosluk binas\u0131na gitmeniz gerekmiyor. Online bir formdur ve kurumsal site \u00fczerinden doldurabilirsiniz. Ayn\u0131 zamanda Avustralya vize ba\u015fvuru formunu mutlaka \u0130ngilizce dilinde doldurman\u0131z gerekiyor. Bu belgenin doldurulmas\u0131 s\u0131ras\u0131nda mutlaka t\u00fcm bilgilerin eksiksiz olmas\u0131na \u00f6zen g\u00f6sterilmelidir. Kimlik bilgileri, ileti\u015fim ve meslek bilgileri, seyahat ve pasaport detaylar\u0131 gibi her bilgiyi ba\u015fvuru formunda belirtmek durumundas\u0131n\u0131z. Buna ek olarak ki\u015filerin dikkat etmesi gereken konulardan birisi de sponsor var ise ya da ki\u015filer evlilerse bu bilgileri de ek olarak belirtmek durumundalar. Ki\u015filer \u00e7al\u0131\u015fansa i\u015fverenleri ve \u00e7al\u0131\u015ft\u0131klar\u0131 pozisyonlarla ilgili bilgilere de ba\u015fvuru formunda yer vermelidir.<\/span><\/p>\r\n<p><span style=\"font-family: Roboto; font-size: 14px;\">\r\n\r\n<\/span><\/p>\r\n<h2><span style=\"font-family: Roboto; font-size: 27px;\"><strong>Avustralya Vize Dilek\u00e7esi<\/strong><\/span><\/h2>\r\n<p><span style=\"font-family: Roboto; font-size: 14px;\">\r\n\r\n<\/span><\/p>\r\n<p><span style=\"font-family: Roboto; font-size: 14px;\"><span style=\"color: #2acec2;\"><strong><a style=\"color: #2acec2;\" href=\"https:\/\/www.myvize.com.tr\/avustralya\/vize-islemleri\/avustralya-vizesi\/\" target=\"_blank\" rel=\"noopener\">Avustralya vizesi<\/a><\/strong><\/span> dilek\u00e7esinde istenilen her kriterin olmas\u0131 gereklidir. Bu kriterlere bak\u0131ld\u0131\u011f\u0131nda ki\u015filerin \u00f6ncelikle bu evrak\u0131 ilgili kuruma hitaben yazmas\u0131 \u00f6nemlidir. Islak imzal\u0131 olarak ve tarihli \u015fekilde teslim edilmesi \u00f6nem ta\u015f\u0131yan detaylar aras\u0131ndad\u0131r. Avustralya vize dilek\u00e7esinde seyahatin t\u00fcm detaylar\u0131n\u0131n bulunmas\u0131 gerekiyor. Ki\u015filer bu detaylar\u0131 belirtirken de yine do\u011fru bilgiler vermelidir. Dilek\u00e7enizi yazarken seyahat amac\u0131n\u0131zdan farkl\u0131 konulardan bahsetmemeniz gerekiyor. Daha \u00f6nceden al\u0131nm\u0131\u015f olan bir vizeniz varsa ya da<strong> Avustralya vize reddi<\/strong> alm\u0131\u015fsan\u0131z bunlara da de\u011finmeniz gerekiyor. H\u0131zl\u0131 bir \u015fekilde vize i\u015flemlerinizi tamamlamak i\u00e7in vize dilek\u00e7enizin ve ba\u015fvuru formunuzun kurumlar\u0131n istedi\u011fi standartlarda olmas\u0131 \u00f6nemli unsurlard\u0131r.<\/span><\/p>\r\n<h2><span style=\"font-family: Roboto; font-size: 27px;\"><b>Avustralya Form Ve Dilek\u00e7e<\/b><\/span><\/h2>\r\n<p><span style=\"font-family: Roboto; font-size: 14px;\"><strong>Avustralya vizesi<\/strong> ba\u015fvuru formu mutlaka istenilen kritere uygun \u015fekilde ve resm\u00ee dil kullanarak doldurmak gerekiyor. Bu form i\u00e7in konsolosluk binas\u0131na gitmeniz gerekmiyor. Online formdur ve kurumsal site \u00fczerinde doldurabilirsiniz. Ayn\u0131 anda <strong>Avustralya vize ba\u015fvuru formunu<\/strong> mutlaka \u0130ngilizce dili doldurman\u0131z gerekli. Bu belge doldurulma esnas\u0131nda mutlaka t\u00fcm bilgilerin eksiksiz olmas\u0131na \u00f6zen g\u00f6sterilmeli. Kimlik bilgileri, ileti\u015fim ve meslek bilgileri, seyahat ve pasaport detaylar\u0131 gibi her bilgiyi ba\u015fvuru formlar\u0131nda belirtmek durumundas\u0131n\u0131z. Buna ek olarak ki\u015finin dikkat etmesi gereken konudan birisi de sponsor varsa ya da ki\u015fi evlilerse bu bilgiyi de ek olarak belirtmek durumunda. Ki\u015fi \u00e7al\u0131\u015fansa i\u015fvereni ve \u00e7al\u0131\u015ft\u0131\u011f\u0131 pozisyonla ilgili bilgiye de ba\u015fvuru formunda yer vermeli.<\/span><br \/><span style=\"font-family: Roboto; font-size: 14px;\"><strong>Avustralya vize dilek\u00e7esi<\/strong> istenilen her kriteri olmas\u0131 gereklidir. Bu kritere bak\u0131ld\u0131\u011f\u0131nda ki\u015finin \u00f6ncelikle bu belgeleri ilgili kuruma hitaben yazmalar\u0131 \u00f6nemlidir. Islak imza olarak ve tarihli bi\u00e7imde teslim edilmesi \u00f6nem ta\u015f\u0131yan detay aras\u0131ndad\u0131r. <strong>Avustralya vizesi<\/strong> dilek\u00e7esinde seyahatin t\u00fcm detay\u0131n\u0131n bulunmas\u0131 gerekiyor. Ki\u015filer bu detay\u0131 belirtirken de yine do\u011fru bilgi vermelidir. Dilek\u00e7e yazarken seyahat amac\u0131n\u0131zda farkl\u0131 konudan bahsetmemeniz gerekli. Daha \u00f6nceden al\u0131nm\u0131\u015f olan vizeniz varsa ya da <strong>vize reddi<\/strong> alm\u0131\u015fsa buna da de\u011finmeniz gerekiyor. H\u0131zl\u0131 \u015fekilde vize i\u015fleminizi tamamlamak i\u00e7in vize dilek\u00e7enizi ve ba\u015fvuru formunuzu kurumun istedi\u011fi standart da olmas\u0131 \u00f6nemli unsurdur.<\/span><br \/><span style=\"font-family: Roboto; font-size: 14px;\">B\u00f6ylece<strong> vize ba\u015fvurusu<\/strong> reddine yol a\u00e7abilecek hatan\u0131n \u00f6n\u00fcne ge\u00e7ilir.<\/span><br \/><span style=\"font-family: Roboto; font-size: 14px;\">Dikkat edilmesi gereken di\u011fer husus ise seyahat tarihidir. Ba\u015fvuru formunda seyahat tarihi mutlaka belirtilmeli. Formda belirtilen seyahat tarihi ile u\u00e7ak rezervasyonu, davetiye yoksa otel rezervasyonu, \u0130ngilizce vize talep dilek\u00e7esine belirtilen seyahat tarihi ve seyahat sa\u011fl\u0131k sigortas\u0131 kapsam\u0131nda tarihle uyumlu olmal\u0131d\u0131r. Ba\u015fvuru dosyas\u0131nda sunulan destekleyici belge ile <strong>Avusturya vizesi<\/strong> ba\u015fvuru formu \u00fczerinde verilen bilginin e\u015fle\u015fmemesi durumunda randevu g\u00fcnleri <strong>Avusturya vizesi<\/strong> ba\u015fvuru merkezinde dosyan\u0131n kabul edilmemesi s\u00f6z konusu olabilmekte.<\/span><\/p>\r\n<p><span style=\"font-family: Roboto;\"><\/span><\/p>","protected":false},"excerpt":{"rendered":"<p>Okyanusya K\u0131tas\u0131 \u00fclkelerinden biri olan \u00fclke turizm a\u00e7\u0131s\u0131ndan \u00f6nemli bir yere sahiptir. Ba\u015fkenti Canberra olan \u00fclkenin y\u00fcz\u00f6l\u00e7\u00fcm\u00fc d\u00fcnya s\u0131ralamas\u0131nda 6. S\u0131radad\u0131r. T\u00fcrkiye\u2019den de bir\u00e7ok ki\u015finin seyahat etmek istedi\u011fi Avustralya vize i\u015flemleri konusunda olduk\u00e7a titiz davranan \u00fclkelerdendir. Bu nedenle de hi\u00e7bir pasaport sahibinin vizesiz olarak \u00fclkeye giri\u015f izni bulunmuyor. Vize muafiyeti bulunmayan Avustralya bir\u00e7ok farkl\u0131 vize<\/p>\n","protected":false},"author":1,"featured_media":0,"parent":0,"menu_order":0,"comment_status":"open","ping_status":"closed","template":"","meta":{"footnotes":""},"class_list":["post-163","page","type-page","status-publish","hentry"],"yoast_head":"<!-- This site is optimized with the Yoast SEO plugin v26.8 - https:\/\/yoast.com\/product\/yoast-seo-wordpress\/ -->\n<title>Avustralya Form Ve Dilek\u00e7eleri Hakk\u0131nda - MyVize<\/title>\n<meta name=\"description\" content=\"Avustralya Form Ve Dilek\u00e7eleri Nas\u0131l Yaz\u0131l\u0131r? Avustralya Form Ve Dilek\u00e7e \u00d6rne\u011fi 2022. Bilgi \u0130\u00e7in Vize Uzmanlar\u0131m\u0131z\u0131 Aray\u0131n: 0850 346 84 93\" \/>\n<meta name=\"robots\" content=\"index, follow, max-snippet:-1, max-image-preview:large, max-video-preview:-1\" \/>\n<link rel=\"canonical\" href=\"https:\/\/www.myvize.com.tr\/avustralya\/form-ve-dilekce\/\" \/>\n<meta property=\"og:locale\" content=\"tr_TR\" \/>\n<meta property=\"og:type\" content=\"article\" \/>\n<meta property=\"og:title\" content=\"Avustralya Form Ve Dilek\u00e7eleri Hakk\u0131nda - MyVize\" \/>\n<meta property=\"og:description\" content=\"Avustralya Form Ve Dilek\u00e7eleri Nas\u0131l Yaz\u0131l\u0131r? Avustralya Form Ve Dilek\u00e7e \u00d6rne\u011fi 2022. Bilgi \u0130\u00e7in Vize Uzmanlar\u0131m\u0131z\u0131 Aray\u0131n: 0850 346 84 93\" \/>\n<meta property=\"og:url\" content=\"https:\/\/www.myvize.com.tr\/avustralya\/form-ve-dilekce\/\" \/>\n<meta property=\"og:site_name\" content=\"Avustralya Vizesi\" \/>\n<meta property=\"article:modified_time\" content=\"2022-03-26T11:59:28+00:00\" \/>\n<meta property=\"og:image\" content=\"https:\/\/www.myvize.com.tr\/avustralya\/wp-content\/uploads\/2021\/09\/23.jpg\" \/>\n<meta name=\"twitter:card\" content=\"summary_large_image\" \/>\n<meta name=\"twitter:label1\" content=\"Tahmini okuma s\u00fcresi\" \/>\n\t<meta name=\"twitter:data1\" content=\"3 dakika\" \/>\n<script type=\"application\/ld+json\" class=\"yoast-schema-graph\">{\"@context\":\"https:\/\/schema.org\",\"@graph\":[{\"@type\":\"WebPage\",\"@id\":\"https:\/\/www.myvize.com.tr\/avustralya\/form-ve-dilekce\/\",\"url\":\"https:\/\/www.myvize.com.tr\/avustralya\/form-ve-dilekce\/\",\"name\":\"Avustralya Form Ve Dilek\u00e7eleri Hakk\u0131nda - MyVize\",\"isPartOf\":{\"@id\":\"https:\/\/www.myvize.com.tr\/avustralya\/#website\"},\"primaryImageOfPage\":{\"@id\":\"https:\/\/www.myvize.com.tr\/avustralya\/form-ve-dilekce\/#primaryimage\"},\"image\":{\"@id\":\"https:\/\/www.myvize.com.tr\/avustralya\/form-ve-dilekce\/#primaryimage\"},\"thumbnailUrl\":\"https:\/\/www.myvize.com.tr\/avustralya\/wp-content\/uploads\/2021\/09\/23.jpg\",\"datePublished\":\"2020-12-23T12:21:35+00:00\",\"dateModified\":\"2022-03-26T11:59:28+00:00\",\"description\":\"Avustralya Form Ve Dilek\u00e7eleri Nas\u0131l Yaz\u0131l\u0131r? Avustralya Form Ve Dilek\u00e7e \u00d6rne\u011fi 2022. Bilgi \u0130\u00e7in Vize Uzmanlar\u0131m\u0131z\u0131 Aray\u0131n: 0850 346 84 93\",\"breadcrumb\":{\"@id\":\"https:\/\/www.myvize.com.tr\/avustralya\/form-ve-dilekce\/#breadcrumb\"},\"inLanguage\":\"tr\",\"potentialAction\":[{\"@type\":\"ReadAction\",\"target\":[\"https:\/\/www.myvize.com.tr\/avustralya\/form-ve-dilekce\/\"]}]},{\"@type\":\"ImageObject\",\"inLanguage\":\"tr\",\"@id\":\"https:\/\/www.myvize.com.tr\/avustralya\/form-ve-dilekce\/#primaryimage\",\"url\":\"https:\/\/www.myvize.com.tr\/avustralya\/wp-content\/uploads\/2021\/09\/23.jpg\",\"contentUrl\":\"https:\/\/www.myvize.com.tr\/avustralya\/wp-content\/uploads\/2021\/09\/23.jpg\",\"width\":800,\"height\":500,\"caption\":\"Avustralya\"},{\"@type\":\"BreadcrumbList\",\"@id\":\"https:\/\/www.myvize.com.tr\/avustralya\/form-ve-dilekce\/#breadcrumb\",\"itemListElement\":[{\"@type\":\"ListItem\",\"position\":1,\"name\":\"Anasayfa\",\"item\":\"https:\/\/www.myvize.com.tr\/avustralya\/\"},{\"@type\":\"ListItem\",\"position\":2,\"name\":\"FORM VE D\u0130LEK\u00c7E\"}]},{\"@type\":\"WebSite\",\"@id\":\"https:\/\/www.myvize.com.tr\/avustralya\/#website\",\"url\":\"https:\/\/www.myvize.com.tr\/avustralya\/\",\"name\":\"Avustralya Vizesi\",\"description\":\"\",\"potentialAction\":[{\"@type\":\"SearchAction\",\"target\":{\"@type\":\"EntryPoint\",\"urlTemplate\":\"https:\/\/www.myvize.com.tr\/avustralya\/?s={search_term_string}\"},\"query-input\":{\"@type\":\"PropertyValueSpecification\",\"valueRequired\":true,\"valueName\":\"search_term_string\"}}],\"inLanguage\":\"tr\"}]}<\/script>\n<!-- \/ Yoast SEO plugin. -->","yoast_head_json":{"title":"Avustralya Form Ve Dilek\u00e7eleri Hakk\u0131nda - MyVize","description":"Avustralya Form Ve Dilek\u00e7eleri Nas\u0131l Yaz\u0131l\u0131r? Avustralya Form Ve Dilek\u00e7e \u00d6rne\u011fi 2022. Bilgi \u0130\u00e7in Vize Uzmanlar\u0131m\u0131z\u0131 Aray\u0131n: 0850 346 84 93","robots":{"index":"index","follow":"follow","max-snippet":"max-snippet:-1","max-image-preview":"max-image-preview:large","max-video-preview":"max-video-preview:-1"},"canonical":"https:\/\/www.myvize.com.tr\/avustralya\/form-ve-dilekce\/","og_locale":"tr_TR","og_type":"article","og_title":"Avustralya Form Ve Dilek\u00e7eleri Hakk\u0131nda - MyVize","og_description":"Avustralya Form Ve Dilek\u00e7eleri Nas\u0131l Yaz\u0131l\u0131r? Avustralya Form Ve Dilek\u00e7e \u00d6rne\u011fi 2022. Bilgi \u0130\u00e7in Vize Uzmanlar\u0131m\u0131z\u0131 Aray\u0131n: 0850 346 84 93","og_url":"https:\/\/www.myvize.com.tr\/avustralya\/form-ve-dilekce\/","og_site_name":"Avustralya Vizesi","article_modified_time":"2022-03-26T11:59:28+00:00","og_image":[{"url":"https:\/\/www.myvize.com.tr\/avustralya\/wp-content\/uploads\/2021\/09\/23.jpg","type":"","width":"","height":""}],"twitter_card":"summary_large_image","twitter_misc":{"Tahmini okuma s\u00fcresi":"3 dakika"},"schema":{"@context":"https:\/\/schema.org","@graph":[{"@type":"WebPage","@id":"https:\/\/www.myvize.com.tr\/avustralya\/form-ve-dilekce\/","url":"https:\/\/www.myvize.com.tr\/avustralya\/form-ve-dilekce\/","name":"Avustralya Form Ve Dilek\u00e7eleri Hakk\u0131nda - MyVize","isPartOf":{"@id":"https:\/\/www.myvize.com.tr\/avustralya\/#website"},"primaryImageOfPage":{"@id":"https:\/\/www.myvize.com.tr\/avustralya\/form-ve-dilekce\/#primaryimage"},"image":{"@id":"https:\/\/www.myvize.com.tr\/avustralya\/form-ve-dilekce\/#primaryimage"},"thumbnailUrl":"https:\/\/www.myvize.com.tr\/avustralya\/wp-content\/uploads\/2021\/09\/23.jpg","datePublished":"2020-12-23T12:21:35+00:00","dateModified":"2022-03-26T11:59:28+00:00","description":"Avustralya Form Ve Dilek\u00e7eleri Nas\u0131l Yaz\u0131l\u0131r? Avustralya Form Ve Dilek\u00e7e \u00d6rne\u011fi 2022. Bilgi \u0130\u00e7in Vize Uzmanlar\u0131m\u0131z\u0131 Aray\u0131n: 0850 346 84 93","breadcrumb":{"@id":"https:\/\/www.myvize.com.tr\/avustralya\/form-ve-dilekce\/#breadcrumb"},"inLanguage":"tr","potentialAction":[{"@type":"ReadAction","target":["https:\/\/www.myvize.com.tr\/avustralya\/form-ve-dilekce\/"]}]},{"@type":"ImageObject","inLanguage":"tr","@id":"https:\/\/www.myvize.com.tr\/avustralya\/form-ve-dilekce\/#primaryimage","url":"https:\/\/www.myvize.com.tr\/avustralya\/wp-content\/uploads\/2021\/09\/23.jpg","contentUrl":"https:\/\/www.myvize.com.tr\/avustralya\/wp-content\/uploads\/2021\/09\/23.jpg","width":800,"height":500,"caption":"Avustralya"},{"@type":"BreadcrumbList","@id":"https:\/\/www.myvize.com.tr\/avustralya\/form-ve-dilekce\/#breadcrumb","itemListElement":[{"@type":"ListItem","position":1,"name":"Anasayfa","item":"https:\/\/www.myvize.com.tr\/avustralya\/"},{"@type":"ListItem","position":2,"name":"FORM VE D\u0130LEK\u00c7E"}]},{"@type":"WebSite","@id":"https:\/\/www.myvize.com.tr\/avustralya\/#website","url":"https:\/\/www.myvize.com.tr\/avustralya\/","name":"Avustralya Vizesi","description":"","potentialAction":[{"@type":"SearchAction","target":{"@type":"EntryPoint","urlTemplate":"https:\/\/www.myvize.com.tr\/avustralya\/?s={search_term_string}"},"query-input":{"@type":"PropertyValueSpecification","valueRequired":true,"valueName":"search_term_string"}}],"inLanguage":"tr"}]}},"_links":{"self":[{"href":"https:\/\/www.myvize.com.tr\/avustralya\/wp-json\/wp\/v2\/pages\/163","targetHints":{"allow":["GET"]}}],"collection":[{"href":"https:\/\/www.myvize.com.tr\/avustralya\/wp-json\/wp\/v2\/pages"}],"about":[{"href":"https:\/\/www.myvize.com.tr\/avustralya\/wp-json\/wp\/v2\/types\/page"}],"author":[{"embeddable":true,"href":"https:\/\/www.myvize.com.tr\/avustralya\/wp-json\/wp\/v2\/users\/1"}],"replies":[{"embeddable":true,"href":"https:\/\/www.myvize.com.tr\/avustralya\/wp-json\/wp\/v2\/comments?post=163"}],"version-history":[{"count":5,"href":"https:\/\/www.myvize.com.tr\/avustralya\/wp-json\/wp\/v2\/pages\/163\/revisions"}],"predecessor-version":[{"id":869,"href":"https:\/\/www.myvize.com.tr\/avustralya\/wp-json\/wp\/v2\/pages\/163\/revisions\/869"}],"wp:attachment":[{"href":"https:\/\/www.myvize.com.tr\/avustralya\/wp-json\/wp\/v2\/media?parent=163"}],"curies":[{"name":"wp","href":"https:\/\/api.w.org\/{rel}","templated":true}]}}