{"id":55,"date":"2020-11-30T12:50:43","date_gmt":"2020-11-30T09:50:43","guid":{"rendered":"https:\/\/www.myvize.com.tr\/avustralya\/?page_id=55"},"modified":"2022-05-28T22:47:25","modified_gmt":"2022-05-28T19:47:25","slug":"turkiyede-oturum-ve-calisma-izni","status":"publish","type":"page","link":"https:\/\/www.myvize.com.tr\/avustralya\/vize-islemleri\/turkiyede-oturum-ve-calisma-izni\/","title":{"rendered":"T\u00fcrkiye&#8217;de Oturum ve \u00c7al\u0131\u015fma \u0130zni"},"content":{"rendered":"<h2><span style=\"font-family: Roboto; font-size: 27px;\"><strong>Avustralya Vatanda\u015flar\u0131 \u0130\u00e7in T\u00fcrkiye\u2019de Oturma ve \u00c7al\u0131\u015fma \u0130zni<\/strong><\/span><\/h2>\n<p><span style=\"font-family: Roboto; font-size: 14px;\"><strong>Avustralya vatanda\u015flar\u0131<\/strong> T\u00fcrkiye\u2019de hem oturma hem de \u00e7al\u0131\u015fma izni alabilme \u015fans\u0131na sahip olmaktad\u0131rlar. T\u00fcrkiye t\u00fcm yabanc\u0131 \u00fclke vatanda\u015flar\u0131na bu haklar\u0131 belirli \u015fartlar d\u00e2hilinde tan\u0131maktad\u0131r. K\u0131sa s\u00fcreli ve uzun s\u00fcreli oturma izni alabilen ki\u015filer ayn\u0131 zamanda insani oturum izni ile insan ticareti<strong> oturum izni<\/strong> de alabilme \u015fans\u0131na sahiptirler.<\/span><\/p>\n<p><span style=\"font-family: Roboto; font-size: 14px;\">Bulunduklar\u0131 duruma g\u00f6re verilen bu izinler T\u00fcrkiye\u2019de kalma s\u00fcrecini de belirlemektedir. <strong>Avustralya vatanda\u015flar\u0131<\/strong> e\u011fer T\u00fcrkiye\u2019de<strong> \u00e7al\u0131\u015fma izni<\/strong> alm\u0131\u015flar ise ayn\u0131 zamanda <strong>oturum izni<\/strong> de alm\u0131\u015f say\u0131lmaktad\u0131rlar. Oturum iznine sahip olan ki\u015filer T\u00fcrkiye\u2019ye giri\u015f ve \u00e7\u0131k\u0131\u015flarda vize almak durumunda de\u011fildirler. Ancak <span style=\"color: #2acec2;\"><strong><a style=\"color: #2acec2;\" href=\"https:\/\/www.myvize.com.tr\/avustralya\/vize-islemleri\/\" target=\"_blank\" rel=\"noopener\">Avustralya vize i\u015flemleri<\/a><\/strong><\/span> bitmek \u00fczere olan ya da muafiyet s\u00fcreleri dolan yabanc\u0131lar\u0131n mutlaka vize i\u015flemlerini yenilemeleri gereklidir. Bu i\u015flemler s\u0131ras\u0131nda da mutlaka gerekli t\u00fcm evraklar\u0131 teslim etmeniz \u00f6nemlidir.<\/span><\/p>\n<p><img decoding=\"async\" src=\"https:\/\/www.myvize.com.tr\/avustralya\/wp-content\/uploads\/2021\/09\/16.jpg\" \/><\/p>\n<h2><span style=\"font-family: Roboto; font-size: 27px;\"><strong>T\u00fcrkiye\u2019de Oturma ve \u00c7al\u0131\u015fma \u0130zni Alma<\/strong><\/span><\/h2>\n<p><span style=\"font-family: Roboto; font-size: 14px;\"><strong>T\u00fcrkiye\u2019de oturma ve \u00e7al\u0131\u015fma izni<\/strong> alabilmek i\u00e7in yabanc\u0131lar kendi \u00fclkelerinde bulunan T\u00fcrk temsilciliklerine ba\u015fvuru yapabilecekleri gibi T\u00fcrkiye\u2019ye geldikten sonra da bu i\u015flemlerini yapt\u0131rabilirler. Ayn\u0131 zamanda oturma izinleri ki\u015filerin i\u00e7inde bulunduklar\u0131 duruma g\u00f6re verilmektedir. Bu ba\u015fvurular da 90 g\u00fcn i\u00e7erisinde tamamlanmaktad\u0131r. Her yabanc\u0131ya \u00f6zel olarak d\u00fczenlenen izinlerdir. T\u00fcrkiye i\u00e7erisinden <strong>oturum izni<\/strong> ba\u015fvurusu yap\u0131lacak ise bu i\u015flemlerin ve uzatma ba\u015fvurular\u0131n\u0131n mutlaka e ikamet \u00fczerinden yap\u0131lmas\u0131 gerekmektedir.<\/span><\/p>\n<p><span style=\"font-family: Roboto; font-size: 14px;\">\u0130lk defa oturum iznine ba\u015fvuruyorsan\u0131z Avustralya vatanda\u015flar\u0131n\u0131n randevu g\u00fcn\u00fc ve saatinde bulunduklar\u0131 ilde ki \u0130l G\u00f6\u00e7 \u0130daresi\u2019ne gitmeleri gereklidir. Oturum s\u00fcresi dolmas\u0131na 60 g\u00fcn kala mutlaka uzatma ba\u015fvurular\u0131n\u0131n yap\u0131lmas\u0131 gerekiyor. Bu s\u00fcre\u00e7te sizlerden istenilen belgeleri de yan\u0131n\u0131zda bulundurman\u0131z gereklidir. M\u00fcracaat i\u00e7in ise \u0130l G\u00f6\u00e7 \u0130dareleri\u2019ne ba\u015fvurulmas\u0131 gereklidir. Bu s\u00fcre\u00e7te oturum izinleri ve \u00e7al\u0131\u015fma izinleri ba\u015fvuru sahiplerinin adreslerine g\u00f6nderilmektedir. Bu izinler al\u0131n\u0131rken de normal vize i\u015flemleri gibi belge haz\u0131rlanmas\u0131 gerekmektedir.<\/span><\/p>\n<h2><span style=\"font-family: Roboto; font-size: 27px;\"><strong>T\u00fcrkiye\u2019de Oturum ve \u00c7al\u0131\u015fma \u0130zni 2022<\/strong><\/span><\/h2>\n<p><span style=\"font-family: Roboto; font-size: 14px;\"><strong>T\u00fcrkiye\u2019de oturum ve \u00e7al\u0131\u015fma izni 2022 <\/strong>turistik ama\u00e7l\u0131 olarak oturma izni al\u0131nacak ise o zaman tamamlanmas\u0131 gereken baz\u0131 belgeler vard\u0131r. \u00d6ncelikle ki\u015filerin pasaport fotokopisi, ikamet izin <span style=\"color: #2acec2;\"><strong><a style=\"color: #2acec2;\" href=\"https:\/\/www.myvize.com.tr\/avustralya\/form-ve-dilekce\/avustralya-vize-basvuru-formu\/\" target=\"_blank\" rel=\"noopener\">Avustralya vize ba\u015fvuru formu<\/a><\/strong><\/span> sistemden \u00e7\u0131kar\u0131lmas\u0131 yeterlidir, ki\u015filer i\u00e7in \u00f6zel sa\u011fl\u0131k sigortas\u0131, 4 adet yeni \u00e7ekilmi\u015f biyometrik foto\u011fraf, yerle\u015fim yeri belgesi, kirac\u0131lar\u0131n noter tasdikli olan kira s\u00f6zle\u015fmeleri, misafir olarak gelen ki\u015filerin misafir taahh\u00fctnameleri, 18 ya\u015f\u0131n alt\u0131nda bulunan \u00e7ocuklar\u0131n do\u011fum belgeleri ve ayn\u0131 zaman da noter tasdikli terc\u00fcmeleri, 18 ya\u015f\u0131n alt\u0131nda bulunan \u00e7ocuklar\u0131n annesinin ya da babas\u0131n\u0131n yan\u0131nda olmamas\u0131 halinde ebeveyn onay\u0131, kira s\u00f6zle\u015fmesi ile bir de tapu fotokopisi ya da ev sahibinin kimlik fotokopisine ihtiya\u00e7 vard\u0131r. T\u00fcm bunlar\u0131n yan\u0131 s\u0131ra ki\u015filerin bir de ba\u015fvuru i\u015flemlerini ger\u00e7ekle\u015ftirmeleri gerekir. Ayn\u0131 zaman da yat\u0131rmalar\u0131 gereken belli miktarda bir de har\u00e7 bedeli vard\u0131r. Bunlar\u0131n her birinin tam ve eksiksiz bir \u015fekilde yerine getirilmesi gerekir. Bunlar\u0131n hepsinin tamamlanmas\u0131n\u0131n ard\u0131ndan inceleme ve onaylama i\u015fleminde yerine getirilir. Bu s\u00fcrecin sonunda<strong> ret gelme durumu<\/strong> da vard\u0131r.\u00a0<\/span><\/p>\n<h2><span style=\"font-family: Roboto; font-size: 27px;\"><b>Avustralya Vatanda\u015flar\u0131 \u0130\u00e7in T\u00fcrkiye\u2019de Oturum ve \u00c7al\u0131\u015fma \u0130zni 2021<\/b><\/span><\/h2>\n<p><span style=\"font-family: Roboto; font-size: 14px;\">Yabanc\u0131 \u00fclke vatanda\u015f\u0131 T\u00fcrkiye&#8217;de k\u0131sa s\u00fcre oturum izni, aile oturma izni, \u00f6\u011frenci oturma izni, uzun s\u00fcre oturum izni, insani oturma izni ve insan ticareti ma\u011fduru oturma izni alarak kalabilir.<\/span><br \/>\n<span style=\"font-family: Roboto; font-size: 14px;\"><strong>Ge\u00e7erli oturum izni<\/strong> sahipleri <strong>AVUSTRALYA vatanda\u015f\u0131<\/strong> T\u00fcrkiye s\u0131n\u0131r kap\u0131s\u0131ndan vize almadan giri\u015f yapabilir.<\/span><br \/>\n<span style=\"font-family: Roboto; font-size: 14px;\">AVUSTRALYA vatanda\u015flar\u0131n\u0131n T\u00fcrkiye&#8217;de sahip oldu\u011fu \u00e7al\u0131\u015fma izni ya da \u00e7al\u0131\u015fma izni muafiyet belgeleri, oturum izni yerine de say\u0131l\u0131.<\/span><br \/>\n<span style=\"font-family: Roboto; font-size: 14px;\">T\u00fcrkiye&#8217;de, vizenin ya da vize muafiyeti tan\u0131d\u0131\u011f\u0131 s\u00fcreden ya da 90 g\u00fcnden fazla kalacak <strong>AVUSTRALYA vatanda\u015f\u0131n\u0131n<\/strong> oturum izni almas\u0131 zorunludur.<\/span><br \/>\n<span style=\"font-family: Roboto; font-size: 14px;\">Oturum izni ba\u015fvurusu, AVUSTRALYA&#8217;daki T\u00fcrk temsilcili\u011finde yap\u0131l\u0131r. Ancak, oturum izni ba\u015fvuru yapmadan T\u00fcrkiye&#8217;ye vize s\u00fcresi ile ya da vize muafiyetiyle gelenin oturum izni ba\u015fvurusu, ikinci bir d\u00fczenlemeye kadar Valilik\u00e7e de al\u0131nmaya devam edecektir.<\/span><br \/>\n<span style=\"font-family: Roboto; font-size: 14px;\">Oturum izni i\u00e7in ba\u015fvuracak AVUSTRALYA vatanda\u015f\u0131nda, talep etti\u011fi oturum izni s\u00fcresinden 60 g\u00fcn daha uzun s\u00fcre pasaport ya da pasaport yerin ge\u00e7en belgeye sahip olmas\u0131 \u015fart\u0131 aran\u0131r.<\/span><br \/>\n<span style=\"font-family: Roboto; font-size: 14px;\">T\u00fcrkiye i\u00e7erisinden ba\u015fvurular\u0131n, AVUSTRALYA vatanda\u015flar\u0131n\u0131n sahip oldu\u011fu vize s\u00fcresi ya da vize muafiyeti sona ermesinden \u00f6nce yap\u0131lmalar\u0131 esast\u0131r.<\/span><br \/>\n<span style=\"font-family: Roboto; font-size: 14px;\">Oturum izni ba\u015fvurusu, en ge\u00e7 90 g\u00fcn i\u00e7erisinde sonu\u00e7land\u0131r\u0131l\u0131r.<\/span><br \/>\n<span style=\"font-family: Roboto; font-size: 14px;\">Oturum izini, kal\u0131\u015f amac\u0131na uygun ve her yabanc\u0131 i\u00e7in ayr\u0131 d\u00fczenlenir.<\/span><br \/>\n<span style=\"font-family: Roboto; font-size: 14px;\">Oturum izini belgeleri, ikamet adresine g\u00f6nderilmektedir.<\/span><br \/>\n<span style=\"font-family: Roboto; font-size: 14px;\">T\u00fcrkiye i\u00e7inden yap\u0131lan oturma izni ba\u015fvuru ve uzatma ba\u015fvurusu e-ikamet \u00fczerinden yap\u0131l\u0131r.<\/span><br \/>\n<span style=\"font-family: Roboto; font-size: 14px;\">\u0130lk defa oturma iznine ba\u015fvuran AVUSTRALYA vatanda\u015f\u0131n\u0131n sistem taraf\u0131ndan kendilerine verilen randevu g\u00fcn\u00fc ve saatinde bulundu\u011fu ildeki \u0130l G\u00f6\u00e7 \u0130daresinde bulunmalar\u0131 gerekmektedir.<\/span><br \/>\n<span style=\"font-family: Roboto; font-size: 14px;\"><strong>AVUSTRALYA vatanda\u015f\u0131n\u0131n<\/strong> oturum s\u00fcresinin dolmas\u0131na 60 g\u00fcn kalmas\u0131ndan itibaren oturum izni uzatmak ba\u015fvurusunda bulunmas\u0131 gerekir. Uzatma ba\u015fvurusu, her durumda oturma izni s\u00fcresi dolmada \u00f6nce yap\u0131lmal\u0131d\u0131r.<\/span><br \/>\n<span style=\"font-family: Roboto; font-size: 14px;\">Bu belge, oturum izni s\u00fcreleri sona ermi\u015f olsa dahi uzatma talepleri sonu\u00e7lan\u0131ncaya kadar T\u00fcrkiye&#8217;de yasal kal\u0131\u015f\u0131 hakk\u0131 sa\u011flar.<\/span><\/p>\n","protected":false},"excerpt":{"rendered":"<p>Avustralya Vatanda\u015flar\u0131 \u0130\u00e7in T\u00fcrkiye\u2019de Oturma ve \u00c7al\u0131\u015fma \u0130zni Avustralya vatanda\u015flar\u0131 T\u00fcrkiye\u2019de hem oturma hem de \u00e7al\u0131\u015fma izni alabilme \u015fans\u0131na sahip olmaktad\u0131rlar. T\u00fcrkiye t\u00fcm yabanc\u0131 \u00fclke vatanda\u015flar\u0131na bu haklar\u0131 belirli \u015fartlar d\u00e2hilinde tan\u0131maktad\u0131r. K\u0131sa s\u00fcreli ve uzun s\u00fcreli oturma izni alabilen ki\u015filer ayn\u0131 zamanda insani oturum izni ile insan ticareti oturum izni de alabilme \u015fans\u0131na sahiptirler.<\/p>\n","protected":false},"author":1,"featured_media":0,"parent":18,"menu_order":0,"comment_status":"open","ping_status":"closed","template":"","meta":{"footnotes":""},"class_list":["post-55","page","type-page","status-publish","hentry"],"yoast_head":"<!-- This site is optimized with the Yoast SEO plugin v26.8 - https:\/\/yoast.com\/product\/yoast-seo-wordpress\/ -->\n<title>Avustralya T\u00fcrkiye\u2019de Oturum ve \u00c7al\u0131\u015fma \u0130zni - MyVize<\/title>\n<meta name=\"description\" content=\"Avustralya T\u00fcrkiye\u2019de Oturum ve \u00c7al\u0131\u015fma \u0130zni Ba\u015fvurusu i\u00e7in gerekli evraklar listesi 2022 hemen t\u0131kla! Bilgi Almak \u0130\u00e7in Ara: 0850 346 84 93\" \/>\n<meta name=\"robots\" content=\"index, follow, max-snippet:-1, max-image-preview:large, max-video-preview:-1\" \/>\n<link rel=\"canonical\" href=\"https:\/\/www.myvize.com.tr\/avustralya\/vize-islemleri\/turkiyede-oturum-ve-calisma-izni\/\" \/>\n<meta property=\"og:locale\" content=\"tr_TR\" \/>\n<meta property=\"og:type\" content=\"article\" \/>\n<meta property=\"og:title\" content=\"Avustralya T\u00fcrkiye\u2019de Oturum ve \u00c7al\u0131\u015fma \u0130zni - MyVize\" \/>\n<meta property=\"og:description\" content=\"Avustralya T\u00fcrkiye\u2019de Oturum ve \u00c7al\u0131\u015fma \u0130zni Ba\u015fvurusu i\u00e7in gerekli evraklar listesi 2022 hemen t\u0131kla! Bilgi Almak \u0130\u00e7in Ara: 0850 346 84 93\" \/>\n<meta property=\"og:url\" content=\"https:\/\/www.myvize.com.tr\/avustralya\/vize-islemleri\/turkiyede-oturum-ve-calisma-izni\/\" \/>\n<meta property=\"og:site_name\" content=\"Avustralya Vizesi\" \/>\n<meta property=\"article:modified_time\" content=\"2022-05-28T19:47:25+00:00\" \/>\n<meta property=\"og:image\" content=\"https:\/\/www.myvize.com.tr\/avustralya\/wp-content\/uploads\/2021\/09\/16.jpg\" \/>\n<meta name=\"twitter:card\" content=\"summary_large_image\" \/>\n<meta name=\"twitter:label1\" content=\"Tahmini okuma s\u00fcresi\" \/>\n\t<meta name=\"twitter:data1\" content=\"4 dakika\" \/>\n<script type=\"application\/ld+json\" class=\"yoast-schema-graph\">{\"@context\":\"https:\/\/schema.org\",\"@graph\":[{\"@type\":\"WebPage\",\"@id\":\"https:\/\/www.myvize.com.tr\/avustralya\/vize-islemleri\/turkiyede-oturum-ve-calisma-izni\/\",\"url\":\"https:\/\/www.myvize.com.tr\/avustralya\/vize-islemleri\/turkiyede-oturum-ve-calisma-izni\/\",\"name\":\"Avustralya T\u00fcrkiye\u2019de Oturum ve \u00c7al\u0131\u015fma \u0130zni - MyVize\",\"isPartOf\":{\"@id\":\"https:\/\/www.myvize.com.tr\/avustralya\/#website\"},\"primaryImageOfPage\":{\"@id\":\"https:\/\/www.myvize.com.tr\/avustralya\/vize-islemleri\/turkiyede-oturum-ve-calisma-izni\/#primaryimage\"},\"image\":{\"@id\":\"https:\/\/www.myvize.com.tr\/avustralya\/vize-islemleri\/turkiyede-oturum-ve-calisma-izni\/#primaryimage\"},\"thumbnailUrl\":\"https:\/\/www.myvize.com.tr\/avustralya\/wp-content\/uploads\/2021\/09\/16.jpg\",\"datePublished\":\"2020-11-30T09:50:43+00:00\",\"dateModified\":\"2022-05-28T19:47:25+00:00\",\"description\":\"Avustralya T\u00fcrkiye\u2019de Oturum ve \u00c7al\u0131\u015fma \u0130zni Ba\u015fvurusu i\u00e7in gerekli evraklar listesi 2022 hemen t\u0131kla! Bilgi Almak \u0130\u00e7in Ara: 0850 346 84 93\",\"breadcrumb\":{\"@id\":\"https:\/\/www.myvize.com.tr\/avustralya\/vize-islemleri\/turkiyede-oturum-ve-calisma-izni\/#breadcrumb\"},\"inLanguage\":\"tr\",\"potentialAction\":[{\"@type\":\"ReadAction\",\"target\":[\"https:\/\/www.myvize.com.tr\/avustralya\/vize-islemleri\/turkiyede-oturum-ve-calisma-izni\/\"]}]},{\"@type\":\"ImageObject\",\"inLanguage\":\"tr\",\"@id\":\"https:\/\/www.myvize.com.tr\/avustralya\/vize-islemleri\/turkiyede-oturum-ve-calisma-izni\/#primaryimage\",\"url\":\"https:\/\/www.myvize.com.tr\/avustralya\/wp-content\/uploads\/2021\/09\/16.jpg\",\"contentUrl\":\"https:\/\/www.myvize.com.tr\/avustralya\/wp-content\/uploads\/2021\/09\/16.jpg\",\"width\":800,\"height\":500,\"caption\":\"Avustralya\"},{\"@type\":\"BreadcrumbList\",\"@id\":\"https:\/\/www.myvize.com.tr\/avustralya\/vize-islemleri\/turkiyede-oturum-ve-calisma-izni\/#breadcrumb\",\"itemListElement\":[{\"@type\":\"ListItem\",\"position\":1,\"name\":\"Anasayfa\",\"item\":\"https:\/\/www.myvize.com.tr\/avustralya\/\"},{\"@type\":\"ListItem\",\"position\":2,\"name\":\"AVUSTRALYA V\u0130ZE \u0130\u015eLEMLER\u0130\",\"item\":\"https:\/\/www.myvize.com.tr\/avustralya\/vize-islemleri\/\"},{\"@type\":\"ListItem\",\"position\":3,\"name\":\"T\u00fcrkiye&#8217;de Oturum ve \u00c7al\u0131\u015fma \u0130zni\"}]},{\"@type\":\"WebSite\",\"@id\":\"https:\/\/www.myvize.com.tr\/avustralya\/#website\",\"url\":\"https:\/\/www.myvize.com.tr\/avustralya\/\",\"name\":\"Avustralya Vizesi\",\"description\":\"\",\"potentialAction\":[{\"@type\":\"SearchAction\",\"target\":{\"@type\":\"EntryPoint\",\"urlTemplate\":\"https:\/\/www.myvize.com.tr\/avustralya\/?s={search_term_string}\"},\"query-input\":{\"@type\":\"PropertyValueSpecification\",\"valueRequired\":true,\"valueName\":\"search_term_string\"}}],\"inLanguage\":\"tr\"}]}<\/script>\n<!-- \/ Yoast SEO plugin. -->","yoast_head_json":{"title":"Avustralya T\u00fcrkiye\u2019de Oturum ve \u00c7al\u0131\u015fma \u0130zni - MyVize","description":"Avustralya T\u00fcrkiye\u2019de Oturum ve \u00c7al\u0131\u015fma \u0130zni Ba\u015fvurusu i\u00e7in gerekli evraklar listesi 2022 hemen t\u0131kla! Bilgi Almak \u0130\u00e7in Ara: 0850 346 84 93","robots":{"index":"index","follow":"follow","max-snippet":"max-snippet:-1","max-image-preview":"max-image-preview:large","max-video-preview":"max-video-preview:-1"},"canonical":"https:\/\/www.myvize.com.tr\/avustralya\/vize-islemleri\/turkiyede-oturum-ve-calisma-izni\/","og_locale":"tr_TR","og_type":"article","og_title":"Avustralya T\u00fcrkiye\u2019de Oturum ve \u00c7al\u0131\u015fma \u0130zni - MyVize","og_description":"Avustralya T\u00fcrkiye\u2019de Oturum ve \u00c7al\u0131\u015fma \u0130zni Ba\u015fvurusu i\u00e7in gerekli evraklar listesi 2022 hemen t\u0131kla! Bilgi Almak \u0130\u00e7in Ara: 0850 346 84 93","og_url":"https:\/\/www.myvize.com.tr\/avustralya\/vize-islemleri\/turkiyede-oturum-ve-calisma-izni\/","og_site_name":"Avustralya Vizesi","article_modified_time":"2022-05-28T19:47:25+00:00","og_image":[{"url":"https:\/\/www.myvize.com.tr\/avustralya\/wp-content\/uploads\/2021\/09\/16.jpg","type":"","width":"","height":""}],"twitter_card":"summary_large_image","twitter_misc":{"Tahmini okuma s\u00fcresi":"4 dakika"},"schema":{"@context":"https:\/\/schema.org","@graph":[{"@type":"WebPage","@id":"https:\/\/www.myvize.com.tr\/avustralya\/vize-islemleri\/turkiyede-oturum-ve-calisma-izni\/","url":"https:\/\/www.myvize.com.tr\/avustralya\/vize-islemleri\/turkiyede-oturum-ve-calisma-izni\/","name":"Avustralya T\u00fcrkiye\u2019de Oturum ve \u00c7al\u0131\u015fma \u0130zni - MyVize","isPartOf":{"@id":"https:\/\/www.myvize.com.tr\/avustralya\/#website"},"primaryImageOfPage":{"@id":"https:\/\/www.myvize.com.tr\/avustralya\/vize-islemleri\/turkiyede-oturum-ve-calisma-izni\/#primaryimage"},"image":{"@id":"https:\/\/www.myvize.com.tr\/avustralya\/vize-islemleri\/turkiyede-oturum-ve-calisma-izni\/#primaryimage"},"thumbnailUrl":"https:\/\/www.myvize.com.tr\/avustralya\/wp-content\/uploads\/2021\/09\/16.jpg","datePublished":"2020-11-30T09:50:43+00:00","dateModified":"2022-05-28T19:47:25+00:00","description":"Avustralya T\u00fcrkiye\u2019de Oturum ve \u00c7al\u0131\u015fma \u0130zni Ba\u015fvurusu i\u00e7in gerekli evraklar listesi 2022 hemen t\u0131kla! Bilgi Almak \u0130\u00e7in Ara: 0850 346 84 93","breadcrumb":{"@id":"https:\/\/www.myvize.com.tr\/avustralya\/vize-islemleri\/turkiyede-oturum-ve-calisma-izni\/#breadcrumb"},"inLanguage":"tr","potentialAction":[{"@type":"ReadAction","target":["https:\/\/www.myvize.com.tr\/avustralya\/vize-islemleri\/turkiyede-oturum-ve-calisma-izni\/"]}]},{"@type":"ImageObject","inLanguage":"tr","@id":"https:\/\/www.myvize.com.tr\/avustralya\/vize-islemleri\/turkiyede-oturum-ve-calisma-izni\/#primaryimage","url":"https:\/\/www.myvize.com.tr\/avustralya\/wp-content\/uploads\/2021\/09\/16.jpg","contentUrl":"https:\/\/www.myvize.com.tr\/avustralya\/wp-content\/uploads\/2021\/09\/16.jpg","width":800,"height":500,"caption":"Avustralya"},{"@type":"BreadcrumbList","@id":"https:\/\/www.myvize.com.tr\/avustralya\/vize-islemleri\/turkiyede-oturum-ve-calisma-izni\/#breadcrumb","itemListElement":[{"@type":"ListItem","position":1,"name":"Anasayfa","item":"https:\/\/www.myvize.com.tr\/avustralya\/"},{"@type":"ListItem","position":2,"name":"AVUSTRALYA V\u0130ZE \u0130\u015eLEMLER\u0130","item":"https:\/\/www.myvize.com.tr\/avustralya\/vize-islemleri\/"},{"@type":"ListItem","position":3,"name":"T\u00fcrkiye&#8217;de Oturum ve \u00c7al\u0131\u015fma \u0130zni"}]},{"@type":"WebSite","@id":"https:\/\/www.myvize.com.tr\/avustralya\/#website","url":"https:\/\/www.myvize.com.tr\/avustralya\/","name":"Avustralya Vizesi","description":"","potentialAction":[{"@type":"SearchAction","target":{"@type":"EntryPoint","urlTemplate":"https:\/\/www.myvize.com.tr\/avustralya\/?s={search_term_string}"},"query-input":{"@type":"PropertyValueSpecification","valueRequired":true,"valueName":"search_term_string"}}],"inLanguage":"tr"}]}},"_links":{"self":[{"href":"https:\/\/www.myvize.com.tr\/avustralya\/wp-json\/wp\/v2\/pages\/55","targetHints":{"allow":["GET"]}}],"collection":[{"href":"https:\/\/www.myvize.com.tr\/avustralya\/wp-json\/wp\/v2\/pages"}],"about":[{"href":"https:\/\/www.myvize.com.tr\/avustralya\/wp-json\/wp\/v2\/types\/page"}],"author":[{"embeddable":true,"href":"https:\/\/www.myvize.com.tr\/avustralya\/wp-json\/wp\/v2\/users\/1"}],"replies":[{"embeddable":true,"href":"https:\/\/www.myvize.com.tr\/avustralya\/wp-json\/wp\/v2\/comments?post=55"}],"version-history":[{"count":5,"href":"https:\/\/www.myvize.com.tr\/avustralya\/wp-json\/wp\/v2\/pages\/55\/revisions"}],"predecessor-version":[{"id":931,"href":"https:\/\/www.myvize.com.tr\/avustralya\/wp-json\/wp\/v2\/pages\/55\/revisions\/931"}],"up":[{"embeddable":true,"href":"https:\/\/www.myvize.com.tr\/avustralya\/wp-json\/wp\/v2\/pages\/18"}],"wp:attachment":[{"href":"https:\/\/www.myvize.com.tr\/avustralya\/wp-json\/wp\/v2\/media?parent=55"}],"curies":[{"name":"wp","href":"https:\/\/api.w.org\/{rel}","templated":true}]}}