{"id":78,"date":"2020-11-30T13:03:47","date_gmt":"2020-11-30T10:03:47","guid":{"rendered":"https:\/\/www.myvize.com.tr\/avustralya\/?page_id=78"},"modified":"2022-08-25T16:42:12","modified_gmt":"2022-08-25T13:42:12","slug":"izmir-baskonsoloslugu","status":"publish","type":"page","link":"https:\/\/www.myvize.com.tr\/avustralya\/konsolosluklar\/izmir-baskonsoloslugu\/","title":{"rendered":"Avustralya \u0130zmir Ba\u015fkonsoloslu\u011fu"},"content":{"rendered":"\r\n<p><span style=\"font-family: Roboto; font-size: 14px;\"><strong>Avustralya \u0130zmir konsoloslu\u011fu<\/strong>\u00a0vize i\u015flemleri s\u0131ras\u0131nda \u00fcyelerinden bir\u00e7ok belge istemektedir. Bu belgeler i\u00e7erisinde ba\u015fvuru formu, kimlik fotokopisi ve dilek\u00e7e gibi \u00e7ok \u00f6nemli evraklar bulunuyor.<\/span><\/p>\r\n<p><span style=\"font-family: Roboto; font-size: 14px;\">\r\n\r\n<\/span><\/p>\r\n<p><span style=\"font-family: Roboto; font-size: 14px;\">Ayn\u0131 zamanda ki\u015filer u\u00e7ak ve otel rezervasyonlar\u0131n\u0131 yapt\u0131rmadan yurt d\u0131\u015f\u0131nda herhangi bir \u00fclkeye vize alamama durumu ile kar\u015f\u0131 kar\u015f\u0131ya kalabilirler. <strong>Avustralya<\/strong> vize i\u015flemlerinin eksiksiz bir \u015fekilde yap\u0131labilmesi i\u00e7in bu rezervasyonlar\u0131n yap\u0131lm\u0131\u015f olmas\u0131 son derece \u00f6nemlidir. Rezervasyonlar\u0131 yapt\u0131rm\u0131\u015f olman\u0131n yan\u0131nda ayn\u0131 zamanda ki\u015filerin bu rezervasyonlar\u0131 belge ile kan\u0131tlayabilmeleri de b\u00fcy\u00fck bir \u00f6nem ta\u015f\u0131maktad\u0131r. Vizenizi al\u0131rken belgeleriniz ile seyahatinizin her detay\u0131 hakk\u0131nda yetkililere bilgi vermeniz gerekiyor.\u00a0<strong>Avustralya \u0130zmir konsoloslu\u011fu<\/strong>\u00a0bu s\u00fcre\u00e7te vizenizi alabilmek i\u00e7in har\u00e7 \u00f6demelerinin de yap\u0131lmas\u0131n\u0131 talep etmektedir.<\/span><\/p>\r\n<p><span style=\"font-family: Roboto; font-size: 14px;\">\r\n\r\n<\/span><\/p>\r\n<h2><span style=\"font-family: Roboto; font-size: 27px;\"><strong>Avustralya Vizesi Nas\u0131l Al\u0131n\u0131r?<\/strong><\/span><\/h2>\r\n<p><span style=\"font-family: Roboto; font-size: 14px;\">\r\n\r\n<\/span><\/p>\r\n<p><span style=\"font-family: Roboto; font-size: 14px;\"><strong>Avustralya \u0130zmir konsoloslu\u011fu<\/strong>\u00a0yaln\u0131zca kendi g\u00f6rev alan\u0131 i\u00e7erisine giren \u015fehirlerde ya\u015fayan ki\u015filere hizmet vermektedir. \u0130zmir ve \u00e7evresinde ya\u015fayan ki\u015filer gerekli belgeleri haz\u0131rlayarak randevu g\u00fcn\u00fcnde konsoloslu\u011fa gitmelidir. Vize i\u015flemleri s\u0131ras\u0131nda bir sorun olmamas\u0131 i\u00e7in 0850 346 68 74 nolu hatt\u0131 arayarak profesyonellerden vize i\u015flemleri konusunda hizmet alabilirsiniz.<\/span><\/p>\r\n\r\n<p><img decoding=\"async\" src=\"https:\/\/www.myvize.com.tr\/avustralya\/wp-content\/uploads\/2021\/09\/20.jpg\" \/><\/p>\r\n<h2><span style=\"font-family: Roboto; font-size: 27px;\"><strong>\u0130zmir Ba\u015fkonsoloslu\u011fu Ula\u015f\u0131m<\/strong><\/span><\/h2>\r\n<p><span style=\"font-family: Roboto; font-size: 14px;\"><span style=\"color: #2acec2;\"><strong><a style=\"color: #2acec2;\" href=\"https:\/\/www.myvize.com.tr\/avustralya\/subelerimiz\/izmir\/\" target=\"_blank\" rel=\"noopener\">\u0130zmir<\/a><\/strong><\/span> ve \u00e7evresinde bulunan T\u00fcrk vatanda\u015flar\u0131; <strong>Avustralya Ba\u015fkonsoloslu\u011fu<\/strong> i\u015flemlerini <strong>Avustralya \u0130zmir Ba\u015fkonsoloslu\u011fu<\/strong>\u2019na yapmal\u0131d\u0131r. Avustralya Ba\u015fkonsoloslu\u011fu\u2019nun g\u00f6rev b\u00f6lgesi i\u00e7erisinde; \u0130zmir ba\u015fta olmak \u00fczere<span style=\"color: #000000;\"> \u0130zmir,<\/span> Manisa, Ayd\u0131n, Bal\u0131kesir, K\u00fctahya, Denizli ve Mu\u011fla illeri bulunmaktad\u0131r.<\/span><\/p>\r\n<p><span style=\"font-family: Roboto; font-size: 14px;\">Adres:<strong>\u00a0<\/strong>\u00a0Alsancak Mahallesi, 1464. Sokak, NO: 8, Daire: 3, PK: 35220 Konak\/\u0130zmir<\/span><\/p>\r\n<p><span style=\"font-family: Roboto; font-size: 14px;\"><span style=\"color: #000000;\">\u0130zmir<\/span> B\u00fcy\u00fck\u015fehir Belediyesi\u2019nin toplu ta\u015f\u0131ma ula\u015f\u0131m\u0131 hatlar\u0131 Alsancak Mahallesi ve 1464. Sokak yak\u0131nlar\u0131ndan ge\u00e7mektedir.<\/span><\/p>\r\n<p><span style=\"font-family: Roboto; font-size: 14px;\">\u0130zmir\u2019de bulunan Avustralya Ba\u015fkonsoloslu\u011fu\u2019nun bulundu\u011fu Alsancak Mahallesi ve 1464. Sokak yak\u0131nlar\u0131ndan ge\u00e7en otob\u00fcs hatlar\u0131 \u015fu \u015fekildedir;<\/span><\/p>\r\n<table cellspacing=\"0\">\r\n<tbody>\r\n<tr>\r\n<td>\r\n<p><span style=\"font-family: Roboto; font-size: 14px;\"><strong>Hat Ad\u0131<\/strong><\/span><\/p>\r\n<\/td>\r\n<td>\r\n<p><span style=\"font-family: Roboto; font-size: 14px;\"><strong>Y\u00f6n<\/strong><\/span><\/p>\r\n<\/td>\r\n<\/tr>\r\n<tr>\r\n<td>\r\n<p><span style=\"font-family: Roboto; font-size: 14px;\">253<\/span><\/p>\r\n<\/td>\r\n<td>\r\n<p><span style=\"font-family: Roboto; font-size: 14px;\">Halkap\u0131nar Metro- Konak<\/span><\/p>\r\n<\/td>\r\n<\/tr>\r\n<tr>\r\n<td>\r\n<p><span style=\"font-family: Roboto; font-size: 14px;\">912<\/span><\/p>\r\n<\/td>\r\n<td>\r\n<p><span style=\"font-family: Roboto; font-size: 14px;\">Egeknet Aktarma- Alsancak Gar<\/span><\/p>\r\n<\/td>\r\n<\/tr>\r\n<tr>\r\n<td>\r\n<p><span style=\"font-family: Roboto; font-size: 14px;\">921<\/span><\/p>\r\n<\/td>\r\n<td>\r\n<p><span style=\"font-family: Roboto; font-size: 14px;\">Bostanl\u0131 \u0130skele- Alsancak Gar<\/span><\/p>\r\n<\/td>\r\n<\/tr>\r\n<tr>\r\n<td>\r\n<p><span style=\"font-family: Roboto; font-size: 14px;\">963<\/span><\/p>\r\n<\/td>\r\n<td>\r\n<p><span style=\"font-family: Roboto; font-size: 14px;\">Evka 3 Metro- Alsancak Gar<\/span><\/p>\r\n<\/td>\r\n<\/tr>\r\n<tr>\r\n<td>\r\n<p><span style=\"font-family: Roboto; font-size: 14px;\">920<\/span><\/p>\r\n<\/td>\r\n<td>\r\n<p><span style=\"font-family: Roboto; font-size: 14px;\">\u00c7i\u011fli Merkez<\/span><\/p>\r\n<\/td>\r\n<\/tr>\r\n<tr>\r\n<td>\r\n<p><span style=\"font-family: Roboto; font-size: 14px;\">930<\/span><\/p>\r\n<\/td>\r\n<td>\r\n<p><span style=\"font-family: Roboto; font-size: 14px;\">Konak<\/span><\/p>\r\n<\/td>\r\n<\/tr>\r\n<tr>\r\n<td>\r\n<p><span style=\"font-family: Roboto; font-size: 14px;\">951<\/span><\/p>\r\n<\/td>\r\n<td>\r\n<p><span style=\"font-family: Roboto; font-size: 14px;\">Konak<\/span><\/p>\r\n<\/td>\r\n<\/tr>\r\n<tr>\r\n<td>\r\n<p><span style=\"font-family: Roboto; font-size: 14px;\">811<\/span><\/p>\r\n<\/td>\r\n<td>\r\n<p><span style=\"font-family: Roboto; font-size: 14px;\">Engelliler Merkezi<\/span><\/p>\r\n<\/td>\r\n<\/tr>\r\n<\/tbody>\r\n<\/table>\r\n<p><span style=\"font-family: Roboto; font-size: 14px;\">Alsancak Mahallesi ve 1464. Soka\u011f\u0131na en yak\u0131n duraklar; Alcancak Gar, Alsancak ve Lozan duraklar\u0131d\u0131r.<\/span><\/p>\r\n<p><span style=\"font-family: Roboto; font-size: 14px;\">Alia\u011fa- Cumaovas\u0131 ve Tepek\u00f6y- Menemen tren hatlar\u0131 1464. Sokak yak\u0131nlar\u0131ndan ge\u00e7mektedir. Ayr\u0131ca Konak Tramvay\u0131\u2019da 1464. Sokak yak\u0131nlar\u0131ndan ge\u00e7mektedir. <strong>Avustralya \u0130zmir Ba\u015fkonsoloslu\u011fu<\/strong>\u2019na taksi ile de ula\u015f\u0131m sa\u011flanabilmektedir. <strong>Avustralya \u0130zmir Ba\u015fkonsoloslu\u011fu<\/strong> yak\u0131nlar\u0131ndan en \u00e7ok ge\u00e7en hatlardan 253 ve 921 nolu hatlard\u0131r.<\/span><\/p>\r\n<h2><span style=\"font-family: Roboto; font-size: 27px;\"><strong>Avusturya Fahri Konsoloslu\u011fu \u0130zmir<\/strong><\/span><\/h2>\r\n<p><span style=\"font-family: Roboto; font-size: 14px;\"><strong>Avusturya \u0130zmir Fahri Konsolosluk<\/strong> kendi faaliyet alan\u0131na ikamet eden ki\u015finin evlilik, bo\u015fanma, belge tasdik gibi Avusturya Konsolosluk i\u015flemleri konusunda yetkili. Avusturya&#8217;ya seyahat edilecek olan T\u00fcrkiye Cumhuriyeti vatanda\u015f\u0131 ile T\u00fcrkiye ikamet izni sahipleri \u00fc\u00e7\u00fcnc\u00fc \u00fclke vatanda\u015flar\u0131n\u0131n vize i\u015flemi konusunda karar yetkisi Avusturya \u0130stanbul Ba\u015fkonsoloslu\u011fu ve Avusturya Ankara B\u00fcy\u00fckel\u00e7ili\u011fe aittir. Bu nedenle vize ba\u015fvurusu kabul etmek yetkisi bulunmayan Avusturya \u0130zmir Fahri Konsolosluk kendi g\u00f6rev b\u00f6lgesindeki vize ba\u015fvurusunu <strong>Avusturya Ankara B\u00fcy\u00fckel\u00e7ili\u011fe<\/strong> y\u00f6nlendirmektedir.<\/span><br \/><span style=\"font-family: Roboto; font-size: 14px;\"><strong>Avusturya Fahri Konsoloslu\u011fu<\/strong> \u0130zmir Adres: Plevne Bulvar\u0131, No:1, Kat: 5, Daire: 9, Be\u015ferler Apartman\u0131, G\u00fcndo\u011fdu Meydan\u0131, Alsancak \/ \u0130ZM\u0130R<\/span><br \/><span style=\"font-family: Roboto; font-size: 14px;\"><strong>Avusturya Konsolosluk<\/strong> ve Avusturya B\u00fcy\u00fckel\u00e7ili\u011fi; Avusturya Cumhuriyeti seyahat etme isteyen T\u00fcrkiye Cumhuriyeti vatanda\u015f\u0131 ile T\u00fcrkiye ikamet izne sahip \u00fc\u00e7\u00fcnc\u00fc \u00fclke vatanda\u015f\u0131n\u0131n Avusturya vize i\u015flemi konusunda hizmet vermekte olan yetkili Avusturya Cumhuriyet temsilcili\u011fidir.<\/span><br \/><span style=\"font-family: Roboto; font-size: 14px;\">Avusturya Konsolosluk ve Avusturya B\u00fcy\u00fckel\u00e7iliki ayn\u0131 zamanda T\u00fcrkiye&#8217;de ikamet eden Avusturya vatanda\u015f\u0131n\u0131n konsolosluk i\u015flemi konusunda da \u00e7al\u0131\u015fma y\u00fcr\u00fctmektedir.<\/span><br \/><span style=\"font-family: Roboto; font-size: 14px;\">T\u00fcrkiye&#8217;de ikamet edilen Avusturya vatanda\u015f\u0131 apostil ( belge tasdikleri), evlilik, dirim belgesi, pasaporta ve vatanda\u015fl\u0131k belgeleri gibi i\u015flemini T\u00fcrkiye&#8217;de bulunan Avusturya Konsolosluk, Avusturya B\u00fcy\u00fckel\u00e7ili\u011fi ve <strong>Avusturya Fahri Konsoloslu\u011fu<\/strong> vas\u0131tas\u0131 ile yapabilmekte.<\/span><br \/><span style=\"font-family: Roboto; font-size: 14px;\"><strong>Avusturya Fahri Konsoloslu\u011fu \u0130zmir<\/strong> G\u00f6rev B\u00f6lgesi: \u0130zmir, Ayd\u0131n, Denizli, Mania, U\u015fak<\/span><br \/><span style=\"font-family: Roboto; font-size: 14px;\">Avusturya Konsoloslu\u011fu k\u0131sa s\u00fcre vize ba\u015fvurular\u0131n\u0131 Avusturya Konsoloslu ve<strong> Avusturya B\u00fcy\u00fckel\u00e7ili\u011fi<\/strong> taraf\u0131nda yetkilendirilen Vize Hizmet Merkezi arac\u0131l\u0131\u011f\u0131 ile kabul etmektedir.<\/span><br \/><span style=\"font-family: Roboto; font-size: 14px;\">Ancak uzun s\u00fcre <strong>Avusturya vizesi<\/strong> ba\u015fvurular\u0131 s\u00f6z konusu oldu\u011fa Avusturya Konsoloslu\u011fu veya Avusturya B\u00fcy\u00fckel\u00e7ili\u011fi \u015fahsen ba\u015fvuru yap\u0131lmal\u0131. Avusturya Konsoloslu\u011fu yetkilendirdi\u011fi firma arac\u0131l\u0131\u011f\u0131yla <span style=\"color: #2acec2;\"><strong><a style=\"color: #2acec2;\" href=\"https:\/\/www.myvize.com.tr\/avustralya\/vize-islemleri\/avustralya-turistik-vize\/\" target=\"_blank\" rel=\"noopener\">Avusturya Turistik vize<\/a><\/strong><\/span>, Avusturya Ticari vizesi, <span style=\"color: #2acec2;\"><strong><a style=\"color: #2acec2;\" href=\"https:\/\/www.myvize.com.tr\/avustralya\/vize-islemleri\/avustralya-aile-ziyareti-vizesi\/\" target=\"_blank\" rel=\"noopener\">Avusturya Aile Ziyareti vizesi <\/a><\/strong><\/span>ve Avusturya transit vize ba\u015fvurusu yap\u0131labilmektedir.<\/span><br \/><span style=\"font-family: Roboto; font-size: 14px;\">Avusturya vizesi ba\u015fvurusu, arac\u0131 kuruma yap\u0131lm\u0131\u015fsa dahi, ba\u015fvurunun de\u011ferlendirilme ve onaylanma yetkisi Avusturya Konsoloslu\u011fa aittir.<\/span><\/p>","protected":false},"excerpt":{"rendered":"<p>Avustralya \u0130zmir konsoloslu\u011fu\u00a0vize i\u015flemleri s\u0131ras\u0131nda \u00fcyelerinden bir\u00e7ok belge istemektedir. Bu belgeler i\u00e7erisinde ba\u015fvuru formu, kimlik fotokopisi ve dilek\u00e7e gibi \u00e7ok \u00f6nemli evraklar bulunuyor. Ayn\u0131 zamanda ki\u015filer u\u00e7ak ve otel rezervasyonlar\u0131n\u0131 yapt\u0131rmadan yurt d\u0131\u015f\u0131nda herhangi bir \u00fclkeye vize alamama durumu ile kar\u015f\u0131 kar\u015f\u0131ya kalabilirler. Avustralya vize i\u015flemlerinin eksiksiz bir \u015fekilde yap\u0131labilmesi i\u00e7in bu rezervasyonlar\u0131n yap\u0131lm\u0131\u015f olmas\u0131<\/p>\n","protected":false},"author":1,"featured_media":0,"parent":69,"menu_order":0,"comment_status":"open","ping_status":"closed","template":"","meta":{"footnotes":""},"class_list":["post-78","page","type-page","status-publish","hentry"],"yoast_head":"<!-- This site is optimized with the Yoast SEO plugin v26.8 - https:\/\/yoast.com\/product\/yoast-seo-wordpress\/ -->\n<title>Avustralya \u0130zmir Ba\u015fkonsoloslu\u011fu - MyVize<\/title>\n<meta name=\"description\" content=\"Avustralya \u0130zmir Ba\u015fkonsoloslu\u011fu \u0130leti\u015fim Bilgileri Telefon Numaras\u0131 Mail Adresi Bilgileri \u0130\u00e7erir. Avustralya Vize Dan\u0131\u015fman\u0131 \u0130\u00e7in Hemen Ara.\" \/>\n<meta name=\"robots\" content=\"index, follow, max-snippet:-1, max-image-preview:large, max-video-preview:-1\" \/>\n<link rel=\"canonical\" href=\"https:\/\/www.myvize.com.tr\/avustralya\/konsolosluklar\/izmir-baskonsoloslugu\/\" \/>\n<meta property=\"og:locale\" content=\"tr_TR\" \/>\n<meta property=\"og:type\" content=\"article\" \/>\n<meta property=\"og:title\" content=\"Avustralya \u0130zmir Ba\u015fkonsoloslu\u011fu - MyVize\" \/>\n<meta property=\"og:description\" content=\"Avustralya \u0130zmir Ba\u015fkonsoloslu\u011fu \u0130leti\u015fim Bilgileri Telefon Numaras\u0131 Mail Adresi Bilgileri \u0130\u00e7erir. Avustralya Vize Dan\u0131\u015fman\u0131 \u0130\u00e7in Hemen Ara.\" \/>\n<meta property=\"og:url\" content=\"https:\/\/www.myvize.com.tr\/avustralya\/konsolosluklar\/izmir-baskonsoloslugu\/\" \/>\n<meta property=\"og:site_name\" content=\"Avustralya Vizesi\" \/>\n<meta property=\"article:modified_time\" content=\"2022-08-25T13:42:12+00:00\" \/>\n<meta property=\"og:image\" content=\"https:\/\/www.myvize.com.tr\/avustralya\/wp-content\/uploads\/2021\/09\/20.jpg\" \/>\n<meta name=\"twitter:card\" content=\"summary_large_image\" \/>\n<meta name=\"twitter:label1\" content=\"Tahmini okuma s\u00fcresi\" \/>\n\t<meta name=\"twitter:data1\" content=\"3 dakika\" \/>\n<script type=\"application\/ld+json\" class=\"yoast-schema-graph\">{\"@context\":\"https:\/\/schema.org\",\"@graph\":[{\"@type\":\"WebPage\",\"@id\":\"https:\/\/www.myvize.com.tr\/avustralya\/konsolosluklar\/izmir-baskonsoloslugu\/\",\"url\":\"https:\/\/www.myvize.com.tr\/avustralya\/konsolosluklar\/izmir-baskonsoloslugu\/\",\"name\":\"Avustralya \u0130zmir Ba\u015fkonsoloslu\u011fu - MyVize\",\"isPartOf\":{\"@id\":\"https:\/\/www.myvize.com.tr\/avustralya\/#website\"},\"primaryImageOfPage\":{\"@id\":\"https:\/\/www.myvize.com.tr\/avustralya\/konsolosluklar\/izmir-baskonsoloslugu\/#primaryimage\"},\"image\":{\"@id\":\"https:\/\/www.myvize.com.tr\/avustralya\/konsolosluklar\/izmir-baskonsoloslugu\/#primaryimage\"},\"thumbnailUrl\":\"https:\/\/www.myvize.com.tr\/avustralya\/wp-content\/uploads\/2021\/09\/20.jpg\",\"datePublished\":\"2020-11-30T10:03:47+00:00\",\"dateModified\":\"2022-08-25T13:42:12+00:00\",\"description\":\"Avustralya \u0130zmir Ba\u015fkonsoloslu\u011fu \u0130leti\u015fim Bilgileri Telefon Numaras\u0131 Mail Adresi Bilgileri \u0130\u00e7erir. Avustralya Vize Dan\u0131\u015fman\u0131 \u0130\u00e7in Hemen Ara.\",\"breadcrumb\":{\"@id\":\"https:\/\/www.myvize.com.tr\/avustralya\/konsolosluklar\/izmir-baskonsoloslugu\/#breadcrumb\"},\"inLanguage\":\"tr\",\"potentialAction\":[{\"@type\":\"ReadAction\",\"target\":[\"https:\/\/www.myvize.com.tr\/avustralya\/konsolosluklar\/izmir-baskonsoloslugu\/\"]}]},{\"@type\":\"ImageObject\",\"inLanguage\":\"tr\",\"@id\":\"https:\/\/www.myvize.com.tr\/avustralya\/konsolosluklar\/izmir-baskonsoloslugu\/#primaryimage\",\"url\":\"https:\/\/www.myvize.com.tr\/avustralya\/wp-content\/uploads\/2021\/09\/20.jpg\",\"contentUrl\":\"https:\/\/www.myvize.com.tr\/avustralya\/wp-content\/uploads\/2021\/09\/20.jpg\",\"width\":800,\"height\":500,\"caption\":\"Avustralya\"},{\"@type\":\"BreadcrumbList\",\"@id\":\"https:\/\/www.myvize.com.tr\/avustralya\/konsolosluklar\/izmir-baskonsoloslugu\/#breadcrumb\",\"itemListElement\":[{\"@type\":\"ListItem\",\"position\":1,\"name\":\"Anasayfa\",\"item\":\"https:\/\/www.myvize.com.tr\/avustralya\/\"},{\"@type\":\"ListItem\",\"position\":2,\"name\":\"KONSOLOSLUKLAR\",\"item\":\"https:\/\/www.myvize.com.tr\/avustralya\/konsolosluklar\/\"},{\"@type\":\"ListItem\",\"position\":3,\"name\":\"Avustralya \u0130zmir Ba\u015fkonsoloslu\u011fu\"}]},{\"@type\":\"WebSite\",\"@id\":\"https:\/\/www.myvize.com.tr\/avustralya\/#website\",\"url\":\"https:\/\/www.myvize.com.tr\/avustralya\/\",\"name\":\"Avustralya Vizesi\",\"description\":\"\",\"potentialAction\":[{\"@type\":\"SearchAction\",\"target\":{\"@type\":\"EntryPoint\",\"urlTemplate\":\"https:\/\/www.myvize.com.tr\/avustralya\/?s={search_term_string}\"},\"query-input\":{\"@type\":\"PropertyValueSpecification\",\"valueRequired\":true,\"valueName\":\"search_term_string\"}}],\"inLanguage\":\"tr\"}]}<\/script>\n<!-- \/ Yoast SEO plugin. -->","yoast_head_json":{"title":"Avustralya \u0130zmir Ba\u015fkonsoloslu\u011fu - MyVize","description":"Avustralya \u0130zmir Ba\u015fkonsoloslu\u011fu \u0130leti\u015fim Bilgileri Telefon Numaras\u0131 Mail Adresi Bilgileri \u0130\u00e7erir. Avustralya Vize Dan\u0131\u015fman\u0131 \u0130\u00e7in Hemen Ara.","robots":{"index":"index","follow":"follow","max-snippet":"max-snippet:-1","max-image-preview":"max-image-preview:large","max-video-preview":"max-video-preview:-1"},"canonical":"https:\/\/www.myvize.com.tr\/avustralya\/konsolosluklar\/izmir-baskonsoloslugu\/","og_locale":"tr_TR","og_type":"article","og_title":"Avustralya \u0130zmir Ba\u015fkonsoloslu\u011fu - MyVize","og_description":"Avustralya \u0130zmir Ba\u015fkonsoloslu\u011fu \u0130leti\u015fim Bilgileri Telefon Numaras\u0131 Mail Adresi Bilgileri \u0130\u00e7erir. Avustralya Vize Dan\u0131\u015fman\u0131 \u0130\u00e7in Hemen Ara.","og_url":"https:\/\/www.myvize.com.tr\/avustralya\/konsolosluklar\/izmir-baskonsoloslugu\/","og_site_name":"Avustralya Vizesi","article_modified_time":"2022-08-25T13:42:12+00:00","og_image":[{"url":"https:\/\/www.myvize.com.tr\/avustralya\/wp-content\/uploads\/2021\/09\/20.jpg","type":"","width":"","height":""}],"twitter_card":"summary_large_image","twitter_misc":{"Tahmini okuma s\u00fcresi":"3 dakika"},"schema":{"@context":"https:\/\/schema.org","@graph":[{"@type":"WebPage","@id":"https:\/\/www.myvize.com.tr\/avustralya\/konsolosluklar\/izmir-baskonsoloslugu\/","url":"https:\/\/www.myvize.com.tr\/avustralya\/konsolosluklar\/izmir-baskonsoloslugu\/","name":"Avustralya \u0130zmir Ba\u015fkonsoloslu\u011fu - MyVize","isPartOf":{"@id":"https:\/\/www.myvize.com.tr\/avustralya\/#website"},"primaryImageOfPage":{"@id":"https:\/\/www.myvize.com.tr\/avustralya\/konsolosluklar\/izmir-baskonsoloslugu\/#primaryimage"},"image":{"@id":"https:\/\/www.myvize.com.tr\/avustralya\/konsolosluklar\/izmir-baskonsoloslugu\/#primaryimage"},"thumbnailUrl":"https:\/\/www.myvize.com.tr\/avustralya\/wp-content\/uploads\/2021\/09\/20.jpg","datePublished":"2020-11-30T10:03:47+00:00","dateModified":"2022-08-25T13:42:12+00:00","description":"Avustralya \u0130zmir Ba\u015fkonsoloslu\u011fu \u0130leti\u015fim Bilgileri Telefon Numaras\u0131 Mail Adresi Bilgileri \u0130\u00e7erir. Avustralya Vize Dan\u0131\u015fman\u0131 \u0130\u00e7in Hemen Ara.","breadcrumb":{"@id":"https:\/\/www.myvize.com.tr\/avustralya\/konsolosluklar\/izmir-baskonsoloslugu\/#breadcrumb"},"inLanguage":"tr","potentialAction":[{"@type":"ReadAction","target":["https:\/\/www.myvize.com.tr\/avustralya\/konsolosluklar\/izmir-baskonsoloslugu\/"]}]},{"@type":"ImageObject","inLanguage":"tr","@id":"https:\/\/www.myvize.com.tr\/avustralya\/konsolosluklar\/izmir-baskonsoloslugu\/#primaryimage","url":"https:\/\/www.myvize.com.tr\/avustralya\/wp-content\/uploads\/2021\/09\/20.jpg","contentUrl":"https:\/\/www.myvize.com.tr\/avustralya\/wp-content\/uploads\/2021\/09\/20.jpg","width":800,"height":500,"caption":"Avustralya"},{"@type":"BreadcrumbList","@id":"https:\/\/www.myvize.com.tr\/avustralya\/konsolosluklar\/izmir-baskonsoloslugu\/#breadcrumb","itemListElement":[{"@type":"ListItem","position":1,"name":"Anasayfa","item":"https:\/\/www.myvize.com.tr\/avustralya\/"},{"@type":"ListItem","position":2,"name":"KONSOLOSLUKLAR","item":"https:\/\/www.myvize.com.tr\/avustralya\/konsolosluklar\/"},{"@type":"ListItem","position":3,"name":"Avustralya \u0130zmir Ba\u015fkonsoloslu\u011fu"}]},{"@type":"WebSite","@id":"https:\/\/www.myvize.com.tr\/avustralya\/#website","url":"https:\/\/www.myvize.com.tr\/avustralya\/","name":"Avustralya Vizesi","description":"","potentialAction":[{"@type":"SearchAction","target":{"@type":"EntryPoint","urlTemplate":"https:\/\/www.myvize.com.tr\/avustralya\/?s={search_term_string}"},"query-input":{"@type":"PropertyValueSpecification","valueRequired":true,"valueName":"search_term_string"}}],"inLanguage":"tr"}]}},"_links":{"self":[{"href":"https:\/\/www.myvize.com.tr\/avustralya\/wp-json\/wp\/v2\/pages\/78","targetHints":{"allow":["GET"]}}],"collection":[{"href":"https:\/\/www.myvize.com.tr\/avustralya\/wp-json\/wp\/v2\/pages"}],"about":[{"href":"https:\/\/www.myvize.com.tr\/avustralya\/wp-json\/wp\/v2\/types\/page"}],"author":[{"embeddable":true,"href":"https:\/\/www.myvize.com.tr\/avustralya\/wp-json\/wp\/v2\/users\/1"}],"replies":[{"embeddable":true,"href":"https:\/\/www.myvize.com.tr\/avustralya\/wp-json\/wp\/v2\/comments?post=78"}],"version-history":[{"count":6,"href":"https:\/\/www.myvize.com.tr\/avustralya\/wp-json\/wp\/v2\/pages\/78\/revisions"}],"predecessor-version":[{"id":957,"href":"https:\/\/www.myvize.com.tr\/avustralya\/wp-json\/wp\/v2\/pages\/78\/revisions\/957"}],"up":[{"embeddable":true,"href":"https:\/\/www.myvize.com.tr\/avustralya\/wp-json\/wp\/v2\/pages\/69"}],"wp:attachment":[{"href":"https:\/\/www.myvize.com.tr\/avustralya\/wp-json\/wp\/v2\/media?parent=78"}],"curies":[{"name":"wp","href":"https:\/\/api.w.org\/{rel}","templated":true}]}}