{"id":290,"date":"2021-02-01T15:15:01","date_gmt":"2021-02-01T12:15:01","guid":{"rendered":"https:\/\/www.myvize.com.tr\/belcika\/?page_id=290"},"modified":"2021-12-23T12:34:19","modified_gmt":"2021-12-23T09:34:19","slug":"vize-icin-gerekli-evraklar","status":"publish","type":"page","link":"https:\/\/www.myvize.com.tr\/belcika\/vize-islemleri\/vize-icin-gerekli-evraklar\/","title":{"rendered":"Bel\u00e7ika Vize \u0130\u00e7in Gerekli Evraklar"},"content":{"rendered":"<h2><span style=\"font-family: Roboto; font-size: 27px;\"><strong>Bel\u00e7ika Vizesi \u0130\u015flemleri \u0130\u00e7in Gerekli Evraklar<\/strong><\/span><\/h2>\n<ul>\n<li><span style=\"font-family: Roboto; font-size: 14px;\">Pasaport<\/span><\/li>\n<li><span style=\"font-family: Roboto; font-size: 14px;\">Pasaportunuzun Fotokopisi ile Eski Vizelerinizin Fotokopisi<\/span><\/li>\n<li><span style=\"font-family: Roboto; font-size: 14px;\"><span style=\"color: #2acec2;\"><strong><a style=\"color: #2acec2;\" href=\"https:\/\/www.myvize.com.tr\/belcika\/form-ve-dilekce\/vize-basvuru-formu\/\" target=\"_blank\" rel=\"noopener\">Vize Ba\u015fvuru Formu<\/a><\/strong><\/span> ile Taahh\u00fctname<\/span><\/li>\n<li><span style=\"font-family: Roboto; font-size: 14px;\">Bel\u00e7ika Ba\u015fkonsoloslu\u011funa Yaz\u0131lm\u0131\u015f Seyahat Amac\u0131 A\u00e7\u0131klayan \u015eahsi Dilek\u00e7e<\/span><\/li>\n<li><span style=\"font-family: Roboto; font-size: 14px;\">Davetiye<\/span><\/li>\n<li><span style=\"font-family: Roboto; font-size: 14px;\">N\u00fcfus C\u00fczdan\u0131 fotokopisi<\/span><\/li>\n<li><span style=\"font-family: Roboto; font-size: 14px;\">2 Adet Vesikal\u0131k Foto\u011fraf<\/span><\/li>\n<li><span style=\"font-family: Roboto; font-size: 14px;\">Vukuatl\u0131 N\u00fcfus Kay\u0131t \u00d6rne\u011fi<\/span><\/li>\n<li><span style=\"font-family: Roboto; font-size: 14px;\">Gidi\u015f-D\u00f6n\u00fc\u015f U\u00e7ak Rezervasyonu ile Otel Rezervasyonu<\/span><\/li>\n<li><span style=\"font-family: Roboto; font-size: 14px;\">Seyahat Masraflar\u0131na Dair Belgeler<\/span><\/li>\n<li><span style=\"font-family: Roboto; font-size: 14px;\">Seyahat Sa\u011fl\u0131k Sigortas\u0131 Poli\u00e7esi<\/span><\/li>\n<li><span style=\"font-family: Roboto; font-size: 14px;\">Mesleki Belgeler<\/span><\/li>\n<li><span style=\"font-family: Roboto; font-size: 14px;\">Finansal Belgeler<\/span><\/li>\n<\/ul>\n<p><span style=\"font-family: Roboto; font-size: 14px;\">T\u00fcrkiye Cumhuriyeti resmi pasaport hamili, Bel\u00e7ika\u2019ya 6 ay i\u00e7inde 90 g\u00fcn ikameli seyahatinde <strong>Bel\u00e7ika vize<\/strong> i\u015fleminde bulunmadan ve seyahat belgesinin ge\u00e7erlilik s\u00fcresini kontrol ederek Bel\u00e7ika vize almadan giri\u015f yapabilir.<\/span><\/p>\n<p><span style=\"font-family: Roboto; font-size: 14px;\">Pasaport t\u00fcr\u00fc fark etmeksizin, Bel\u00e7ika seyahati vize alarak ya da vize muafiyeti anla\u015fmas\u0131ndan yararlanarak ger\u00e7ekle\u015ftirecek ki\u015finin pasaport ge\u00e7erlilik s\u00fcresini kontrol ederek \u00fclkeye giri\u015f yapmas\u0131 ve ilgili pasaportun Bel\u00e7ika s\u0131n\u0131r\u0131n\u0131n terk edilmesi ard\u0131ndan en az 90 g\u00fcn ge\u00e7erlilik s\u00fcresi olmas\u0131 \u00f6nemle tavsiye edilir.<\/span><br \/>\n<span style=\"font-family: Roboto; font-size: 14px;\">Son 10 y\u0131l i\u00e7inde al\u0131nm\u0131\u015f, kar\u015f\u0131l\u0131kl\u0131 en az 3 bo\u015f sayfas\u0131 bulunan ve Bel\u00e7ika seyahat sonras\u0131 en az 90 g\u00fcn ge\u00e7erlili\u011fi bulunan pasaport <strong>vize ba\u015fvuru i\u015flemi<\/strong> i\u00e7in ba\u015fvuru sahibi pasaportun sahip olmas\u0131 gereken \u015fartt\u0131r.<\/span><br \/>\n<span style=\"font-family: Roboto; font-size: 14px;\"><strong>Bel\u00e7ika vizesi<\/strong> i\u015flem ba\u015fvurusunu incelemek ve de\u011ferlendirmek ile yetkili olan Bel\u00e7ika Konsoloslu\u011fu ve <strong>Bel\u00e7ika B\u00fcy\u00fckel\u00e7ilikleri<\/strong> vize m\u00fcracaat\u0131n\u0131 do\u011frudan kabul etmemekte. K\u0131sa s\u00fcreli <span style=\"color: #2acec2;\"><strong><a style=\"color: #2acec2;\" href=\"https:\/\/www.myvize.com.tr\/belcika\/vize-islemleri\/belcika-schengen-vizesi\/\" target=\"_blank\" rel=\"noopener\">Bel\u00e7ika Schengen vizesi<\/a> <\/strong><\/span>ba\u015fvurusunun koordineli olarak \u00e7al\u0131\u015fmakta oldu\u011fu ve yetkilendirdi\u011fi vize ba\u015fvuru merkezlerine ya da akredite edilmi\u015f seyahat turizmi acentesi arac\u0131l\u0131\u011f\u0131yla iletilmesini zorunlu tutmakta.<\/span><\/p>\n<h2><span style=\"font-family: Roboto; font-size: 27px;\"><strong>Bel\u00e7ika Vizesi \u0130\u00e7in Gerekli Belgeler<\/strong><\/span><\/h2>\n<p><span style=\"font-family: Roboto; font-size: 14px;\"><strong>Bel\u00e7ika vize<\/strong>\u00a0i\u015flemleri s\u0131ras\u0131nda vize t\u00fcrlerine gereken \u00f6nemin verilmesi gerekiyor. T\u00fcm vize kategorilerinin birbirinden farkl\u0131 vize evraklar\u0131 bulunmaktad\u0131r. Standart belgeler yan\u0131nda ekstra ek belgeler de istenebilmektedir. Bu nedenle mutlaka <strong>Bel\u00e7ika vize<\/strong> i\u015flemleri yap\u0131l\u0131rken g\u00fcncel evrak listesinden yararlan\u0131lmal\u0131d\u0131r.<\/span><\/p>\n<p><span style=\"font-family: Roboto; font-size: 14px;\">Evraklar\u0131n eksiksiz bir \u015fekilde haz\u0131rlanmas\u0131 i\u00e7in bu alanda sizlere hizmet veren dan\u0131\u015fmanlardan da yard\u0131m alabilirsiniz. <strong>Bel\u00e7ika vize<\/strong> belgeleri hem g\u00fcncel olmal\u0131d\u0131r hem de ger\u00e7ekleri yans\u0131tmal\u0131d\u0131r. Aksi halde<strong> vize reddi<\/strong> alabilirsiniz. Vize reddi kar\u015f\u0131s\u0131nda ki\u015filer yat\u0131rm\u0131\u015f olduklar\u0131 \u00fccretleri geri alamazlar. B\u00f6yle durumlarda vize konusunda gereken titizli\u011fi g\u00f6stermelisiniz.<\/span><\/p>\n<h2><span style=\"font-family: Roboto; font-size: 27px;\"><strong>Bel\u00e7ika Vizesi \u0130\u00e7in Hangi Evraklar Gerekiyor?<\/strong><\/span><\/h2>\n<p><span style=\"font-family: Roboto; font-size: 14px;\"><strong>Bel\u00e7ika vizesi<\/strong>\u00a0i\u00e7in haz\u0131rlanacak olan evraklar\u0131n mutlaka g\u00fcncel olmas\u0131 gerekiyor. T\u00fcm vize t\u00fcrleri i\u00e7in standart olan vize evraklar\u0131 i\u00e7erisinde \u015funlar bulunmaktad\u0131r:<\/span><\/p>\n<ul>\n<li><span style=\"font-family: Roboto; font-size: 14px;\">\u0130\u00e7inde iki tane bo\u015f yaprak olan okunabilir durumda bir pasaport<\/span><\/li>\n<li><span style=\"font-family: Roboto; font-size: 14px;\">Varsa eski pasaportlar<\/span><\/li>\n<li><span style=\"font-family: Roboto; font-size: 14px;\">Kimlik belgenizin hem \u00f6n hem de arka b\u00f6l\u00fcm\u00fcn\u00fcn fotokopisi<\/span><\/li>\n<li><span style=\"font-family: Roboto; font-size: 14px;\">Tam vukuatl\u0131 n\u00fcfus kay\u0131t \u00f6rne\u011fi<\/span><\/li>\n<li><span style=\"font-family: Roboto; font-size: 14px;\">\u0130kametg\u00e2h belgesi ve biyometrik foto\u011fraf<\/span><\/li>\n<li><span style=\"font-family: Roboto; font-size: 14px;\">Ba\u015fvuru formu ve dilek\u00e7e<\/span><\/li>\n<li><span style=\"font-family: Roboto; font-size: 14px;\">Vize davetiyesi<\/span><\/li>\n<\/ul>\n<p><span style=\"font-family: Roboto; font-size: 14px;\">Bunlar\u0131n yan\u0131nda hem finansal hem de meslek durumunuzu g\u00f6steren belgelere yer verilmelidir. Emeklilik, medeni haliniz, \u00e7al\u0131\u015fan ya da i\u015fveren durumunuz, \u00f6\u011frencilik durumunuz bu s\u00fcre\u00e7te \u00e7e\u015fitli belgeleri haz\u0131rlaman\u0131z\u0131 gerektirmektedir.<\/span><\/p>\n<h2><span style=\"font-family: Roboto; font-size: 27px;\"><strong>Bel\u00e7ika Vizesi Evraklar\u0131 Nereye Teslim Edilir?<\/strong><\/span><\/h2>\n<p><span style=\"font-family: Roboto; font-size: 14px;\"><strong>Bel\u00e7ika\u2019ya vize almak<\/strong>\u00a0istiyorsan\u0131z t\u00fcm evraklar\u0131n\u0131z\u0131n eksiksiz oldu\u011fundan emin olman\u0131z gerekiyor. Bu s\u00fcre\u00e7te <strong>Bel\u00e7ika vize \u00fccreti<\/strong> de ilgili bankalara yat\u0131r\u0131larak dekont al\u0131nmal\u0131d\u0131r. Dekontun \u00fczerinde t\u00fcm bilgilerin eksiksiz olarak yer ald\u0131\u011f\u0131ndan emin olman\u0131z gerekiyor. Vize evraklar\u0131n\u0131z\u0131 tamamlad\u0131ktan sonra t\u00fcm belgelerin tek bir dosya i\u00e7erisinde randevu g\u00fcn\u00fcnde teslim edilmesi gereklidir. Vize evraklar\u0131n\u0131z\u0131 <span style=\"color: #2acec2;\"><strong><a style=\"color: #2acec2;\" href=\"https:\/\/www.myvize.com.tr\/belcika\/vize-islemleri\/belcika-vize-randevusu\/\" target=\"_blank\" rel=\"noopener\">Bel\u00e7ika vize randevusu<\/a><\/strong><\/span> g\u00fcn\u00fcne kadar haz\u0131rlaman\u0131z b\u00fcy\u00fck \u00f6nem ta\u015f\u0131yor. Sonras\u0131nda t\u00fcm belgeleri Bel\u00e7ika Konsolosluklar\u0131na ya da yetkilendirilmi\u015f olan vize merkezlerine teslim edebilirsiniz.<\/span><\/p>\n","protected":false},"excerpt":{"rendered":"<p>Bel\u00e7ika Vizesi \u0130\u015flemleri \u0130\u00e7in Gerekli Evraklar Pasaport Pasaportunuzun Fotokopisi ile Eski Vizelerinizin Fotokopisi Vize Ba\u015fvuru Formu ile Taahh\u00fctname Bel\u00e7ika Ba\u015fkonsoloslu\u011funa Yaz\u0131lm\u0131\u015f Seyahat Amac\u0131 A\u00e7\u0131klayan \u015eahsi Dilek\u00e7e Davetiye N\u00fcfus C\u00fczdan\u0131 fotokopisi 2 Adet Vesikal\u0131k Foto\u011fraf Vukuatl\u0131 N\u00fcfus Kay\u0131t \u00d6rne\u011fi Gidi\u015f-D\u00f6n\u00fc\u015f U\u00e7ak Rezervasyonu ile Otel Rezervasyonu Seyahat Masraflar\u0131na Dair Belgeler Seyahat Sa\u011fl\u0131k Sigortas\u0131 Poli\u00e7esi Mesleki Belgeler Finansal<\/p>\n","protected":false},"author":1,"featured_media":0,"parent":18,"menu_order":0,"comment_status":"open","ping_status":"closed","template":"","meta":[],"yoast_head":"<!-- This site is optimized with the Yoast SEO plugin v16.4 - https:\/\/yoast.com\/wordpress\/plugins\/seo\/ -->\n<title>Bel\u00e7ika Vize Ba\u015fvurusu - MyVize Vize Ba\u015fvuru Merkezi<\/title>\n<meta name=\"description\" content=\"Bel\u00e7ika Vize Ba\u015fvuru Formu Nas\u0131l Doldurulur? Bel\u00e7ika Vize Ba\u015fvurusu Nas\u0131l Yap\u0131l\u0131r? Bel\u00e7ika Vize Ba\u015fvuru \u0130\u015flemleri Nelerdir?\" \/>\n<meta name=\"robots\" content=\"index, follow, max-snippet:-1, max-image-preview:large, max-video-preview:-1\" \/>\n<link rel=\"canonical\" href=\"https:\/\/www.myvize.com.tr\/belcika\/vize-islemleri\/vize-icin-gerekli-evraklar\/\" \/>\n<meta property=\"og:locale\" content=\"tr_TR\" \/>\n<meta property=\"og:type\" content=\"article\" \/>\n<meta property=\"og:title\" content=\"Bel\u00e7ika Vize Ba\u015fvurusu - MyVize Vize Ba\u015fvuru Merkezi\" \/>\n<meta property=\"og:description\" content=\"Bel\u00e7ika Vize Ba\u015fvuru Formu Nas\u0131l Doldurulur? Bel\u00e7ika Vize Ba\u015fvurusu Nas\u0131l Yap\u0131l\u0131r? Bel\u00e7ika Vize Ba\u015fvuru \u0130\u015flemleri Nelerdir?\" \/>\n<meta property=\"og:url\" content=\"https:\/\/www.myvize.com.tr\/belcika\/vize-islemleri\/vize-icin-gerekli-evraklar\/\" \/>\n<meta property=\"og:site_name\" content=\"Bel\u00e7ika Vizesi\" \/>\n<meta property=\"article:modified_time\" content=\"2021-12-23T09:34:19+00:00\" \/>\n<meta name=\"twitter:card\" content=\"summary_large_image\" \/>\n<meta name=\"twitter:label1\" content=\"Tahmini okuma s\u00fcresi\" \/>\n\t<meta name=\"twitter:data1\" content=\"3 dakika\" \/>\n<script type=\"application\/ld+json\" class=\"yoast-schema-graph\">{\"@context\":\"https:\/\/schema.org\",\"@graph\":[{\"@type\":\"WebSite\",\"@id\":\"https:\/\/www.myvize.com.tr\/belcika\/#website\",\"url\":\"https:\/\/www.myvize.com.tr\/belcika\/\",\"name\":\"Bel\\u00e7ika Vizesi\",\"description\":\"\",\"potentialAction\":[{\"@type\":\"SearchAction\",\"target\":\"https:\/\/www.myvize.com.tr\/belcika\/?s={search_term_string}\",\"query-input\":\"required name=search_term_string\"}],\"inLanguage\":\"tr\"},{\"@type\":\"WebPage\",\"@id\":\"https:\/\/www.myvize.com.tr\/belcika\/vize-islemleri\/vize-icin-gerekli-evraklar\/#webpage\",\"url\":\"https:\/\/www.myvize.com.tr\/belcika\/vize-islemleri\/vize-icin-gerekli-evraklar\/\",\"name\":\"Bel\\u00e7ika Vize Ba\\u015fvurusu - MyVize Vize Ba\\u015fvuru Merkezi\",\"isPartOf\":{\"@id\":\"https:\/\/www.myvize.com.tr\/belcika\/#website\"},\"datePublished\":\"2021-02-01T12:15:01+00:00\",\"dateModified\":\"2021-12-23T09:34:19+00:00\",\"description\":\"Bel\\u00e7ika Vize Ba\\u015fvuru Formu Nas\\u0131l Doldurulur? Bel\\u00e7ika Vize Ba\\u015fvurusu Nas\\u0131l Yap\\u0131l\\u0131r? Bel\\u00e7ika Vize Ba\\u015fvuru \\u0130\\u015flemleri Nelerdir?\",\"breadcrumb\":{\"@id\":\"https:\/\/www.myvize.com.tr\/belcika\/vize-islemleri\/vize-icin-gerekli-evraklar\/#breadcrumb\"},\"inLanguage\":\"tr\",\"potentialAction\":[{\"@type\":\"ReadAction\",\"target\":[\"https:\/\/www.myvize.com.tr\/belcika\/vize-islemleri\/vize-icin-gerekli-evraklar\/\"]}]},{\"@type\":\"BreadcrumbList\",\"@id\":\"https:\/\/www.myvize.com.tr\/belcika\/vize-islemleri\/vize-icin-gerekli-evraklar\/#breadcrumb\",\"itemListElement\":[{\"@type\":\"ListItem\",\"position\":1,\"item\":{\"@type\":\"WebPage\",\"@id\":\"https:\/\/www.myvize.com.tr\/belcika\/\",\"url\":\"https:\/\/www.myvize.com.tr\/belcika\/\",\"name\":\"Home\"}},{\"@type\":\"ListItem\",\"position\":2,\"item\":{\"@type\":\"WebPage\",\"@id\":\"https:\/\/www.myvize.com.tr\/belcika\/vize-islemleri\/\",\"url\":\"https:\/\/www.myvize.com.tr\/belcika\/vize-islemleri\/\",\"name\":\"V\\u0130ZE \\u0130\\u015eLEMLER\\u0130\"}},{\"@type\":\"ListItem\",\"position\":3,\"item\":{\"@id\":\"https:\/\/www.myvize.com.tr\/belcika\/vize-islemleri\/vize-icin-gerekli-evraklar\/#webpage\"}}]}]}<\/script>\n<!-- \/ Yoast SEO plugin. -->","_links":{"self":[{"href":"https:\/\/www.myvize.com.tr\/belcika\/wp-json\/wp\/v2\/pages\/290"}],"collection":[{"href":"https:\/\/www.myvize.com.tr\/belcika\/wp-json\/wp\/v2\/pages"}],"about":[{"href":"https:\/\/www.myvize.com.tr\/belcika\/wp-json\/wp\/v2\/types\/page"}],"author":[{"embeddable":true,"href":"https:\/\/www.myvize.com.tr\/belcika\/wp-json\/wp\/v2\/users\/1"}],"replies":[{"embeddable":true,"href":"https:\/\/www.myvize.com.tr\/belcika\/wp-json\/wp\/v2\/comments?post=290"}],"version-history":[{"count":5,"href":"https:\/\/www.myvize.com.tr\/belcika\/wp-json\/wp\/v2\/pages\/290\/revisions"}],"predecessor-version":[{"id":941,"href":"https:\/\/www.myvize.com.tr\/belcika\/wp-json\/wp\/v2\/pages\/290\/revisions\/941"}],"up":[{"embeddable":true,"href":"https:\/\/www.myvize.com.tr\/belcika\/wp-json\/wp\/v2\/pages\/18"}],"wp:attachment":[{"href":"https:\/\/www.myvize.com.tr\/belcika\/wp-json\/wp\/v2\/media?parent=290"}],"curies":[{"name":"wp","href":"https:\/\/api.w.org\/{rel}","templated":true}]}}