{"id":336,"date":"2021-02-01T15:22:57","date_gmt":"2021-02-01T12:22:57","guid":{"rendered":"https:\/\/www.myvize.com.tr\/belcika\/?page_id=336"},"modified":"2023-01-22T18:56:30","modified_gmt":"2023-01-22T15:56:30","slug":"bruksel-buyukelciligi","status":"publish","type":"page","link":"https:\/\/www.myvize.com.tr\/belcika\/konsolosluklar\/bruksel-buyukelciligi\/","title":{"rendered":"Bel\u00e7ika Br\u00fcksel B\u00fcy\u00fckel\u00e7ili\u011fi"},"content":{"rendered":"<h2><strong><span style=\"font-family: Roboto; font-size: 27px;\">Bel\u00e7ika Br\u00fcksel B\u00fcy\u00fckel\u00e7isi Kimdir?<\/span><\/strong><\/h2>\n<p><span style=\"font-family: Roboto; font-size: 14px;\">Bel\u00e7ika\u2019da ikamet eden ki\u015filer ve T\u00fcrk Konsoloslu\u011fu\u2019nda i\u015flem yapacak olan ki\u015filer, Bel\u00e7ika Br\u00fcksel B\u00fcy\u00fckel\u00e7isi kimdir? sorusunu ara\u015ft\u0131rmaktad\u0131r. A\u015fa\u011f\u0131da bu sorunun cevab\u0131 verilmi\u015ftir.<\/span><\/p>\n<p><span style=\"font-family: Roboto; font-size: 14px;\"><strong>Bel\u00e7ika Br\u00fcksel B\u00fcy\u00fckel\u00e7isi<\/strong>, Hasan Ulusoy\u2019dur. Ulusoy, Fenerbah\u00e7e Lisesi\u2019nden mezun olduktan sonra, \u0130stanbul \u00dcniversitesi\u2019nde Siyasal Bilgiler Fak\u00fcltesi\u2019nden mezun olmu\u015ftur. Daha sonra London School of Economics &amp; Political Science\u2019de y\u00fcksek lisans yapm\u0131\u015ft\u0131r. ODT\u00dc\u2019de doktora yapm\u0131\u015ft\u0131r.<\/span><\/p>\n<p><span style=\"font-family: Roboto; font-size: 14px;\">Bel\u00e7ika Br\u00fcksel B\u00fcy\u00fckel\u00e7isi olan Hasan Ulusoy, bir\u00e7ok uluslararas\u0131 g\u00f6revde bulunmu\u015ftur. Nijerya B\u00fcy\u00fckel\u00e7ili\u011fi\u2019nde, \u0130ran B\u00fcy\u00fckel\u00e7ili\u011fi\u2019nde, Uluslararas\u0131 G\u00fcvenlik Siyasi \u0130\u015feler Dairesi\u2019nde, \u0130svi\u00e7re B\u00fcy\u00fckel\u00e7ili\u011fi\u2019nde katiplik g\u00f6revlerinde bulunmu\u015ftur. 2006-2008 y\u0131llar\u0131 aras\u0131nda <strong>\u0130nsan Haklar\u0131 Dairesi Ba\u015fkanl\u0131\u011f\u0131<\/strong> yapm\u0131\u015ft\u0131. 2017-2019 y\u0131llar\u0131 aras\u0131nda T\u00fcrkiye\u2019nin Sofya B\u00fcy\u00fckel\u00e7ili\u011fi\u2019ni yapm\u0131\u015ft\u0131r. 08 Ocak 2020 y\u0131l\u0131ndan beri ise T\u00fcrkiye\u2019nin Br\u00fcksel B\u00fcy\u00fckel\u00e7isi olarak g\u00f6rev yapmaktad\u0131r.<\/span><\/p>\n<h2><strong><span style=\"font-family: Roboto; font-size: 27px;\">Bel\u00e7ika Br\u00fcksel B\u00fcy\u00fckel\u00e7ili\u011fi Vize \u0130\u015flemleri<\/span><\/strong><\/h2>\n<p><span style=\"font-family: Roboto; font-size: 14px;\">Bel\u00e7ika\u2019da ikamet eden ve T\u00fcrkiye\u2019ye seyahat edecek olan ki\u015filer, <span style=\"color: #2acec2;\"><strong><a style=\"color: #2acec2;\" href=\"https:\/\/www.myvize.com.tr\/belcika\/vize-islemleri\/belcika-vizesi\/\" target=\"_blank\" rel=\"noopener\">Bel\u00e7ika vizesi<\/a><\/strong><\/span> ba\u015fvurusunu Bel\u00e7ika\u2019n\u0131n Br\u00fcksel \u015fehrinde bulunan Bel\u00e7ika Br\u00fcksel B\u00fcy\u00fckel\u00e7ili\u011fi\u2019ne yapabilmektedir. Bu yaz\u0131da Bel\u00e7ika Br\u00fcksel B\u00fcy\u00fckel\u00e7ili\u011fi vize i\u015flemleri hakk\u0131nda bilgi verilmi\u015ftir.<\/span><\/p>\n<ul>\n<li><span style=\"font-family: Roboto; font-size: 14px;\"><strong>Bel\u00e7ika Br\u00fcksel B\u00fcy\u00fckel\u00e7ili\u011fi<\/strong> vize i\u015flemleri i\u00e7in gerekli olan ilk a\u015fama vize t\u00fcr\u00fcn\u00fcn belirlenmesidir.<\/span><\/li>\n<li><span style=\"font-family: Roboto; font-size: 14px;\">Bel\u00e7ika Br\u00fcksel B\u00fcy\u00fckel\u00e7ili\u011fi vize i\u015flemleri i\u00e7in vize t\u00fcr\u00fcn\u00fc belirleyen ki\u015filer, <strong>Bel\u00e7ika Br\u00fcksel B\u00fcy\u00fckel\u00e7ili\u011fi<\/strong> internet sitesi \u00fczerinden Bel\u00e7ika\u00a0vize ba\u015fvuru formunu doldurmal\u0131d\u0131r.<\/span><\/li>\n<li><span style=\"font-family: Roboto; font-size: 14px;\">Formu dolduran ki\u015filer Bel\u00e7ika Br\u00fcksel B\u00fcy\u00fckel\u00e7ili\u011fi\u2019nden randevu almal\u0131d\u0131r.<\/span><\/li>\n<li><span style=\"font-family: Roboto; font-size: 14px;\">Randevu tarihine kadar Bel\u00e7ika Br\u00fcksel B\u00fcy\u00fckel\u00e7ili\u011fi vize evraklar\u0131n\u0131 eksiksiz olarak haz\u0131rlamal\u0131d\u0131r.<\/span><\/li>\n<li><span style=\"font-family: Roboto; font-size: 14px;\">Haz\u0131rlanan evraklar, <strong>Bel\u00e7ika vize randevu<\/strong> tarihinde yetkililere teslim edilerek <strong>Bel\u00e7ika ba\u015fvuru i\u015flemi<\/strong> ba\u015flat\u0131lmal\u0131d\u0131r.<\/span><\/li>\n<li><span style=\"font-family: Roboto; font-size: 14px;\">Ba\u015fvurular Bel\u00e7ika Br\u00fcksel B\u00fcy\u00fckel\u00e7ili\u011fi taraf\u0131ndan incelenmektedir. Vize t\u00fcr\u00fcne g\u00f6re farkl\u0131 s\u00fcrelerde sonu\u00e7lanmaktad\u0131r.<\/span><\/li>\n<\/ul>\n<h2><strong><span style=\"font-family: Roboto; font-size: 27px;\">Bel\u00e7ika Br\u00fcksel B\u00fcy\u00fckel\u00e7ili\u011fi Vize Ba\u015fvurusu<\/span><\/strong><\/h2>\n<p><span style=\"font-family: Roboto; font-size: 14px;\">Bel\u00e7ika\u2019dan T\u00fcrkiye\u2019ye seyahat edecek olan ki\u015filer, T\u00fcrkiye seyahatleri i\u00e7in vize almal\u0131d\u0131r.<strong> Bel\u00e7ika Br\u00fcksel B\u00fcy\u00fckel\u00e7ili\u011fi<\/strong> vize ba\u015fvurusu yapacak olan ki\u015filer, ba\u015fvuru i\u00e7in ara\u015ft\u0131rma yapmaktad\u0131r. Bu yaz\u0131da Bel\u00e7ika Br\u00fcksel B\u00fcy\u00fckel\u00e7ili\u011fi vize ba\u015fvurusu hakk\u0131nda bilgi verilmi\u015ftir.<\/span><\/p>\n<p><span style=\"font-family: Roboto; font-size: 14px;\"><strong>Bel\u00e7ika B\u00fcy\u00fckel\u00e7ili\u011fi vize ba\u015fvurusu<\/strong> i\u00e7in \u00f6ncelikle seyahat amac\u0131na uygun olan <strong>online vize ba\u015fvuru formu<\/strong> doldurulmal\u0131d\u0131r. Bel\u00e7ika Br\u00fcksel B\u00fcy\u00fckel\u00e7ili\u011fi vize ba\u015fvurusu i\u00e7in formu dolduran ki\u015filer, gerekli olan vize evraklar\u0131n\u0131 eksiksiz olarak haz\u0131rlamal\u0131d\u0131r. Bel\u00e7ika vize randevu tarihinde bu evraklar yetkililere teslim edilmelidir.<\/span><\/p>\n<p><span style=\"font-family: Roboto; font-size: 14px;\">Bel\u00e7ika Br\u00fcksel B\u00fcy\u00fckel\u00e7ili\u011fi\u2019ne vize ba\u015fvurusu yapacak olan ki\u015filer, <strong>Bel\u00e7ika ba\u015fvuru i\u00e7in gerekli olan vize evraklar\u0131<\/strong> ile T\u00fcrkiye seyahat amac\u0131n\u0131 gerekli olan evraklar ile kan\u0131tlamal\u0131d\u0131r. Ba\u015fvuruda bulunacak olan ki\u015filer, T\u00fcrkiye\u2019de bulundu\u011fu s\u00fcre boyunca Bel\u00e7ika seyahat masraflar\u0131n\u0131 kar\u015f\u0131layabilecek ekonomik duruma sahip olmal\u0131d\u0131r.<\/span><\/p>\n<h2><strong><span style=\"font-family: Roboto; font-size: 27px;\">Bel\u00e7ika Br\u00fcksel B\u00fcy\u00fckel\u00e7ili\u011fi Vize Randevusu<\/span><\/strong><\/h2>\n<p><span style=\"font-family: Roboto; font-size: 14px;\">Bel\u00e7ika\u2019dan T\u00fcrkiye\u2019ye seyahat edecek olan ki\u015filer, seyahatleri i\u00e7in vize almal\u0131d\u0131r. Bel\u00e7ika\u2019dan T\u00fcrkiye vizesi alacak olan ki\u015filer vize ba\u015fvurular\u0131n\u0131 Bel\u00e7ika Br\u00fcksel B\u00fcy\u00fckel\u00e7ili\u011fi\u2019ne yapabilir. <strong>Bel\u00e7ika Br\u00fcksel B\u00fcy\u00fckel\u00e7ili\u011fi<\/strong> vize ba\u015fvurusu yapacak olan ki\u015filer, Bel\u00e7ika Br\u00fcksel B\u00fcy\u00fckel\u00e7ili\u011fi vize randevusu hakk\u0131nda ara\u015ft\u0131rma yapmaktad\u0131r. Bu yaz\u0131da Bel\u00e7ika Br\u00fcksel B\u00fcy\u00fckel\u00e7ili\u011fi vize randevusu alacak olan ki\u015filer i\u00e7in bilgi verilmi\u015ftir.<\/span><\/p>\n<p><span style=\"font-family: Roboto; font-size: 14px;\">Bel\u00e7ika Br\u00fcksel B\u00fcy\u00fckel\u00e7ili\u011fi vize randevusu alacak olan ki\u015filer, randevular\u0131n\u0131 Bel\u00e7ika Br\u00fcksel B\u00fcy\u00fckel\u00e7ili\u011fi internet sitesi \u00fczerinden \u00f6n vize ba\u015fvuru formu doldurarak alabilmektedir. Ba\u015fvuru yapacak olan ki\u015filer,<strong> Bel\u00e7ika B\u00fcy\u00fckel\u00e7ili\u011fi<\/strong> vize randevusunu bu formu doldurduktan sonra almal\u0131d\u0131r.<\/span><\/p>\n<p><span style=\"font-family: Roboto; font-size: 14px;\"><strong>Bel\u00e7ika B\u00fcy\u00fckel\u00e7ili\u011fi vize randevusu<\/strong> alm\u0131\u015f olan ki\u015filerin <span style=\"color: #2acec2;\"><strong><a style=\"color: #2acec2;\" href=\"https:\/\/www.myvize.com.tr\/belcika\/vize-islemleri\/belcika-vize-randevusu\/\" target=\"_blank\" rel=\"noopener\">Bel\u00e7ika vize randevu<\/a><\/strong><\/span> tarihini ka\u00e7\u0131rmamas\u0131 gerekmektedir. Bel\u00e7ika B\u00fcy\u00fckel\u00e7ili\u011fi vize randevusunu ka\u00e7\u0131ran ki\u015filerin i\u015flemleri yap\u0131lmayabilir, bu nedenle ba\u015fvuru yapacak olan ki\u015filerin yeniden randevu almas\u0131 gerekmektedir.<\/span><\/p>\n<h2><strong><span style=\"font-family: Roboto; font-size: 27px;\">Bel\u00e7ika Br\u00fcksel B\u00fcy\u00fckel\u00e7ili\u011fi Adres ve \u0130leti\u015fim Bilgileri<\/span><\/strong><\/h2>\n<p><span style=\"font-family: Roboto; font-size: 14px;\"><strong>Bel\u00e7ika Br\u00fcksel B\u00fcy\u00fckel\u00e7ili\u011fi adres ve ileti\u015fim bilgileri<\/strong> ilgili makam\u0131n resmi internet sitesinden bulabilirsiniz. Bildi\u011finiz gibi b\u00fcy\u00fckel\u00e7iliklerin g\u00f6revleri kendi \u00fclkesini hem siyasi hem de hukuk olarak temsil eden kurumdur.\u00a0 Br\u00fcksel b\u00fcy\u00fckel\u00e7ili\u011fi de Bel\u00e7ika de yer almakta olup, Bel\u00e7ika\u2019ya seyahat etmek isteyen T\u00fcrk vatanda\u015flar\u0131 ya da T\u00fcrkiye\u2019de oturum iznine sahip di\u011fer \u00fclke vatanda\u015flar\u0131n\u0131 vize ve pasaport i\u015flemler ile ilgilenmekte olan yetkili\u00a0 makamlard\u0131r. Bel\u00e7ika vize ba\u015fvurular\u0131nda da Bel\u00e7ika konsoloslu\u011fu ve Bel\u00e7ika (Br\u00fcksel\u00a0\u00a0 b\u00fcy\u00fckel\u00e7ili\u011fin) talep etti\u011fi \u015fartlar g\u00f6z \u00f6n\u00fcne al\u0131nmal\u0131d\u0131r.<\/span><\/p>\n<p><span style=\"font-family: Roboto; font-size: 14px;\">\u00a0T\u00fcrkiye Cumhuriyeti vatanda\u015flar\u0131na yurt d\u0131\u015f\u0131nda ya\u015famak \u00e7al\u0131\u015fma ve orada e\u011fitim almak pek \u00e7ok a\u00e7\u0131dan cazip geliyor.\u00a0 Dolay\u0131s\u0131 ile yurtd\u0131\u015f\u0131nda gidilebilecek en iyi \u00fclkeleri tercih etmektedir. \u00a0Yurtd\u0131\u015f\u0131 \u00a0\u00a0\u00fclkeleri de T\u00fcrkiye\u2019den gelecek olan\u00a0 \u00a0T\u00fcrk vatanda\u015flar\u0131 i\u00e7in pasaport sahibi olman\u0131n yan\u0131 s\u0131ra seyahat ama\u00e7lar\u0131na y\u00f6nelik vize tabinde bulunur. Vizesi olmayan kimse yurt d\u0131\u015f\u0131na seyahat edememektedir. Dolay\u0131s\u0131 ile vize \u00e7\u0131karmak i\u00e7in \u00a0\u00a0Br\u00fcksel konsoloslu\u011fu ve Br\u00fcksel b\u00fcy\u00fckel\u00e7ili\u011fi devreye girer.<\/span><\/p>\n<h3><span style=\"font-family: Roboto; font-size: 24px;\"><strong>Bel\u00e7ika Br\u00fcksel B\u00fcy\u00fckel\u00e7ili\u011fi Adres<\/strong><\/span><\/h3>\n<p><span style=\"font-family: Roboto; font-size: 14px;\"><strong>Bel\u00e7ika Br\u00fcksel B\u00fcy\u00fckel\u00e7ili\u011fi adres<\/strong> bilgileri i\u00e7in internetten geni\u015f \u00e7a\u011fl\u0131 ara\u015ft\u0131rmalar yap\u0131lmaktad\u0131r. \u00a0Yap\u0131lan ara\u015ft\u0131rmalar sonucunda Bel\u00e7ika Br\u00fcksel b\u00fcy\u00fckel\u00e7ili\u011fi adres bilgileri \u015fu \u015fekildedir;<\/span><\/p>\n<p><span style=\"font-family: Roboto; font-size: 14px;\">\u00a0\u00a0Rue Montoyer 4A, 1000 Bruxelles, Bel\u00e7ika<\/span><\/p>\n<p><span style=\"font-family: Roboto; font-size: 14px;\">T.C. Br\u00fcksel Ba\u015fkonsoloslu\u011fu,<\/span><\/p>\n<p><span style=\"font-family: Roboto; font-size: 14px;\">\u00a0Gerek Br\u00fcksel konsoloslu\u011fu gerekse de b\u00fcr\u00fcksel b\u00fcy\u00fckel\u00e7ili\u011fi T\u00fcrkiye\u2019den vize ba\u015fvurusu yapacak olan T\u00fcrk vatanda\u015flar\u0131 ya da T\u00fcrkiye\u2019de oturma iznine sahip di\u011fer \u00fc\u00e7\u00fcnc\u00fc ilke vatanda\u015flar\u0131n\u0131 vize ba\u015fvuranlar\u0131n\u0131 kendi \u00fclkelerimde ger\u00e7ekle\u015ftirmesi ad\u0131na T\u00fcrkiye\u2019nin \u00e7e\u015fitli illerinde\u00a0 B\u00fcy\u00fckel\u00e7ili\u011fi birimleri\u00a0 yetkilendirmi\u015ftir. \u00a0\u00a0Dolay\u0131s\u0131 ile T\u00fcrkiye\u2019de bulunan Br\u00fcksel T\u00fcrkiye temsilciliklerinin adreslerin bilmeniz daha faydal\u0131 olacakt\u0131r.\u00a0 \u0130stanbul, Ankara gibi b\u00fcy\u00fck illerde faaliyet g\u00f6stermekte olan Br\u00fcksel b\u00fcy\u00fckel\u00e7ilik birimleri arac\u0131l\u0131\u011f\u0131 ile Bel\u00e7ika vize ba\u015fvurular\u0131n\u0131 yapt\u0131rabilirsiniz. \u00a0Bu birimler size vize konusunda her t\u00fcrl\u00fc teknik deste\u011fi sa\u011flayarak ba\u015fvurular\u0131n\u0131n en h\u0131zl\u0131 ve kolay bir \u015fekilde yapman\u0131z yard\u0131mc\u0131 olmaktad\u0131r.<\/span><\/p>\n<h3><span style=\"font-family: Roboto; font-size: 24px;\"><strong>Bel\u00e7ika Br\u00fcksel B\u00fcy\u00fckel\u00e7ili\u011fi Telefon Numaras\u0131<\/strong><\/span><\/h3>\n<p><span style=\"font-family: Roboto; font-size: 14px;\"><strong>\u00a0\u00a0\u00a0Bel\u00e7ika Br\u00fcksel B\u00fcy\u00fckel\u00e7ili\u011fi telefon numaras\u0131<\/strong> ile ileti\u015fim sa\u011flayarak vize ba\u015fvurular\u0131 konusunda bilgi alabilirsiniz. Vize al\u0131rken vize ba\u015fvurusu i\u00e7in vize randevusu almak zorundas\u0131n\u0131z. Bunun i\u00e7in b\u00fcy\u00fckel\u00e7iliklerim ya da temsilciliklerin telefon numaralar\u0131 \u00e7ok \u00f6nemli olmaktad\u0131r.<\/span><\/p>\n<p><span style=\"font-family: Roboto; font-size: 14px;\">\u00a0Bel\u00e7ika veya Bel\u00e7ika Br\u00fcksel seyahatlerini i\u00e7in gerekli olan vize ba\u015fvurular\u0131n\u0131z +32 2 5061120 \/+32 2 5134095 numaral\u0131 telefon hatt\u0131nda ilgili b\u00fcy\u00fckel\u00e7ili\u011fini arayarak halledebilirsiniz.<\/span><\/p>\n<p><span style=\"font-family: Roboto; font-size: 14px;\">Vize \u015fart\u0131 \u00f6ng\u00f6rerek T\u00fcrkiye\u2019den misafir kabul eden Bel\u00e7ika T\u00fcrk vatanda\u015flar\u0131n\u0131 seyahat ama\u00e7lar\u0131na y\u00f6nelik vize \u00e7\u0131karmaktad\u0131r. Turistik vize, ticari vize, transit vize, \u00f6\u011frenci vizesi, \u00e7al\u0131\u015fma izni veya \u00e7al\u0131\u015fma vizesi gibi vize t\u00fcrleri\u00a0 seyahat amac\u0131n\u0131za uygun nitelikte haz\u0131rlanmaktad\u0131r. Bu vize t\u00fcrlerinden ise sadece seyahat amac\u0131n\u0131za y\u00f6nelik bir tane vizeyi \u00e7\u0131kartmak zorundas\u0131n\u0131z. ayr\u0131ca vize t\u00fcrleri\u00a0 uzun s\u00fcreli ve k\u0131sa s\u00fcreli olmak \u00fczere iki farkl\u0131 kategoriye ayr\u0131l\u0131r.\u00a0 Aile birle\u015fimi vize, \u00e7al\u0131\u015fma vize gibi vize t\u00fcrleri uzun s\u00fcreli vize se\u00e7enekleri aras\u0131nda yer almakta olup, \u00f6\u011frenci vizesi ticari vize ve transit vize t\u00fcrleri de k\u0131sa s\u00fcreli vize se\u00e7enekleri\u00a0 aras\u0131nda yer al\u0131yor.<\/span><\/p>\n<p><span style=\"font-family: Roboto; font-size: 14px;\"><img src=\"https:\/\/www.myvize.com.tr\/belcika\/wp-content\/uploads\/2021\/10\/36.jpg\" \/><\/span><\/p>\n","protected":false},"excerpt":{"rendered":"<p>Bel\u00e7ika Br\u00fcksel B\u00fcy\u00fckel\u00e7isi Kimdir? Bel\u00e7ika\u2019da ikamet eden ki\u015filer ve T\u00fcrk Konsoloslu\u011fu\u2019nda i\u015flem yapacak olan ki\u015filer, Bel\u00e7ika Br\u00fcksel B\u00fcy\u00fckel\u00e7isi kimdir? sorusunu ara\u015ft\u0131rmaktad\u0131r. A\u015fa\u011f\u0131da bu sorunun cevab\u0131 verilmi\u015ftir. Bel\u00e7ika Br\u00fcksel B\u00fcy\u00fckel\u00e7isi, Hasan Ulusoy\u2019dur. Ulusoy, Fenerbah\u00e7e Lisesi\u2019nden mezun olduktan sonra, \u0130stanbul \u00dcniversitesi\u2019nde Siyasal Bilgiler Fak\u00fcltesi\u2019nden mezun olmu\u015ftur. Daha sonra London School of Economics &amp; Political Science\u2019de y\u00fcksek lisans<\/p>\n","protected":false},"author":1,"featured_media":0,"parent":69,"menu_order":0,"comment_status":"open","ping_status":"closed","template":"","meta":[],"yoast_head":"<!-- This site is optimized with the Yoast SEO plugin v16.4 - https:\/\/yoast.com\/wordpress\/plugins\/seo\/ -->\n<title>Bel\u00e7ika Br\u00fcksel B\u00fcy\u00fckel\u00e7ili\u011fi Vize \u0130\u015flemleri - MyVize<\/title>\n<meta name=\"description\" content=\"Bel\u00e7ika Br\u00fcksel B\u00fcy\u00fckel\u00e7ili\u011fi Vize \u0130\u015flemleri Nelerdir? Bel\u00e7ika Br\u00fcksel B\u00fcy\u00fckel\u00e7ili\u011fi Nerededir? Bilgi \u0130\u00e7in Hemen Bizi Aray\u0131n: 0850 346 84 93\" \/>\n<meta name=\"robots\" content=\"index, follow, max-snippet:-1, max-image-preview:large, max-video-preview:-1\" \/>\n<link rel=\"canonical\" href=\"https:\/\/www.myvize.com.tr\/belcika\/konsolosluklar\/bruksel-buyukelciligi\/\" \/>\n<meta property=\"og:locale\" content=\"tr_TR\" \/>\n<meta property=\"og:type\" content=\"article\" \/>\n<meta property=\"og:title\" content=\"Bel\u00e7ika Br\u00fcksel B\u00fcy\u00fckel\u00e7ili\u011fi Vize \u0130\u015flemleri - MyVize\" \/>\n<meta property=\"og:description\" content=\"Bel\u00e7ika Br\u00fcksel B\u00fcy\u00fckel\u00e7ili\u011fi Vize \u0130\u015flemleri Nelerdir? Bel\u00e7ika Br\u00fcksel B\u00fcy\u00fckel\u00e7ili\u011fi Nerededir? Bilgi \u0130\u00e7in Hemen Bizi Aray\u0131n: 0850 346 84 93\" \/>\n<meta property=\"og:url\" content=\"https:\/\/www.myvize.com.tr\/belcika\/konsolosluklar\/bruksel-buyukelciligi\/\" \/>\n<meta property=\"og:site_name\" content=\"Bel\u00e7ika Vizesi\" \/>\n<meta property=\"article:modified_time\" content=\"2023-01-22T15:56:30+00:00\" \/>\n<meta property=\"og:image\" content=\"https:\/\/www.myvize.com.tr\/belcika\/wp-content\/uploads\/2021\/10\/36.jpg\" \/>\n<meta name=\"twitter:card\" content=\"summary_large_image\" \/>\n<meta name=\"twitter:label1\" content=\"Tahmini okuma s\u00fcresi\" \/>\n\t<meta name=\"twitter:data1\" content=\"5 dakika\" \/>\n<script type=\"application\/ld+json\" class=\"yoast-schema-graph\">{\"@context\":\"https:\/\/schema.org\",\"@graph\":[{\"@type\":\"WebSite\",\"@id\":\"https:\/\/www.myvize.com.tr\/belcika\/#website\",\"url\":\"https:\/\/www.myvize.com.tr\/belcika\/\",\"name\":\"Bel\\u00e7ika Vizesi\",\"description\":\"\",\"potentialAction\":[{\"@type\":\"SearchAction\",\"target\":\"https:\/\/www.myvize.com.tr\/belcika\/?s={search_term_string}\",\"query-input\":\"required name=search_term_string\"}],\"inLanguage\":\"tr\"},{\"@type\":\"ImageObject\",\"@id\":\"https:\/\/www.myvize.com.tr\/belcika\/konsolosluklar\/bruksel-buyukelciligi\/#primaryimage\",\"inLanguage\":\"tr\",\"url\":\"https:\/\/www.myvize.com.tr\/belcika\/wp-content\/uploads\/2021\/10\/36.jpg\",\"contentUrl\":\"https:\/\/www.myvize.com.tr\/belcika\/wp-content\/uploads\/2021\/10\/36.jpg\",\"width\":800,\"height\":500,\"caption\":\"Bel\\u00e7ika Br\\u00fcksel B\\u00fcy\\u00fckel\\u00e7ili\\u011fi\"},{\"@type\":\"WebPage\",\"@id\":\"https:\/\/www.myvize.com.tr\/belcika\/konsolosluklar\/bruksel-buyukelciligi\/#webpage\",\"url\":\"https:\/\/www.myvize.com.tr\/belcika\/konsolosluklar\/bruksel-buyukelciligi\/\",\"name\":\"Bel\\u00e7ika Br\\u00fcksel B\\u00fcy\\u00fckel\\u00e7ili\\u011fi Vize \\u0130\\u015flemleri - MyVize\",\"isPartOf\":{\"@id\":\"https:\/\/www.myvize.com.tr\/belcika\/#website\"},\"primaryImageOfPage\":{\"@id\":\"https:\/\/www.myvize.com.tr\/belcika\/konsolosluklar\/bruksel-buyukelciligi\/#primaryimage\"},\"datePublished\":\"2021-02-01T12:22:57+00:00\",\"dateModified\":\"2023-01-22T15:56:30+00:00\",\"description\":\"Bel\\u00e7ika Br\\u00fcksel B\\u00fcy\\u00fckel\\u00e7ili\\u011fi Vize \\u0130\\u015flemleri Nelerdir? Bel\\u00e7ika Br\\u00fcksel B\\u00fcy\\u00fckel\\u00e7ili\\u011fi Nerededir? Bilgi \\u0130\\u00e7in Hemen Bizi Aray\\u0131n: 0850 346 84 93\",\"breadcrumb\":{\"@id\":\"https:\/\/www.myvize.com.tr\/belcika\/konsolosluklar\/bruksel-buyukelciligi\/#breadcrumb\"},\"inLanguage\":\"tr\",\"potentialAction\":[{\"@type\":\"ReadAction\",\"target\":[\"https:\/\/www.myvize.com.tr\/belcika\/konsolosluklar\/bruksel-buyukelciligi\/\"]}]},{\"@type\":\"BreadcrumbList\",\"@id\":\"https:\/\/www.myvize.com.tr\/belcika\/konsolosluklar\/bruksel-buyukelciligi\/#breadcrumb\",\"itemListElement\":[{\"@type\":\"ListItem\",\"position\":1,\"item\":{\"@type\":\"WebPage\",\"@id\":\"https:\/\/www.myvize.com.tr\/belcika\/\",\"url\":\"https:\/\/www.myvize.com.tr\/belcika\/\",\"name\":\"Home\"}},{\"@type\":\"ListItem\",\"position\":2,\"item\":{\"@type\":\"WebPage\",\"@id\":\"https:\/\/www.myvize.com.tr\/belcika\/konsolosluklar\/\",\"url\":\"https:\/\/www.myvize.com.tr\/belcika\/konsolosluklar\/\",\"name\":\"KONSOLOSLUKLAR\"}},{\"@type\":\"ListItem\",\"position\":3,\"item\":{\"@id\":\"https:\/\/www.myvize.com.tr\/belcika\/konsolosluklar\/bruksel-buyukelciligi\/#webpage\"}}]}]}<\/script>\n<!-- \/ Yoast SEO plugin. -->","_links":{"self":[{"href":"https:\/\/www.myvize.com.tr\/belcika\/wp-json\/wp\/v2\/pages\/336"}],"collection":[{"href":"https:\/\/www.myvize.com.tr\/belcika\/wp-json\/wp\/v2\/pages"}],"about":[{"href":"https:\/\/www.myvize.com.tr\/belcika\/wp-json\/wp\/v2\/types\/page"}],"author":[{"embeddable":true,"href":"https:\/\/www.myvize.com.tr\/belcika\/wp-json\/wp\/v2\/users\/1"}],"replies":[{"embeddable":true,"href":"https:\/\/www.myvize.com.tr\/belcika\/wp-json\/wp\/v2\/comments?post=336"}],"version-history":[{"count":7,"href":"https:\/\/www.myvize.com.tr\/belcika\/wp-json\/wp\/v2\/pages\/336\/revisions"}],"predecessor-version":[{"id":1131,"href":"https:\/\/www.myvize.com.tr\/belcika\/wp-json\/wp\/v2\/pages\/336\/revisions\/1131"}],"up":[{"embeddable":true,"href":"https:\/\/www.myvize.com.tr\/belcika\/wp-json\/wp\/v2\/pages\/69"}],"wp:attachment":[{"href":"https:\/\/www.myvize.com.tr\/belcika\/wp-json\/wp\/v2\/media?parent=336"}],"curies":[{"name":"wp","href":"https:\/\/api.w.org\/{rel}","templated":true}]}}