{"id":338,"date":"2021-02-01T15:23:21","date_gmt":"2021-02-01T12:23:21","guid":{"rendered":"https:\/\/www.myvize.com.tr\/belcika\/?page_id=338"},"modified":"2022-12-20T21:44:27","modified_gmt":"2022-12-20T18:44:27","slug":"belcika-fahri-konsoloslugu-bodrum","status":"publish","type":"page","link":"https:\/\/www.myvize.com.tr\/belcika\/konsolosluklar\/belcika-fahri-konsoloslugu-bodrum\/","title":{"rendered":"Bel\u00e7ika Bodrum Konsoloslu\u011fu"},"content":{"rendered":"<h2><strong><span style=\"font-family: Roboto; font-size: 27px;\">Bel\u00e7ika Bodrum Konsolosu Kimdir?<\/span><\/strong><\/h2>\n<p><span style=\"font-family: Roboto; font-size: 14px;\">Bel\u00e7ika\u2019n\u0131n T\u00fcrkiye\u2019de bulunan temsilciliklerinden birisi, Bel\u00e7ika Bodrum Fahri Konsoloslu\u011fu\u2019dur.<strong> Bel\u00e7ika Bodrum Fahri Konsoloslu\u011fu<\/strong>\u2019nun y\u00f6neticisi ise Bel\u00e7ika bodurum Fahri Konsolosu\u2019dur. Bu yaz\u0131da Bel\u00e7ika Bodrum Fahri Konsolosu hakk\u0131nda bilgi verilmi\u015ftir.<\/span><\/p>\n<p><span style=\"font-family: Roboto; font-size: 14px;\">Bel\u00e7ika Bodrum Fahri Konsolosunun kim oldu\u011fu hakk\u0131nda bir bilgi bulunmamaktad\u0131r. Ancak Bel\u00e7ika Bodrum Fahri Konsolosu diplomatik bir temsilcilik olmad\u0131\u011f\u0131ndan olay\u0131 Bel\u00e7ika vatanda\u015f\u0131 olmas\u0131 gibi bir zorunluluk yoktur.<\/span><\/p>\n<p><span style=\"font-family: Roboto; font-size: 14px;\">Bel\u00e7ika Bodrum Fahri Konsoloslu\u011fu\u2019nun as\u0131l amac\u0131 b\u00f6lgedeki ticari i\u015fbirliklerini artt\u0131rmakt\u0131r<strong>. Bel\u00e7ika Bodrum Fahri Konsolosu<\/strong>, bu nedenle b\u00f6lgedeki \u00f6nemli ve tan\u0131nan ki\u015filer aras\u0131ndan se\u00e7ilmektedir.<\/span><\/p>\n<p><span style=\"font-family: Roboto; font-size: 14px;\"><strong>Bel\u00e7ika Bodrum Fahri Konsoloslu\u011fu,<\/strong> Bodrum \u00e7evresinde ekonomik i\u015fbirliklerini geli\u015ftirmeyi, yeni ticari i\u015fbirliklerinin yap\u0131lmas\u0131n\u0131 ve yeni yat\u0131r\u0131m alanlar\u0131n\u0131n ortaya \u00e7\u0131kar\u0131lmas\u0131n\u0131 ama\u00e7lamaktad\u0131r. Bel\u00e7ika Bodrum Fahri Konsolosu ayr\u0131ca b\u00f6lgede Bel\u00e7ika k\u00fclt\u00fcr\u00fcn\u00fc tan\u0131tmay\u0131 ama\u00e7lamaktad\u0131r.<\/span><\/p>\n<p><span style=\"font-family: Roboto; font-size: 14px;\">Bel\u00e7ika Bodrum Fahri Konsolosu\u2019nun kim oldu\u011fu hakk\u0131nda bilgi bulunmamaktad\u0131r. Detayl\u0131 bilgi i\u00e7in<strong> Bel\u00e7ika Bodrum Fahri Konsoloslu\u011fu<\/strong> ile ileti\u015fime ge\u00e7ebilirsiniz.<\/span><\/p>\n<h2><strong><span style=\"font-family: Roboto; font-size: 27px;\">Bel\u00e7ika Bodrum Konsoloslu\u011fu Vize \u0130\u015flemleri<\/span><\/strong><\/h2>\n<p><span style=\"font-family: Roboto; font-size: 14px;\">Bodrum ve \u00e7evresinde ikamet eden ve Bel\u00e7ika\u2019ya seyahat edecek olan ki\u015filer,<strong> Bel\u00e7ika vize ba\u015fvurular\u0131<\/strong>n\u0131 Bel\u00e7ika Bodrum Fahri Konsoloslu\u011fu\u2019na yapabilir. Bu yaz\u0131da Bel\u00e7ika Bodrum Fahri Konsoloslu\u011fu\u2019na vize ba\u015fvurusu yapacak olan ki\u015filer i\u00e7in Bel\u00e7ika Bodrum Fahri Konsoloslu\u011fu vize i\u015flemleri hakk\u0131nda bilgi verilmi\u015ftir.<\/span><\/p>\n<ul>\n<li><span style=\"font-family: Roboto; font-size: 14px;\">Bel\u00e7ika Bodrum Fahri Konsoloslu\u011fu vize i\u015flemleri i\u00e7in \u00f6ncelikle vize t\u00fcr\u00fcn\u00fc belirlemelidir.<\/span><\/li>\n<li><span style=\"font-family: Roboto; font-size: 14px;\">Bel\u00e7ika vize t\u00fcr\u00fcn\u00fc belirleyen ki\u015filer, Bel\u00e7ika Bodrum Fahri Konsoloslu\u011fu i\u00e7in vize randevusu almal\u0131d\u0131r.<\/span><\/li>\n<li><span style=\"font-family: Roboto; font-size: 14px;\"><span style=\"color: #2acec2;\"><strong><a style=\"color: #2acec2;\" href=\"https:\/\/www.myvize.com.tr\/belcika\/vize-islemleri\/belcika-vize-basvurusu\/\" target=\"_blank\" rel=\"noopener\">Bel\u00e7ika vize ba\u015fvurusu<\/a><\/strong><\/span> i\u00e7in <strong>Bel\u00e7ika vize ba\u015fvuru evraklar\u0131n\u0131<\/strong> eksiksiz olarak haz\u0131rlamal\u0131d\u0131r.<\/span><\/li>\n<li><span style=\"font-family: Roboto; font-size: 14px;\">Haz\u0131rlanan vize evraklar\u0131 Bel\u00e7ika Bodrum Fahri Konsoloslu\u011fu vize randevusu tarihinde yetkililere teslim edilmelidir.<\/span><\/li>\n<li><span style=\"font-family: Roboto; font-size: 14px;\">Ba\u015fvuru yapacak olan ki\u015filer, Bel\u00e7ika Bodrum Fahri Konsoloslu\u011fu randevu tarihinde biyometrik veri verilmelidir.<\/span><\/li>\n<li><span style=\"font-family: Roboto; font-size: 14px;\">Ba\u015fvurular\u0131 inceleme ve de\u011ferlendirme yetkisi <span style=\"color: #2acec2;\"><strong><a style=\"color: #2acec2;\" href=\"https:\/\/www.myvize.com.tr\/belcika\/konsolosluklar\/belcika-buyukelciligi-ankara\/\" target=\"_blank\" rel=\"noopener\">Bel\u00e7ika Ankara B\u00fcy\u00fckel\u00e7ili\u011fi<\/a><\/strong><\/span> ve Bel\u00e7ika \u0130stanbul Ba\u015fkonsoloslu\u011fu\u2019na aittir.<\/span><\/li>\n<\/ul>\n<p><span style=\"font-family: Roboto; font-size: 14px;\">Ba\u015fvuru yapacak olan ki\u015filerin gerekli olan evraklar\u0131 eksiksiz olarak <strong>Bel\u00e7ika Konsoloslu\u011fu<\/strong>\u2019nun istedi\u011fi \u015fekilde haz\u0131rlanmas\u0131 gerekmektedir.<\/span><\/p>\n<p><span style=\"font-family: Roboto; font-size: 14px;\"><img src=\"https:\/\/www.myvize.com.tr\/belcika\/wp-content\/uploads\/2021\/10\/33.jpg\" \/><\/span><\/p>\n<h2><span style=\"font-size: 27px;\"><strong><span style=\"font-family: Roboto;\">Bel\u00e7ika Bodrum Konsoloslu\u011fu Vize Ba\u015fvurusu<\/span><\/strong><\/span><\/h2>\n<p><span style=\"font-family: Roboto; font-size: 14px;\"><strong>Bel\u00e7ika\u2019ya seyahat edecek<\/strong> olan ki\u015filer ve Bodrum \u00e7evresinde ikamet eden ki\u015filer, Bel\u00e7ika seyahatleri i\u00e7in vize almal\u0131d\u0131r. Bel\u00e7ika vizesi alacak olan ki\u015filer, Bel\u00e7ika Seyahat amac\u0131na uygun vize t\u00fcr\u00fcn\u00fc Bel\u00e7ika Bodrum Fahri Konsoloslu\u011fu\u2019na ba\u015fvuru yaparak alabilir. Bu yaz\u0131da Bel\u00e7ika Bodrum Fahri Konsoloslu\u011fu\u2019nda i\u015flem yapacak olan ki\u015filer i\u00e7in <strong>Bel\u00e7ika Bodrum Fahri Konsoloslu\u011fu<\/strong> vize ba\u015fvurusu hakk\u0131nda bilgi verilmi\u015ftir.<\/span><\/p>\n<p><span style=\"font-family: Roboto; font-size: 14px;\">Bel\u00e7ika Bodrum Fahri Konsoloslu\u011fu\u2019nda vize ba\u015fvurusu yapacak olan ki\u015filer, randevu almal\u0131 ve randevu tarihinde gerekli olan evraklar\u0131 Bel\u00e7ika Bodrum Fahri Konsoloslu\u011fu\u2019na teslim etmelidir. Bel\u00e7ika Bodrum Fahri Konsoloslu\u011fu vize ba\u015fvurusu bu \u015fekilde yap\u0131labilir.<\/span><\/p>\n<p><span style=\"font-family: Roboto; font-size: 14px;\"><strong>Bel\u00e7ika Bodrum Fahri Konsoloslu\u011fu<\/strong> vize ba\u015fvurusu yapacak olan ki\u015filer baz\u0131 durumlara dikkat etmelidir.<\/span><\/p>\n<ul>\n<li><span style=\"font-family: Roboto; font-size: 14px;\">Ba\u015fvuru i\u00e7in gerekli olan evraklar eksiksiz olarak haz\u0131rlanmal\u0131d\u0131r.<\/span><\/li>\n<li><span style=\"font-family: Roboto; font-size: 14px;\">Bel\u00e7ika vize ba\u015fvurusu yapacak olan ki\u015filer, Bel\u00e7ika\u2019da ge\u00e7erli<strong> seyahat sa\u011fl\u0131k sigortas\u0131<\/strong> yapt\u0131rmal\u0131d\u0131r.<\/span><\/li>\n<li><span style=\"font-family: Roboto; font-size: 14px;\">Ba\u015fvuru yapacak olan ki\u015filerin Bel\u00e7ika\u2019da bulundu\u011fu s\u00fcre boyunca seyahat masraflar\u0131n\u0131 kar\u015f\u0131layacak ekonomik durumunun olmas\u0131 gerekmektedir.<\/span><\/li>\n<li><span style=\"font-family: Roboto; font-size: 14px;\">Ba\u015fvuru yapacak olan ki\u015finin adli sicil kayd\u0131n\u0131n temiz olmas\u0131 gerekmektedir.<\/span><\/li>\n<\/ul>\n<h3><strong><span style=\"font-family: Roboto; font-size: 24px;\">Bel\u00e7ika Bodrum Konsoloslu\u011fu Vize Randevusu<\/span><\/strong><\/h3>\n<p><span style=\"font-family: Roboto; font-size: 14px;\">Bel\u00e7ika\u2019ya belirli bir ama\u00e7la seyahatte bulunacak olan ki\u015filerin Bel\u00e7ika seyahatini ger\u00e7ekle\u015ftirebilmek i\u00e7in randevu almas\u0131 gerekmektedir.<strong> Bel\u00e7ika vize ba\u015fvurusu<\/strong> yapacak olan ki\u015filer<strong>, Bel\u00e7ika vize<\/strong> ba\u015fvurular\u0131n\u0131 Bel\u00e7ika Bodrum Fahri Konsoloslu\u011fu\u2019na yapabilir. Bel\u00e7ika Bodrum Fahri Konsoloslu\u011fu\u2019na ba\u015fvuru yapmak isteyen ki\u015filerin Bel\u00e7ika Bodrum Fahri Konsoloslu\u011fu\u2019ndan randevu almas\u0131 gerekmektedir. Bu yaz\u0131da Bel\u00e7ika Bodrum Fahri Konsoloslu\u011fu randevusu hakk\u0131nda bilgi verilmi\u015ftir.<\/span><\/p>\n<p><span style=\"font-family: Roboto; font-size: 14px;\">Bel\u00e7ika Bodrum Fahri Konsoloslu\u011fu\u2019na vize ba\u015fvurusu yapacak olan ki\u015filer, Bel\u00e7ika Bodrum Fahri Konsoloslu\u011fu vize randevusunu Bel\u00e7ika Bodrum Fahri Konsoloslu\u011fu ile ileti\u015fime ge\u00e7erek alabilir.<\/span><\/p>\n<p><span style=\"font-family: Roboto; font-size: 14px;\"><strong>Bel\u00e7ika Bodrum Fahri Konsoloslu\u011fu<\/strong> randevusuz vize ba\u015fvurusu kabul etmedi\u011finden dolay\u0131, Bel\u00e7ika Bodrum Fahri Konsoloslu\u011fu vize randevusunu ka\u00e7\u0131ran ki\u015filerin i\u015flemleri yap\u0131lmayabilir. Ba\u015fvuru yapacak olan ki\u015filer, bu durumda yeniden Bel\u00e7ika Bodrum Fahri Konsoloslu\u011fu\u2019ndan yeniden randevu almak zorunda kalabilir. Bu durumda <strong>Bel\u00e7ika\u2019ya seyahat edecek<\/strong> olan ki\u015fi i\u00e7in vakit kayb\u0131 anlam\u0131na gelmektedir. Randevular Bel\u00e7ika Bodrum Fahri Konsoloslu\u011fu\u2019ndan al\u0131nabilir.<\/span><\/p>\n<h2><strong><span style=\"font-family: Roboto; font-size: 27px;\">Bel\u00e7ika Bodrum Konsoloslu\u011fu Adres ve \u0130leti\u015fim Bilgileri<\/span><\/strong><\/h2>\n<p><span style=\"font-family: Roboto; font-size: 14px;\">Bel\u00e7ika vizesi almak isteyen ki\u015filer,\u00a0<strong>Bel\u00e7ika Bodrum Konsoloslu\u011fu adres ve ileti\u015fim bilgileri<\/strong>\u00a0hakk\u0131nda bilgi istemektedirler. Bel\u00e7ika bodrum konsoloslu\u011fu ileti\u015fi ve adres bilgileri \u015funlard\u0131r.<\/span><\/p>\n<p><span style=\"font-family: Roboto; font-size: 14px;\">Adres: \u00d6nderhan Beach Club Ortakent Mah. Hurma sokak 35\/A 49420 Ortakent Bodrum.<\/span><\/p>\n<p><span style=\"font-family: Roboto; font-size: 14px;\">Telefon: 90.252 348 37 29<\/span><\/p>\n<p><span style=\"font-family: Roboto; font-size: 14px;\">E-mail: bodrum@consulateofbelgium.com<\/span><br \/>\n<span style=\"font-family: Roboto; font-size: 14px;\"><strong>Bel\u00e7ika bodrum Konsoloslu\u011fu<\/strong> T\u00fcrkiye ve Bel\u00e7ika resmi tatil g\u00fcnlerinde hizmet vermez. Bu nedenle Bel\u00e7ika vize ba\u015fvurular\u0131n\u0131 bu tatil g\u00fcnlerine dikkat ederek ba\u015fvurman\u0131z gerekir. Bel\u00e7ika Bodrum Konsoloslu\u011fu\u2019nun diplomatik bir yetkisi yoktur. Yaln\u0131zca vize konular\u0131nda hizmet vermektedir. Bel\u00e7ika vatanda\u015flar\u0131n\u0131n \u00f6l\u00fcm, evlenme, pasaport i\u015flemlerinde yard\u0131mc\u0131 olmaktad\u0131r. Bel\u00e7ika k\u00fclt\u00fcr\u00fcn\u00fc Bodrum ve \u00e7evresinde tan\u0131tmak olmaktad\u0131r. Bel\u00e7ika Bodrum konsoloslu\u011fu g\u00f6rev yerleri Manisa, Bodrum, Mu\u011fla, Denizli ve Ayd\u0131n olmaktad\u0131r. Bel\u00e7ika vizesi i\u015flemlerini ger\u00e7ekle\u015ftirmek i\u00e7in ilk olarak Bel\u00e7ika&#8217;n\u0131n T\u00fcrkiye&#8217;deki Bodrum Konsoloslu\u011funa ba\u015fvurman\u0131z gerekir. Bel\u00e7ika vizesi i\u00e7in gereken belgeler aras\u0131nda pasaportunuzun fotokopisi, seyahat sebebinizi g\u00f6steren bir mektup ve biletlerinizin fotokopisi bulunmaktad\u0131r.<\/span><\/p>\n<h3><span style=\"font-family: Roboto; font-size: 24px;\"><strong>Bel\u00e7ika Bodrum Konsoloslu\u011fu Adres<\/strong><\/span><\/h3>\n<p><span style=\"font-family: Roboto; font-size: 14px;\">Bel\u00e7ika seyahati yapacak ki\u015fi Bel\u00e7ika vizesine ba\u015fvurmas\u0131 gerekir. Bu nedenle de Bel\u00e7ika Bodrum Konsoloslu\u011fu\u2019na ba\u015fvuru yapmal\u0131d\u0131r. Bel\u00e7ika vizesi ba\u015fvurusunda bulunacak ki\u015filer Bel\u00e7ika Bodrum Konsoloslu\u011fu adres bilgisini \u00f6\u011frenmek istemektedir. <strong>Bel\u00e7ika Bodrum<\/strong>\u00a0<strong>Konsoloslu\u011fu adres<\/strong>\u00a0bilgisi \u00d6nderhan Beach Club Ortakent Mah. Hurma Sokak 35\/A 48420 Ortakent Bodrum Mu\u011fla olmaktad\u0131r.<\/span><\/p>\n<p><span style=\"font-family: Roboto; font-size: 14px;\">Bel\u00e7ika vize ba\u015fvurusu, Bel\u00e7ika Bodrum Konsoloslu\u011fu&#8217;na ba\u015fvurularak yap\u0131labilir. Ba\u015fvuru i\u00e7in gerekli belgeler a\u015fa\u011f\u0131daki gibidir:<\/span><\/p>\n<ul>\n<li><span style=\"font-family: Roboto; font-size: 14px;\">Vize ba\u015fvuru formu Bel\u00e7ika Bodrum Konsoloslu\u011fu&#8217;nun internet sitesinden indirilebilir ve doldurulabilir.<\/span><\/li>\n<li><span style=\"font-family: Roboto; font-size: 14px;\">Vize ba\u015fvurusu yaparken, pasaportunuzun ge\u00e7erlilik s\u00fcresinin vizenizin ge\u00e7erlilik s\u00fcresinden daha uzun olmas\u0131 gerekir. Pasaportunuzda yeterli 2 bo\u015f sayfa bulunmal\u0131d\u0131r.<\/span><\/li>\n<li><span style=\"font-family: Roboto; font-size: 14px;\">Bel\u00e7ika Bodrum Konsoloslu\u011fu&#8217;na ba\u015fvuru yaparken, seyahat plan\u0131n\u0131z\u0131 da bildirmeniz gerekir. Bu, seyahat etme amac\u0131n\u0131z\u0131, planlad\u0131\u011f\u0131n\u0131z ziyaret s\u00fcresini ve bekledi\u011finiz konaklama yerini belirtmeniz gereken bir belgedir.<\/span><\/li>\n<li><span style=\"font-family: Roboto; font-size: 14px;\">Ba\u015fvuru s\u0131ras\u0131nda, n\u00fcfus c\u00fczdan\u0131 fotokopinizi de teslim etmeniz gerekir.<\/span><\/li>\n<\/ul>\n<ul>\n<li><span style=\"font-family: Roboto; font-size: 14px;\">Bel\u00e7ika Bodrum Konsoloslu\u011fu&#8217;na vize ba\u015fvurusu i\u00e7in \u00f6nceden randevu alman\u0131z gerekir. Bu randevuyu Bel\u00e7ika Bodrum Konsoloslu\u011fu&#8217;nun internet sitesinden veya telefonla alabilirsiniz.<\/span><\/li>\n<li><span style=\"font-family: Roboto; font-size: 14px;\">Vize ba\u015fvurusu yaparken, Bel\u00e7ika Bodrum Konsoloslu\u011fu taraf\u0131ndan belirlenen vize \u00fccretini \u00f6demek<\/span><\/li>\n<\/ul>\n<h3><strong><span style=\"font-family: Roboto; font-size: 24px;\">Bel\u00e7ika Bodrum Konsoloslu\u011fu \u0130leti\u015fim Bilgileri<\/span><\/strong><\/h3>\n<p><span style=\"font-family: Roboto; font-size: 14px;\">Bel\u00e7ika Bodrum Konsoloslu\u011fu Bel\u00e7ika \u00fclkesinin T\u00fcrkiye\u2019de bulunan resmi temsilciliklerinden biridir. Bel\u00e7ika Bodrum konsoloslu\u011fu T\u00fcrk vatanda\u015flar\u0131na Bel\u00e7ika seyahatlerinde istenen vize ba\u015fvurular\u0131nda yard\u0131mc\u0131 olur. Bir\u00e7ok T\u00fcrk vatanda\u015flar\u0131\u00a0<strong>Bel\u00e7ika Bodrum Konsoloslu\u011fu<\/strong>\u00a0<strong>ileti\u015fim bilgilerini\u00a0<\/strong>sormaktad\u0131rlar. Bel\u00e7ika bodrum Konsoloslu\u011fu ileti\u015fim bilgileri \u015funlard\u0131r. \u00d6nderhan Beach Club Ortakent Mahallesi, Hurma Sokak, Numara: 35\/A, 48420, Ortakent\/Bodrum\/Mu\u011fla\u2019d\u0131r. Telefon numaras\u0131 0 252 348 37 29 olmaktad\u0131r. Faks numaras\u0131 ise 0 252 348 37 30\u2019dur. Bel\u00e7ika\u2019n\u0131n Bodrum Fahri Konsoloslu\u011fu, Bel\u00e7ika vatanda\u015flar\u0131na pasaport veya vize i\u015flemleri, hakk\u0131nda yard\u0131mc\u0131 olmaktad\u0131r. Ayr\u0131ca, Bel\u00e7ika vatanda\u015flar\u0131n\u0131n T\u00fcrkiye&#8217;de ya\u015fad\u0131klar\u0131 s\u0131k\u0131nt\u0131lar\u0131 \u00e7\u00f6zmek i\u00e7in de yard\u0131mc\u0131 olabilmektedir. Bel\u00e7ika ve T\u00fcrkiye ile ticari i\u015fbirli\u011fini te\u015fvik etmektedir. Bel\u00e7ika Bodrum Konsoloslu\u011fu hafta i\u00e7i 09.00 ile 17.30 aras\u0131nda hizmetlerine devam etmektedir. Bel\u00e7ika ve T\u00fcrkiye resmi tatil g\u00fcnlerinde hizmetlerini vermez. Bel\u00e7ika Bodrum Konsoloslu\u011fu\u2019nun diplomatik bir yetkisi yoktur. B\u00fct\u00fcn yetkiler Bel\u00e7ika b\u00fcy\u00fckel\u00e7ili\u011fi ve Bel\u00e7ika Ba\u015fkonsoloslu\u011fu\u2019nda olmaktad\u0131r.<\/span><\/p>\n","protected":false},"excerpt":{"rendered":"<p>Bel\u00e7ika Bodrum Konsolosu Kimdir? Bel\u00e7ika\u2019n\u0131n T\u00fcrkiye\u2019de bulunan temsilciliklerinden birisi, Bel\u00e7ika Bodrum Fahri Konsoloslu\u011fu\u2019dur. Bel\u00e7ika Bodrum Fahri Konsoloslu\u011fu\u2019nun y\u00f6neticisi ise Bel\u00e7ika bodurum Fahri Konsolosu\u2019dur. Bu yaz\u0131da Bel\u00e7ika Bodrum Fahri Konsolosu hakk\u0131nda bilgi verilmi\u015ftir. Bel\u00e7ika Bodrum Fahri Konsolosunun kim oldu\u011fu hakk\u0131nda bir bilgi bulunmamaktad\u0131r. Ancak Bel\u00e7ika Bodrum Fahri Konsolosu diplomatik bir temsilcilik olmad\u0131\u011f\u0131ndan olay\u0131 Bel\u00e7ika vatanda\u015f\u0131 olmas\u0131<\/p>\n","protected":false},"author":1,"featured_media":0,"parent":69,"menu_order":0,"comment_status":"open","ping_status":"closed","template":"","meta":[],"yoast_head":"<!-- This site is optimized with the Yoast SEO plugin v16.4 - https:\/\/yoast.com\/wordpress\/plugins\/seo\/ -->\n<title>Bel\u00e7ika Bodrum Konsoloslu\u011fu Vize \u0130\u015flemleri - MyVize<\/title>\n<meta name=\"description\" content=\"Bel\u00e7ika Bodrum Fahri Konsoloslu\u011fu Vize \u0130\u015flemleri Nelerdir? Bel\u00e7ika Bodrum Fahri Konsoloslu\u011fu Nerededir? Bilgi \u0130\u00e7in Aray\u0131n: 0850 346 84 93\" \/>\n<meta name=\"robots\" content=\"index, follow, max-snippet:-1, max-image-preview:large, max-video-preview:-1\" \/>\n<link rel=\"canonical\" href=\"https:\/\/www.myvize.com.tr\/belcika\/konsolosluklar\/belcika-fahri-konsoloslugu-bodrum\/\" \/>\n<meta property=\"og:locale\" content=\"tr_TR\" \/>\n<meta property=\"og:type\" content=\"article\" \/>\n<meta property=\"og:title\" content=\"Bel\u00e7ika Bodrum Konsoloslu\u011fu Vize \u0130\u015flemleri - MyVize\" \/>\n<meta property=\"og:description\" content=\"Bel\u00e7ika Bodrum Fahri Konsoloslu\u011fu Vize \u0130\u015flemleri Nelerdir? Bel\u00e7ika Bodrum Fahri Konsoloslu\u011fu Nerededir? Bilgi \u0130\u00e7in Aray\u0131n: 0850 346 84 93\" \/>\n<meta property=\"og:url\" content=\"https:\/\/www.myvize.com.tr\/belcika\/konsolosluklar\/belcika-fahri-konsoloslugu-bodrum\/\" \/>\n<meta property=\"og:site_name\" content=\"Bel\u00e7ika Vizesi\" \/>\n<meta property=\"article:modified_time\" content=\"2022-12-20T18:44:27+00:00\" \/>\n<meta property=\"og:image\" content=\"https:\/\/www.myvize.com.tr\/belcika\/wp-content\/uploads\/2021\/10\/33.jpg\" \/>\n<meta name=\"twitter:card\" content=\"summary_large_image\" \/>\n<meta name=\"twitter:label1\" content=\"Tahmini okuma s\u00fcresi\" \/>\n\t<meta name=\"twitter:data1\" content=\"5 dakika\" \/>\n<script type=\"application\/ld+json\" class=\"yoast-schema-graph\">{\"@context\":\"https:\/\/schema.org\",\"@graph\":[{\"@type\":\"WebSite\",\"@id\":\"https:\/\/www.myvize.com.tr\/belcika\/#website\",\"url\":\"https:\/\/www.myvize.com.tr\/belcika\/\",\"name\":\"Bel\\u00e7ika Vizesi\",\"description\":\"\",\"potentialAction\":[{\"@type\":\"SearchAction\",\"target\":\"https:\/\/www.myvize.com.tr\/belcika\/?s={search_term_string}\",\"query-input\":\"required name=search_term_string\"}],\"inLanguage\":\"tr\"},{\"@type\":\"ImageObject\",\"@id\":\"https:\/\/www.myvize.com.tr\/belcika\/konsolosluklar\/belcika-fahri-konsoloslugu-bodrum\/#primaryimage\",\"inLanguage\":\"tr\",\"url\":\"https:\/\/www.myvize.com.tr\/belcika\/wp-content\/uploads\/2021\/10\/33.jpg\",\"contentUrl\":\"https:\/\/www.myvize.com.tr\/belcika\/wp-content\/uploads\/2021\/10\/33.jpg\",\"width\":800,\"height\":500,\"caption\":\"Bel\\u00e7ika Fahri Konsoloslu\\u011fu Bodrum\"},{\"@type\":\"WebPage\",\"@id\":\"https:\/\/www.myvize.com.tr\/belcika\/konsolosluklar\/belcika-fahri-konsoloslugu-bodrum\/#webpage\",\"url\":\"https:\/\/www.myvize.com.tr\/belcika\/konsolosluklar\/belcika-fahri-konsoloslugu-bodrum\/\",\"name\":\"Bel\\u00e7ika Bodrum Konsoloslu\\u011fu Vize \\u0130\\u015flemleri - MyVize\",\"isPartOf\":{\"@id\":\"https:\/\/www.myvize.com.tr\/belcika\/#website\"},\"primaryImageOfPage\":{\"@id\":\"https:\/\/www.myvize.com.tr\/belcika\/konsolosluklar\/belcika-fahri-konsoloslugu-bodrum\/#primaryimage\"},\"datePublished\":\"2021-02-01T12:23:21+00:00\",\"dateModified\":\"2022-12-20T18:44:27+00:00\",\"description\":\"Bel\\u00e7ika Bodrum Fahri Konsoloslu\\u011fu Vize \\u0130\\u015flemleri Nelerdir? Bel\\u00e7ika Bodrum Fahri Konsoloslu\\u011fu Nerededir? Bilgi \\u0130\\u00e7in Aray\\u0131n: 0850 346 84 93\",\"breadcrumb\":{\"@id\":\"https:\/\/www.myvize.com.tr\/belcika\/konsolosluklar\/belcika-fahri-konsoloslugu-bodrum\/#breadcrumb\"},\"inLanguage\":\"tr\",\"potentialAction\":[{\"@type\":\"ReadAction\",\"target\":[\"https:\/\/www.myvize.com.tr\/belcika\/konsolosluklar\/belcika-fahri-konsoloslugu-bodrum\/\"]}]},{\"@type\":\"BreadcrumbList\",\"@id\":\"https:\/\/www.myvize.com.tr\/belcika\/konsolosluklar\/belcika-fahri-konsoloslugu-bodrum\/#breadcrumb\",\"itemListElement\":[{\"@type\":\"ListItem\",\"position\":1,\"item\":{\"@type\":\"WebPage\",\"@id\":\"https:\/\/www.myvize.com.tr\/belcika\/\",\"url\":\"https:\/\/www.myvize.com.tr\/belcika\/\",\"name\":\"Home\"}},{\"@type\":\"ListItem\",\"position\":2,\"item\":{\"@type\":\"WebPage\",\"@id\":\"https:\/\/www.myvize.com.tr\/belcika\/konsolosluklar\/\",\"url\":\"https:\/\/www.myvize.com.tr\/belcika\/konsolosluklar\/\",\"name\":\"KONSOLOSLUKLAR\"}},{\"@type\":\"ListItem\",\"position\":3,\"item\":{\"@id\":\"https:\/\/www.myvize.com.tr\/belcika\/konsolosluklar\/belcika-fahri-konsoloslugu-bodrum\/#webpage\"}}]}]}<\/script>\n<!-- \/ Yoast SEO plugin. -->","_links":{"self":[{"href":"https:\/\/www.myvize.com.tr\/belcika\/wp-json\/wp\/v2\/pages\/338"}],"collection":[{"href":"https:\/\/www.myvize.com.tr\/belcika\/wp-json\/wp\/v2\/pages"}],"about":[{"href":"https:\/\/www.myvize.com.tr\/belcika\/wp-json\/wp\/v2\/types\/page"}],"author":[{"embeddable":true,"href":"https:\/\/www.myvize.com.tr\/belcika\/wp-json\/wp\/v2\/users\/1"}],"replies":[{"embeddable":true,"href":"https:\/\/www.myvize.com.tr\/belcika\/wp-json\/wp\/v2\/comments?post=338"}],"version-history":[{"count":7,"href":"https:\/\/www.myvize.com.tr\/belcika\/wp-json\/wp\/v2\/pages\/338\/revisions"}],"predecessor-version":[{"id":989,"href":"https:\/\/www.myvize.com.tr\/belcika\/wp-json\/wp\/v2\/pages\/338\/revisions\/989"}],"up":[{"embeddable":true,"href":"https:\/\/www.myvize.com.tr\/belcika\/wp-json\/wp\/v2\/pages\/69"}],"wp:attachment":[{"href":"https:\/\/www.myvize.com.tr\/belcika\/wp-json\/wp\/v2\/media?parent=338"}],"curies":[{"name":"wp","href":"https:\/\/api.w.org\/{rel}","templated":true}]}}