{"id":571,"date":"2021-08-06T12:29:36","date_gmt":"2021-08-06T09:29:36","guid":{"rendered":"https:\/\/www.myvize.com.tr\/belcika\/?page_id=571"},"modified":"2022-07-29T11:15:19","modified_gmt":"2022-07-29T08:15:19","slug":"belcika-vize-randevusu","status":"publish","type":"page","link":"https:\/\/www.myvize.com.tr\/belcika\/vize-islemleri\/belcika-vize-randevusu\/","title":{"rendered":"Bel\u00e7ika Vize Randevusu"},"content":{"rendered":"<p><span style=\"font-family: Roboto; font-size: 14px;\"><strong>Bel\u00e7ika vizesi<\/strong> randevular\u0131, Bel\u00e7ika B\u00fcy\u00fckel\u00e7ili\u011fi ve<span style=\"color: #2acec2;\"><a style=\"color: #2acec2;\" href=\"https:\/\/www.myvize.com.tr\/belcika\/konsolosluklar\/belcika-baskonsoloslugu-istanbul\/\" target=\"_blank\" rel=\"noopener\"> <strong>Bel\u00e7ika Ba\u015fkonsoloslu\u011fu \u0130stanbul<\/strong><\/a> <\/span>taraf\u0131ndan y\u00fcr\u00fct\u00fclmektedir. Bel\u00e7ika B\u00fcy\u00fckel\u00e7ili\u011fi, Bel\u00e7ika vize i\u015flemleri i\u00e7in hafta i\u00e7i her g\u00fcn 08:30 ile 14:30 saatleri aras\u0131nda hizmet vermektedir. <strong>Bel\u00e7ika vizesi<\/strong>\u00a0i\u00e7in ilk kez ba\u015fvuracak olanlar, Bel\u00e7ika vize randevusu almak i\u00e7in Bel\u00e7ika konsoloslu\u011funun resmi web sitesinde yer alan vize i\u015flemleri b\u00f6l\u00fcm\u00fcndeki randevu k\u0131sm\u0131ndan i\u015flemlerini ger\u00e7ekle\u015ftirebilirler.\u00a0<strong>Bel\u00e7ika vize randevusu<\/strong>\u00a0i\u015flemini tamamlamak i\u00e7in sayfada kar\u015f\u0131n\u0131za gelecek olan formun eksiksizce doldurulmas\u0131 gerekmektedir. Bel\u00e7ika konsoloslu\u011funun yo\u011funluk durumuna g\u00f6re sistem taraf\u0131ndan 5 ile 15 g\u00fcn sonras\u0131na randevu al\u0131nabilmektedir.\u00a0<strong>Bel\u00e7ika vize<\/strong>\u00a0i\u015flemlerinin sorunsuzca ger\u00e7ekle\u015ftirilebilmesi i\u00e7in Bel\u00e7ika\u2019ya seyahat tarihinden en az 30 g\u00fcn \u00f6nce randevu al\u0131nmas\u0131 \u00f6nerilmektedir. Bel\u00e7ika vize randevu i\u015flemleri, <strong>Bel\u00e7ika vize randevu<\/strong> \u00fccretinin yat\u0131r\u0131lmas\u0131ndan sonra tamamlanmaktad\u0131r.<\/span><\/p>\n<h2><span style=\"font-family: Roboto; font-size: 27px;\">Bel\u00e7ika Vizesi Randevu<\/span><\/h2>\n<p><span style=\"font-family: Roboto; font-size: 14px;\"><strong>Bel\u00e7ika vize randevusu,<\/strong> vize alabilmenizdeki birinci ad\u0131m olabilmektedir. Randevusuz bir \u015fekilde vize alman\u0131z m\u00fcmk\u00fcn de\u011fildir. Randevu alabilmeniz i\u00e7in \u00e7e\u015fitli y\u00f6ntemler sunulmu\u015ftur. Vize randevusu almak i\u00e7in \u00f6ncelikle vize i\u00e7in istenen evraklar\u0131 tamamlamal\u0131s\u0131n\u0131z.<\/span><\/p>\n<p><span style=\"font-family: Roboto; font-size: 14px;\">Vize alaca\u011f\u0131n\u0131z zaman sizlerden haz\u0131rlaman\u0131z beklenen belgeler vize t\u00fcrlerine g\u00f6re de\u011fi\u015fiklik g\u00f6sterece\u011finden dolay\u0131 detayl\u0131 bilgiyi konsolosluklardan alabilirsiniz. Vize i\u00e7in randevu ald\u0131ktan sonra evraklar\u0131n\u0131z eksiksiz bir \u015fekilde randevu saatinizden \u00f6nce konsoloslukta bulunman\u0131z gerekir. E\u011fer ki randevuya gidemeyecekseniz tarihini de\u011fi\u015ftirebilir, ya da randevunuzu iptal ettirebilirsiniz.<\/span><\/p>\n<p><span style=\"font-family: Roboto; font-size: 14px;\"><strong>Bel\u00e7ika Konsolosluklar\u0131 vizesi<\/strong> ba\u015fvuru merkezlerine, <strong>Bel\u00e7ika Schengen Vizesi<\/strong> i\u015flemi ba\u015fvurusu randevu al\u0131narak yap\u0131lmakta.<strong> Bel\u00e7ika Konsoloslu\u011fu<\/strong> vize ba\u015fvuru merkezi al\u0131nacak randevunun internet \u00fczerinden online randevu sistemleri veya \u00e7a\u011fr\u0131 merkezi arac\u0131l\u0131\u011f\u0131yla vize m\u00fcracat \u00f6ncesinde al\u0131nmas\u0131 gerekmektedir. Bel\u00e7ika vize ba\u015fvurusu i\u00e7in randevu alma i\u015flemi hafta i\u00e7i her g\u00fcn\u00fc Pazartesi-Cuma Saatleri aras\u0131nda: 08:30-12: 00 ve 13:00-14:30 aras\u0131 ger\u00e7ekle\u015ftirilemekte.<\/span><br \/>\n<span style=\"font-family: Roboto; font-size: 14px;\">Vize ba\u015fvurusu yapacak ki\u015filer ilk \u00f6nce internet de ilgili vize t\u00fcr\u00fcn\u00fcn randevusunda bulunmak durumundad\u0131rlar. Vize ba\u015fvurusu yapacak ki\u015fi randevu g\u00fcn\u00fc ikamet etti\u011fi \u015fehirde Bel\u00e7ika konsoloslu\u011funa gitmesi gerekmekte.\u00a0<\/span><br \/>\n<span style=\"font-family: Roboto; font-size: 14px;\"><strong>Bel\u00e7ika vize randevusu<\/strong>, vize ba\u015fvuru merkezlerinden al\u0131nmakta olarak, e\u011fer ba\u015fvuru sahibinde \u00f6nceki Schengen vizesinde VIS\u2019li de\u011fil ise ba\u015fvuruya \u015fahsen gelinmesi durumunda. <strong>Bel\u00e7ika vizesi randevusu<\/strong> parmak izini ibraz ile gerekli belgeler sunumu i\u00e7erir. Randevu m\u00fclakat sekili de\u011fildir ancak Bel\u00e7ika Konsolosluklar\u0131n\u0131n gerekli g\u00f6rd\u00fc\u011f\u00fc durumda ba\u015fvuru sahipleri m\u00fclakata \u00e7a\u011fr\u0131labilmektedir. Buna ek Bel\u00e7ika da vize sonucu a\u00e7\u0131klamas\u0131 da randevu tarih olarak baz al\u0131n\u0131r. Randevu tarihinde itibaren ortalama 7 ile 14 i\u015f g\u00fcn i\u00e7inde vize sonu\u00e7lar\u0131 a\u00e7\u0131klanmaktad\u0131r.<\/span><\/p>\n<h2><strong><span style=\"font-family: Roboto; font-size: 27px;\">Bel\u00e7ika Vize Randevular\u0131 Ne Zaman A\u00e7\u0131lacak?<\/span><\/strong><\/h2>\n<p><span style=\"font-family: Roboto; font-size: 14px;\"><strong>Bel\u00e7ika vize randevular\u0131<\/strong> \u015fu an a\u00e7\u0131kt\u0131r. Bu sebeple de t\u00fcm evraklar\u0131n\u0131z\u0131 tamamlad\u0131ktan sonra diledi\u011finiz zaman vize i\u00e7in randevu alabilirsiniz. Olas\u0131 bir durum s\u00f6z konusu oldu\u011funda ve randevular\u0131n kapan\u0131p kapanmad\u0131\u011f\u0131n\u0131 g\u00fcncel bir \u015fekilde \u00f6\u011frenmek istiyorsan\u0131z da konsolosluklara gidebilir, internet \u00fczerinden konsoloslu\u011fun sitesinden bilgi alabilirsiniz. Ya da direkt olarak \u00e7a\u011fr\u0131 merkezlerini arayarak en do\u011fru bilgiyi alabilirsiniz.<\/span><\/p>\n<h2><span style=\"font-family: Roboto; font-size: 27px;\"><strong>Bel\u00e7ika Vize Randevusu Veriyor mu?<\/strong><\/span><\/h2>\n<p><span style=\"font-family: Roboto; font-size: 14px;\"><strong>Bel\u00e7ika vize randevusu veriyor mu<\/strong> sorusunu s\u0131k duyar hale geldik. Bu y\u00fczden de sizlerin merak\u0131n\u0131 tamamen gidermek ad\u0131na bu soruyu cevaplamak istedik. Bel\u00e7ika\u2019ya gitmek isteyen T\u00fcrkiye Cumhuriyeti vatanda\u015flar\u0131 mutlaka vize almal\u0131d\u0131r ve evet <strong>Bel\u00e7ika vize randevusu<\/strong> verecektir. \u015eayet siz de bu vizeyi alacaksan\u0131z ilk olarak Bel\u00e7ika vizesi randevunuzu aktif bir bi\u00e7imde olabilecek en yak\u0131n tarihe planlayarak varsa buna uygun bir randevuyu mutlaka almal\u0131s\u0131n\u0131z. Size verilen g\u00fcn ve saatte orada haz\u0131r bulunman\u0131z ise en \u00f6nemlisi! Sizden bir\u00e7ok evrak talep edilecek. T\u00fcm bu evraklar\u0131n son derece do\u011fru bilgiler sundu\u011fundan da kesinlikle emin olman\u0131z beklenecektir. Herhangi bir yanl\u0131\u015f bilgi sunumu bile sizin vize reddi durumu ile ba\u015f ba\u015fa kalman\u0131za sebep olabilir. O y\u00fczden temkinli ad\u0131mlarla ilerlemek en mant\u0131kl\u0131 se\u00e7eneklerden biri olur. Bu \u015fekilde vize alma \u015fans\u0131n\u0131z daha da artar.<\/span><\/p>\n<h2><span style=\"font-family: Roboto; font-size: 27px;\"><strong>Bel\u00e7ika Vize Randevusu Nas\u0131l Al\u0131n\u0131r 2022?<\/strong><\/span><\/h2>\n<p><span style=\"font-family: Roboto; font-size: 14px;\"><strong>Bel\u00e7ika vize randevusu nas\u0131l al\u0131n\u0131r sorusunu<\/strong> yan\u0131tl\u0131yoruz. Bel\u00e7ika\u2019ya gitmek i\u00e7in vize alman\u0131z gerekir. Vizeyi almak i\u00e7in de \u00f6ncelikle bir randevu olu\u015fturman\u0131z laz\u0131md\u0131r. Bu randevuyu online sistem \u00fczerinden rahatl\u0131kla alabilirsiniz. E\u011fer bunun i\u00e7in vaktiniz yoksa vize ba\u015fvuru merkezi sizin yerinize vize ba\u015fvurusu randevunuzu k\u0131sa s\u00fcre i\u00e7erisinde tamamen sizin ad\u0131n\u0131za olacak bir \u015fekilde alabilir. B\u00f6ylece vize alma konusundaki ilk ad\u0131m\u0131n\u0131z\u0131 olduk\u00e7a ba\u015far\u0131l\u0131 bir bi\u00e7imde sonuca do\u011fru g\u00f6t\u00fcrm\u00fc\u015f olursunuz. Bel\u00e7ika vize randevunuzu iptal etmek isterseniz de bu i\u015flemi randevu g\u00fcn\u00fcnden 3 g\u00fcn evvel yapman\u0131z gerekti\u011fini bilmelisiniz. Son g\u00fcn ya da son saatlerde hi\u00e7bir zaman vize randevusu iptal i\u015flemini ger\u00e7ekle\u015ftiremezsiniz. Ayr\u0131ca \u00f6demi\u015f oldu\u011funuz har\u00e7 paras\u0131 da hesab\u0131n\u0131za hi\u00e7bir \u015fekilde iade edilemeyecektir. O nedenle tam g\u00fcn\u00fc ve saatinde randevu tarihinize uyunuz. Bu \u015fekilde daha i\u015flevsel ve konforlu bir vize ba\u015fvuru s\u00fcreci ge\u00e7irmi\u015f olursunuz.<\/span><\/p>\n<h2><span style=\"font-family: Roboto; font-size: 27px;\"><strong>Bel\u00e7ika Vize Randevusu Nas\u0131l Al\u0131n\u0131r?<\/strong><\/span><\/h2>\n<p><span style=\"font-family: Roboto; font-size: 14px;\"><strong>Bel\u00e7ika vize randevusu<\/strong>, Bel\u00e7ika B\u00fcy\u00fckel\u00e7ili\u011finin internet sitesinden online olarak yap\u0131lmaktad\u0131r. Ancak Bel\u00e7ika vize randevusunda bulunacak ki\u015filer, Bel\u00e7ika konsoloslu\u011funun yetki verdi\u011fi vize ba\u015fvuru merkezlerini telefonla arayarak da yapabilirler. Bel\u00e7ika vize ba\u015fvurular\u0131, ilk kez ba\u015fvuru yapacaklar i\u00e7in,\u00a0<strong>Bel\u00e7ika vize randevusu<\/strong>\u00a0olmadan kesinlikle kabul edilmemektedir. Daha \u00f6nce son 5 y\u0131l i\u00e7inde Bel\u00e7ika\u2019dan vize alan ki\u015filerin \u015fahsen randevu almalar\u0131na gerek yoktur. Daha \u00f6nce\u00a0<strong>Bel\u00e7ika vizesi<\/strong>\u00a0alm\u0131\u015f olan bu ki\u015filer, arac\u0131 kurumlara vek\u00e2let vererek randevu i\u015flemlerini tamamlayabilirler. Bel\u00e7ika vize randevusu \u00fccreti yat\u0131r\u0131ld\u0131ktan sonra gerekli belge ve evraklar eksiksizce haz\u0131rlanmal\u0131d\u0131r. Bel\u00e7ika konsoloslu\u011funun istedi\u011fi t\u00fcm evraklarla randevu g\u00fcn\u00fc tam zaman\u0131nda randevu merkezinde olman\u0131z gerekmektedir. Evraklar\u0131n\u0131z\u0131 teslim ettikten sonra\u00a0<strong>Bel\u00e7ika vize<\/strong> ba\u015fvuru i\u015fleminiz tamamlanmaktad\u0131r.<\/span><\/p>\n<div style=\"width: 810px\" class=\"wp-caption aligncenter\"><img loading=\"lazy\" src=\"https:\/\/www.myvize.com.tr\/belcika\/wp-content\/uploads\/2021\/09\/29.jpg\" alt=\"bel\u00e7ika vize randevusu\" width=\"800\" height=\"500\" \/><p class=\"wp-caption-text\">Bel\u00e7ika vize randevusu nas\u0131l al\u0131n\u0131r?<\/p><\/div>\n<h3><span style=\"font-family: Roboto; font-size: 24px;\">Bel\u00e7ika Vize Randevusu Almak \u0130\u00e7in Neler Yap\u0131l\u0131r?<\/span><\/h3>\n<p><span style=\"font-family: Roboto; font-size: 14px;\"><strong>Bel\u00e7ika vize<\/strong> randevusu alabilmek i\u00e7in ba\u015fvuru merkezlerine gitmeniz gerekmektedir. Bel\u00e7ika vizesi alabilmek i\u00e7in randevu \u015fartt\u0131r. Bel\u00e7ika konsoloslu\u011funa giderek<span style=\"color: #2acec2;\"><a style=\"color: #2acec2;\" href=\"https:\/\/www.myvize.com.tr\/belcika\/vize-islemleri\/belcika-schengen-vizesi\/\" target=\"_blank\" rel=\"noopener\"><strong> Bel\u00e7ika Schengen vizesi<\/strong><\/a> <\/span>almak i\u00e7in \u00f6n randevunuzu olu\u015fturabilirsiniz. Vize randevusu almak i\u00e7in \u00f6ncelikle gerekli evraklar\u0131 tamamlaman\u0131z gerekir.<\/span><\/p>\n<p><span style=\"font-family: Roboto; font-size: 14px;\">Vize randevusu i\u00e7in vize ba\u015fvuru merkezlerine gidebilirsiniz. E\u011fer ki evden randevu i\u015flemini halletmek istiyorsan\u0131z da \u00e7a\u011fr\u0131 merkezi \u00fczerinden ya da internet \u00fczerinden online bir \u015fekilde randevu alma i\u015fleminizi ger\u00e7ekle\u015ftirebilirsiniz. Randevu alma i\u015flemlerinizi hafta i\u00e7i 08.30-12 ve 13-14.30 aras\u0131nda ger\u00e7ekle\u015ftirebilirsiniz.<\/span><\/p>\n<h3><span style=\"font-family: Roboto; font-size: 24px;\"><strong>Bel\u00e7ika Vize Randevusu Nereden Al\u0131n\u0131r?<\/strong><\/span><\/h3>\n<p><span style=\"font-family: Roboto; font-size: 14px;\">Bel\u00e7ika vize randevusu nereden al\u0131n\u0131r sorusunun yan\u0131t\u0131 \u00e7ok a\u00e7\u0131kt\u0131r: Online olarak internetten resmi web sitelerinden bu randevuyu alabilirsiniz. \u015eayet dilerseniz konsolosluk ya da b\u00fcy\u00fckel\u00e7ili\u011fe telefon a\u00e7arak da size ve kuruma en uygun g\u00fcne do\u011frudan randevu olu\u015fturabilirsiniz. <strong>Bel\u00e7ika vize<\/strong> randevunuzu net bir bi\u00e7imde ald\u0131ktan sonra ise vize alma s\u00fcrecinizin resmi olarak ba\u015flam\u0131\u015f oldu\u011funu bilmeniz gerekecektir. Bu s\u00fcre\u00e7 boyunca sizden sizi tan\u0131tan, mesle\u011finizi \u00f6zetleyen \u00e7e\u015fitli evraklar talep edilecektir. Kurumun sizi daha iyi tan\u0131y\u0131p vize vermesi a\u00e7\u0131s\u0131ndan t\u00fcm bu belgeleri eksiksiz halde olu\u015fturman\u0131z beklenir. Bu \u015fekilde kendinizi daha konforlu bir s\u00fcrecin i\u00e7erisinde bulmu\u015f olursunuz. Bel\u00e7ika vize randevunuza gitmeyecekseniz \u015fayet, mutlaka iptal etmelisiniz. \u0130ptal etmezseniz de randevu son dakika kendi kendine iptal edilecektir. Fakat bir sonraki ba\u015fvurunuzda bu ge\u00e7 kalma durumu orada g\u00f6r\u00fcnecektir. Bu y\u00fczden siz ne olursa olsun ilkte gitmeyi hedefleyin.<\/span><\/p>\n<h3><span style=\"font-family: Roboto; font-size: 24px;\"><strong>Bel\u00e7ika Vize Randevusuna Gecikirsem&#8230;<\/strong><\/span><\/h3>\n<p><span style=\"font-family: Roboto; font-size: 14px;\">Bel\u00e7ika vize randevusuna gecikirsem ne olur sorusunu s\u00fcrekli halde duyar olduk. Sizlere bu sorunun da detayl\u0131 olan bir yan\u0131t\u0131n\u0131 en net ayr\u0131nt\u0131lar\u0131yla vermek i\u00e7in buraday\u0131z. Bir \u015fey oldu ve Bel\u00e7ika vize randevunuza gecikmek zorunda kald\u0131n\u0131z. A\u00e7\u0131k\u00e7as\u0131 bu gecikme hali be\u015f dakikay\u0131 ge\u00e7miyorsa hi\u00e7bir sorun olmaz. Do\u011frudan randevunuza gelerek i\u015flemlerinizi tamamlayabilirsiniz. Fakat be\u015f dakikay\u0131 ge\u00e7en t\u00fcm Bel\u00e7ika randevusu gecikmelerinde randevunuz kurum taraf\u0131ndan iptal edilir ve sizden sonraki ki\u015fiye ge\u00e7ilir. Ondan dolay\u0131 her daim evinizden vakitli bir \u015fekilde \u00e7\u0131karak Bel\u00e7ika vize randevunuza yeti\u015fmelisiniz. Trafik durumu, \u00e7\u0131kma saatiniz ve daha bir\u00e7ok ayr\u0131nt\u0131y\u0131 g\u00f6z \u00f6n\u00fcnde bulundurarak kuruma gitmelisiniz. Sadece bu \u015fekilde sorunsuz bir s\u00fcre\u00e7 ge\u00e7irirsiniz. Bel\u00e7ika vize randevusu yo\u011funlu\u011fa g\u00f6re bulunan bir randevudur ve \u00e7o\u011fu zaman kurum yo\u011fun bir bi\u00e7imde \u00e7al\u0131\u015f\u0131r. Bu y\u00fczden de ilk randevunuza gitmeniz gerekti\u011fi kan\u0131s\u0131nday\u0131z.<\/span><\/p>\n<h3><span style=\"font-family: Roboto; font-size: 24px;\">Bel\u00e7ika Vize Randevusu Ka\u00e7 G\u00fcn Sonraya Veriliyor?<\/span><\/h3>\n<p><span style=\"font-family: Roboto; font-size: 14px;\"><strong>Bel\u00e7ika vize randevusu<\/strong> ka\u00e7 g\u00fcn sonraya veriliyor sorusu i\u00e7in net bir cevap verilememektedir. Bu sorunun cevaplar\u0131 yo\u011funlu\u011fa g\u00f6r de\u011fi\u015fiklik g\u00f6stermektedir. E\u011fer ki \u00e7ok say\u0131da vize almak i\u00e7in randevu ba\u015fvurusu geliyorsa sizin alaca\u011f\u0131n\u0131z randevular\u0131n daha ileri bir tarihte olmas\u0131 m\u00fcmk\u00fcnd\u00fcr.<\/span><\/p>\n<p><span style=\"font-family: Roboto; font-size: 14px;\">Genellikle verilecek olan <strong>vize randevular\u0131<\/strong> \u00e7ok fazla uzamamaktad\u0131r. Bu sayede de insanlar basit bir \u015fekilde h\u0131zl\u0131ca en yak\u0131n g\u00fcne verilen randevularla vizelerini alabilmektedir. Vize randevusu sonras\u0131nda sonu\u00e7lar da ortalama 1 ya da 2 hafta sonra verilmektedir.<\/span><\/p>\n<h3><span style=\"font-family: Roboto; font-size: 24px;\">Bel\u00e7ika Vize Randevu Tarihi De\u011fi\u015ftirme Nas\u0131l Yap\u0131l\u0131r?<\/span><\/h3>\n<p><span style=\"font-family: Roboto; font-size: 14px;\"><strong>Bel\u00e7ika vize randevusu<\/strong> tarihi de\u011fi\u015ftirme nas\u0131l yap\u0131l\u0131r diye soruyorsan\u0131z e\u011fer cevaplar\u0131 \u00e7ok basittir. Herhangi bir sebep dolay\u0131s\u0131 ile e\u011fer ki randevu tarihinizde konsoloslukta bulunam\u0131yorsan\u0131z e\u011fer randevunuzun tarihi de\u011fi\u015ftirme imkan\u0131n\u0131z bulunmaktad\u0131r.<\/span><\/p>\n<p><span style=\"font-family: Roboto; font-size: 14px;\">Randevu tarihinizi de\u011fi\u015ftirmek i\u00e7in yapaca\u011f\u0131n\u0131z en basit y\u00f6ntem konsolosluk sitesi \u00fczerinden, ya da ba\u015fka yetkili bir site \u00fczerinden ald\u0131\u011f\u0131n\u0131z randevuyu yine siteye girerek tarihini de\u011fi\u015ftirmektir. Bir di\u011fer kolay y\u00f6ntem de \u00e7a\u011fr\u0131 merkezlerini arayarak randevu tarihini ertelemek istedi\u011finizi s\u00f6ylemektir.<\/span><\/p>\n<div style=\"width: 810px\" class=\"wp-caption aligncenter\"><img loading=\"lazy\" src=\"https:\/\/www.myvize.com.tr\/belcika\/wp-content\/uploads\/2021\/09\/30.jpg\" alt=\"bel\u00e7ika vize randevusu\" width=\"800\" height=\"500\" \/><p class=\"wp-caption-text\">Bel\u00e7ika vize randevu i\u015flemleri Myvize&#8217;de.<\/p><\/div>\n<h4><span style=\"font-size: 22px;\"><strong><span style=\"font-family: Roboto;\">Bel\u00e7ika Vize Randevu Sorgulama<\/span><\/strong><\/span><\/h4>\n<p><span style=\"font-family: Roboto; font-size: 14px;\"><strong>Bel\u00e7ika vize randevusu<\/strong> ald\u0131ktan sonra randevunuzun detaylar\u0131n\u0131 unutabilirsiniz. Bunun i\u00e7in de randevunuzu sorgulaman\u0131z gerekebilir. Randevu sorgulama i\u015flemlerinizi randevu ald\u0131\u011f\u0131n\u0131z \u015fekilde ger\u00e7ekle\u015ftirmeniz m\u00fcmk\u00fcnd\u00fcr. Dilerseniz internet \u00fczerinden online bir \u015fekilde randevunuzu kimlik numaran\u0131z ve randevu tarihiniz ile sorgulayabilirsiniz.<\/span><\/p>\n<p><span style=\"font-family: Roboto; font-size: 14px;\">Randevu sorgulamak i\u00e7in dilerseniz \u00e7a\u011fr\u0131 merkezlerinden yard\u0131m alabilirsiniz. Mesai saatleri i\u00e7erisinde, hafta i\u00e7i t\u00fcm g\u00fcnlerde \u00e7a\u011fr\u0131 merkezi numaras\u0131n\u0131 arayarak Bel\u00e7ika vize randevunuzu sorgulayabilirsiniz. E\u011fer ki acente \u00fczerinden randevu ald\u0131ysan\u0131z yine acentenize dan\u0131\u015farak da randevu sorgulama i\u015flemlerinizi ger\u00e7ekle\u015ftirebilirsiniz.<\/span><\/p>\n<h4><span style=\"font-family: Roboto; font-size: 22px;\">Bel\u00e7ika Vize Randevu \u00dccreti<\/span><\/h4>\n<p><span style=\"font-family: Roboto; font-size: 14px;\">Vizesiz gidilmeyen bir \u00fclke olan Bel\u00e7ika\u2019ya, vize almak i\u00e7in de randevu alman\u0131z gerekmektedir. Konsolosluklardan, \u00e7a\u011fr\u0131 merkezlerinden ya da internetten online olarak olu\u015fturaca\u011f\u0131n\u0131z vize randevular\u0131n\u0131n belirli bir \u00fccreti bulunmaktad\u0131r. Belirlenmi\u015f olan \u00fccretin bankaya yat\u0131r\u0131larak dekontunun da saklanmas\u0131 gerekmektedir.<\/span><\/p>\n<p><span style=\"font-family: Roboto; font-size: 14px;\">Bel\u00e7ika\u2019ya gidebilmeniz i\u00e7in farkl\u0131 vize \u00e7e\u015fitleri mevcuttur. Her bir vize \u00e7e\u015fidinin de farkl\u0131 \u00fccretleri vard\u0131r. Ayn\u0131 zamanda ne kadar kalaca\u011f\u0131n\u0131za ba\u011fl\u0131 olarak da <span style=\"color: #2acec2;\"><strong><a style=\"color: #2acec2;\" href=\"https:\/\/www.myvize.com.tr\/belcika\/vize-islemleri\/belcika-vize-ucreti\/\" target=\"_blank\" rel=\"noopener\">Bel\u00e7ika vize \u00fccreti<\/a><\/strong><\/span> fiyatlar\u0131 de\u011fi\u015fiklik g\u00f6sterir. Bu nedenle \u00f6deyece\u011finiz \u00fccret vize t\u00fcr\u00fcn\u00fcze ba\u011fl\u0131d\u0131r.<\/span><\/p>\n<h4><strong><span style=\"font-family: Roboto; font-size: 22px;\">Bel\u00e7ika Vize Randevu \u0130ptali<\/span><\/strong><\/h4>\n<p><span style=\"font-family: Roboto; font-size: 14px;\"><strong>Bel\u00e7ika vize randevusu<\/strong> iptali olduk\u00e7a kolayd\u0131r. E\u011fer ki randevu tarihinde konsoloslukta olamayacaksan\u0131z e\u011fer randevunuzu iptal ettirmeniz gerekir. \u0130ptal i\u015flemlerinizi ger\u00e7ekle\u015ftirmek i\u00e7in farkl\u0131 se\u00e7enekler mevcuttur. Randevu ald\u0131\u011f\u0131n\u0131z siteden online bir \u015fekilde iptal etme i\u015flemlerinizi yapabilirsiniz.<\/span><\/p>\n<p><span style=\"font-family: Roboto; font-size: 14px;\">Randevunuzu iptal ettirmek i\u00e7in yapaca\u011f\u0131n\u0131z di\u011fer bir se\u00e7enek de konsoloslu\u011fu aramak, ya da randevu i\u015flemleri i\u00e7in ilgilenen \u00e7a\u011fr\u0131 merkezi numaralar\u0131n\u0131 aramakt\u0131r. <strong>Randevu iptali<\/strong> i\u00e7in konsoloslu\u011fa da gidebilirsiniz. Ancak bu daha yorucu olaca\u011f\u0131ndan internetten ya da telefondan yapman\u0131z daha basit olacakt\u0131r.<\/span><\/p>\n","protected":false},"excerpt":{"rendered":"<p>Bel\u00e7ika vizesi randevular\u0131, Bel\u00e7ika B\u00fcy\u00fckel\u00e7ili\u011fi ve Bel\u00e7ika Ba\u015fkonsoloslu\u011fu \u0130stanbul taraf\u0131ndan y\u00fcr\u00fct\u00fclmektedir. Bel\u00e7ika B\u00fcy\u00fckel\u00e7ili\u011fi, Bel\u00e7ika vize i\u015flemleri i\u00e7in hafta i\u00e7i her g\u00fcn 08:30 ile 14:30 saatleri aras\u0131nda hizmet vermektedir. Bel\u00e7ika vizesi\u00a0i\u00e7in ilk kez ba\u015fvuracak olanlar, Bel\u00e7ika vize randevusu almak i\u00e7in Bel\u00e7ika konsoloslu\u011funun resmi web sitesinde yer alan vize i\u015flemleri b\u00f6l\u00fcm\u00fcndeki randevu k\u0131sm\u0131ndan i\u015flemlerini ger\u00e7ekle\u015ftirebilirler.\u00a0Bel\u00e7ika vize randevusu\u00a0i\u015flemini<\/p>\n","protected":false},"author":1,"featured_media":0,"parent":18,"menu_order":0,"comment_status":"open","ping_status":"closed","template":"","meta":[],"yoast_head":"<!-- This site is optimized with the Yoast SEO plugin v16.4 - https:\/\/yoast.com\/wordpress\/plugins\/seo\/ -->\n<title>Bel\u00e7ika Vize Randevusu - Bel\u00e7ika Vize \u00dccreti - MyVize<\/title>\n<meta name=\"description\" content=\"Bel\u00e7ika vize randevusu nas\u0131l al\u0131n\u0131r? Bel\u00e7ika Vizesi Randevu i\u00e7in gerekli belgeler 2022 y\u0131l\u0131 g\u00fcncel listesi hakk\u0131nda detayl\u0131 bilgiler...\" \/>\n<meta name=\"robots\" content=\"index, follow, max-snippet:-1, max-image-preview:large, max-video-preview:-1\" \/>\n<link rel=\"canonical\" href=\"https:\/\/www.myvize.com.tr\/belcika\/vize-islemleri\/belcika-vize-randevusu\/\" \/>\n<meta property=\"og:locale\" content=\"tr_TR\" \/>\n<meta property=\"og:type\" content=\"article\" \/>\n<meta property=\"og:title\" content=\"Bel\u00e7ika Vize Randevusu - Bel\u00e7ika Vize \u00dccreti - MyVize\" \/>\n<meta property=\"og:description\" content=\"Bel\u00e7ika vize randevusu nas\u0131l al\u0131n\u0131r? Bel\u00e7ika Vizesi Randevu i\u00e7in gerekli belgeler 2022 y\u0131l\u0131 g\u00fcncel listesi hakk\u0131nda detayl\u0131 bilgiler...\" \/>\n<meta property=\"og:url\" content=\"https:\/\/www.myvize.com.tr\/belcika\/vize-islemleri\/belcika-vize-randevusu\/\" \/>\n<meta property=\"og:site_name\" content=\"Bel\u00e7ika Vizesi\" \/>\n<meta property=\"article:modified_time\" content=\"2022-07-29T08:15:19+00:00\" \/>\n<meta property=\"og:image\" content=\"https:\/\/www.myvize.com.tr\/belcika\/wp-content\/uploads\/2021\/09\/29.jpg\" \/>\n<meta name=\"twitter:card\" content=\"summary_large_image\" \/>\n<meta name=\"twitter:label1\" content=\"Tahmini okuma s\u00fcresi\" \/>\n\t<meta name=\"twitter:data1\" content=\"8 dakika\" \/>\n<script type=\"application\/ld+json\" class=\"yoast-schema-graph\">{\"@context\":\"https:\/\/schema.org\",\"@graph\":[{\"@type\":\"WebSite\",\"@id\":\"https:\/\/www.myvize.com.tr\/belcika\/#website\",\"url\":\"https:\/\/www.myvize.com.tr\/belcika\/\",\"name\":\"Bel\\u00e7ika Vizesi\",\"description\":\"\",\"potentialAction\":[{\"@type\":\"SearchAction\",\"target\":\"https:\/\/www.myvize.com.tr\/belcika\/?s={search_term_string}\",\"query-input\":\"required name=search_term_string\"}],\"inLanguage\":\"tr\"},{\"@type\":\"ImageObject\",\"@id\":\"https:\/\/www.myvize.com.tr\/belcika\/vize-islemleri\/belcika-vize-randevusu\/#primaryimage\",\"inLanguage\":\"tr\",\"url\":\"https:\/\/www.myvize.com.tr\/belcika\/wp-content\/uploads\/2021\/09\/29.jpg\",\"contentUrl\":\"https:\/\/www.myvize.com.tr\/belcika\/wp-content\/uploads\/2021\/09\/29.jpg\",\"width\":800,\"height\":500,\"caption\":\"Bel\\u00e7ika Vize Randevusu\"},{\"@type\":\"WebPage\",\"@id\":\"https:\/\/www.myvize.com.tr\/belcika\/vize-islemleri\/belcika-vize-randevusu\/#webpage\",\"url\":\"https:\/\/www.myvize.com.tr\/belcika\/vize-islemleri\/belcika-vize-randevusu\/\",\"name\":\"Bel\\u00e7ika Vize Randevusu - Bel\\u00e7ika Vize \\u00dccreti - MyVize\",\"isPartOf\":{\"@id\":\"https:\/\/www.myvize.com.tr\/belcika\/#website\"},\"primaryImageOfPage\":{\"@id\":\"https:\/\/www.myvize.com.tr\/belcika\/vize-islemleri\/belcika-vize-randevusu\/#primaryimage\"},\"datePublished\":\"2021-08-06T09:29:36+00:00\",\"dateModified\":\"2022-07-29T08:15:19+00:00\",\"description\":\"Bel\\u00e7ika vize randevusu nas\\u0131l al\\u0131n\\u0131r? Bel\\u00e7ika Vizesi Randevu i\\u00e7in gerekli belgeler 2022 y\\u0131l\\u0131 g\\u00fcncel listesi hakk\\u0131nda detayl\\u0131 bilgiler...\",\"breadcrumb\":{\"@id\":\"https:\/\/www.myvize.com.tr\/belcika\/vize-islemleri\/belcika-vize-randevusu\/#breadcrumb\"},\"inLanguage\":\"tr\",\"potentialAction\":[{\"@type\":\"ReadAction\",\"target\":[\"https:\/\/www.myvize.com.tr\/belcika\/vize-islemleri\/belcika-vize-randevusu\/\"]}]},{\"@type\":\"BreadcrumbList\",\"@id\":\"https:\/\/www.myvize.com.tr\/belcika\/vize-islemleri\/belcika-vize-randevusu\/#breadcrumb\",\"itemListElement\":[{\"@type\":\"ListItem\",\"position\":1,\"item\":{\"@type\":\"WebPage\",\"@id\":\"https:\/\/www.myvize.com.tr\/belcika\/\",\"url\":\"https:\/\/www.myvize.com.tr\/belcika\/\",\"name\":\"Home\"}},{\"@type\":\"ListItem\",\"position\":2,\"item\":{\"@type\":\"WebPage\",\"@id\":\"https:\/\/www.myvize.com.tr\/belcika\/vize-islemleri\/\",\"url\":\"https:\/\/www.myvize.com.tr\/belcika\/vize-islemleri\/\",\"name\":\"V\\u0130ZE \\u0130\\u015eLEMLER\\u0130\"}},{\"@type\":\"ListItem\",\"position\":3,\"item\":{\"@id\":\"https:\/\/www.myvize.com.tr\/belcika\/vize-islemleri\/belcika-vize-randevusu\/#webpage\"}}]}]}<\/script>\n<!-- \/ Yoast SEO plugin. -->","_links":{"self":[{"href":"https:\/\/www.myvize.com.tr\/belcika\/wp-json\/wp\/v2\/pages\/571"}],"collection":[{"href":"https:\/\/www.myvize.com.tr\/belcika\/wp-json\/wp\/v2\/pages"}],"about":[{"href":"https:\/\/www.myvize.com.tr\/belcika\/wp-json\/wp\/v2\/types\/page"}],"author":[{"embeddable":true,"href":"https:\/\/www.myvize.com.tr\/belcika\/wp-json\/wp\/v2\/users\/1"}],"replies":[{"embeddable":true,"href":"https:\/\/www.myvize.com.tr\/belcika\/wp-json\/wp\/v2\/comments?post=571"}],"version-history":[{"count":12,"href":"https:\/\/www.myvize.com.tr\/belcika\/wp-json\/wp\/v2\/pages\/571\/revisions"}],"predecessor-version":[{"id":1093,"href":"https:\/\/www.myvize.com.tr\/belcika\/wp-json\/wp\/v2\/pages\/571\/revisions\/1093"}],"up":[{"embeddable":true,"href":"https:\/\/www.myvize.com.tr\/belcika\/wp-json\/wp\/v2\/pages\/18"}],"wp:attachment":[{"href":"https:\/\/www.myvize.com.tr\/belcika\/wp-json\/wp\/v2\/media?parent=571"}],"curies":[{"name":"wp","href":"https:\/\/api.w.org\/{rel}","templated":true}]}}