{"id":170,"date":"2020-12-24T13:11:52","date_gmt":"2020-12-24T10:11:52","guid":{"rendered":"https:\/\/www.myvize.com.tr\/cin\/?page_id=170"},"modified":"2022-04-04T14:20:31","modified_gmt":"2022-04-04T11:20:31","slug":"duyurular","status":"publish","type":"page","link":"https:\/\/www.myvize.com.tr\/cin\/duyurular\/","title":{"rendered":"DUYURULAR"},"content":{"rendered":"<h2><span style=\"font-family: Roboto; font-size: 27px;\"><strong>\u00c7in Konsoloslu\u011fu Duyurular<\/strong><\/span><\/h2>\n<p><span style=\"font-family: Roboto; font-size: 14px;\">\u00c7in \u00fclkesinde seyahat edecek olan hemen herkes <strong>vize ba\u015fvurular\u0131<\/strong> konusunda g\u00fcncel bilgilere sahip olmal\u0131d\u0131r. G\u00fcncel olmayan bilgiler \u00fczerinden vize al\u0131m\u0131 yapmak ya da evrak haz\u0131rlamak bu s\u00fcre\u00e7te seyahatlerinizin gecikmesine neden olabilmektedir.<strong> \u00c7in konsolosluklar\u0131<\/strong> her sene vize \u00fccretlerinde ve evraklarda yenileme yapabilmektedir. Bu nedenle \u00c7in&#8217;e seyahat etmeyi d\u00fc\u015f\u00fcn\u00fcyorsan\u0131z mutlaka vize belgelerinizin eksiksiz olmas\u0131 ve g\u00fcncel olmas\u0131 b\u00fcy\u00fck bir \u00f6nem ta\u015f\u0131r.<\/span><\/p>\n<p><span style=\"font-family: Roboto; font-size: 14px;\">Bu nedenle\u00a0<strong>\u00c7in Konsoloslu\u011fu duyurular\u0131<\/strong>\u00a0her daim takip edilmelidir. <strong>\u00c7in\u2019e vize alacak olan<\/strong> ki\u015filer hangi vize kategorisine ba\u015fvuru yaparlarsa yaps\u0131nlar mutlaka bu belgelerinin eksiksiz olmas\u0131 gereklidir. Her t\u00fcrl\u00fc vize belgesi konusunda g\u00fcncel bilgileri konsolosluklar\u0131n duyuru sayfalar\u0131ndan alabilirsiniz.<\/span><\/p>\n<p><span style=\"font-family: Roboto; font-size: 14px;\"><strong>Konsolosluk duyurular\u0131<\/strong> konusunda sayfam\u0131z\u0131 da takip edebilirsiniz. En g\u00fcncel konsolosluk duyurular\u0131n\u0131 sizlere ula\u015ft\u0131rmaktay\u0131z. Konsolosluklar\u0131n ayn\u0131 zamanda pandemi s\u00fcreci ile ilgili olarak bir\u00e7ok duyuru yay\u0131nlamas\u0131 ki\u015filerin takipte kalmas\u0131n\u0131 gerekli hale getiren konular aras\u0131ndad\u0131r. Bu s\u00fcre\u00e7te belirli seyahat k\u0131s\u0131tlamalar\u0131 getirilebilir. Bu nedenle de <strong>\u00c7in seyahati<\/strong> \u00f6ncesinde vize alana kadar hatta seyahat ger\u00e7ekle\u015fene kadar duyurular sayfalar\u0131 her daim takip edilmelidir.<\/span><\/p>\n<p><span style=\"font-family: Roboto; font-size: 14px;\"><span style=\"color: #2acec2;\"><strong><a style=\"color: #2acec2;\" href=\"https:\/\/www.myvize.com.tr\/cin\/vize-islemleri\/cin-vize-ucreti\/\" target=\"_blank\" rel=\"noopener\">\u00c7in Vize \u00dccreti<\/a><\/strong><\/span> ile ilgili bilgi almak i\u00e7in bizi aray\u0131n\u0131z.<\/span><\/p>\n","protected":false},"excerpt":{"rendered":"<p>\u00c7in Konsoloslu\u011fu Duyurular \u00c7in \u00fclkesinde seyahat edecek olan hemen herkes vize ba\u015fvurular\u0131 konusunda g\u00fcncel bilgilere sahip olmal\u0131d\u0131r. G\u00fcncel olmayan bilgiler \u00fczerinden vize al\u0131m\u0131 yapmak ya da evrak haz\u0131rlamak bu s\u00fcre\u00e7te seyahatlerinizin gecikmesine neden olabilmektedir. \u00c7in konsolosluklar\u0131 her sene vize \u00fccretlerinde ve evraklarda yenileme yapabilmektedir. Bu nedenle \u00c7in&#8217;e seyahat etmeyi d\u00fc\u015f\u00fcn\u00fcyorsan\u0131z mutlaka vize belgelerinizin eksiksiz olmas\u0131<\/p>\n","protected":false},"author":1,"featured_media":0,"parent":0,"menu_order":0,"comment_status":"closed","ping_status":"closed","template":"","meta":{"footnotes":""},"class_list":["post-170","page","type-page","status-publish","hentry"],"yoast_head":"<!-- This site is optimized with the Yoast SEO plugin v26.8 - https:\/\/yoast.com\/product\/yoast-seo-wordpress\/ -->\n<title>\u00c7in Vizesi Duyurular - My Vize Profesyonel Vize Hizmetleri<\/title>\n<meta name=\"description\" content=\"\u00c7in vizesi duyurular\u0131 hakk\u0131nda g\u00fcncel haberler ve veriler i\u00e7in ileti\u015fime ge\u00e7ebilirsiniz. \u00c7in vizesi duyurular My Vize Profesyonel Vize Hizmetleri olarak takipteyiz.\" \/>\n<meta name=\"robots\" content=\"index, follow, max-snippet:-1, max-image-preview:large, max-video-preview:-1\" \/>\n<link rel=\"canonical\" href=\"https:\/\/www.myvize.com.tr\/cin\/duyurular\/\" \/>\n<meta property=\"og:locale\" content=\"tr_TR\" \/>\n<meta property=\"og:type\" content=\"article\" \/>\n<meta property=\"og:title\" content=\"\u00c7in Vizesi Duyurular - My Vize Profesyonel Vize Hizmetleri\" \/>\n<meta property=\"og:description\" content=\"\u00c7in vizesi duyurular\u0131 hakk\u0131nda g\u00fcncel haberler ve veriler i\u00e7in ileti\u015fime ge\u00e7ebilirsiniz. \u00c7in vizesi duyurular My Vize Profesyonel Vize Hizmetleri olarak takipteyiz.\" \/>\n<meta property=\"og:url\" content=\"https:\/\/www.myvize.com.tr\/cin\/duyurular\/\" \/>\n<meta property=\"og:site_name\" content=\"\u00c7in Vizesi\" \/>\n<meta property=\"article:modified_time\" content=\"2022-04-04T11:20:31+00:00\" \/>\n<meta name=\"twitter:card\" content=\"summary_large_image\" \/>\n<meta name=\"twitter:label1\" content=\"Tahmini okuma s\u00fcresi\" \/>\n\t<meta name=\"twitter:data1\" content=\"1 dakika\" \/>\n<script type=\"application\/ld+json\" class=\"yoast-schema-graph\">{\"@context\":\"https:\/\/schema.org\",\"@graph\":[{\"@type\":\"WebPage\",\"@id\":\"https:\/\/www.myvize.com.tr\/cin\/duyurular\/\",\"url\":\"https:\/\/www.myvize.com.tr\/cin\/duyurular\/\",\"name\":\"\u00c7in Vizesi Duyurular - My Vize Profesyonel Vize Hizmetleri\",\"isPartOf\":{\"@id\":\"https:\/\/www.myvize.com.tr\/cin\/#website\"},\"datePublished\":\"2020-12-24T10:11:52+00:00\",\"dateModified\":\"2022-04-04T11:20:31+00:00\",\"description\":\"\u00c7in vizesi duyurular\u0131 hakk\u0131nda g\u00fcncel haberler ve veriler i\u00e7in ileti\u015fime ge\u00e7ebilirsiniz. \u00c7in vizesi duyurular My Vize Profesyonel Vize Hizmetleri olarak takipteyiz.\",\"breadcrumb\":{\"@id\":\"https:\/\/www.myvize.com.tr\/cin\/duyurular\/#breadcrumb\"},\"inLanguage\":\"tr\",\"potentialAction\":[{\"@type\":\"ReadAction\",\"target\":[\"https:\/\/www.myvize.com.tr\/cin\/duyurular\/\"]}]},{\"@type\":\"BreadcrumbList\",\"@id\":\"https:\/\/www.myvize.com.tr\/cin\/duyurular\/#breadcrumb\",\"itemListElement\":[{\"@type\":\"ListItem\",\"position\":1,\"name\":\"Anasayfa\",\"item\":\"https:\/\/www.myvize.com.tr\/cin\/\"},{\"@type\":\"ListItem\",\"position\":2,\"name\":\"DUYURULAR\"}]},{\"@type\":\"WebSite\",\"@id\":\"https:\/\/www.myvize.com.tr\/cin\/#website\",\"url\":\"https:\/\/www.myvize.com.tr\/cin\/\",\"name\":\"\u00c7in Vizesi\",\"description\":\"\",\"potentialAction\":[{\"@type\":\"SearchAction\",\"target\":{\"@type\":\"EntryPoint\",\"urlTemplate\":\"https:\/\/www.myvize.com.tr\/cin\/?s={search_term_string}\"},\"query-input\":{\"@type\":\"PropertyValueSpecification\",\"valueRequired\":true,\"valueName\":\"search_term_string\"}}],\"inLanguage\":\"tr\"}]}<\/script>\n<!-- \/ Yoast SEO plugin. -->","yoast_head_json":{"title":"\u00c7in Vizesi Duyurular - My Vize Profesyonel Vize Hizmetleri","description":"\u00c7in vizesi duyurular\u0131 hakk\u0131nda g\u00fcncel haberler ve veriler i\u00e7in ileti\u015fime ge\u00e7ebilirsiniz. \u00c7in vizesi duyurular My Vize Profesyonel Vize Hizmetleri olarak takipteyiz.","robots":{"index":"index","follow":"follow","max-snippet":"max-snippet:-1","max-image-preview":"max-image-preview:large","max-video-preview":"max-video-preview:-1"},"canonical":"https:\/\/www.myvize.com.tr\/cin\/duyurular\/","og_locale":"tr_TR","og_type":"article","og_title":"\u00c7in Vizesi Duyurular - My Vize Profesyonel Vize Hizmetleri","og_description":"\u00c7in vizesi duyurular\u0131 hakk\u0131nda g\u00fcncel haberler ve veriler i\u00e7in ileti\u015fime ge\u00e7ebilirsiniz. \u00c7in vizesi duyurular My Vize Profesyonel Vize Hizmetleri olarak takipteyiz.","og_url":"https:\/\/www.myvize.com.tr\/cin\/duyurular\/","og_site_name":"\u00c7in Vizesi","article_modified_time":"2022-04-04T11:20:31+00:00","twitter_card":"summary_large_image","twitter_misc":{"Tahmini okuma s\u00fcresi":"1 dakika"},"schema":{"@context":"https:\/\/schema.org","@graph":[{"@type":"WebPage","@id":"https:\/\/www.myvize.com.tr\/cin\/duyurular\/","url":"https:\/\/www.myvize.com.tr\/cin\/duyurular\/","name":"\u00c7in Vizesi Duyurular - My Vize Profesyonel Vize Hizmetleri","isPartOf":{"@id":"https:\/\/www.myvize.com.tr\/cin\/#website"},"datePublished":"2020-12-24T10:11:52+00:00","dateModified":"2022-04-04T11:20:31+00:00","description":"\u00c7in vizesi duyurular\u0131 hakk\u0131nda g\u00fcncel haberler ve veriler i\u00e7in ileti\u015fime ge\u00e7ebilirsiniz. \u00c7in vizesi duyurular My Vize Profesyonel Vize Hizmetleri olarak takipteyiz.","breadcrumb":{"@id":"https:\/\/www.myvize.com.tr\/cin\/duyurular\/#breadcrumb"},"inLanguage":"tr","potentialAction":[{"@type":"ReadAction","target":["https:\/\/www.myvize.com.tr\/cin\/duyurular\/"]}]},{"@type":"BreadcrumbList","@id":"https:\/\/www.myvize.com.tr\/cin\/duyurular\/#breadcrumb","itemListElement":[{"@type":"ListItem","position":1,"name":"Anasayfa","item":"https:\/\/www.myvize.com.tr\/cin\/"},{"@type":"ListItem","position":2,"name":"DUYURULAR"}]},{"@type":"WebSite","@id":"https:\/\/www.myvize.com.tr\/cin\/#website","url":"https:\/\/www.myvize.com.tr\/cin\/","name":"\u00c7in Vizesi","description":"","potentialAction":[{"@type":"SearchAction","target":{"@type":"EntryPoint","urlTemplate":"https:\/\/www.myvize.com.tr\/cin\/?s={search_term_string}"},"query-input":{"@type":"PropertyValueSpecification","valueRequired":true,"valueName":"search_term_string"}}],"inLanguage":"tr"}]}},"_links":{"self":[{"href":"https:\/\/www.myvize.com.tr\/cin\/wp-json\/wp\/v2\/pages\/170","targetHints":{"allow":["GET"]}}],"collection":[{"href":"https:\/\/www.myvize.com.tr\/cin\/wp-json\/wp\/v2\/pages"}],"about":[{"href":"https:\/\/www.myvize.com.tr\/cin\/wp-json\/wp\/v2\/types\/page"}],"author":[{"embeddable":true,"href":"https:\/\/www.myvize.com.tr\/cin\/wp-json\/wp\/v2\/users\/1"}],"replies":[{"embeddable":true,"href":"https:\/\/www.myvize.com.tr\/cin\/wp-json\/wp\/v2\/comments?post=170"}],"version-history":[{"count":4,"href":"https:\/\/www.myvize.com.tr\/cin\/wp-json\/wp\/v2\/pages\/170\/revisions"}],"predecessor-version":[{"id":782,"href":"https:\/\/www.myvize.com.tr\/cin\/wp-json\/wp\/v2\/pages\/170\/revisions\/782"}],"wp:attachment":[{"href":"https:\/\/www.myvize.com.tr\/cin\/wp-json\/wp\/v2\/media?parent=170"}],"curies":[{"name":"wp","href":"https:\/\/api.w.org\/{rel}","templated":true}]}}