{"id":173,"date":"2020-12-24T13:12:47","date_gmt":"2020-12-24T10:12:47","guid":{"rendered":"https:\/\/www.myvize.com.tr\/cin\/?page_id=173"},"modified":"2022-04-04T13:48:57","modified_gmt":"2022-04-04T10:48:57","slug":"cin-aile-birlesimi-vizesi","status":"publish","type":"page","link":"https:\/\/www.myvize.com.tr\/cin\/oturum-2\/cin-aile-birlesimi-vizesi\/","title":{"rendered":"\u00c7in Aile Birle\u015fimi Vizesi"},"content":{"rendered":"<p><span style=\"font-family: Roboto; font-size: 14px;\">\u00c7in \u00fclkesine seyahat nedeniyle bir\u00e7ok farkl\u0131 \u015fekilde vize al\u0131nmas\u0131 gereklidir. <span style=\"color: #2acec2;\"><strong><a style=\"color: #2acec2;\" href=\"https:\/\/www.myvize.com.tr\/cin\/vize-islemleri\/\" target=\"_blank\" rel=\"noopener\">Vize i\u015flemleri<\/a><\/strong><\/span> s\u0131ras\u0131nda her vize t\u00fcr\u00fcne g\u00f6re evrak haz\u0131rlanmas\u0131 gerekiyor.\u00a0<strong>\u00c7in vize<\/strong>\u00a0kategorileri i\u00e7erisinde bir di\u011feri de aile birle\u015fim vizesidir. <strong>\u00c7in aile birle\u015fim vizesi<\/strong> ikiye ayr\u0131lmaktad\u0131r. Bunlar Q1 vizesi ile Q2 vizesidir. Her vize t\u00fcr\u00fcn\u00fcn farkl\u0131 y\u00fck\u00fcml\u00fcl\u00fckleri vard\u0131r. <strong>Vize i\u015flemleri<\/strong> s\u0131ras\u0131nda ki\u015filer t\u00fcm belgeleri eksiksiz bir \u015fekilde haz\u0131rlamas\u0131 gerekiyor. \u00a0<\/span><\/p>\n<p><span style=\"font-family: Roboto; font-size: 14px;\"><strong>\u00c7in vizesi<\/strong>\u00a0i\u00e7in ki\u015filer uzun s\u00fcreli ve <strong>k\u0131sa s\u00fcreli vize<\/strong> t\u00fcrlerinden herhangi birine ba\u015fvuru yapabilirler. Ancak burada seyahat amac\u0131n\u0131z son derece \u00f6nemlidir. E\u011fer uzun s\u00fcre aile bireylerinin yan\u0131nda kalacaksan\u0131z Q1 vizesi al\u0131nmal\u0131d\u0131r. K\u0131sa s\u00fcreli olarak <strong>\u00c7in vizesi<\/strong> al\u0131nmas\u0131 gerekiyor ise mutlaka Q2 vize i\u015flemi yapt\u0131r\u0131lmal\u0131d\u0131r. Bununla birlikte e\u011fer 6 aydan daha fazla kalmay\u0131 planl\u0131yorsan\u0131z oturma izni de alabilirsiniz. 180 g\u00fcnden daha az bir s\u00fcre kal\u0131nacak ise Q2 vizesine ba\u015fvurulmal\u0131d\u0131r.<\/span><\/p>\n<h2><strong><span style=\"font-family: Roboto; font-size: 27px;\">\u00c7in Aile Birle\u015fimi Vizesi 2022<\/span><\/strong><\/h2>\n<p><span style=\"font-family: Roboto; font-size: 14px;\">\u00c7in\u2019de bulunan aile \u00fcyesi ile beraber \u00c7in\u2019de ya\u015famak isteyen ki\u015filer, <strong>\u00c7in aile birle\u015fimi vizesi<\/strong> almal\u0131d\u0131r. <strong>\u00c7in aile birle\u015fimi<\/strong> almak i\u00e7in \u00c7in\u2019de bulunan aile \u00fcyesinin birinci dereceden akraba ve e\u015f olmas\u0131 gerekmektedir. Ayr\u0131ca aile birle\u015fimi yapaca\u011f\u0131n\u0131z ki\u015finin <strong>\u00c7in vatanda\u015f\u0131<\/strong> olmas\u0131 ya da<strong> \u00c7in oturum izni<\/strong> olmas\u0131 gerekmektedir. Ayr\u0131ca \u00c7in\u2019de bulunan aile \u00fcyesinin kimlik bilgisi, adres bilgisi ve vatanda\u015fl\u0131k bilgilerini i\u00e7eren belgeler gerekmektedir.<\/span><\/p>\n<p><span style=\"font-family: Roboto; font-size: 14px;\"><strong>\u00c7in aile birle\u015fimi vizesi<\/strong> ikiye ayr\u0131lmaktad\u0131r. Bu vizeler Q1 ve Q2 vizesidir. Q1 vizesi uzun s\u00fcreli, Q2 vizesi k\u0131sa s\u00fcreli aile birle\u015fimi vizesidir. \u00c7in\u2019de 6 aydan uzun kalmak istiyorsan\u0131z Q1 aile birle\u015fimi vizesi almal\u0131s\u0131n\u0131z.<\/span><\/p>\n<p><span style=\"font-family: Roboto; font-size: 14px;\">Q1 <strong>\u00c7in aile birle\u015fimi vizesi<\/strong> ba\u015fvurusu uzun s\u00fcreli vize oldu\u011fundan ba\u015fvuru s\u0131ras\u0131nda m\u00fclakat yap\u0131lmaktad\u0131r. Bu m\u00fclakatta \u00c7in\u2019e neden gidece\u011finizi ve neler yapaca\u011f\u0131n\u0131z\u0131 anlatmal\u0131s\u0131n\u0131z. \u00c7in Q1 vize ba\u015fvurusu vize ba\u015fvuru merkezlerine ve arac\u0131 kurumlar ile yap\u0131labilmektedir. Gerekli belgeler haz\u0131rlanmal\u0131 ve teslim edilmelidir.<\/span><\/p>\n<p><span style=\"font-family: Roboto; font-size: 14px;\"><strong>\u00c7in aile birle\u015fimi vizesi<\/strong> al\u0131nd\u0131ktan sonra, \u00c7in\u2019e giri\u015f yapan ki\u015finin 30 g\u00fcn i\u00e7erisinde yetkili olan kurumlara <strong>oturum izni<\/strong> ba\u015fvuru yap\u0131lmal\u0131d\u0131r.<\/span><\/p>\n<h2><span style=\"font-family: Roboto; font-size: 27px;\"><strong>\u00c7in Aile Birle\u015fimi Vizesi Hakk\u0131nda<\/strong><\/span><\/h2>\n<p><span style=\"font-family: Roboto; font-size: 14px;\">\u00c7in, kendisi bu \u00fclkede ikamet eden vatanda\u015flar\u0131n belirli bir s\u00fcre sonra ailelerini de \u00c7in\u2019e getirmelerine vize \u015fart\u0131 ile m\u00fcsaade etmektedir. Bu kapsamda belirli bir s\u00fcre boyunca \u00c7in\u2019de ikamet eden vatanda\u015flar ailesi i\u00e7in\u00a0<strong>\u00c7in aile birle\u015fimi vizesi<\/strong>\u00a0alarak ailesini de yan\u0131na alarak bu \u00fclkede ikamet etmeye devam edebilir. <strong>\u00a0\u00c7in aile birle\u015fimi vizesi<\/strong> iki farkl\u0131 tipte kullan\u0131lmaktad\u0131r. Q1 ve Q2 olarak tan\u0131mlanan iki farkl\u0131 vize ge\u00e7erlilik s\u00fcrelerine g\u00f6re birbirlerinden ayr\u0131l\u0131r. Q1 vize uzun s\u00fcreli vize olarak tan\u0131m bulurken, Q2 vize ise k\u0131sa s\u00fcreli kullan\u0131m \u015feklinde tan\u0131m bulur. Vatanda\u015flar aile birli\u011finin korunmas\u0131na y\u00f6nelik olarak tercih edecekleri s\u00fcreler boyunca <strong>\u00c7in aile birle\u015fimi vizesi<\/strong> \u00e7\u0131kartarak ailesi ile birlikte \u00c7in\u2019de ikamet edebilir.<\/span><\/p>\n<p><span style=\"font-family: Roboto; font-size: 14px;\">Aile \u00fcyelerinden e\u011fer herhangi birisinde \u00c7in\u2019de s\u00fcresiz oturmay\u0131 m\u00fcmk\u00fcn k\u0131lacak bir oturum bulunuyor ise, bu durumda aile \u00fcyeleri de bu vize alternatifinden yararlanabilir. S\u00fcresiz oturumu bulunan vatanda\u015f\u0131n sadece birinci dereceden aile bireyleri bu kapsama al\u0131n\u0131r ve bu bireyler de s\u00fcresiz oturum ko\u015fullar\u0131ndan faydalanabilir. Bu kapsam\u0131n d\u0131\u015f\u0131nda kalan vatanda\u015flar\u0131n aile birle\u015fimi vizesine sahip olmalar\u0131 zorunludur.<\/span><\/p>\n<h2><span style=\"font-family: Roboto; font-size: 27px;\"><strong>\u00c7in Aile Birle\u015fim Vizesi Nas\u0131l Al\u0131n\u0131r?<\/strong><\/span><\/h2>\n<p><span style=\"font-family: Roboto; font-size: 14px;\"><strong>\u00c7in aile birle\u015fim vizesi<\/strong> al\u0131rken mutlaka kalaca\u011f\u0131n\u0131z s\u00fcreye g\u00f6re bir vize t\u00fcr\u00fc tercih etmeniz gerekiyor. Bu s\u00fcre\u00e7te haz\u0131rlanmas\u0131 gereken\u00a0<strong>\u00c7in vize i\u015flemleri<\/strong>\u00a0evraklar\u0131 \u015fu \u015fekilde s\u0131ralanabilir:<\/span><\/p>\n<ul>\n<li><span style=\"font-family: Roboto; font-size: 14px;\">\u0130\u00e7inde bo\u015f yaprak bulunan pasaport<\/span><\/li>\n<li><span style=\"font-family: Roboto; font-size: 14px;\">\u00c7in\u2019de ya\u015fayan aile \u00fcyeleri taraf\u0131ndan g\u00f6nderilen bir davetiye<\/span><\/li>\n<li><span style=\"font-family: Roboto; font-size: 14px;\">\u0130ki tane foto\u011fraf<\/span><\/li>\n<li><span style=\"font-family: Roboto; font-size: 14px;\">Davet eden ki\u015filerin kimlik belgesi fotokopisi<\/span><\/li>\n<li><span style=\"font-family: Roboto; font-size: 14px;\">Akrabal\u0131k derecesini kan\u0131tlayan belgeler<\/span><\/li>\n<li><span style=\"font-family: Roboto; font-size: 14px;\">Adli sicil kayd\u0131<\/span><\/li>\n<li><span style=\"font-family: Roboto; font-size: 14px;\">Banka hesap d\u00f6k\u00fcm\u00fc<\/span><\/li>\n<\/ul>\n<p><span style=\"font-family: Roboto; font-size: 14px;\">Bu belgeler haz\u0131rlan\u0131rken banka hesab\u0131n\u0131zda 5000 USD ya da buna denk olarak bir para olmas\u0131na dikkat edilmelidir. Bunun yan\u0131nda banka hesap d\u00f6k\u00fcmlerinin mutlaka \u0131slak imzal\u0131 olmas\u0131na dikkat etmeniz gerekiyor. <strong><span style=\"color: #2acec2;\"><a style=\"color: #2acec2;\" href=\"https:\/\/www.myvize.com.tr\/cin\/form-ve-dilekce\/vize-basvuru-formu\/\" target=\"_blank\" rel=\"noopener\">Vize ba\u015fvuru formu<\/a><\/span><\/strong> ve dilek\u00e7esinde de yine \u0131slak imza olmas\u0131na dikkat edilmelidir. E\u011fer \u00c7in\u2019de ya\u015fayan akrabalar\u0131n\u0131z ile birlikte ya\u015famak i\u00e7in bu \u00fclkeye gitmeyi d\u00fc\u015f\u00fcn\u00fcyorsan\u0131z haz\u0131rlanacak olan belgelerin daha da detayland\u0131r\u0131lmas\u0131 istenebilir.<\/span><\/p>\n","protected":false},"excerpt":{"rendered":"<p>\u00c7in \u00fclkesine seyahat nedeniyle bir\u00e7ok farkl\u0131 \u015fekilde vize al\u0131nmas\u0131 gereklidir. Vize i\u015flemleri s\u0131ras\u0131nda her vize t\u00fcr\u00fcne g\u00f6re evrak haz\u0131rlanmas\u0131 gerekiyor.\u00a0\u00c7in vize\u00a0kategorileri i\u00e7erisinde bir di\u011feri de aile birle\u015fim vizesidir. \u00c7in aile birle\u015fim vizesi ikiye ayr\u0131lmaktad\u0131r. Bunlar Q1 vizesi ile Q2 vizesidir. Her vize t\u00fcr\u00fcn\u00fcn farkl\u0131 y\u00fck\u00fcml\u00fcl\u00fckleri vard\u0131r. Vize i\u015flemleri s\u0131ras\u0131nda ki\u015filer t\u00fcm belgeleri eksiksiz bir \u015fekilde<\/p>\n","protected":false},"author":1,"featured_media":0,"parent":161,"menu_order":0,"comment_status":"open","ping_status":"closed","template":"","meta":{"footnotes":""},"class_list":["post-173","page","type-page","status-publish","hentry"],"yoast_head":"<!-- This site is optimized with the Yoast SEO plugin v26.8 - https:\/\/yoast.com\/product\/yoast-seo-wordpress\/ -->\n<title>\u00c7in Aile Birle\u015fimi Vizesi - \u00c7in Vize \u0130\u015flemleri - MyVize<\/title>\n<meta name=\"description\" content=\"\u00c7in aile birle\u015fimi vizesi ba\u015fvurusu ve forumlar\u0131. \u00c7in aile birle\u015fimi vizesi gerekli evrak listesi. \u00c7in aile birle\u015fimi vizesi i\u015flem s\u00fcresi ve \u00fccreti.\" \/>\n<meta name=\"robots\" content=\"index, follow, max-snippet:-1, max-image-preview:large, max-video-preview:-1\" \/>\n<link rel=\"canonical\" href=\"https:\/\/www.myvize.com.tr\/cin\/oturum-2\/cin-aile-birlesimi-vizesi\/\" \/>\n<meta property=\"og:locale\" content=\"tr_TR\" \/>\n<meta property=\"og:type\" content=\"article\" \/>\n<meta property=\"og:title\" content=\"\u00c7in Aile Birle\u015fimi Vizesi - \u00c7in Vize \u0130\u015flemleri - MyVize\" \/>\n<meta property=\"og:description\" content=\"\u00c7in aile birle\u015fimi vizesi ba\u015fvurusu ve forumlar\u0131. \u00c7in aile birle\u015fimi vizesi gerekli evrak listesi. \u00c7in aile birle\u015fimi vizesi i\u015flem s\u00fcresi ve \u00fccreti.\" \/>\n<meta property=\"og:url\" content=\"https:\/\/www.myvize.com.tr\/cin\/oturum-2\/cin-aile-birlesimi-vizesi\/\" \/>\n<meta property=\"og:site_name\" content=\"\u00c7in Vizesi\" \/>\n<meta property=\"article:modified_time\" content=\"2022-04-04T10:48:57+00:00\" \/>\n<meta name=\"twitter:card\" content=\"summary_large_image\" \/>\n<meta name=\"twitter:label1\" content=\"Tahmini okuma s\u00fcresi\" \/>\n\t<meta name=\"twitter:data1\" content=\"4 dakika\" \/>\n<script type=\"application\/ld+json\" class=\"yoast-schema-graph\">{\"@context\":\"https:\/\/schema.org\",\"@graph\":[{\"@type\":\"WebPage\",\"@id\":\"https:\/\/www.myvize.com.tr\/cin\/oturum-2\/cin-aile-birlesimi-vizesi\/\",\"url\":\"https:\/\/www.myvize.com.tr\/cin\/oturum-2\/cin-aile-birlesimi-vizesi\/\",\"name\":\"\u00c7in Aile Birle\u015fimi Vizesi - \u00c7in Vize \u0130\u015flemleri - MyVize\",\"isPartOf\":{\"@id\":\"https:\/\/www.myvize.com.tr\/cin\/#website\"},\"datePublished\":\"2020-12-24T10:12:47+00:00\",\"dateModified\":\"2022-04-04T10:48:57+00:00\",\"description\":\"\u00c7in aile birle\u015fimi vizesi ba\u015fvurusu ve forumlar\u0131. \u00c7in aile birle\u015fimi vizesi gerekli evrak listesi. \u00c7in aile birle\u015fimi vizesi i\u015flem s\u00fcresi ve \u00fccreti.\",\"breadcrumb\":{\"@id\":\"https:\/\/www.myvize.com.tr\/cin\/oturum-2\/cin-aile-birlesimi-vizesi\/#breadcrumb\"},\"inLanguage\":\"tr\",\"potentialAction\":[{\"@type\":\"ReadAction\",\"target\":[\"https:\/\/www.myvize.com.tr\/cin\/oturum-2\/cin-aile-birlesimi-vizesi\/\"]}]},{\"@type\":\"BreadcrumbList\",\"@id\":\"https:\/\/www.myvize.com.tr\/cin\/oturum-2\/cin-aile-birlesimi-vizesi\/#breadcrumb\",\"itemListElement\":[{\"@type\":\"ListItem\",\"position\":1,\"name\":\"Anasayfa\",\"item\":\"https:\/\/www.myvize.com.tr\/cin\/\"},{\"@type\":\"ListItem\",\"position\":2,\"name\":\"OTURUM\",\"item\":\"https:\/\/www.myvize.com.tr\/cin\/oturum-2\/\"},{\"@type\":\"ListItem\",\"position\":3,\"name\":\"\u00c7in Aile Birle\u015fimi Vizesi\"}]},{\"@type\":\"WebSite\",\"@id\":\"https:\/\/www.myvize.com.tr\/cin\/#website\",\"url\":\"https:\/\/www.myvize.com.tr\/cin\/\",\"name\":\"\u00c7in Vizesi\",\"description\":\"\",\"potentialAction\":[{\"@type\":\"SearchAction\",\"target\":{\"@type\":\"EntryPoint\",\"urlTemplate\":\"https:\/\/www.myvize.com.tr\/cin\/?s={search_term_string}\"},\"query-input\":{\"@type\":\"PropertyValueSpecification\",\"valueRequired\":true,\"valueName\":\"search_term_string\"}}],\"inLanguage\":\"tr\"}]}<\/script>\n<!-- \/ Yoast SEO plugin. -->","yoast_head_json":{"title":"\u00c7in Aile Birle\u015fimi Vizesi - \u00c7in Vize \u0130\u015flemleri - MyVize","description":"\u00c7in aile birle\u015fimi vizesi ba\u015fvurusu ve forumlar\u0131. \u00c7in aile birle\u015fimi vizesi gerekli evrak listesi. \u00c7in aile birle\u015fimi vizesi i\u015flem s\u00fcresi ve \u00fccreti.","robots":{"index":"index","follow":"follow","max-snippet":"max-snippet:-1","max-image-preview":"max-image-preview:large","max-video-preview":"max-video-preview:-1"},"canonical":"https:\/\/www.myvize.com.tr\/cin\/oturum-2\/cin-aile-birlesimi-vizesi\/","og_locale":"tr_TR","og_type":"article","og_title":"\u00c7in Aile Birle\u015fimi Vizesi - \u00c7in Vize \u0130\u015flemleri - MyVize","og_description":"\u00c7in aile birle\u015fimi vizesi ba\u015fvurusu ve forumlar\u0131. \u00c7in aile birle\u015fimi vizesi gerekli evrak listesi. \u00c7in aile birle\u015fimi vizesi i\u015flem s\u00fcresi ve \u00fccreti.","og_url":"https:\/\/www.myvize.com.tr\/cin\/oturum-2\/cin-aile-birlesimi-vizesi\/","og_site_name":"\u00c7in Vizesi","article_modified_time":"2022-04-04T10:48:57+00:00","twitter_card":"summary_large_image","twitter_misc":{"Tahmini okuma s\u00fcresi":"4 dakika"},"schema":{"@context":"https:\/\/schema.org","@graph":[{"@type":"WebPage","@id":"https:\/\/www.myvize.com.tr\/cin\/oturum-2\/cin-aile-birlesimi-vizesi\/","url":"https:\/\/www.myvize.com.tr\/cin\/oturum-2\/cin-aile-birlesimi-vizesi\/","name":"\u00c7in Aile Birle\u015fimi Vizesi - \u00c7in Vize \u0130\u015flemleri - MyVize","isPartOf":{"@id":"https:\/\/www.myvize.com.tr\/cin\/#website"},"datePublished":"2020-12-24T10:12:47+00:00","dateModified":"2022-04-04T10:48:57+00:00","description":"\u00c7in aile birle\u015fimi vizesi ba\u015fvurusu ve forumlar\u0131. \u00c7in aile birle\u015fimi vizesi gerekli evrak listesi. \u00c7in aile birle\u015fimi vizesi i\u015flem s\u00fcresi ve \u00fccreti.","breadcrumb":{"@id":"https:\/\/www.myvize.com.tr\/cin\/oturum-2\/cin-aile-birlesimi-vizesi\/#breadcrumb"},"inLanguage":"tr","potentialAction":[{"@type":"ReadAction","target":["https:\/\/www.myvize.com.tr\/cin\/oturum-2\/cin-aile-birlesimi-vizesi\/"]}]},{"@type":"BreadcrumbList","@id":"https:\/\/www.myvize.com.tr\/cin\/oturum-2\/cin-aile-birlesimi-vizesi\/#breadcrumb","itemListElement":[{"@type":"ListItem","position":1,"name":"Anasayfa","item":"https:\/\/www.myvize.com.tr\/cin\/"},{"@type":"ListItem","position":2,"name":"OTURUM","item":"https:\/\/www.myvize.com.tr\/cin\/oturum-2\/"},{"@type":"ListItem","position":3,"name":"\u00c7in Aile Birle\u015fimi Vizesi"}]},{"@type":"WebSite","@id":"https:\/\/www.myvize.com.tr\/cin\/#website","url":"https:\/\/www.myvize.com.tr\/cin\/","name":"\u00c7in Vizesi","description":"","potentialAction":[{"@type":"SearchAction","target":{"@type":"EntryPoint","urlTemplate":"https:\/\/www.myvize.com.tr\/cin\/?s={search_term_string}"},"query-input":{"@type":"PropertyValueSpecification","valueRequired":true,"valueName":"search_term_string"}}],"inLanguage":"tr"}]}},"_links":{"self":[{"href":"https:\/\/www.myvize.com.tr\/cin\/wp-json\/wp\/v2\/pages\/173","targetHints":{"allow":["GET"]}}],"collection":[{"href":"https:\/\/www.myvize.com.tr\/cin\/wp-json\/wp\/v2\/pages"}],"about":[{"href":"https:\/\/www.myvize.com.tr\/cin\/wp-json\/wp\/v2\/types\/page"}],"author":[{"embeddable":true,"href":"https:\/\/www.myvize.com.tr\/cin\/wp-json\/wp\/v2\/users\/1"}],"replies":[{"embeddable":true,"href":"https:\/\/www.myvize.com.tr\/cin\/wp-json\/wp\/v2\/comments?post=173"}],"version-history":[{"count":6,"href":"https:\/\/www.myvize.com.tr\/cin\/wp-json\/wp\/v2\/pages\/173\/revisions"}],"predecessor-version":[{"id":757,"href":"https:\/\/www.myvize.com.tr\/cin\/wp-json\/wp\/v2\/pages\/173\/revisions\/757"}],"up":[{"embeddable":true,"href":"https:\/\/www.myvize.com.tr\/cin\/wp-json\/wp\/v2\/pages\/161"}],"wp:attachment":[{"href":"https:\/\/www.myvize.com.tr\/cin\/wp-json\/wp\/v2\/media?parent=173"}],"curies":[{"name":"wp","href":"https:\/\/api.w.org\/{rel}","templated":true}]}}