{"id":179,"date":"2020-12-24T13:13:54","date_gmt":"2020-12-24T10:13:54","guid":{"rendered":"https:\/\/www.myvize.com.tr\/cin\/?page_id=179"},"modified":"2022-04-04T13:52:16","modified_gmt":"2022-04-04T10:52:16","slug":"turistik-vize-dilekce-ornegi","status":"publish","type":"page","link":"https:\/\/www.myvize.com.tr\/cin\/form-ve-dilekce\/turistik-vize-dilekce-ornegi\/","title":{"rendered":"\u00c7in Turistik Vize Dilek\u00e7e \u00d6rne\u011fi"},"content":{"rendered":"<h2><span style=\"font-family: Roboto; font-size: 27px;\"><strong>\u00c7in Turistik Vize Dilek\u00e7e \u00d6rne\u011fi Hakk\u0131nda<\/strong><\/span><\/h2>\n<p><span style=\"font-family: Roboto; font-size: 14px;\"><strong>\u00c7in Turistik vize dilek\u00e7e \u00f6rne\u011fi\u00a0<\/strong>turistik ama\u00e7la al\u0131nacak olan vize ba\u015fvurusu esnas\u0131nda gereklidir. \u00a0Yurtd\u0131\u015f\u0131na turistik ama\u00e7lar ile seyahat edecek olan vatanda\u015flar\u0131n turistik vize sahibi olmalar\u0131 gerekir. <strong>\u00c7in<\/strong> <strong>Turistik vize ba\u015fvurusu<\/strong> esnas\u0131nda vatanda\u015flardan istenen evraklardan bir tanesi de turistik vize talep dilek\u00e7esidir. Vize dilek\u00e7e belgesinin nas\u0131l doldurulaca\u011f\u0131na ili\u015fkin herhangi bir bilgisi olmayan vatanda\u015flar\u00a0<strong>turistik vize dilek\u00e7e \u00f6rne\u011fi\u00a0<\/strong>edinerek belgeyi bu do\u011frultuda kolay ve sorunsuz bir \u015fekilde doldurabilir.<\/span><\/p>\n<p><span style=\"font-family: Roboto; font-size: 14px;\"><strong>\u00c7in Turistik vize<\/strong> dilek\u00e7e \u00f6rne\u011fi, vize ba\u015fvurular\u0131n\u0131 alan konsolosluklardan edinilebilir. Konsolosluk ya da b\u00fcy\u00fckel\u00e7ili\u011fe yak\u0131n mesafede olmayan vatanda\u015flar ikamet ettikleri \u015fehirde resmi olarak hizmet verme yetkisine sahip vize acentelerine ba\u015fvurarak da turistik vize dilek\u00e7e \u00f6rne\u011fine sahip olabilir.<\/span><\/p>\n<p><span style=\"font-family: Roboto; font-size: 14px;\"><span style=\"color: #2acec2;\"><strong><a style=\"color: #2acec2;\" href=\"https:\/\/www.myvize.com.tr\/cin\/vize-islemleri\/turistik-vize\/\" target=\"_blank\" rel=\"noopener\">\u00c7in Turistik vize<\/a><\/strong><\/span> dilek\u00e7esi, vize ba\u015fvurusu esnas\u0131nda gerekli olan belgelerden bir tanesidir ve en \u00f6nemlisidir. Vize ba\u015fvurusunda dilek\u00e7e formu bulunmayan vatanda\u015flar\u0131n vize ba\u015fvurular\u0131 de\u011ferlendirmeye al\u0131nmaz. \u00c7in Vize ba\u015fvuru formunu eksiksiz olarak dolduran ve b\u00fct\u00fcn bilgilerinin do\u011frulu\u011funu teyit eden vatanda\u015flar\u0131n vize ba\u015fvurular\u0131 de\u011ferlendirmeye al\u0131n\u0131r. Vize dilek\u00e7e formunda eksik veya yanl\u0131\u015f bilgi bulundu\u011fu saptanan vatanda\u015flar\u0131n vize ba\u015fvurular\u0131 iptal edilir.<\/span><\/p>\n<p><strong><span style=\"font-family: Roboto; font-size: 14px;\"><img loading=\"lazy\" decoding=\"async\" src=\"..\/..\/..\/romanya\/wp-content\/uploads\/2021\/07\/aDOBE-LOGO-1.png\" width=\"75\" height=\"75\" \/><span style=\"font-size: 16px;\"> \u00a0<\/span><\/span><span style=\"font-family: Roboto; font-size: 16px;\"> \u00c7in Turistik Vize Dilek\u00e7e \u00d6rne\u011fi\u00a0 <span style=\"color: #2acec2;\"><a style=\"color: #2acec2;\" href=\"https:\/\/www.myvize.com.tr\/cin\/wp-content\/uploads\/2021\/12\/Cin-Cumhuriyeti-turistik-Dilekce-Ornek-Ankara.pdf\" target=\"_blank\" rel=\"noreferrer noopener\">(\u0130ndirmek \u0130\u00e7in T\u0131klay\u0131n\u0131z!!)<\/a><\/span><\/span><\/strong><\/p>\n","protected":false},"excerpt":{"rendered":"<p>\u00c7in Turistik Vize Dilek\u00e7e \u00d6rne\u011fi Hakk\u0131nda \u00c7in Turistik vize dilek\u00e7e \u00f6rne\u011fi\u00a0turistik ama\u00e7la al\u0131nacak olan vize ba\u015fvurusu esnas\u0131nda gereklidir. \u00a0Yurtd\u0131\u015f\u0131na turistik ama\u00e7lar ile seyahat edecek olan vatanda\u015flar\u0131n turistik vize sahibi olmalar\u0131 gerekir. \u00c7in Turistik vize ba\u015fvurusu esnas\u0131nda vatanda\u015flardan istenen evraklardan bir tanesi de turistik vize talep dilek\u00e7esidir. Vize dilek\u00e7e belgesinin nas\u0131l doldurulaca\u011f\u0131na ili\u015fkin herhangi bir bilgisi<\/p>\n","protected":false},"author":1,"featured_media":0,"parent":167,"menu_order":0,"comment_status":"open","ping_status":"closed","template":"","meta":{"footnotes":""},"class_list":["post-179","page","type-page","status-publish","hentry"],"yoast_head":"<!-- This site is optimized with the Yoast SEO plugin v26.8 - https:\/\/yoast.com\/product\/yoast-seo-wordpress\/ -->\n<title>\u00c7in Turistik Vize Dilek\u00e7e \u00d6rne\u011fi - \u00c7in Vizesi - MyVize<\/title>\n<meta name=\"description\" content=\"\u00c7in turistik vize dilek\u00e7e \u00f6rneklerinde dikkat edilmesi gerekenler. \u00c7in turistik vize dilek\u00e7e \u00f6rne\u011fi i\u00e7in ofislerimizi arayabilirsiniz.\" \/>\n<meta name=\"robots\" content=\"index, follow, max-snippet:-1, max-image-preview:large, max-video-preview:-1\" \/>\n<link rel=\"canonical\" href=\"https:\/\/www.myvize.com.tr\/cin\/form-ve-dilekce\/turistik-vize-dilekce-ornegi\/\" \/>\n<meta property=\"og:locale\" content=\"tr_TR\" \/>\n<meta property=\"og:type\" content=\"article\" \/>\n<meta property=\"og:title\" content=\"\u00c7in Turistik Vize Dilek\u00e7e \u00d6rne\u011fi - \u00c7in Vizesi - MyVize\" \/>\n<meta property=\"og:description\" content=\"\u00c7in turistik vize dilek\u00e7e \u00f6rneklerinde dikkat edilmesi gerekenler. \u00c7in turistik vize dilek\u00e7e \u00f6rne\u011fi i\u00e7in ofislerimizi arayabilirsiniz.\" \/>\n<meta property=\"og:url\" content=\"https:\/\/www.myvize.com.tr\/cin\/form-ve-dilekce\/turistik-vize-dilekce-ornegi\/\" \/>\n<meta property=\"og:site_name\" content=\"\u00c7in Vizesi\" \/>\n<meta property=\"article:modified_time\" content=\"2022-04-04T10:52:16+00:00\" \/>\n<meta property=\"og:image\" content=\"http:\/\/..\/..\/..\/romanya\/wp-content\/uploads\/2021\/07\/aDOBE-LOGO-1.png\" \/>\n<meta name=\"twitter:card\" content=\"summary_large_image\" \/>\n<meta name=\"twitter:label1\" content=\"Tahmini okuma s\u00fcresi\" \/>\n\t<meta name=\"twitter:data1\" content=\"2 dakika\" \/>\n<script type=\"application\/ld+json\" class=\"yoast-schema-graph\">{\"@context\":\"https:\/\/schema.org\",\"@graph\":[{\"@type\":\"WebPage\",\"@id\":\"https:\/\/www.myvize.com.tr\/cin\/form-ve-dilekce\/turistik-vize-dilekce-ornegi\/\",\"url\":\"https:\/\/www.myvize.com.tr\/cin\/form-ve-dilekce\/turistik-vize-dilekce-ornegi\/\",\"name\":\"\u00c7in Turistik Vize Dilek\u00e7e \u00d6rne\u011fi - \u00c7in Vizesi - MyVize\",\"isPartOf\":{\"@id\":\"https:\/\/www.myvize.com.tr\/cin\/#website\"},\"datePublished\":\"2020-12-24T10:13:54+00:00\",\"dateModified\":\"2022-04-04T10:52:16+00:00\",\"description\":\"\u00c7in turistik vize dilek\u00e7e \u00f6rneklerinde dikkat edilmesi gerekenler. \u00c7in turistik vize dilek\u00e7e \u00f6rne\u011fi i\u00e7in ofislerimizi arayabilirsiniz.\",\"breadcrumb\":{\"@id\":\"https:\/\/www.myvize.com.tr\/cin\/form-ve-dilekce\/turistik-vize-dilekce-ornegi\/#breadcrumb\"},\"inLanguage\":\"tr\",\"potentialAction\":[{\"@type\":\"ReadAction\",\"target\":[\"https:\/\/www.myvize.com.tr\/cin\/form-ve-dilekce\/turistik-vize-dilekce-ornegi\/\"]}]},{\"@type\":\"BreadcrumbList\",\"@id\":\"https:\/\/www.myvize.com.tr\/cin\/form-ve-dilekce\/turistik-vize-dilekce-ornegi\/#breadcrumb\",\"itemListElement\":[{\"@type\":\"ListItem\",\"position\":1,\"name\":\"Anasayfa\",\"item\":\"https:\/\/www.myvize.com.tr\/cin\/\"},{\"@type\":\"ListItem\",\"position\":2,\"name\":\"FORM VE D\u0130LEK\u00c7E\",\"item\":\"https:\/\/www.myvize.com.tr\/cin\/form-ve-dilekce\/\"},{\"@type\":\"ListItem\",\"position\":3,\"name\":\"\u00c7in Turistik Vize Dilek\u00e7e \u00d6rne\u011fi\"}]},{\"@type\":\"WebSite\",\"@id\":\"https:\/\/www.myvize.com.tr\/cin\/#website\",\"url\":\"https:\/\/www.myvize.com.tr\/cin\/\",\"name\":\"\u00c7in Vizesi\",\"description\":\"\",\"potentialAction\":[{\"@type\":\"SearchAction\",\"target\":{\"@type\":\"EntryPoint\",\"urlTemplate\":\"https:\/\/www.myvize.com.tr\/cin\/?s={search_term_string}\"},\"query-input\":{\"@type\":\"PropertyValueSpecification\",\"valueRequired\":true,\"valueName\":\"search_term_string\"}}],\"inLanguage\":\"tr\"}]}<\/script>\n<!-- \/ Yoast SEO plugin. -->","yoast_head_json":{"title":"\u00c7in Turistik Vize Dilek\u00e7e \u00d6rne\u011fi - \u00c7in Vizesi - MyVize","description":"\u00c7in turistik vize dilek\u00e7e \u00f6rneklerinde dikkat edilmesi gerekenler. \u00c7in turistik vize dilek\u00e7e \u00f6rne\u011fi i\u00e7in ofislerimizi arayabilirsiniz.","robots":{"index":"index","follow":"follow","max-snippet":"max-snippet:-1","max-image-preview":"max-image-preview:large","max-video-preview":"max-video-preview:-1"},"canonical":"https:\/\/www.myvize.com.tr\/cin\/form-ve-dilekce\/turistik-vize-dilekce-ornegi\/","og_locale":"tr_TR","og_type":"article","og_title":"\u00c7in Turistik Vize Dilek\u00e7e \u00d6rne\u011fi - \u00c7in Vizesi - MyVize","og_description":"\u00c7in turistik vize dilek\u00e7e \u00f6rneklerinde dikkat edilmesi gerekenler. \u00c7in turistik vize dilek\u00e7e \u00f6rne\u011fi i\u00e7in ofislerimizi arayabilirsiniz.","og_url":"https:\/\/www.myvize.com.tr\/cin\/form-ve-dilekce\/turistik-vize-dilekce-ornegi\/","og_site_name":"\u00c7in Vizesi","article_modified_time":"2022-04-04T10:52:16+00:00","og_image":[{"url":"..\/..\/..\/romanya\/wp-content\/uploads\/2021\/07\/aDOBE-LOGO-1.png","type":"","width":"","height":""}],"twitter_card":"summary_large_image","twitter_misc":{"Tahmini okuma s\u00fcresi":"2 dakika"},"schema":{"@context":"https:\/\/schema.org","@graph":[{"@type":"WebPage","@id":"https:\/\/www.myvize.com.tr\/cin\/form-ve-dilekce\/turistik-vize-dilekce-ornegi\/","url":"https:\/\/www.myvize.com.tr\/cin\/form-ve-dilekce\/turistik-vize-dilekce-ornegi\/","name":"\u00c7in Turistik Vize Dilek\u00e7e \u00d6rne\u011fi - \u00c7in Vizesi - MyVize","isPartOf":{"@id":"https:\/\/www.myvize.com.tr\/cin\/#website"},"datePublished":"2020-12-24T10:13:54+00:00","dateModified":"2022-04-04T10:52:16+00:00","description":"\u00c7in turistik vize dilek\u00e7e \u00f6rneklerinde dikkat edilmesi gerekenler. \u00c7in turistik vize dilek\u00e7e \u00f6rne\u011fi i\u00e7in ofislerimizi arayabilirsiniz.","breadcrumb":{"@id":"https:\/\/www.myvize.com.tr\/cin\/form-ve-dilekce\/turistik-vize-dilekce-ornegi\/#breadcrumb"},"inLanguage":"tr","potentialAction":[{"@type":"ReadAction","target":["https:\/\/www.myvize.com.tr\/cin\/form-ve-dilekce\/turistik-vize-dilekce-ornegi\/"]}]},{"@type":"BreadcrumbList","@id":"https:\/\/www.myvize.com.tr\/cin\/form-ve-dilekce\/turistik-vize-dilekce-ornegi\/#breadcrumb","itemListElement":[{"@type":"ListItem","position":1,"name":"Anasayfa","item":"https:\/\/www.myvize.com.tr\/cin\/"},{"@type":"ListItem","position":2,"name":"FORM VE D\u0130LEK\u00c7E","item":"https:\/\/www.myvize.com.tr\/cin\/form-ve-dilekce\/"},{"@type":"ListItem","position":3,"name":"\u00c7in Turistik Vize Dilek\u00e7e \u00d6rne\u011fi"}]},{"@type":"WebSite","@id":"https:\/\/www.myvize.com.tr\/cin\/#website","url":"https:\/\/www.myvize.com.tr\/cin\/","name":"\u00c7in Vizesi","description":"","potentialAction":[{"@type":"SearchAction","target":{"@type":"EntryPoint","urlTemplate":"https:\/\/www.myvize.com.tr\/cin\/?s={search_term_string}"},"query-input":{"@type":"PropertyValueSpecification","valueRequired":true,"valueName":"search_term_string"}}],"inLanguage":"tr"}]}},"_links":{"self":[{"href":"https:\/\/www.myvize.com.tr\/cin\/wp-json\/wp\/v2\/pages\/179","targetHints":{"allow":["GET"]}}],"collection":[{"href":"https:\/\/www.myvize.com.tr\/cin\/wp-json\/wp\/v2\/pages"}],"about":[{"href":"https:\/\/www.myvize.com.tr\/cin\/wp-json\/wp\/v2\/types\/page"}],"author":[{"embeddable":true,"href":"https:\/\/www.myvize.com.tr\/cin\/wp-json\/wp\/v2\/users\/1"}],"replies":[{"embeddable":true,"href":"https:\/\/www.myvize.com.tr\/cin\/wp-json\/wp\/v2\/comments?post=179"}],"version-history":[{"count":6,"href":"https:\/\/www.myvize.com.tr\/cin\/wp-json\/wp\/v2\/pages\/179\/revisions"}],"predecessor-version":[{"id":724,"href":"https:\/\/www.myvize.com.tr\/cin\/wp-json\/wp\/v2\/pages\/179\/revisions\/724"}],"up":[{"embeddable":true,"href":"https:\/\/www.myvize.com.tr\/cin\/wp-json\/wp\/v2\/pages\/167"}],"wp:attachment":[{"href":"https:\/\/www.myvize.com.tr\/cin\/wp-json\/wp\/v2\/media?parent=179"}],"curies":[{"name":"wp","href":"https:\/\/api.w.org\/{rel}","templated":true}]}}