{"id":196,"date":"2020-12-30T14:07:35","date_gmt":"2020-12-30T11:07:35","guid":{"rendered":"https:\/\/www.myvize.com.tr\/cin\/?page_id=196"},"modified":"2021-11-30T16:01:06","modified_gmt":"2021-11-30T13:01:06","slug":"gaziantep","status":"publish","type":"page","link":"https:\/\/www.myvize.com.tr\/cin\/subelerimiz\/gaziantep\/","title":{"rendered":"Gaziantep"},"content":{"rendered":"<h2><span style=\"font-family: Roboto; font-size: 27px;\"><strong>Gaziantep \u00c7in Vizesi Ba\u015fvuru<\/strong><\/span><\/h2>\n<p><span style=\"font-family: Roboto; font-size: 14px;\"><span style=\"color: #2acec2;\"><strong><a style=\"color: #2acec2;\" href=\"https:\/\/www.myvize.com.tr\/cin\/cin-vizesi\/\" target=\"_blank\" rel=\"noopener\">\u00c7in vizesi<\/a><\/strong><\/span> i\u015flemlerini ger\u00e7ekle\u015ftirecek olan kurumlar<strong> \u00c7in Ba\u015fkonsoloslu\u011fu<\/strong> ve \u00c7in B\u00fcy\u00fckel\u00e7ili\u011fi\u2019dir. Ankara ve \u0130stanbul\u2019da bulunan resm\u00ee kurumlar direkt olarak vize ba\u015fvurular\u0131n\u0131 de\u011ferlendirme ve sonuca vard\u0131rma yetkisine sahiptir.\u00a0 Bu iki kurum haricinde kurum taraf\u0131ndan yetkilendirilmi\u015f olan \u00e7ok say\u0131da vize acentesi arac\u0131l\u0131\u011f\u0131 ile de vize i\u015flemlerini ger\u00e7ekle\u015ftirmek m\u00fcmk\u00fcn olur. <span style=\"color: #2acec2;\"><strong><a style=\"color: #2acec2;\" href=\"https:\/\/www.myvize.com.tr\/cin\/subelerimiz\/ankara\/\" target=\"_blank\" rel=\"noopener\">Ankara<\/a><\/strong><\/span> ve \u0130stanbul\u2019da bulunan konsolosluklara uzak olan vatanda\u015flar <strong>Gaziantep<\/strong> ve di\u011fer \u015fehirlerde bulunan vize acentelerine \u015fahsi olarak vize ba\u015fvurusunda bulunabilirler.\u00a0<strong>Gaziantep \u00c7in vizesi ba\u015fvuru\u00a0<\/strong>sonu\u00e7lar\u0131 ile vize kazanmaya hak kazanan vatanda\u015flar \u00c7in Halk Cumhuriyeti\u2019ne sorunsuz bir \u015fekilde giri\u015f yapabilirler.<\/span><\/p>\n<p><span style=\"font-family: Roboto; font-size: 14px;\">\u00c7in Halk Cumhuriyeti\u2019ne giri\u015f i\u00e7in bir\u00e7ok farkl\u0131 vize \u00e7e\u015fidi mevcuttur. Vatanda\u015flar seyahatlerine en uygun vize t\u00fcr\u00fcne karar verdikten sonra bu do\u011frultuda ba\u015fvuru yaparak bu s\u00fcreci daha h\u0131zl\u0131 \u015fekilde sonland\u0131rabilirler.<\/span><\/p>\n<p><span style=\"font-family: Roboto; font-size: 14px;\"><strong>\u00c7in Halk Cumhuriyeti vizesi<\/strong> almak i\u00e7in gerekli belgeler aras\u0131nda<strong> vize talep formu<\/strong> \u00f6n plana \u00e7\u0131kar. Seyahat \u00f6ncesinde seyahat nedenini ve \u00fclkede kalma s\u00fcresini a\u00e7\u0131k\u00e7a belirten vatanda\u015flar vize de\u011ferlendirmesinden b\u00fcy\u00fck oranda olumlu yan\u0131t al\u0131rlar. Bu form yan\u0131nda vize \u00fccretinin \u00f6dendi\u011fi dekont ve di\u011fer evraklar\u0131 da tam olan vatanda\u015flar resmi ba\u015fvuru i\u00e7in ilk ad\u0131m\u0131 atabilirler.<\/span><\/p>\n","protected":false},"excerpt":{"rendered":"<p>Gaziantep \u00c7in Vizesi Ba\u015fvuru \u00c7in vizesi i\u015flemlerini ger\u00e7ekle\u015ftirecek olan kurumlar \u00c7in Ba\u015fkonsoloslu\u011fu ve \u00c7in B\u00fcy\u00fckel\u00e7ili\u011fi\u2019dir. Ankara ve \u0130stanbul\u2019da bulunan resm\u00ee kurumlar direkt olarak vize ba\u015fvurular\u0131n\u0131 de\u011ferlendirme ve sonuca vard\u0131rma yetkisine sahiptir.\u00a0 Bu iki kurum haricinde kurum taraf\u0131ndan yetkilendirilmi\u015f olan \u00e7ok say\u0131da vize acentesi arac\u0131l\u0131\u011f\u0131 ile de vize i\u015flemlerini ger\u00e7ekle\u015ftirmek m\u00fcmk\u00fcn olur. Ankara ve \u0130stanbul\u2019da bulunan<\/p>\n","protected":false},"author":1,"featured_media":0,"parent":191,"menu_order":0,"comment_status":"open","ping_status":"closed","template":"","meta":{"footnotes":""},"class_list":["post-196","page","type-page","status-publish","hentry"],"yoast_head":"<!-- This site is optimized with the Yoast SEO plugin v26.8 - https:\/\/yoast.com\/product\/yoast-seo-wordpress\/ -->\n<title>\u00c7in Vizesi Gaziantep - My Vize Profesyonel Vize Hizmetleri<\/title>\n<meta name=\"description\" content=\"\u00c7in Vizesi Gaziantep ofisimizden, hangi \u00fclkeye seyahat etmek isterseniz gerekli b\u00fct\u00fcn bilgilere ula\u015fabilirsiniz.\" \/>\n<meta name=\"robots\" content=\"index, follow, max-snippet:-1, max-image-preview:large, max-video-preview:-1\" \/>\n<link rel=\"canonical\" href=\"https:\/\/www.myvize.com.tr\/cin\/subelerimiz\/gaziantep\/\" \/>\n<meta property=\"og:locale\" content=\"tr_TR\" \/>\n<meta property=\"og:type\" content=\"article\" \/>\n<meta property=\"og:title\" content=\"\u00c7in Vizesi Gaziantep - My Vize Profesyonel Vize Hizmetleri\" \/>\n<meta property=\"og:description\" content=\"\u00c7in Vizesi Gaziantep ofisimizden, hangi \u00fclkeye seyahat etmek isterseniz gerekli b\u00fct\u00fcn bilgilere ula\u015fabilirsiniz.\" \/>\n<meta property=\"og:url\" content=\"https:\/\/www.myvize.com.tr\/cin\/subelerimiz\/gaziantep\/\" \/>\n<meta property=\"og:site_name\" content=\"\u00c7in Vizesi\" \/>\n<meta property=\"article:modified_time\" content=\"2021-11-30T13:01:06+00:00\" \/>\n<meta name=\"twitter:card\" content=\"summary_large_image\" \/>\n<meta name=\"twitter:label1\" content=\"Tahmini okuma s\u00fcresi\" \/>\n\t<meta name=\"twitter:data1\" content=\"1 dakika\" \/>\n<script type=\"application\/ld+json\" class=\"yoast-schema-graph\">{\"@context\":\"https:\/\/schema.org\",\"@graph\":[{\"@type\":\"WebPage\",\"@id\":\"https:\/\/www.myvize.com.tr\/cin\/subelerimiz\/gaziantep\/\",\"url\":\"https:\/\/www.myvize.com.tr\/cin\/subelerimiz\/gaziantep\/\",\"name\":\"\u00c7in Vizesi Gaziantep - My Vize Profesyonel Vize Hizmetleri\",\"isPartOf\":{\"@id\":\"https:\/\/www.myvize.com.tr\/cin\/#website\"},\"datePublished\":\"2020-12-30T11:07:35+00:00\",\"dateModified\":\"2021-11-30T13:01:06+00:00\",\"description\":\"\u00c7in Vizesi Gaziantep ofisimizden, hangi \u00fclkeye seyahat etmek isterseniz gerekli b\u00fct\u00fcn bilgilere ula\u015fabilirsiniz.\",\"breadcrumb\":{\"@id\":\"https:\/\/www.myvize.com.tr\/cin\/subelerimiz\/gaziantep\/#breadcrumb\"},\"inLanguage\":\"tr\",\"potentialAction\":[{\"@type\":\"ReadAction\",\"target\":[\"https:\/\/www.myvize.com.tr\/cin\/subelerimiz\/gaziantep\/\"]}]},{\"@type\":\"BreadcrumbList\",\"@id\":\"https:\/\/www.myvize.com.tr\/cin\/subelerimiz\/gaziantep\/#breadcrumb\",\"itemListElement\":[{\"@type\":\"ListItem\",\"position\":1,\"name\":\"Anasayfa\",\"item\":\"https:\/\/www.myvize.com.tr\/cin\/\"},{\"@type\":\"ListItem\",\"position\":2,\"name\":\"\u015eUBELER\u0130M\u0130Z\",\"item\":\"https:\/\/www.myvize.com.tr\/cin\/subelerimiz\/\"},{\"@type\":\"ListItem\",\"position\":3,\"name\":\"Gaziantep\"}]},{\"@type\":\"WebSite\",\"@id\":\"https:\/\/www.myvize.com.tr\/cin\/#website\",\"url\":\"https:\/\/www.myvize.com.tr\/cin\/\",\"name\":\"\u00c7in Vizesi\",\"description\":\"\",\"potentialAction\":[{\"@type\":\"SearchAction\",\"target\":{\"@type\":\"EntryPoint\",\"urlTemplate\":\"https:\/\/www.myvize.com.tr\/cin\/?s={search_term_string}\"},\"query-input\":{\"@type\":\"PropertyValueSpecification\",\"valueRequired\":true,\"valueName\":\"search_term_string\"}}],\"inLanguage\":\"tr\"}]}<\/script>\n<!-- \/ Yoast SEO plugin. -->","yoast_head_json":{"title":"\u00c7in Vizesi Gaziantep - My Vize Profesyonel Vize Hizmetleri","description":"\u00c7in Vizesi Gaziantep ofisimizden, hangi \u00fclkeye seyahat etmek isterseniz gerekli b\u00fct\u00fcn bilgilere ula\u015fabilirsiniz.","robots":{"index":"index","follow":"follow","max-snippet":"max-snippet:-1","max-image-preview":"max-image-preview:large","max-video-preview":"max-video-preview:-1"},"canonical":"https:\/\/www.myvize.com.tr\/cin\/subelerimiz\/gaziantep\/","og_locale":"tr_TR","og_type":"article","og_title":"\u00c7in Vizesi Gaziantep - My Vize Profesyonel Vize Hizmetleri","og_description":"\u00c7in Vizesi Gaziantep ofisimizden, hangi \u00fclkeye seyahat etmek isterseniz gerekli b\u00fct\u00fcn bilgilere ula\u015fabilirsiniz.","og_url":"https:\/\/www.myvize.com.tr\/cin\/subelerimiz\/gaziantep\/","og_site_name":"\u00c7in Vizesi","article_modified_time":"2021-11-30T13:01:06+00:00","twitter_card":"summary_large_image","twitter_misc":{"Tahmini okuma s\u00fcresi":"1 dakika"},"schema":{"@context":"https:\/\/schema.org","@graph":[{"@type":"WebPage","@id":"https:\/\/www.myvize.com.tr\/cin\/subelerimiz\/gaziantep\/","url":"https:\/\/www.myvize.com.tr\/cin\/subelerimiz\/gaziantep\/","name":"\u00c7in Vizesi Gaziantep - My Vize Profesyonel Vize Hizmetleri","isPartOf":{"@id":"https:\/\/www.myvize.com.tr\/cin\/#website"},"datePublished":"2020-12-30T11:07:35+00:00","dateModified":"2021-11-30T13:01:06+00:00","description":"\u00c7in Vizesi Gaziantep ofisimizden, hangi \u00fclkeye seyahat etmek isterseniz gerekli b\u00fct\u00fcn bilgilere ula\u015fabilirsiniz.","breadcrumb":{"@id":"https:\/\/www.myvize.com.tr\/cin\/subelerimiz\/gaziantep\/#breadcrumb"},"inLanguage":"tr","potentialAction":[{"@type":"ReadAction","target":["https:\/\/www.myvize.com.tr\/cin\/subelerimiz\/gaziantep\/"]}]},{"@type":"BreadcrumbList","@id":"https:\/\/www.myvize.com.tr\/cin\/subelerimiz\/gaziantep\/#breadcrumb","itemListElement":[{"@type":"ListItem","position":1,"name":"Anasayfa","item":"https:\/\/www.myvize.com.tr\/cin\/"},{"@type":"ListItem","position":2,"name":"\u015eUBELER\u0130M\u0130Z","item":"https:\/\/www.myvize.com.tr\/cin\/subelerimiz\/"},{"@type":"ListItem","position":3,"name":"Gaziantep"}]},{"@type":"WebSite","@id":"https:\/\/www.myvize.com.tr\/cin\/#website","url":"https:\/\/www.myvize.com.tr\/cin\/","name":"\u00c7in Vizesi","description":"","potentialAction":[{"@type":"SearchAction","target":{"@type":"EntryPoint","urlTemplate":"https:\/\/www.myvize.com.tr\/cin\/?s={search_term_string}"},"query-input":{"@type":"PropertyValueSpecification","valueRequired":true,"valueName":"search_term_string"}}],"inLanguage":"tr"}]}},"_links":{"self":[{"href":"https:\/\/www.myvize.com.tr\/cin\/wp-json\/wp\/v2\/pages\/196","targetHints":{"allow":["GET"]}}],"collection":[{"href":"https:\/\/www.myvize.com.tr\/cin\/wp-json\/wp\/v2\/pages"}],"about":[{"href":"https:\/\/www.myvize.com.tr\/cin\/wp-json\/wp\/v2\/types\/page"}],"author":[{"embeddable":true,"href":"https:\/\/www.myvize.com.tr\/cin\/wp-json\/wp\/v2\/users\/1"}],"replies":[{"embeddable":true,"href":"https:\/\/www.myvize.com.tr\/cin\/wp-json\/wp\/v2\/comments?post=196"}],"version-history":[{"count":4,"href":"https:\/\/www.myvize.com.tr\/cin\/wp-json\/wp\/v2\/pages\/196\/revisions"}],"predecessor-version":[{"id":694,"href":"https:\/\/www.myvize.com.tr\/cin\/wp-json\/wp\/v2\/pages\/196\/revisions\/694"}],"up":[{"embeddable":true,"href":"https:\/\/www.myvize.com.tr\/cin\/wp-json\/wp\/v2\/pages\/191"}],"wp:attachment":[{"href":"https:\/\/www.myvize.com.tr\/cin\/wp-json\/wp\/v2\/media?parent=196"}],"curies":[{"name":"wp","href":"https:\/\/api.w.org\/{rel}","templated":true}]}}