{"id":202,"date":"2020-12-30T14:08:21","date_gmt":"2020-12-30T11:08:21","guid":{"rendered":"https:\/\/www.myvize.com.tr\/cin\/?page_id=202"},"modified":"2021-11-30T15:57:44","modified_gmt":"2021-11-30T12:57:44","slug":"diyarbakir","status":"publish","type":"page","link":"https:\/\/www.myvize.com.tr\/cin\/subelerimiz\/diyarbakir\/","title":{"rendered":"Diyarbak\u0131r"},"content":{"rendered":"<h2><span style=\"font-family: Roboto; font-size: 27px;\"><strong>Diyarbak\u0131r \u00c7in Vizesi Ba\u015fvuru<\/strong><\/span><\/h2>\n<p><span style=\"font-family: Roboto; font-size: 14px;\">\u00c7in, uzak do\u011funun b\u00fcy\u00fcyen devlerinden birisidir ve y\u0131l i\u00e7erisinde bir\u00e7ok farkl\u0131 nedenle T\u00fcrkiye\u2019den \u00c7in\u2019e vatanda\u015flar seyahat ger\u00e7ekle\u015ftirmektedir. E\u011fitim ba\u015fta olmak \u00fczere dil \u00f6\u011frenimi ve ticari ili\u015fkilerde bulunmak isteyen vatanda\u015flar sahip olacaklar\u0131<strong> \u00c7in vizesi<\/strong> ile bu \u00fclkeye sorunsuz bir \u015fekilde giri\u015f yapabilirler.<\/span><\/p>\n<p><span style=\"font-family: Roboto; font-size: 14px;\">T\u00fcrkiye\u2019den \u00c7in Halk Cumhuriyeti\u2019ne seyahat etmek isteyen vatanda\u015flar\u0131n sahip olmalar\u0131 gereken en \u00f6nemli \u015fey vizedir. Aktif bir pasaportu bulunan ve vizeye de sahip olan vatanda\u015flar sorunsuz bir \u015fekilde, vize ge\u00e7erlilik s\u00fcresi boyunca \u00c7in\u2019e seyahat ger\u00e7ekle\u015ftirebilirler.<\/span><\/p>\n<p><span style=\"font-family: Roboto; font-size: 14px;\"><strong>\u00c7in Halk Cumhuriyeti<\/strong> vatanda\u015flar\u0131na bir\u00e7ok farkl\u0131 alanda vize vermektedir. E\u011fitim, ticari, k\u00fclt\u00fcrel, sa\u011fl\u0131k gibi alanlardan yap\u0131lacak tercih ile seyahat amac\u0131na en uygun vizenin al\u0131nmas\u0131 m\u00fcmk\u00fcn olur. Vatanda\u015flar alacaklar\u0131 vizenin ge\u00e7erlilik s\u00fcresinin dolmas\u0131 halinde e\u011fer \u00fclkede kalmaya devam etmek isterlerse bu durumda vizelerini yenilemek zorundad\u0131r.<\/span><\/p>\n<p><span style=\"font-family: Roboto; font-size: 14px;\"><strong>Diyarbak\u0131r \u00c7in vizesi<\/strong>\u00a0<strong>ba\u015fvuru<\/strong>\u00a0i\u015flemi yapmak isteyen vatanda\u015flar <strong>\u00c7in Ba\u015fkonsoloslu\u011fu<\/strong> ile ileti\u015fime ge\u00e7erek vize i\u015flemlerini ger\u00e7ekle\u015ftirebilirler Ba\u015fkonsoloslu\u011fa uzak mesafede ikamet eden vatanda\u015flar Diyarbak\u0131r\u2019da ya da ikamet etikleri \u015fehirlerde hizmet veren vize acenteleri ile ileti\u015fime ge\u00e7erek de vize ba\u015fvurusunda bulunabilirler.<\/span><\/p>\n<p><span style=\"font-family: Roboto; font-size: 14px;\"><span style=\"color: #2acec2;\"><strong><a style=\"color: #2acec2;\" href=\"https:\/\/www.myvize.com.tr\/cin\/vize-islemleri\/\" target=\"_blank\" rel=\"noopener\">\u00c7in Vize \u0130\u015flemleri<\/a><\/strong><\/span> ile ilgili bilgi almak i\u00e7in bizi aray\u0131n\u0131z.<\/span><\/p>\n","protected":false},"excerpt":{"rendered":"<p>Diyarbak\u0131r \u00c7in Vizesi Ba\u015fvuru \u00c7in, uzak do\u011funun b\u00fcy\u00fcyen devlerinden birisidir ve y\u0131l i\u00e7erisinde bir\u00e7ok farkl\u0131 nedenle T\u00fcrkiye\u2019den \u00c7in\u2019e vatanda\u015flar seyahat ger\u00e7ekle\u015ftirmektedir. E\u011fitim ba\u015fta olmak \u00fczere dil \u00f6\u011frenimi ve ticari ili\u015fkilerde bulunmak isteyen vatanda\u015flar sahip olacaklar\u0131 \u00c7in vizesi ile bu \u00fclkeye sorunsuz bir \u015fekilde giri\u015f yapabilirler. T\u00fcrkiye\u2019den \u00c7in Halk Cumhuriyeti\u2019ne seyahat etmek isteyen vatanda\u015flar\u0131n sahip olmalar\u0131<\/p>\n","protected":false},"author":1,"featured_media":0,"parent":191,"menu_order":0,"comment_status":"open","ping_status":"closed","template":"","meta":{"footnotes":""},"class_list":["post-202","page","type-page","status-publish","hentry"],"yoast_head":"<!-- This site is optimized with the Yoast SEO plugin v26.8 - https:\/\/yoast.com\/product\/yoast-seo-wordpress\/ -->\n<title>\u00c7in Vizesi Diyarbak\u0131r - My Vize Profesyonel Vize Hizmetleri<\/title>\n<meta name=\"description\" content=\"\u00c7in Vizesi Diyarbak\u0131r ofisimizden, hangi \u00fclkeye seyahat etmek isterseniz gerekli b\u00fct\u00fcn bilgilere ula\u015fabilirsiniz.\" \/>\n<meta name=\"robots\" content=\"index, follow, max-snippet:-1, max-image-preview:large, max-video-preview:-1\" \/>\n<link rel=\"canonical\" href=\"https:\/\/www.myvize.com.tr\/cin\/subelerimiz\/diyarbakir\/\" \/>\n<meta property=\"og:locale\" content=\"tr_TR\" \/>\n<meta property=\"og:type\" content=\"article\" \/>\n<meta property=\"og:title\" content=\"\u00c7in Vizesi Diyarbak\u0131r - My Vize Profesyonel Vize Hizmetleri\" \/>\n<meta property=\"og:description\" content=\"\u00c7in Vizesi Diyarbak\u0131r ofisimizden, hangi \u00fclkeye seyahat etmek isterseniz gerekli b\u00fct\u00fcn bilgilere ula\u015fabilirsiniz.\" \/>\n<meta property=\"og:url\" content=\"https:\/\/www.myvize.com.tr\/cin\/subelerimiz\/diyarbakir\/\" \/>\n<meta property=\"og:site_name\" content=\"\u00c7in Vizesi\" \/>\n<meta property=\"article:modified_time\" content=\"2021-11-30T12:57:44+00:00\" \/>\n<meta name=\"twitter:card\" content=\"summary_large_image\" \/>\n<meta name=\"twitter:label1\" content=\"Tahmini okuma s\u00fcresi\" \/>\n\t<meta name=\"twitter:data1\" content=\"1 dakika\" \/>\n<script type=\"application\/ld+json\" class=\"yoast-schema-graph\">{\"@context\":\"https:\/\/schema.org\",\"@graph\":[{\"@type\":\"WebPage\",\"@id\":\"https:\/\/www.myvize.com.tr\/cin\/subelerimiz\/diyarbakir\/\",\"url\":\"https:\/\/www.myvize.com.tr\/cin\/subelerimiz\/diyarbakir\/\",\"name\":\"\u00c7in Vizesi Diyarbak\u0131r - My Vize Profesyonel Vize Hizmetleri\",\"isPartOf\":{\"@id\":\"https:\/\/www.myvize.com.tr\/cin\/#website\"},\"datePublished\":\"2020-12-30T11:08:21+00:00\",\"dateModified\":\"2021-11-30T12:57:44+00:00\",\"description\":\"\u00c7in Vizesi Diyarbak\u0131r ofisimizden, hangi \u00fclkeye seyahat etmek isterseniz gerekli b\u00fct\u00fcn bilgilere ula\u015fabilirsiniz.\",\"breadcrumb\":{\"@id\":\"https:\/\/www.myvize.com.tr\/cin\/subelerimiz\/diyarbakir\/#breadcrumb\"},\"inLanguage\":\"tr\",\"potentialAction\":[{\"@type\":\"ReadAction\",\"target\":[\"https:\/\/www.myvize.com.tr\/cin\/subelerimiz\/diyarbakir\/\"]}]},{\"@type\":\"BreadcrumbList\",\"@id\":\"https:\/\/www.myvize.com.tr\/cin\/subelerimiz\/diyarbakir\/#breadcrumb\",\"itemListElement\":[{\"@type\":\"ListItem\",\"position\":1,\"name\":\"Anasayfa\",\"item\":\"https:\/\/www.myvize.com.tr\/cin\/\"},{\"@type\":\"ListItem\",\"position\":2,\"name\":\"\u015eUBELER\u0130M\u0130Z\",\"item\":\"https:\/\/www.myvize.com.tr\/cin\/subelerimiz\/\"},{\"@type\":\"ListItem\",\"position\":3,\"name\":\"Diyarbak\u0131r\"}]},{\"@type\":\"WebSite\",\"@id\":\"https:\/\/www.myvize.com.tr\/cin\/#website\",\"url\":\"https:\/\/www.myvize.com.tr\/cin\/\",\"name\":\"\u00c7in Vizesi\",\"description\":\"\",\"potentialAction\":[{\"@type\":\"SearchAction\",\"target\":{\"@type\":\"EntryPoint\",\"urlTemplate\":\"https:\/\/www.myvize.com.tr\/cin\/?s={search_term_string}\"},\"query-input\":{\"@type\":\"PropertyValueSpecification\",\"valueRequired\":true,\"valueName\":\"search_term_string\"}}],\"inLanguage\":\"tr\"}]}<\/script>\n<!-- \/ Yoast SEO plugin. -->","yoast_head_json":{"title":"\u00c7in Vizesi Diyarbak\u0131r - My Vize Profesyonel Vize Hizmetleri","description":"\u00c7in Vizesi Diyarbak\u0131r ofisimizden, hangi \u00fclkeye seyahat etmek isterseniz gerekli b\u00fct\u00fcn bilgilere ula\u015fabilirsiniz.","robots":{"index":"index","follow":"follow","max-snippet":"max-snippet:-1","max-image-preview":"max-image-preview:large","max-video-preview":"max-video-preview:-1"},"canonical":"https:\/\/www.myvize.com.tr\/cin\/subelerimiz\/diyarbakir\/","og_locale":"tr_TR","og_type":"article","og_title":"\u00c7in Vizesi Diyarbak\u0131r - My Vize Profesyonel Vize Hizmetleri","og_description":"\u00c7in Vizesi Diyarbak\u0131r ofisimizden, hangi \u00fclkeye seyahat etmek isterseniz gerekli b\u00fct\u00fcn bilgilere ula\u015fabilirsiniz.","og_url":"https:\/\/www.myvize.com.tr\/cin\/subelerimiz\/diyarbakir\/","og_site_name":"\u00c7in Vizesi","article_modified_time":"2021-11-30T12:57:44+00:00","twitter_card":"summary_large_image","twitter_misc":{"Tahmini okuma s\u00fcresi":"1 dakika"},"schema":{"@context":"https:\/\/schema.org","@graph":[{"@type":"WebPage","@id":"https:\/\/www.myvize.com.tr\/cin\/subelerimiz\/diyarbakir\/","url":"https:\/\/www.myvize.com.tr\/cin\/subelerimiz\/diyarbakir\/","name":"\u00c7in Vizesi Diyarbak\u0131r - My Vize Profesyonel Vize Hizmetleri","isPartOf":{"@id":"https:\/\/www.myvize.com.tr\/cin\/#website"},"datePublished":"2020-12-30T11:08:21+00:00","dateModified":"2021-11-30T12:57:44+00:00","description":"\u00c7in Vizesi Diyarbak\u0131r ofisimizden, hangi \u00fclkeye seyahat etmek isterseniz gerekli b\u00fct\u00fcn bilgilere ula\u015fabilirsiniz.","breadcrumb":{"@id":"https:\/\/www.myvize.com.tr\/cin\/subelerimiz\/diyarbakir\/#breadcrumb"},"inLanguage":"tr","potentialAction":[{"@type":"ReadAction","target":["https:\/\/www.myvize.com.tr\/cin\/subelerimiz\/diyarbakir\/"]}]},{"@type":"BreadcrumbList","@id":"https:\/\/www.myvize.com.tr\/cin\/subelerimiz\/diyarbakir\/#breadcrumb","itemListElement":[{"@type":"ListItem","position":1,"name":"Anasayfa","item":"https:\/\/www.myvize.com.tr\/cin\/"},{"@type":"ListItem","position":2,"name":"\u015eUBELER\u0130M\u0130Z","item":"https:\/\/www.myvize.com.tr\/cin\/subelerimiz\/"},{"@type":"ListItem","position":3,"name":"Diyarbak\u0131r"}]},{"@type":"WebSite","@id":"https:\/\/www.myvize.com.tr\/cin\/#website","url":"https:\/\/www.myvize.com.tr\/cin\/","name":"\u00c7in Vizesi","description":"","potentialAction":[{"@type":"SearchAction","target":{"@type":"EntryPoint","urlTemplate":"https:\/\/www.myvize.com.tr\/cin\/?s={search_term_string}"},"query-input":{"@type":"PropertyValueSpecification","valueRequired":true,"valueName":"search_term_string"}}],"inLanguage":"tr"}]}},"_links":{"self":[{"href":"https:\/\/www.myvize.com.tr\/cin\/wp-json\/wp\/v2\/pages\/202","targetHints":{"allow":["GET"]}}],"collection":[{"href":"https:\/\/www.myvize.com.tr\/cin\/wp-json\/wp\/v2\/pages"}],"about":[{"href":"https:\/\/www.myvize.com.tr\/cin\/wp-json\/wp\/v2\/types\/page"}],"author":[{"embeddable":true,"href":"https:\/\/www.myvize.com.tr\/cin\/wp-json\/wp\/v2\/users\/1"}],"replies":[{"embeddable":true,"href":"https:\/\/www.myvize.com.tr\/cin\/wp-json\/wp\/v2\/comments?post=202"}],"version-history":[{"count":3,"href":"https:\/\/www.myvize.com.tr\/cin\/wp-json\/wp\/v2\/pages\/202\/revisions"}],"predecessor-version":[{"id":691,"href":"https:\/\/www.myvize.com.tr\/cin\/wp-json\/wp\/v2\/pages\/202\/revisions\/691"}],"up":[{"embeddable":true,"href":"https:\/\/www.myvize.com.tr\/cin\/wp-json\/wp\/v2\/pages\/191"}],"wp:attachment":[{"href":"https:\/\/www.myvize.com.tr\/cin\/wp-json\/wp\/v2\/media?parent=202"}],"curies":[{"name":"wp","href":"https:\/\/api.w.org\/{rel}","templated":true}]}}