{"id":212,"date":"2020-12-30T14:09:40","date_gmt":"2020-12-30T11:09:40","guid":{"rendered":"https:\/\/www.myvize.com.tr\/cin\/?page_id=212"},"modified":"2021-11-30T15:54:08","modified_gmt":"2021-11-30T12:54:08","slug":"bursa","status":"publish","type":"page","link":"https:\/\/www.myvize.com.tr\/cin\/subelerimiz\/bursa\/","title":{"rendered":"Bursa"},"content":{"rendered":"<h2><span style=\"font-family: Roboto; font-size: 27px;\"><strong>Bursa \u00c7in Vizesi Ba\u015fvuru<\/strong><\/span><\/h2>\n<p><span style=\"font-family: Roboto; font-size: 14px;\">\u00c7in\u2019e seyahat edecek olan vatanda\u015flar<strong> \u00c7in Konsoloslu\u011fu<\/strong> ile ileti\u015fime ge\u00e7erek vize ba\u015fvuru i\u015flemlerini ger\u00e7ekle\u015ftirebilirler. Bursa ve di\u011fer \u015fehirlerde ikamet eden vatanda\u015flar en yak\u0131n <strong>\u00c7in Ba\u015fkonsoloslu\u011fu<\/strong> ile ileti\u015fime ge\u00e7erek vize i\u00e7in gerekli evraklar hakk\u0131nda bilgi sahibi olabilir ve <span style=\"color: #2acec2;\"><strong><a style=\"color: #2acec2;\" href=\"https:\/\/www.myvize.com.tr\/cin\/cin-vizesi\/\" target=\"_blank\" rel=\"noopener\">\u00c7in vizesi<\/a><\/strong><\/span> ald\u0131ktan sonra seyahat ama\u00e7lar\u0131na ba\u011fl\u0131 olarak \u00fclkeye seyahat edebilirler.\u00a0<strong>Bursa \u00c7in vizesi ba\u015fvuru<\/strong>\u00a0i\u015flemleri \u015fehre en yak\u0131n<strong> \u00c7in Konsoloslu\u011fu<\/strong> arac\u0131l\u0131\u011f\u0131 ile ger\u00e7ekle\u015fmektedir.<\/span><\/p>\n<p><span style=\"font-family: Roboto; font-size: 14px;\"><strong>\u00c7in Konsoloslu\u011fu<\/strong> iki \u00fclke i\u00e7in resm\u00ee tatil ilan edilen g\u00fcnlerde hizmete kapal\u0131d\u0131r. Di\u011fer g\u00fcnlerde vatanda\u015flar hafta i\u00e7i mesai saatlerinde konsolosluk ya da yetkili acentelerde haz\u0131r bulunarak<strong> vize ba\u015fvurusu<\/strong> i\u00e7in ilk ad\u0131m\u0131 atabilirler.<\/span><\/p>\n<p><span style=\"font-family: Roboto; font-size: 14px;\"><strong>\u00c7in vizesi<\/strong> alman\u0131n ilk ad\u0131m\u0131 bir vize ba\u015fvuru formu doldurmakt\u0131r. Formu eksiksiz ve do\u011fru bilgiler ile dolduran vatanda\u015flar vize i\u00e7in gerekli evraklar\u0131n haz\u0131rlanmas\u0131 a\u015famas\u0131na ge\u00e7ebilirler. <strong>\u00c7in Halk Cumhuriyeti<\/strong>, vatanda\u015flardan seyahat nedenini \u00f6zellikle talep eden bir \u00fclkedir. Bu anlamda seyahat nedenini a\u00e7\u0131k\u00e7a a\u00e7\u0131klamayan ve \u00fclkede ne kadar ikamet edilece\u011fi bilgisini vermeyen vatanda\u015flar\u0131n vize ba\u015fvurular\u0131 olumsuz olarak de\u011ferlendirilmektedir.<strong> \u00c7in Halk Cumhuriyeti<\/strong> T\u00fcrkiye\u2019de ikamet eden vatanda\u015flara turistik, ticari, e\u011fitim, \u00e7al\u0131\u015fma, aile birle\u015fimi ve sa\u011fl\u0131k gibi bir\u00e7ok farkl\u0131 alanda vize vermektedir. Vatanda\u015flar seyahatlerine yu\u011fun vize t\u00fcr\u00fcne karar verdikten sonra evraklar\u0131n\u0131 da haz\u0131rlayarak ba\u015fvuru merkezlerinden vize ba\u015fvurusunda bulunabilirler.<\/span><\/p>\n<p><span style=\"font-family: Roboto; font-size: 14px;\"><span style=\"color: #2acec2;\"><strong><a style=\"color: #2acec2;\" href=\"https:\/\/www.myvize.com.tr\/cin\/vize-islemleri\/cin-vize-ucreti\/\" target=\"_blank\" rel=\"noopener\">\u00c7in Vize \u00dccreti <\/a><\/strong><\/span>ile ilgili bilgi almak i\u00e7in bizi aray\u0131n\u0131z.<\/span><\/p>\n","protected":false},"excerpt":{"rendered":"<p>Bursa \u00c7in Vizesi Ba\u015fvuru \u00c7in\u2019e seyahat edecek olan vatanda\u015flar \u00c7in Konsoloslu\u011fu ile ileti\u015fime ge\u00e7erek vize ba\u015fvuru i\u015flemlerini ger\u00e7ekle\u015ftirebilirler. Bursa ve di\u011fer \u015fehirlerde ikamet eden vatanda\u015flar en yak\u0131n \u00c7in Ba\u015fkonsoloslu\u011fu ile ileti\u015fime ge\u00e7erek vize i\u00e7in gerekli evraklar hakk\u0131nda bilgi sahibi olabilir ve \u00c7in vizesi ald\u0131ktan sonra seyahat ama\u00e7lar\u0131na ba\u011fl\u0131 olarak \u00fclkeye seyahat edebilirler.\u00a0Bursa \u00c7in vizesi ba\u015fvuru\u00a0i\u015flemleri<\/p>\n","protected":false},"author":1,"featured_media":0,"parent":191,"menu_order":0,"comment_status":"open","ping_status":"closed","template":"","meta":{"footnotes":""},"class_list":["post-212","page","type-page","status-publish","hentry"],"yoast_head":"<!-- This site is optimized with the Yoast SEO plugin v26.8 - https:\/\/yoast.com\/product\/yoast-seo-wordpress\/ -->\n<title>\u00c7in Vizesi Bursa - My Vize Profesyonel Vize Hizmetleri<\/title>\n<meta name=\"description\" content=\"\u00c7in Vizesi Bursa ofisimizden, hangi \u00fclkeye seyahat etmek isterseniz gerekli b\u00fct\u00fcn bilgilere ula\u015fabilirsiniz.\" \/>\n<meta name=\"robots\" content=\"index, follow, max-snippet:-1, max-image-preview:large, max-video-preview:-1\" \/>\n<link rel=\"canonical\" href=\"https:\/\/www.myvize.com.tr\/cin\/subelerimiz\/bursa\/\" \/>\n<meta property=\"og:locale\" content=\"tr_TR\" \/>\n<meta property=\"og:type\" content=\"article\" \/>\n<meta property=\"og:title\" content=\"\u00c7in Vizesi Bursa - My Vize Profesyonel Vize Hizmetleri\" \/>\n<meta property=\"og:description\" content=\"\u00c7in Vizesi Bursa ofisimizden, hangi \u00fclkeye seyahat etmek isterseniz gerekli b\u00fct\u00fcn bilgilere ula\u015fabilirsiniz.\" \/>\n<meta property=\"og:url\" content=\"https:\/\/www.myvize.com.tr\/cin\/subelerimiz\/bursa\/\" \/>\n<meta property=\"og:site_name\" content=\"\u00c7in Vizesi\" \/>\n<meta property=\"article:modified_time\" content=\"2021-11-30T12:54:08+00:00\" \/>\n<meta name=\"twitter:card\" content=\"summary_large_image\" \/>\n<meta name=\"twitter:label1\" content=\"Tahmini okuma s\u00fcresi\" \/>\n\t<meta name=\"twitter:data1\" content=\"1 dakika\" \/>\n<script type=\"application\/ld+json\" class=\"yoast-schema-graph\">{\"@context\":\"https:\/\/schema.org\",\"@graph\":[{\"@type\":\"WebPage\",\"@id\":\"https:\/\/www.myvize.com.tr\/cin\/subelerimiz\/bursa\/\",\"url\":\"https:\/\/www.myvize.com.tr\/cin\/subelerimiz\/bursa\/\",\"name\":\"\u00c7in Vizesi Bursa - My Vize Profesyonel Vize Hizmetleri\",\"isPartOf\":{\"@id\":\"https:\/\/www.myvize.com.tr\/cin\/#website\"},\"datePublished\":\"2020-12-30T11:09:40+00:00\",\"dateModified\":\"2021-11-30T12:54:08+00:00\",\"description\":\"\u00c7in Vizesi Bursa ofisimizden, hangi \u00fclkeye seyahat etmek isterseniz gerekli b\u00fct\u00fcn bilgilere ula\u015fabilirsiniz.\",\"breadcrumb\":{\"@id\":\"https:\/\/www.myvize.com.tr\/cin\/subelerimiz\/bursa\/#breadcrumb\"},\"inLanguage\":\"tr\",\"potentialAction\":[{\"@type\":\"ReadAction\",\"target\":[\"https:\/\/www.myvize.com.tr\/cin\/subelerimiz\/bursa\/\"]}]},{\"@type\":\"BreadcrumbList\",\"@id\":\"https:\/\/www.myvize.com.tr\/cin\/subelerimiz\/bursa\/#breadcrumb\",\"itemListElement\":[{\"@type\":\"ListItem\",\"position\":1,\"name\":\"Anasayfa\",\"item\":\"https:\/\/www.myvize.com.tr\/cin\/\"},{\"@type\":\"ListItem\",\"position\":2,\"name\":\"\u015eUBELER\u0130M\u0130Z\",\"item\":\"https:\/\/www.myvize.com.tr\/cin\/subelerimiz\/\"},{\"@type\":\"ListItem\",\"position\":3,\"name\":\"Bursa\"}]},{\"@type\":\"WebSite\",\"@id\":\"https:\/\/www.myvize.com.tr\/cin\/#website\",\"url\":\"https:\/\/www.myvize.com.tr\/cin\/\",\"name\":\"\u00c7in Vizesi\",\"description\":\"\",\"potentialAction\":[{\"@type\":\"SearchAction\",\"target\":{\"@type\":\"EntryPoint\",\"urlTemplate\":\"https:\/\/www.myvize.com.tr\/cin\/?s={search_term_string}\"},\"query-input\":{\"@type\":\"PropertyValueSpecification\",\"valueRequired\":true,\"valueName\":\"search_term_string\"}}],\"inLanguage\":\"tr\"}]}<\/script>\n<!-- \/ Yoast SEO plugin. -->","yoast_head_json":{"title":"\u00c7in Vizesi Bursa - My Vize Profesyonel Vize Hizmetleri","description":"\u00c7in Vizesi Bursa ofisimizden, hangi \u00fclkeye seyahat etmek isterseniz gerekli b\u00fct\u00fcn bilgilere ula\u015fabilirsiniz.","robots":{"index":"index","follow":"follow","max-snippet":"max-snippet:-1","max-image-preview":"max-image-preview:large","max-video-preview":"max-video-preview:-1"},"canonical":"https:\/\/www.myvize.com.tr\/cin\/subelerimiz\/bursa\/","og_locale":"tr_TR","og_type":"article","og_title":"\u00c7in Vizesi Bursa - My Vize Profesyonel Vize Hizmetleri","og_description":"\u00c7in Vizesi Bursa ofisimizden, hangi \u00fclkeye seyahat etmek isterseniz gerekli b\u00fct\u00fcn bilgilere ula\u015fabilirsiniz.","og_url":"https:\/\/www.myvize.com.tr\/cin\/subelerimiz\/bursa\/","og_site_name":"\u00c7in Vizesi","article_modified_time":"2021-11-30T12:54:08+00:00","twitter_card":"summary_large_image","twitter_misc":{"Tahmini okuma s\u00fcresi":"1 dakika"},"schema":{"@context":"https:\/\/schema.org","@graph":[{"@type":"WebPage","@id":"https:\/\/www.myvize.com.tr\/cin\/subelerimiz\/bursa\/","url":"https:\/\/www.myvize.com.tr\/cin\/subelerimiz\/bursa\/","name":"\u00c7in Vizesi Bursa - My Vize Profesyonel Vize Hizmetleri","isPartOf":{"@id":"https:\/\/www.myvize.com.tr\/cin\/#website"},"datePublished":"2020-12-30T11:09:40+00:00","dateModified":"2021-11-30T12:54:08+00:00","description":"\u00c7in Vizesi Bursa ofisimizden, hangi \u00fclkeye seyahat etmek isterseniz gerekli b\u00fct\u00fcn bilgilere ula\u015fabilirsiniz.","breadcrumb":{"@id":"https:\/\/www.myvize.com.tr\/cin\/subelerimiz\/bursa\/#breadcrumb"},"inLanguage":"tr","potentialAction":[{"@type":"ReadAction","target":["https:\/\/www.myvize.com.tr\/cin\/subelerimiz\/bursa\/"]}]},{"@type":"BreadcrumbList","@id":"https:\/\/www.myvize.com.tr\/cin\/subelerimiz\/bursa\/#breadcrumb","itemListElement":[{"@type":"ListItem","position":1,"name":"Anasayfa","item":"https:\/\/www.myvize.com.tr\/cin\/"},{"@type":"ListItem","position":2,"name":"\u015eUBELER\u0130M\u0130Z","item":"https:\/\/www.myvize.com.tr\/cin\/subelerimiz\/"},{"@type":"ListItem","position":3,"name":"Bursa"}]},{"@type":"WebSite","@id":"https:\/\/www.myvize.com.tr\/cin\/#website","url":"https:\/\/www.myvize.com.tr\/cin\/","name":"\u00c7in Vizesi","description":"","potentialAction":[{"@type":"SearchAction","target":{"@type":"EntryPoint","urlTemplate":"https:\/\/www.myvize.com.tr\/cin\/?s={search_term_string}"},"query-input":{"@type":"PropertyValueSpecification","valueRequired":true,"valueName":"search_term_string"}}],"inLanguage":"tr"}]}},"_links":{"self":[{"href":"https:\/\/www.myvize.com.tr\/cin\/wp-json\/wp\/v2\/pages\/212","targetHints":{"allow":["GET"]}}],"collection":[{"href":"https:\/\/www.myvize.com.tr\/cin\/wp-json\/wp\/v2\/pages"}],"about":[{"href":"https:\/\/www.myvize.com.tr\/cin\/wp-json\/wp\/v2\/types\/page"}],"author":[{"embeddable":true,"href":"https:\/\/www.myvize.com.tr\/cin\/wp-json\/wp\/v2\/users\/1"}],"replies":[{"embeddable":true,"href":"https:\/\/www.myvize.com.tr\/cin\/wp-json\/wp\/v2\/comments?post=212"}],"version-history":[{"count":5,"href":"https:\/\/www.myvize.com.tr\/cin\/wp-json\/wp\/v2\/pages\/212\/revisions"}],"predecessor-version":[{"id":688,"href":"https:\/\/www.myvize.com.tr\/cin\/wp-json\/wp\/v2\/pages\/212\/revisions\/688"}],"up":[{"embeddable":true,"href":"https:\/\/www.myvize.com.tr\/cin\/wp-json\/wp\/v2\/pages\/191"}],"wp:attachment":[{"href":"https:\/\/www.myvize.com.tr\/cin\/wp-json\/wp\/v2\/media?parent=212"}],"curies":[{"name":"wp","href":"https:\/\/api.w.org\/{rel}","templated":true}]}}