{"id":266,"date":"2021-02-04T14:00:00","date_gmt":"2021-02-04T11:00:00","guid":{"rendered":"https:\/\/www.myvize.com.tr\/cin\/?page_id=266"},"modified":"2022-01-19T14:14:55","modified_gmt":"2022-01-19T11:14:55","slug":"cin-aile-birlesimi-q1-q2-vizesi","status":"publish","type":"page","link":"https:\/\/www.myvize.com.tr\/cin\/vize-islemleri\/cin-aile-birlesimi-q1-q2-vizesi\/","title":{"rendered":"\u00c7in Aile Birle\u015fimi Q1, Q2 Vizesi"},"content":{"rendered":"<h2><span style=\"font-family: Roboto; font-size: 27px;\"><strong>\u00c7in Aile Birle\u015fimi Q1 ve Q2 Vizesi Hakk\u0131nda<\/strong><\/span><\/h2>\n<p><span style=\"font-family: Roboto; font-size: 14px;\">\u00c7in\u2019de ya\u015fayan ki\u015filer oturum vizesine sahiplerse T\u00fcrkiye\u2019de ki aile \u00fcyeleri ile bir araya gelebilmek i\u00e7in <span style=\"color: #2acec2;\"><strong><a style=\"color: #2acec2;\" href=\"https:\/\/www.myvize.com.tr\/cin\/oturum-2\/cin-aile-birlesimi-vizesi\/\" target=\"_blank\" rel=\"noopener\">\u00c7in aile birle\u015fimi vizesi <\/a><\/strong><\/span>alabilirler. \u00c7in vatanda\u015f\u0131 biriyle evli olan ya da bu \u00fclkede \u00e7al\u0131\u015fma nedeniyle oturan ki\u015filerin ailelerinin ba\u015fvurabilecekleri vize kategorisi <strong>Q1<\/strong> ve <strong>Q2<\/strong> vize t\u00fcr\u00fcd\u00fcr.\u00a0<strong>\u00c7in aile birle\u015fimi Q1 ve Q2 vize\u00a0<\/strong>t\u00fcrlerinin kendi i\u00e7erisinde haz\u0131rlanmas\u0131 gereken birtak\u0131m evraklar\u0131 bulunmaktad\u0131r. \u00a0<strong>\u00c7in vatanda\u015f\u0131<\/strong> biriyle evliyseniz \u00f6ncelikle kar\u015f\u0131 taraf\u0131n kimlik bilgilerinin g\u00f6nderilmesi gerekir. Ayn\u0131 zamanda uluslararas\u0131 evlenme belgesinin fotokopisi de dosyan\u0131zda olmal\u0131d\u0131r.<\/span><\/p>\n<p><span style=\"font-family: Roboto; font-size: 14px;\">Bu \u00fclkede<strong> oturum izni<\/strong> olan T\u00fcrk vatanda\u015f\u0131 bir aile \u00fcyeniz var ise bu ki\u015filerin oturma izni belgelerinin fotokopileri g\u00f6nderilmelidir. <strong>Q1 vizesi<\/strong> uzun s\u00fcreli oturumlar i\u00e7in al\u0131nan bir vize t\u00fcr\u00fcd\u00fcr. <strong>Q2 vizesi<\/strong> ise k\u0131sa s\u00fcreli oturumlarda al\u0131nan bir vize t\u00fcr\u00fcd\u00fcr. \u00c7in \u00fclkesinde ya\u015fayan yabanc\u0131lar\u0131n e\u015fleri, anneleri, babalar\u0131, \u00e7ocuklar\u0131 ya da karde\u015fleri bu vize t\u00fcr\u00fcne ba\u015fvuru yapabilirler.<strong> \u00c7in Halk Cumhuriyeti\u2019ne<\/strong> giri\u015ften hemen sonra bu vize i\u015flemlerini yapt\u0131rman\u0131z gerekir. 30 g\u00fcnl\u00fck bir s\u00fcresi bulunmaktad\u0131r.<\/span><\/p>\n<p><img decoding=\"async\" src=\"https:\/\/www.myvize.com.tr\/cin\/wp-content\/uploads\/2021\/10\/16.jpg\" \/><\/p>\n","protected":false},"excerpt":{"rendered":"<p>\u00c7in Aile Birle\u015fimi Q1 ve Q2 Vizesi Hakk\u0131nda \u00c7in\u2019de ya\u015fayan ki\u015filer oturum vizesine sahiplerse T\u00fcrkiye\u2019de ki aile \u00fcyeleri ile bir araya gelebilmek i\u00e7in \u00c7in aile birle\u015fimi vizesi alabilirler. \u00c7in vatanda\u015f\u0131 biriyle evli olan ya da bu \u00fclkede \u00e7al\u0131\u015fma nedeniyle oturan ki\u015filerin ailelerinin ba\u015fvurabilecekleri vize kategorisi Q1 ve Q2 vize t\u00fcr\u00fcd\u00fcr.\u00a0\u00c7in aile birle\u015fimi Q1 ve Q2<\/p>\n","protected":false},"author":1,"featured_media":0,"parent":18,"menu_order":0,"comment_status":"open","ping_status":"closed","template":"","meta":{"footnotes":""},"class_list":["post-266","page","type-page","status-publish","hentry"],"yoast_head":"<!-- This site is optimized with the Yoast SEO plugin v26.8 - https:\/\/yoast.com\/product\/yoast-seo-wordpress\/ -->\n<title>\u00c7in Aile Birle\u015fimi Q1, Q2 Vizesi - \u00c7in Vize \u0130\u015flemi - MyVize<\/title>\n<meta name=\"description\" content=\"\u00c7in aile birle\u015fimi q1, q2 vizesi nedir ve nas\u0131l al\u0131n\u0131r? \u00c7in aile birle\u015fimi q1, q2 vizesi gerekli evrak listesi ve 2021 \u00fccretleri.\" \/>\n<meta name=\"robots\" content=\"index, follow, max-snippet:-1, max-image-preview:large, max-video-preview:-1\" \/>\n<link rel=\"canonical\" href=\"https:\/\/www.myvize.com.tr\/cin\/vize-islemleri\/cin-aile-birlesimi-q1-q2-vizesi\/\" \/>\n<meta property=\"og:locale\" content=\"tr_TR\" \/>\n<meta property=\"og:type\" content=\"article\" \/>\n<meta property=\"og:title\" content=\"\u00c7in Aile Birle\u015fimi Q1, Q2 Vizesi - \u00c7in Vize \u0130\u015flemi - MyVize\" \/>\n<meta property=\"og:description\" content=\"\u00c7in aile birle\u015fimi q1, q2 vizesi nedir ve nas\u0131l al\u0131n\u0131r? \u00c7in aile birle\u015fimi q1, q2 vizesi gerekli evrak listesi ve 2021 \u00fccretleri.\" \/>\n<meta property=\"og:url\" content=\"https:\/\/www.myvize.com.tr\/cin\/vize-islemleri\/cin-aile-birlesimi-q1-q2-vizesi\/\" \/>\n<meta property=\"og:site_name\" content=\"\u00c7in Vizesi\" \/>\n<meta property=\"article:modified_time\" content=\"2022-01-19T11:14:55+00:00\" \/>\n<meta property=\"og:image\" content=\"https:\/\/www.myvize.com.tr\/cin\/wp-content\/uploads\/2021\/10\/16.jpg\" \/>\n<meta name=\"twitter:card\" content=\"summary_large_image\" \/>\n<meta name=\"twitter:label1\" content=\"Tahmini okuma s\u00fcresi\" \/>\n\t<meta name=\"twitter:data1\" content=\"1 dakika\" \/>\n<script type=\"application\/ld+json\" class=\"yoast-schema-graph\">{\"@context\":\"https:\/\/schema.org\",\"@graph\":[{\"@type\":\"WebPage\",\"@id\":\"https:\/\/www.myvize.com.tr\/cin\/vize-islemleri\/cin-aile-birlesimi-q1-q2-vizesi\/\",\"url\":\"https:\/\/www.myvize.com.tr\/cin\/vize-islemleri\/cin-aile-birlesimi-q1-q2-vizesi\/\",\"name\":\"\u00c7in Aile Birle\u015fimi Q1, Q2 Vizesi - \u00c7in Vize \u0130\u015flemi - MyVize\",\"isPartOf\":{\"@id\":\"https:\/\/www.myvize.com.tr\/cin\/#website\"},\"primaryImageOfPage\":{\"@id\":\"https:\/\/www.myvize.com.tr\/cin\/vize-islemleri\/cin-aile-birlesimi-q1-q2-vizesi\/#primaryimage\"},\"image\":{\"@id\":\"https:\/\/www.myvize.com.tr\/cin\/vize-islemleri\/cin-aile-birlesimi-q1-q2-vizesi\/#primaryimage\"},\"thumbnailUrl\":\"https:\/\/www.myvize.com.tr\/cin\/wp-content\/uploads\/2021\/10\/16.jpg\",\"datePublished\":\"2021-02-04T11:00:00+00:00\",\"dateModified\":\"2022-01-19T11:14:55+00:00\",\"description\":\"\u00c7in aile birle\u015fimi q1, q2 vizesi nedir ve nas\u0131l al\u0131n\u0131r? \u00c7in aile birle\u015fimi q1, q2 vizesi gerekli evrak listesi ve 2021 \u00fccretleri.\",\"breadcrumb\":{\"@id\":\"https:\/\/www.myvize.com.tr\/cin\/vize-islemleri\/cin-aile-birlesimi-q1-q2-vizesi\/#breadcrumb\"},\"inLanguage\":\"tr\",\"potentialAction\":[{\"@type\":\"ReadAction\",\"target\":[\"https:\/\/www.myvize.com.tr\/cin\/vize-islemleri\/cin-aile-birlesimi-q1-q2-vizesi\/\"]}]},{\"@type\":\"ImageObject\",\"inLanguage\":\"tr\",\"@id\":\"https:\/\/www.myvize.com.tr\/cin\/vize-islemleri\/cin-aile-birlesimi-q1-q2-vizesi\/#primaryimage\",\"url\":\"https:\/\/www.myvize.com.tr\/cin\/wp-content\/uploads\/2021\/10\/16.jpg\",\"contentUrl\":\"https:\/\/www.myvize.com.tr\/cin\/wp-content\/uploads\/2021\/10\/16.jpg\",\"width\":800,\"height\":500,\"caption\":\"\u00c7in Aile Birle\u015fimi Q1, Q2 Vizesi\"},{\"@type\":\"BreadcrumbList\",\"@id\":\"https:\/\/www.myvize.com.tr\/cin\/vize-islemleri\/cin-aile-birlesimi-q1-q2-vizesi\/#breadcrumb\",\"itemListElement\":[{\"@type\":\"ListItem\",\"position\":1,\"name\":\"Anasayfa\",\"item\":\"https:\/\/www.myvize.com.tr\/cin\/\"},{\"@type\":\"ListItem\",\"position\":2,\"name\":\"V\u0130ZE \u0130\u015eLEMLER\u0130\",\"item\":\"https:\/\/www.myvize.com.tr\/cin\/vize-islemleri\/\"},{\"@type\":\"ListItem\",\"position\":3,\"name\":\"\u00c7in Aile Birle\u015fimi Q1, Q2 Vizesi\"}]},{\"@type\":\"WebSite\",\"@id\":\"https:\/\/www.myvize.com.tr\/cin\/#website\",\"url\":\"https:\/\/www.myvize.com.tr\/cin\/\",\"name\":\"\u00c7in Vizesi\",\"description\":\"\",\"potentialAction\":[{\"@type\":\"SearchAction\",\"target\":{\"@type\":\"EntryPoint\",\"urlTemplate\":\"https:\/\/www.myvize.com.tr\/cin\/?s={search_term_string}\"},\"query-input\":{\"@type\":\"PropertyValueSpecification\",\"valueRequired\":true,\"valueName\":\"search_term_string\"}}],\"inLanguage\":\"tr\"}]}<\/script>\n<!-- \/ Yoast SEO plugin. -->","yoast_head_json":{"title":"\u00c7in Aile Birle\u015fimi Q1, Q2 Vizesi - \u00c7in Vize \u0130\u015flemi - MyVize","description":"\u00c7in aile birle\u015fimi q1, q2 vizesi nedir ve nas\u0131l al\u0131n\u0131r? \u00c7in aile birle\u015fimi q1, q2 vizesi gerekli evrak listesi ve 2021 \u00fccretleri.","robots":{"index":"index","follow":"follow","max-snippet":"max-snippet:-1","max-image-preview":"max-image-preview:large","max-video-preview":"max-video-preview:-1"},"canonical":"https:\/\/www.myvize.com.tr\/cin\/vize-islemleri\/cin-aile-birlesimi-q1-q2-vizesi\/","og_locale":"tr_TR","og_type":"article","og_title":"\u00c7in Aile Birle\u015fimi Q1, Q2 Vizesi - \u00c7in Vize \u0130\u015flemi - MyVize","og_description":"\u00c7in aile birle\u015fimi q1, q2 vizesi nedir ve nas\u0131l al\u0131n\u0131r? \u00c7in aile birle\u015fimi q1, q2 vizesi gerekli evrak listesi ve 2021 \u00fccretleri.","og_url":"https:\/\/www.myvize.com.tr\/cin\/vize-islemleri\/cin-aile-birlesimi-q1-q2-vizesi\/","og_site_name":"\u00c7in Vizesi","article_modified_time":"2022-01-19T11:14:55+00:00","og_image":[{"url":"https:\/\/www.myvize.com.tr\/cin\/wp-content\/uploads\/2021\/10\/16.jpg","type":"","width":"","height":""}],"twitter_card":"summary_large_image","twitter_misc":{"Tahmini okuma s\u00fcresi":"1 dakika"},"schema":{"@context":"https:\/\/schema.org","@graph":[{"@type":"WebPage","@id":"https:\/\/www.myvize.com.tr\/cin\/vize-islemleri\/cin-aile-birlesimi-q1-q2-vizesi\/","url":"https:\/\/www.myvize.com.tr\/cin\/vize-islemleri\/cin-aile-birlesimi-q1-q2-vizesi\/","name":"\u00c7in Aile Birle\u015fimi Q1, Q2 Vizesi - \u00c7in Vize \u0130\u015flemi - MyVize","isPartOf":{"@id":"https:\/\/www.myvize.com.tr\/cin\/#website"},"primaryImageOfPage":{"@id":"https:\/\/www.myvize.com.tr\/cin\/vize-islemleri\/cin-aile-birlesimi-q1-q2-vizesi\/#primaryimage"},"image":{"@id":"https:\/\/www.myvize.com.tr\/cin\/vize-islemleri\/cin-aile-birlesimi-q1-q2-vizesi\/#primaryimage"},"thumbnailUrl":"https:\/\/www.myvize.com.tr\/cin\/wp-content\/uploads\/2021\/10\/16.jpg","datePublished":"2021-02-04T11:00:00+00:00","dateModified":"2022-01-19T11:14:55+00:00","description":"\u00c7in aile birle\u015fimi q1, q2 vizesi nedir ve nas\u0131l al\u0131n\u0131r? \u00c7in aile birle\u015fimi q1, q2 vizesi gerekli evrak listesi ve 2021 \u00fccretleri.","breadcrumb":{"@id":"https:\/\/www.myvize.com.tr\/cin\/vize-islemleri\/cin-aile-birlesimi-q1-q2-vizesi\/#breadcrumb"},"inLanguage":"tr","potentialAction":[{"@type":"ReadAction","target":["https:\/\/www.myvize.com.tr\/cin\/vize-islemleri\/cin-aile-birlesimi-q1-q2-vizesi\/"]}]},{"@type":"ImageObject","inLanguage":"tr","@id":"https:\/\/www.myvize.com.tr\/cin\/vize-islemleri\/cin-aile-birlesimi-q1-q2-vizesi\/#primaryimage","url":"https:\/\/www.myvize.com.tr\/cin\/wp-content\/uploads\/2021\/10\/16.jpg","contentUrl":"https:\/\/www.myvize.com.tr\/cin\/wp-content\/uploads\/2021\/10\/16.jpg","width":800,"height":500,"caption":"\u00c7in Aile Birle\u015fimi Q1, Q2 Vizesi"},{"@type":"BreadcrumbList","@id":"https:\/\/www.myvize.com.tr\/cin\/vize-islemleri\/cin-aile-birlesimi-q1-q2-vizesi\/#breadcrumb","itemListElement":[{"@type":"ListItem","position":1,"name":"Anasayfa","item":"https:\/\/www.myvize.com.tr\/cin\/"},{"@type":"ListItem","position":2,"name":"V\u0130ZE \u0130\u015eLEMLER\u0130","item":"https:\/\/www.myvize.com.tr\/cin\/vize-islemleri\/"},{"@type":"ListItem","position":3,"name":"\u00c7in Aile Birle\u015fimi Q1, Q2 Vizesi"}]},{"@type":"WebSite","@id":"https:\/\/www.myvize.com.tr\/cin\/#website","url":"https:\/\/www.myvize.com.tr\/cin\/","name":"\u00c7in Vizesi","description":"","potentialAction":[{"@type":"SearchAction","target":{"@type":"EntryPoint","urlTemplate":"https:\/\/www.myvize.com.tr\/cin\/?s={search_term_string}"},"query-input":{"@type":"PropertyValueSpecification","valueRequired":true,"valueName":"search_term_string"}}],"inLanguage":"tr"}]}},"_links":{"self":[{"href":"https:\/\/www.myvize.com.tr\/cin\/wp-json\/wp\/v2\/pages\/266","targetHints":{"allow":["GET"]}}],"collection":[{"href":"https:\/\/www.myvize.com.tr\/cin\/wp-json\/wp\/v2\/pages"}],"about":[{"href":"https:\/\/www.myvize.com.tr\/cin\/wp-json\/wp\/v2\/types\/page"}],"author":[{"embeddable":true,"href":"https:\/\/www.myvize.com.tr\/cin\/wp-json\/wp\/v2\/users\/1"}],"replies":[{"embeddable":true,"href":"https:\/\/www.myvize.com.tr\/cin\/wp-json\/wp\/v2\/comments?post=266"}],"version-history":[{"count":4,"href":"https:\/\/www.myvize.com.tr\/cin\/wp-json\/wp\/v2\/pages\/266\/revisions"}],"predecessor-version":[{"id":644,"href":"https:\/\/www.myvize.com.tr\/cin\/wp-json\/wp\/v2\/pages\/266\/revisions\/644"}],"up":[{"embeddable":true,"href":"https:\/\/www.myvize.com.tr\/cin\/wp-json\/wp\/v2\/pages\/18"}],"wp:attachment":[{"href":"https:\/\/www.myvize.com.tr\/cin\/wp-json\/wp\/v2\/media?parent=266"}],"curies":[{"name":"wp","href":"https:\/\/api.w.org\/{rel}","templated":true}]}}