{"id":270,"date":"2021-02-04T14:00:56","date_gmt":"2021-02-04T11:00:56","guid":{"rendered":"https:\/\/www.myvize.com.tr\/cin\/?page_id=270"},"modified":"2022-04-04T13:36:06","modified_gmt":"2022-04-04T10:36:06","slug":"cin-calisma-vizesi-z-visa","status":"publish","type":"page","link":"https:\/\/www.myvize.com.tr\/cin\/vize-islemleri\/cin-calisma-vizesi-z-visa\/","title":{"rendered":"\u00c7in \u00c7al\u0131\u015fma Vizesi Z Visa"},"content":{"rendered":"<h2><span style=\"font-family: Roboto; font-size: 27px;\"><strong>\u00c7in \u00c7al\u0131\u015fma Vizesi<\/strong><\/span><\/h2>\n<p><span style=\"font-family: Roboto; font-size: 14px;\"><strong>\u00c7in\u2019 vize almak<\/strong>\u00a0i\u00e7in ki\u015filerin ba\u015fvuru yapabilecekleri birden fazla vize t\u00fcr\u00fc bulunmaktad\u0131r. Bu vize t\u00fcrlerinden birisi de \u00e7al\u0131\u015fma vizesidir.<strong> \u00c7al\u0131\u015fma vizesi<\/strong> bu \u00fclkede belli bir i\u015fte belirtilen s\u00fcreler i\u00e7erisinde \u00e7al\u0131\u015fmay\u0131 gerektiren durumlar i\u00e7in verilmektedir.\u00a0<strong>\u00c7in vize i\u015flemi<\/strong>\u00a0yapt\u0131rmak zorunda olan ki\u015filerin mutlaka bu vize kategorisine uygun bir evrak dosyas\u0131 haz\u0131rlamas\u0131 gerekmektedir.<\/span><\/p>\n<p><span style=\"font-family: Roboto; font-size: 14px;\"><strong>\u00c7in vize<\/strong>\u00a0i\u015flemleri aras\u0131nda yer alan<strong> \u00e7al\u0131\u015fma vizesi<\/strong> Z vize t\u00fcr\u00fc olarak bilinmektedir. Bu vize t\u00fcr\u00fc yaln\u0131zca bu \u00fclkede ticari faaliyetlerde bulunmak ya da \u00f6zel kurumlarda \u00e7al\u0131\u015fmak isteyen ki\u015filere verilen bir vize t\u00fcr\u00fcd\u00fcr. Ayn\u0131 zamanda bu vize t\u00fcr\u00fc uzun s\u00fcreli bir vize t\u00fcr\u00fcd\u00fcr. Ki\u015filerin bu vizeyi almas\u0131 ayn\u0131 zamanda oturum hakk\u0131 da elde etmesini sa\u011flar. Ki\u015filer dan\u0131\u015fmanl\u0131k hizmeti alarak ya da ki\u015fisel olarak bu<strong> vizeye ba\u015fvuru<\/strong> yapabilirler. Ancak bu vize i\u015flemleri s\u0131ras\u0131nda her \u015fekilde ki\u015filerin vize m\u00fclakatlar\u0131na girmesi zorunlulu\u011fu vard\u0131r.\u00a0<strong>\u00c7in vize i\u015flemleri<\/strong>\u00a0i\u00e7in ki\u015filer ba\u015fkonsolosluktan ya da b\u00fcy\u00fckel\u00e7ilikten hizmet alabilirler.<\/span><\/p>\n<h2><span style=\"font-family: Roboto; font-size: 27px;\"><strong>\u00c7in \u00c7al\u0131\u015fma Vizesi Z Vize<\/strong><\/span><\/h2>\n<p><span style=\"font-family: Roboto; font-size: 14px;\"><strong>\u00c7in \u00e7al\u0131\u015fma vizesi<\/strong> alacak olan ki\u015filerin haz\u0131rlayaca\u011f\u0131 belgeler ki\u015filerin durumlar\u0131na g\u00f6re farkl\u0131l\u0131k g\u00f6sterebilmektedir. Bu<strong> vize ba\u015fvurusu<\/strong> s\u0131ras\u0131nda \u00f6ncelikle g\u00fcncel evrak listesi hakk\u0131nda detayl\u0131 olarak bilgi sahibi olman\u0131z gerekiyor. Son y\u0131llarda \u00c7in bir\u00e7ok \u00fclkeden \u00e7al\u0131\u015fma a\u00e7\u0131s\u0131ndan yo\u011fun ilgi g\u00f6r\u00fcyor. Bu durumda da \u00fclkenin bir\u00e7ok yerden ziyaret\u00e7isi bulunuyor. <strong>\u00c7in \u00e7al\u0131\u015fma vizesi<\/strong> Z kategorisinde bir vize t\u00fcr\u00fcd\u00fcr.<\/span><\/p>\n<p><span style=\"font-family: Roboto; font-size: 14px;\">Bu vize t\u00fcr\u00fcne ba\u015fvuruda bulunabilmeniz i\u00e7in \u00f6ncelikle pasaportunuzu \u00e7\u0131kartt\u0131rman\u0131z gerekmektedir. Haz\u0131rda bir pasaport varsa i\u00e7inde mutlaka iki tane bo\u015f yaprak olmal\u0131 ve ayn\u0131 zamanda seyahatten sonra 6 ay daha ge\u00e7erli olmal\u0131d\u0131r.\u00a0<strong>\u00c7in \u00e7al\u0131\u015fma vizesi z vize<\/strong>\u00a0i\u00e7in \u00c7in\u2019de bulunan firmaya ait olan t\u00fcm bilgilerin bulunmas\u0131 gerekiyor. Ayn\u0131 zamanda kimlik ve foto\u011fraf gibi belgelerin de eksiksiz olmas\u0131na dikkat etmeniz gerekir. <span style=\"color: #2acec2;\"><strong><a style=\"color: #2acec2;\" href=\"https:\/\/www.myvize.com.tr\/cin\/vize-islemleri\/\" target=\"_blank\" rel=\"noopener\">\u00c7in vize i\u015flemleri<\/a><\/strong><\/span> s\u0131ras\u0131nda \u00f6nem vermeniz gereken bir di\u011fer konu da davetiyedir.<\/span><\/p>\n<p><span style=\"font-family: Roboto; font-size: 14px;\">Davetiyenin \u00c7in\u2019de ki firma taraf\u0131ndan g\u00f6nderilmesi gerekir. Bu s\u00fcrede iki farkl\u0131 davetiye gereklidir. Birincisi beyaz olan ve konsoloslu\u011fa hitap eden davetiyedir. Di\u011feri ise ye\u015fil davetiyedir.<\/span><\/p>\n<p><img decoding=\"async\" src=\"https:\/\/www.myvize.com.tr\/cin\/wp-content\/uploads\/2021\/10\/14.jpg\" \/><\/p>\n<h2><span style=\"font-family: Roboto; font-size: 27px;\"><strong>\u00c7in \u00c7al\u0131\u015fma Vizesi Nas\u0131l Al\u0131n\u0131r?<\/strong><\/span><\/h2>\n<p><span style=\"font-family: Roboto; font-size: 14px;\"><strong>\u00c7in vizesi<\/strong>\u00a0alabilmek i\u00e7in hem ki\u015filerin hem de \u00e7al\u0131\u015ft\u0131klar\u0131 \u015firketlerin haz\u0131rlamas\u0131 gereken birtak\u0131m evraklar bulunmaktad\u0131r. Bu evraklar\u0131n eksiksiz bir \u015fekilde haz\u0131rlanmas\u0131 i\u00e7in gerekirse bu alanda dan\u0131\u015fmanl\u0131k deste\u011fi de alabilirsiniz. Vize ba\u015fvurular\u0131n\u0131 yapabilmek i\u00e7in sizlerden istenilen belgeleri eksiksiz olarak haz\u0131rlaman\u0131z gerekiyor. \u00c7al\u0131\u015fma vizesi i\u00e7in Z vize ba\u015fvuru formu haz\u0131rlanmal\u0131d\u0131r.<\/span><\/p>\n<p><span style=\"font-family: Roboto; font-size: 14px;\">Ayn\u0131 zamanda varsa eski vize evraklar\u0131n\u0131z\u0131 da bu s\u00fcrece dahil etmelisiniz. Davetiyeniz ve ba\u015fvuru formunuz. <strong>\u00c7ince ya da \u0130ngilizce<\/strong> olarak yaz\u0131lmal\u0131d\u0131r. <span style=\"color: #2acec2;\"><strong><a style=\"color: #2acec2;\" href=\"https:\/\/www.myvize.com.tr\/cin\/form-ve-dilekce\/vize-basvuru-formu\/\" target=\"_blank\" rel=\"noopener\">Vize Ba\u015fvuru formu<\/a><\/strong><\/span> b\u00f6l\u00fcm\u00fcnde ki i\u015f ve meslek k\u0131s\u0131mlar\u0131n\u0131 \u00e7ok detayl\u0131 bir \u015fekilde doldurman\u0131z gerekiyor. Ayn\u0131 zamanda bu formun mutlaka ki\u015filerin kendisi taraf\u0131ndan doldurulmas\u0131 gerekiyor. Davetiye i\u00e7in ise iki tane bulunmas\u0131 \u015fart\u0131 vard\u0131r. Biri ye\u015fil biri de beyaz davetiye olarak bilinen bu davetiyelerin \u00c7in\u2019de ki belediyeler taraf\u0131ndan onaylanm\u0131\u015f olmas\u0131na \u00f6zen g\u00f6sterilmelidir.<\/span><\/p>\n","protected":false},"excerpt":{"rendered":"<p>\u00c7in \u00c7al\u0131\u015fma Vizesi \u00c7in\u2019 vize almak\u00a0i\u00e7in ki\u015filerin ba\u015fvuru yapabilecekleri birden fazla vize t\u00fcr\u00fc bulunmaktad\u0131r. Bu vize t\u00fcrlerinden birisi de \u00e7al\u0131\u015fma vizesidir. \u00c7al\u0131\u015fma vizesi bu \u00fclkede belli bir i\u015fte belirtilen s\u00fcreler i\u00e7erisinde \u00e7al\u0131\u015fmay\u0131 gerektiren durumlar i\u00e7in verilmektedir.\u00a0\u00c7in vize i\u015flemi\u00a0yapt\u0131rmak zorunda olan ki\u015filerin mutlaka bu vize kategorisine uygun bir evrak dosyas\u0131 haz\u0131rlamas\u0131 gerekmektedir. \u00c7in vize\u00a0i\u015flemleri aras\u0131nda yer<\/p>\n","protected":false},"author":1,"featured_media":0,"parent":18,"menu_order":0,"comment_status":"open","ping_status":"closed","template":"","meta":{"footnotes":""},"class_list":["post-270","page","type-page","status-publish","hentry"],"yoast_head":"<!-- This site is optimized with the Yoast SEO plugin v26.8 - https:\/\/yoast.com\/product\/yoast-seo-wordpress\/ -->\n<title>\u00c7in \u00c7al\u0131\u015fma Vizesi Z Visa - \u00c7in Vize Ba\u015fvurusu - MyVize<\/title>\n<meta name=\"description\" content=\"\u00c7in \u00e7al\u0131\u015fma vizesi ba\u015fvurusu. \u00c7in \u00e7al\u0131\u015fma vizesi gerekli evrak listesi. \u00c7in \u00e7al\u0131\u015fma vizesi 2022 \u00fccretleri. \u00c7in \u00e7al\u0131\u015fma vizesi i\u015flem s\u00fcresi.\" \/>\n<meta name=\"robots\" content=\"index, follow, max-snippet:-1, max-image-preview:large, max-video-preview:-1\" \/>\n<link rel=\"canonical\" href=\"https:\/\/www.myvize.com.tr\/cin\/vize-islemleri\/cin-calisma-vizesi-z-visa\/\" \/>\n<meta property=\"og:locale\" content=\"tr_TR\" \/>\n<meta property=\"og:type\" content=\"article\" \/>\n<meta property=\"og:title\" content=\"\u00c7in \u00c7al\u0131\u015fma Vizesi Z Visa - \u00c7in Vize Ba\u015fvurusu - MyVize\" \/>\n<meta property=\"og:description\" content=\"\u00c7in \u00e7al\u0131\u015fma vizesi ba\u015fvurusu. \u00c7in \u00e7al\u0131\u015fma vizesi gerekli evrak listesi. \u00c7in \u00e7al\u0131\u015fma vizesi 2022 \u00fccretleri. \u00c7in \u00e7al\u0131\u015fma vizesi i\u015flem s\u00fcresi.\" \/>\n<meta property=\"og:url\" content=\"https:\/\/www.myvize.com.tr\/cin\/vize-islemleri\/cin-calisma-vizesi-z-visa\/\" \/>\n<meta property=\"og:site_name\" content=\"\u00c7in Vizesi\" \/>\n<meta property=\"article:modified_time\" content=\"2022-04-04T10:36:06+00:00\" \/>\n<meta property=\"og:image\" content=\"https:\/\/www.myvize.com.tr\/cin\/wp-content\/uploads\/2021\/10\/14.jpg\" \/>\n<meta name=\"twitter:card\" content=\"summary_large_image\" \/>\n<meta name=\"twitter:label1\" content=\"Tahmini okuma s\u00fcresi\" \/>\n\t<meta name=\"twitter:data1\" content=\"3 dakika\" \/>\n<script type=\"application\/ld+json\" class=\"yoast-schema-graph\">{\"@context\":\"https:\/\/schema.org\",\"@graph\":[{\"@type\":\"WebPage\",\"@id\":\"https:\/\/www.myvize.com.tr\/cin\/vize-islemleri\/cin-calisma-vizesi-z-visa\/\",\"url\":\"https:\/\/www.myvize.com.tr\/cin\/vize-islemleri\/cin-calisma-vizesi-z-visa\/\",\"name\":\"\u00c7in \u00c7al\u0131\u015fma Vizesi Z Visa - \u00c7in Vize Ba\u015fvurusu - MyVize\",\"isPartOf\":{\"@id\":\"https:\/\/www.myvize.com.tr\/cin\/#website\"},\"primaryImageOfPage\":{\"@id\":\"https:\/\/www.myvize.com.tr\/cin\/vize-islemleri\/cin-calisma-vizesi-z-visa\/#primaryimage\"},\"image\":{\"@id\":\"https:\/\/www.myvize.com.tr\/cin\/vize-islemleri\/cin-calisma-vizesi-z-visa\/#primaryimage\"},\"thumbnailUrl\":\"https:\/\/www.myvize.com.tr\/cin\/wp-content\/uploads\/2021\/10\/14.jpg\",\"datePublished\":\"2021-02-04T11:00:56+00:00\",\"dateModified\":\"2022-04-04T10:36:06+00:00\",\"description\":\"\u00c7in \u00e7al\u0131\u015fma vizesi ba\u015fvurusu. \u00c7in \u00e7al\u0131\u015fma vizesi gerekli evrak listesi. \u00c7in \u00e7al\u0131\u015fma vizesi 2022 \u00fccretleri. \u00c7in \u00e7al\u0131\u015fma vizesi i\u015flem s\u00fcresi.\",\"breadcrumb\":{\"@id\":\"https:\/\/www.myvize.com.tr\/cin\/vize-islemleri\/cin-calisma-vizesi-z-visa\/#breadcrumb\"},\"inLanguage\":\"tr\",\"potentialAction\":[{\"@type\":\"ReadAction\",\"target\":[\"https:\/\/www.myvize.com.tr\/cin\/vize-islemleri\/cin-calisma-vizesi-z-visa\/\"]}]},{\"@type\":\"ImageObject\",\"inLanguage\":\"tr\",\"@id\":\"https:\/\/www.myvize.com.tr\/cin\/vize-islemleri\/cin-calisma-vizesi-z-visa\/#primaryimage\",\"url\":\"https:\/\/www.myvize.com.tr\/cin\/wp-content\/uploads\/2021\/10\/14.jpg\",\"contentUrl\":\"https:\/\/www.myvize.com.tr\/cin\/wp-content\/uploads\/2021\/10\/14.jpg\",\"width\":800,\"height\":500,\"caption\":\"\u00c7in \u00c7al\u0131\u015fma Vizesi Z Visa\"},{\"@type\":\"BreadcrumbList\",\"@id\":\"https:\/\/www.myvize.com.tr\/cin\/vize-islemleri\/cin-calisma-vizesi-z-visa\/#breadcrumb\",\"itemListElement\":[{\"@type\":\"ListItem\",\"position\":1,\"name\":\"Anasayfa\",\"item\":\"https:\/\/www.myvize.com.tr\/cin\/\"},{\"@type\":\"ListItem\",\"position\":2,\"name\":\"V\u0130ZE \u0130\u015eLEMLER\u0130\",\"item\":\"https:\/\/www.myvize.com.tr\/cin\/vize-islemleri\/\"},{\"@type\":\"ListItem\",\"position\":3,\"name\":\"\u00c7in \u00c7al\u0131\u015fma Vizesi Z Visa\"}]},{\"@type\":\"WebSite\",\"@id\":\"https:\/\/www.myvize.com.tr\/cin\/#website\",\"url\":\"https:\/\/www.myvize.com.tr\/cin\/\",\"name\":\"\u00c7in Vizesi\",\"description\":\"\",\"potentialAction\":[{\"@type\":\"SearchAction\",\"target\":{\"@type\":\"EntryPoint\",\"urlTemplate\":\"https:\/\/www.myvize.com.tr\/cin\/?s={search_term_string}\"},\"query-input\":{\"@type\":\"PropertyValueSpecification\",\"valueRequired\":true,\"valueName\":\"search_term_string\"}}],\"inLanguage\":\"tr\"}]}<\/script>\n<!-- \/ Yoast SEO plugin. -->","yoast_head_json":{"title":"\u00c7in \u00c7al\u0131\u015fma Vizesi Z Visa - \u00c7in Vize Ba\u015fvurusu - MyVize","description":"\u00c7in \u00e7al\u0131\u015fma vizesi ba\u015fvurusu. \u00c7in \u00e7al\u0131\u015fma vizesi gerekli evrak listesi. \u00c7in \u00e7al\u0131\u015fma vizesi 2022 \u00fccretleri. \u00c7in \u00e7al\u0131\u015fma vizesi i\u015flem s\u00fcresi.","robots":{"index":"index","follow":"follow","max-snippet":"max-snippet:-1","max-image-preview":"max-image-preview:large","max-video-preview":"max-video-preview:-1"},"canonical":"https:\/\/www.myvize.com.tr\/cin\/vize-islemleri\/cin-calisma-vizesi-z-visa\/","og_locale":"tr_TR","og_type":"article","og_title":"\u00c7in \u00c7al\u0131\u015fma Vizesi Z Visa - \u00c7in Vize Ba\u015fvurusu - MyVize","og_description":"\u00c7in \u00e7al\u0131\u015fma vizesi ba\u015fvurusu. \u00c7in \u00e7al\u0131\u015fma vizesi gerekli evrak listesi. \u00c7in \u00e7al\u0131\u015fma vizesi 2022 \u00fccretleri. \u00c7in \u00e7al\u0131\u015fma vizesi i\u015flem s\u00fcresi.","og_url":"https:\/\/www.myvize.com.tr\/cin\/vize-islemleri\/cin-calisma-vizesi-z-visa\/","og_site_name":"\u00c7in Vizesi","article_modified_time":"2022-04-04T10:36:06+00:00","og_image":[{"url":"https:\/\/www.myvize.com.tr\/cin\/wp-content\/uploads\/2021\/10\/14.jpg","type":"","width":"","height":""}],"twitter_card":"summary_large_image","twitter_misc":{"Tahmini okuma s\u00fcresi":"3 dakika"},"schema":{"@context":"https:\/\/schema.org","@graph":[{"@type":"WebPage","@id":"https:\/\/www.myvize.com.tr\/cin\/vize-islemleri\/cin-calisma-vizesi-z-visa\/","url":"https:\/\/www.myvize.com.tr\/cin\/vize-islemleri\/cin-calisma-vizesi-z-visa\/","name":"\u00c7in \u00c7al\u0131\u015fma Vizesi Z Visa - \u00c7in Vize Ba\u015fvurusu - MyVize","isPartOf":{"@id":"https:\/\/www.myvize.com.tr\/cin\/#website"},"primaryImageOfPage":{"@id":"https:\/\/www.myvize.com.tr\/cin\/vize-islemleri\/cin-calisma-vizesi-z-visa\/#primaryimage"},"image":{"@id":"https:\/\/www.myvize.com.tr\/cin\/vize-islemleri\/cin-calisma-vizesi-z-visa\/#primaryimage"},"thumbnailUrl":"https:\/\/www.myvize.com.tr\/cin\/wp-content\/uploads\/2021\/10\/14.jpg","datePublished":"2021-02-04T11:00:56+00:00","dateModified":"2022-04-04T10:36:06+00:00","description":"\u00c7in \u00e7al\u0131\u015fma vizesi ba\u015fvurusu. \u00c7in \u00e7al\u0131\u015fma vizesi gerekli evrak listesi. \u00c7in \u00e7al\u0131\u015fma vizesi 2022 \u00fccretleri. \u00c7in \u00e7al\u0131\u015fma vizesi i\u015flem s\u00fcresi.","breadcrumb":{"@id":"https:\/\/www.myvize.com.tr\/cin\/vize-islemleri\/cin-calisma-vizesi-z-visa\/#breadcrumb"},"inLanguage":"tr","potentialAction":[{"@type":"ReadAction","target":["https:\/\/www.myvize.com.tr\/cin\/vize-islemleri\/cin-calisma-vizesi-z-visa\/"]}]},{"@type":"ImageObject","inLanguage":"tr","@id":"https:\/\/www.myvize.com.tr\/cin\/vize-islemleri\/cin-calisma-vizesi-z-visa\/#primaryimage","url":"https:\/\/www.myvize.com.tr\/cin\/wp-content\/uploads\/2021\/10\/14.jpg","contentUrl":"https:\/\/www.myvize.com.tr\/cin\/wp-content\/uploads\/2021\/10\/14.jpg","width":800,"height":500,"caption":"\u00c7in \u00c7al\u0131\u015fma Vizesi Z Visa"},{"@type":"BreadcrumbList","@id":"https:\/\/www.myvize.com.tr\/cin\/vize-islemleri\/cin-calisma-vizesi-z-visa\/#breadcrumb","itemListElement":[{"@type":"ListItem","position":1,"name":"Anasayfa","item":"https:\/\/www.myvize.com.tr\/cin\/"},{"@type":"ListItem","position":2,"name":"V\u0130ZE \u0130\u015eLEMLER\u0130","item":"https:\/\/www.myvize.com.tr\/cin\/vize-islemleri\/"},{"@type":"ListItem","position":3,"name":"\u00c7in \u00c7al\u0131\u015fma Vizesi Z Visa"}]},{"@type":"WebSite","@id":"https:\/\/www.myvize.com.tr\/cin\/#website","url":"https:\/\/www.myvize.com.tr\/cin\/","name":"\u00c7in Vizesi","description":"","potentialAction":[{"@type":"SearchAction","target":{"@type":"EntryPoint","urlTemplate":"https:\/\/www.myvize.com.tr\/cin\/?s={search_term_string}"},"query-input":{"@type":"PropertyValueSpecification","valueRequired":true,"valueName":"search_term_string"}}],"inLanguage":"tr"}]}},"_links":{"self":[{"href":"https:\/\/www.myvize.com.tr\/cin\/wp-json\/wp\/v2\/pages\/270","targetHints":{"allow":["GET"]}}],"collection":[{"href":"https:\/\/www.myvize.com.tr\/cin\/wp-json\/wp\/v2\/pages"}],"about":[{"href":"https:\/\/www.myvize.com.tr\/cin\/wp-json\/wp\/v2\/types\/page"}],"author":[{"embeddable":true,"href":"https:\/\/www.myvize.com.tr\/cin\/wp-json\/wp\/v2\/users\/1"}],"replies":[{"embeddable":true,"href":"https:\/\/www.myvize.com.tr\/cin\/wp-json\/wp\/v2\/comments?post=270"}],"version-history":[{"count":6,"href":"https:\/\/www.myvize.com.tr\/cin\/wp-json\/wp\/v2\/pages\/270\/revisions"}],"predecessor-version":[{"id":743,"href":"https:\/\/www.myvize.com.tr\/cin\/wp-json\/wp\/v2\/pages\/270\/revisions\/743"}],"up":[{"embeddable":true,"href":"https:\/\/www.myvize.com.tr\/cin\/wp-json\/wp\/v2\/pages\/18"}],"wp:attachment":[{"href":"https:\/\/www.myvize.com.tr\/cin\/wp-json\/wp\/v2\/media?parent=270"}],"curies":[{"name":"wp","href":"https:\/\/api.w.org\/{rel}","templated":true}]}}