{"id":274,"date":"2021-02-04T14:01:52","date_gmt":"2021-02-04T11:01:52","guid":{"rendered":"https:\/\/www.myvize.com.tr\/cin\/?page_id=274"},"modified":"2022-04-04T13:31:21","modified_gmt":"2022-04-04T10:31:21","slug":"transit-vize","status":"publish","type":"page","link":"https:\/\/www.myvize.com.tr\/cin\/vize-islemleri\/transit-vize\/","title":{"rendered":"\u00c7in Transit Vize"},"content":{"rendered":"<h2><span style=\"font-family: Roboto; font-size: 27px;\"><strong>\u00c7in Transit Vizesi<\/strong><\/span><\/h2>\n<p><span style=\"font-family: Roboto; font-size: 14px;\">\u00c7in \u00fclkesine seyahat etmeyi planlayan ki\u015filerin vize i\u015flemlerine tabi olmas\u0131 evrak haz\u0131rlamay\u0131 gerekli hale getiriyor. Ancak bazen \u00c7in\u2019de konaklamak ya da gezmek i\u00e7in de\u011fil de farkl\u0131 bir \u00fclkeye gidebilmek i\u00e7in bulunmak gerekebiliyor. B\u00f6yle zamanlarda\u00a0<span style=\"color: #2acec2;\"><strong><a style=\"color: #2acec2;\" href=\"https:\/\/www.myvize.com.tr\/cin\/cin-vizesi\/\" target=\"_blank\" rel=\"noopener\">\u00c7in vizesi\u00a0<\/a><\/strong><\/span>i\u015flemi<strong> transit vize<\/strong> olarak yap\u0131lmaktad\u0131r. Fakat \u00c7in h\u00fck\u00fcmeti 24 saat s\u00fcren kal\u0131\u015flar i\u00e7in ki\u015filerden transit vize i\u015flemi yap\u0131lmas\u0131n\u0131 istemiyor. Bu s\u00fcreden daha fazla s\u00fcre bu \u00fclkede kal\u0131nacak ise\u00a0<strong>\u00c7in vizesi<\/strong>\u00a0al\u0131nmas\u0131 gereklidir. Ancak bu vizenin de al\u0131nabilmesi i\u00e7in vize \u00fccreti \u00f6denmeli ve evrak haz\u0131rlanmal\u0131d\u0131r.<\/span><\/p>\n<p><span style=\"font-family: Roboto; font-size: 14px;\"><strong>\u00c7in\u2019e vize almak<\/strong>\u00a0i\u00e7in \u00f6ncelikle vize ko\u015fullar\u0131n\u0131 bilmeniz gerekiyor. <strong>Transit vize<\/strong> T\u00fcrkiye\u2019den ba\u015fka bir \u00fclkeye seyahat eden ki\u015filerin \u00c7in\u2019de konaklamas\u0131 durumunda al\u0131nmas\u0131 gereken bir vizedir. E\u011fer ki\u015filer 24 saatten daha fazla kalacaklarsa bu vize i\u015flemlerine tabi tutulmaktad\u0131rlar.<\/span><\/p>\n<h2><strong><span style=\"font-family: Roboto; font-size: 27px;\">\u00c7in Transit Vizesi 2022<\/span><\/strong><\/h2>\n<p><span style=\"font-family: Roboto; font-size: 14px;\">\u00c7in \u00fczerinden aktarmal\u0131 olarak \u00fc\u00e7\u00fcnc\u00fc bir \u00fclkeye gidecek olan ki\u015filer <strong>\u00c7in transit vizesi<\/strong> almal\u0131d\u0131r. \u00c7in \u00fczerinden aktarmal\u0131 olarak ba\u015fka bir \u00fclkeye gidecek olan T\u00fcrk vatanda\u015flar\u0131n\u0131n bekleme saati 24 saati ge\u00e7meyecek ise <strong>\u00c7in transit vizesi<\/strong> al\u0131nmas\u0131na gerek bulunmamaktad\u0131r. 24 saati ge\u00e7en bekleme s\u00fcresi i\u00e7in Umuma Mahsus Pasaport sahipleri transit vize almal\u0131d\u0131r. Diplomatik, Hizmet ve Hususi Pasaport sahipleri vizeden 30 g\u00fcn muaf oldu\u011fu i\u00e7in transit vizesi al\u0131nmas\u0131na gerek bulunmamaktad\u0131r.<\/span><\/p>\n<p><span style=\"font-family: Roboto; font-size: 14px;\">24 saatten az kal\u0131nmas\u0131 durumunda havaalan\u0131n\u0131 transit b\u00f6lgesinden \u00e7\u0131k\u0131lmamas\u0131 gerekmektedir. 45 \u00fclke vatanda\u015f\u0131 Pekin ve \u015eangay \u00fczerinden aktarmal\u0131 olarak u\u00e7acak ise 72 saati ge\u00e7meyen bekleme s\u00fcresi i\u00e7in<strong> transit vizesi<\/strong> al\u0131nmas\u0131na gerek yoktur. Bunun i\u00e7in u\u00e7u\u015f bileti, pasaport, ge\u00e7erli vizeleri yanlar\u0131nda bulundurmal\u0131d\u0131r. Ancak bu 45 \u00fclke aras\u0131nda T\u00fcrkiye bulunmamaktad\u0131r. Umuma Mahsus T\u00fcrk vatanda\u015flar\u0131 24 saati ge\u00e7en bekleme s\u00fcresi i\u00e7in <strong>\u00c7in transit vizesi<\/strong> al\u0131nmal\u0131d\u0131r.<\/span><\/p>\n<p><span style=\"font-family: Roboto; font-size: 14px;\">24 saati ge\u00e7en bekleme s\u00fcresi i\u00e7in <strong>\u00c7in transit vizesi<\/strong> al\u0131nmal\u0131d\u0131r. <strong>\u00c7in transit vizesi<\/strong> bekleme s\u00fcresine g\u00f6re verilmektedir. Ba\u015fvuru i\u00e7in as\u0131l olarak gidilecek olan \u00fclkenin vizesi al\u0131nmal\u0131d\u0131r. As\u0131l olarak gidilecek olan \u00fclkenin vizesi al\u0131nmam\u0131\u015f ise vize ba\u015fvurunuz kabul edilmemektedir.<\/span><\/p>\n<p><img decoding=\"async\" src=\"https:\/\/www.myvize.com.tr\/cin\/wp-content\/uploads\/2021\/10\/7.jpg\" \/><\/p>\n<h2><span style=\"font-family: Roboto; font-size: 27px;\"><strong>\u00c7in Transit Vize Nas\u0131l Al\u0131n\u0131r?<\/strong><\/span><\/h2>\n<p><span style=\"font-family: Roboto; font-size: 14px;\">\u00c7in \u00fczerinden 3. Ba\u015fka bir \u00fclkeye ge\u00e7meyi d\u00fc\u015f\u00fcn\u00fcyorsan\u0131z ve burada ki konaklama s\u00fcrenizde 24 saatten fazla kalacak ise bu i\u015flemler s\u0131ras\u0131nda gerekli evraklar\u0131 haz\u0131rlaman\u0131z gerekiyor. Dilerseniz profesyonel olarak verilen vize dan\u0131\u015fmanl\u0131k hizmetlerinden de yararlanabilirsiniz. <strong>\u00c7in transit vize<\/strong> i\u015flemleri s\u0131ras\u0131nda istenilen bir\u00e7ok belge t\u00fcr\u00fc bulunuyor. Bu belgelerin yeni ve eksiksiz olmas\u0131 en \u00e7ok aranan kriterler aras\u0131nda yer al\u0131yor.<\/span><\/p>\n<p><span style=\"font-family: Roboto; font-size: 14px;\"><strong>\u00c7in vize i\u015flemleri<\/strong> s\u0131ras\u0131nda <span style=\"color: #2acec2;\"><strong><a style=\"color: #2acec2;\" href=\"https:\/\/www.myvize.com.tr\/cin\/form-ve-dilekce\/vize-basvuru-formu\/\" target=\"_blank\" rel=\"noopener\">vize ba\u015fvuru formu<\/a><\/strong><\/span> haz\u0131rlarken de mutlaka<strong> transit vize<\/strong> i\u00e7in vize ba\u015fvurusu yapt\u0131\u011f\u0131n\u0131z\u0131 detayl\u0131 olarak belirtmeniz gerekiyor. <span style=\"color: #2acec2;\"><strong><a style=\"color: #2acec2;\" href=\"https:\/\/www.myvize.com.tr\/cin\/vize-islemleri\/\" target=\"_blank\" rel=\"noopener\">Vize i\u015flemleri<\/a><\/strong><\/span> esnas\u0131nda ba\u015fvuru formunda seyahat detaylar\u0131 hakk\u0131nda da gerekli t\u00fcm bilgiler bulunmal\u0131d\u0131r.<\/span><\/p>\n<p><span style=\"font-family: Roboto; font-size: 14px;\">Belgeler i\u00e7erisinde ula\u015f\u0131m rezervasyonlar\u0131, gidilecek olan di\u011fer \u00fclkenin vize belgeleri, kimlik fotokopisi, foto\u011fraf, dilek\u00e7e gibi belgeler mutlaka bulunmal\u0131d\u0131r. Bu i\u015flemler s\u0131ras\u0131nda mutlaka ba\u015fvuru sahiplerinin <strong>vize randevusu<\/strong> da almas\u0131 gerekiyor. <strong>\u00c7in vize randevusu<\/strong> s\u0131ras\u0131nda t\u00fcm belgelerin teslim edilmesi gereklidir. <strong>Transit vize<\/strong> di\u011fer vizelere g\u00f6re daha h\u0131zl\u0131 bir \u015fekilde verilmektedir.<\/span><\/p>\n","protected":false},"excerpt":{"rendered":"<p>\u00c7in Transit Vizesi \u00c7in \u00fclkesine seyahat etmeyi planlayan ki\u015filerin vize i\u015flemlerine tabi olmas\u0131 evrak haz\u0131rlamay\u0131 gerekli hale getiriyor. Ancak bazen \u00c7in\u2019de konaklamak ya da gezmek i\u00e7in de\u011fil de farkl\u0131 bir \u00fclkeye gidebilmek i\u00e7in bulunmak gerekebiliyor. B\u00f6yle zamanlarda\u00a0\u00c7in vizesi\u00a0i\u015flemi transit vize olarak yap\u0131lmaktad\u0131r. Fakat \u00c7in h\u00fck\u00fcmeti 24 saat s\u00fcren kal\u0131\u015flar i\u00e7in ki\u015filerden transit vize i\u015flemi yap\u0131lmas\u0131n\u0131<\/p>\n","protected":false},"author":1,"featured_media":0,"parent":18,"menu_order":0,"comment_status":"open","ping_status":"closed","template":"","meta":{"footnotes":""},"class_list":["post-274","page","type-page","status-publish","hentry"],"yoast_head":"<!-- This site is optimized with the Yoast SEO plugin v26.8 - https:\/\/yoast.com\/product\/yoast-seo-wordpress\/ -->\n<title>\u00c7in Transit Vize - MyVize Vize Ba\u015fvuru Merkezi<\/title>\n<meta name=\"description\" content=\"\u00c7in transit vizesi gerekli evraklar\u0131. \u00c7in transit vize ba\u015fvurusu. \u00c7in transit vizesi i\u015flem \u00fccretleri. \u00c7in transit vizesi i\u015flem s\u00fcresi.\" \/>\n<meta name=\"robots\" content=\"index, follow, max-snippet:-1, max-image-preview:large, max-video-preview:-1\" \/>\n<link rel=\"canonical\" href=\"https:\/\/www.myvize.com.tr\/cin\/vize-islemleri\/transit-vize\/\" \/>\n<meta property=\"og:locale\" content=\"tr_TR\" \/>\n<meta property=\"og:type\" content=\"article\" \/>\n<meta property=\"og:title\" content=\"\u00c7in Transit Vize - MyVize Vize Ba\u015fvuru Merkezi\" \/>\n<meta property=\"og:description\" content=\"\u00c7in transit vizesi gerekli evraklar\u0131. \u00c7in transit vize ba\u015fvurusu. \u00c7in transit vizesi i\u015flem \u00fccretleri. \u00c7in transit vizesi i\u015flem s\u00fcresi.\" \/>\n<meta property=\"og:url\" content=\"https:\/\/www.myvize.com.tr\/cin\/vize-islemleri\/transit-vize\/\" \/>\n<meta property=\"og:site_name\" content=\"\u00c7in Vizesi\" \/>\n<meta property=\"article:modified_time\" content=\"2022-04-04T10:31:21+00:00\" \/>\n<meta property=\"og:image\" content=\"https:\/\/www.myvize.com.tr\/cin\/wp-content\/uploads\/2021\/10\/7.jpg\" \/>\n<meta name=\"twitter:card\" content=\"summary_large_image\" \/>\n<meta name=\"twitter:label1\" content=\"Tahmini okuma s\u00fcresi\" \/>\n\t<meta name=\"twitter:data1\" content=\"3 dakika\" \/>\n<script type=\"application\/ld+json\" class=\"yoast-schema-graph\">{\"@context\":\"https:\/\/schema.org\",\"@graph\":[{\"@type\":\"WebPage\",\"@id\":\"https:\/\/www.myvize.com.tr\/cin\/vize-islemleri\/transit-vize\/\",\"url\":\"https:\/\/www.myvize.com.tr\/cin\/vize-islemleri\/transit-vize\/\",\"name\":\"\u00c7in Transit Vize - MyVize Vize Ba\u015fvuru Merkezi\",\"isPartOf\":{\"@id\":\"https:\/\/www.myvize.com.tr\/cin\/#website\"},\"primaryImageOfPage\":{\"@id\":\"https:\/\/www.myvize.com.tr\/cin\/vize-islemleri\/transit-vize\/#primaryimage\"},\"image\":{\"@id\":\"https:\/\/www.myvize.com.tr\/cin\/vize-islemleri\/transit-vize\/#primaryimage\"},\"thumbnailUrl\":\"https:\/\/www.myvize.com.tr\/cin\/wp-content\/uploads\/2021\/10\/7.jpg\",\"datePublished\":\"2021-02-04T11:01:52+00:00\",\"dateModified\":\"2022-04-04T10:31:21+00:00\",\"description\":\"\u00c7in transit vizesi gerekli evraklar\u0131. \u00c7in transit vize ba\u015fvurusu. \u00c7in transit vizesi i\u015flem \u00fccretleri. \u00c7in transit vizesi i\u015flem s\u00fcresi.\",\"breadcrumb\":{\"@id\":\"https:\/\/www.myvize.com.tr\/cin\/vize-islemleri\/transit-vize\/#breadcrumb\"},\"inLanguage\":\"tr\",\"potentialAction\":[{\"@type\":\"ReadAction\",\"target\":[\"https:\/\/www.myvize.com.tr\/cin\/vize-islemleri\/transit-vize\/\"]}]},{\"@type\":\"ImageObject\",\"inLanguage\":\"tr\",\"@id\":\"https:\/\/www.myvize.com.tr\/cin\/vize-islemleri\/transit-vize\/#primaryimage\",\"url\":\"https:\/\/www.myvize.com.tr\/cin\/wp-content\/uploads\/2021\/10\/7.jpg\",\"contentUrl\":\"https:\/\/www.myvize.com.tr\/cin\/wp-content\/uploads\/2021\/10\/7.jpg\",\"width\":800,\"height\":500,\"caption\":\"\u00c7in Transit Vize\"},{\"@type\":\"BreadcrumbList\",\"@id\":\"https:\/\/www.myvize.com.tr\/cin\/vize-islemleri\/transit-vize\/#breadcrumb\",\"itemListElement\":[{\"@type\":\"ListItem\",\"position\":1,\"name\":\"Anasayfa\",\"item\":\"https:\/\/www.myvize.com.tr\/cin\/\"},{\"@type\":\"ListItem\",\"position\":2,\"name\":\"V\u0130ZE \u0130\u015eLEMLER\u0130\",\"item\":\"https:\/\/www.myvize.com.tr\/cin\/vize-islemleri\/\"},{\"@type\":\"ListItem\",\"position\":3,\"name\":\"\u00c7in Transit Vize\"}]},{\"@type\":\"WebSite\",\"@id\":\"https:\/\/www.myvize.com.tr\/cin\/#website\",\"url\":\"https:\/\/www.myvize.com.tr\/cin\/\",\"name\":\"\u00c7in Vizesi\",\"description\":\"\",\"potentialAction\":[{\"@type\":\"SearchAction\",\"target\":{\"@type\":\"EntryPoint\",\"urlTemplate\":\"https:\/\/www.myvize.com.tr\/cin\/?s={search_term_string}\"},\"query-input\":{\"@type\":\"PropertyValueSpecification\",\"valueRequired\":true,\"valueName\":\"search_term_string\"}}],\"inLanguage\":\"tr\"}]}<\/script>\n<!-- \/ Yoast SEO plugin. -->","yoast_head_json":{"title":"\u00c7in Transit Vize - MyVize Vize Ba\u015fvuru Merkezi","description":"\u00c7in transit vizesi gerekli evraklar\u0131. \u00c7in transit vize ba\u015fvurusu. \u00c7in transit vizesi i\u015flem \u00fccretleri. \u00c7in transit vizesi i\u015flem s\u00fcresi.","robots":{"index":"index","follow":"follow","max-snippet":"max-snippet:-1","max-image-preview":"max-image-preview:large","max-video-preview":"max-video-preview:-1"},"canonical":"https:\/\/www.myvize.com.tr\/cin\/vize-islemleri\/transit-vize\/","og_locale":"tr_TR","og_type":"article","og_title":"\u00c7in Transit Vize - MyVize Vize Ba\u015fvuru Merkezi","og_description":"\u00c7in transit vizesi gerekli evraklar\u0131. \u00c7in transit vize ba\u015fvurusu. \u00c7in transit vizesi i\u015flem \u00fccretleri. \u00c7in transit vizesi i\u015flem s\u00fcresi.","og_url":"https:\/\/www.myvize.com.tr\/cin\/vize-islemleri\/transit-vize\/","og_site_name":"\u00c7in Vizesi","article_modified_time":"2022-04-04T10:31:21+00:00","og_image":[{"url":"https:\/\/www.myvize.com.tr\/cin\/wp-content\/uploads\/2021\/10\/7.jpg","type":"","width":"","height":""}],"twitter_card":"summary_large_image","twitter_misc":{"Tahmini okuma s\u00fcresi":"3 dakika"},"schema":{"@context":"https:\/\/schema.org","@graph":[{"@type":"WebPage","@id":"https:\/\/www.myvize.com.tr\/cin\/vize-islemleri\/transit-vize\/","url":"https:\/\/www.myvize.com.tr\/cin\/vize-islemleri\/transit-vize\/","name":"\u00c7in Transit Vize - MyVize Vize Ba\u015fvuru Merkezi","isPartOf":{"@id":"https:\/\/www.myvize.com.tr\/cin\/#website"},"primaryImageOfPage":{"@id":"https:\/\/www.myvize.com.tr\/cin\/vize-islemleri\/transit-vize\/#primaryimage"},"image":{"@id":"https:\/\/www.myvize.com.tr\/cin\/vize-islemleri\/transit-vize\/#primaryimage"},"thumbnailUrl":"https:\/\/www.myvize.com.tr\/cin\/wp-content\/uploads\/2021\/10\/7.jpg","datePublished":"2021-02-04T11:01:52+00:00","dateModified":"2022-04-04T10:31:21+00:00","description":"\u00c7in transit vizesi gerekli evraklar\u0131. \u00c7in transit vize ba\u015fvurusu. \u00c7in transit vizesi i\u015flem \u00fccretleri. \u00c7in transit vizesi i\u015flem s\u00fcresi.","breadcrumb":{"@id":"https:\/\/www.myvize.com.tr\/cin\/vize-islemleri\/transit-vize\/#breadcrumb"},"inLanguage":"tr","potentialAction":[{"@type":"ReadAction","target":["https:\/\/www.myvize.com.tr\/cin\/vize-islemleri\/transit-vize\/"]}]},{"@type":"ImageObject","inLanguage":"tr","@id":"https:\/\/www.myvize.com.tr\/cin\/vize-islemleri\/transit-vize\/#primaryimage","url":"https:\/\/www.myvize.com.tr\/cin\/wp-content\/uploads\/2021\/10\/7.jpg","contentUrl":"https:\/\/www.myvize.com.tr\/cin\/wp-content\/uploads\/2021\/10\/7.jpg","width":800,"height":500,"caption":"\u00c7in Transit Vize"},{"@type":"BreadcrumbList","@id":"https:\/\/www.myvize.com.tr\/cin\/vize-islemleri\/transit-vize\/#breadcrumb","itemListElement":[{"@type":"ListItem","position":1,"name":"Anasayfa","item":"https:\/\/www.myvize.com.tr\/cin\/"},{"@type":"ListItem","position":2,"name":"V\u0130ZE \u0130\u015eLEMLER\u0130","item":"https:\/\/www.myvize.com.tr\/cin\/vize-islemleri\/"},{"@type":"ListItem","position":3,"name":"\u00c7in Transit Vize"}]},{"@type":"WebSite","@id":"https:\/\/www.myvize.com.tr\/cin\/#website","url":"https:\/\/www.myvize.com.tr\/cin\/","name":"\u00c7in Vizesi","description":"","potentialAction":[{"@type":"SearchAction","target":{"@type":"EntryPoint","urlTemplate":"https:\/\/www.myvize.com.tr\/cin\/?s={search_term_string}"},"query-input":{"@type":"PropertyValueSpecification","valueRequired":true,"valueName":"search_term_string"}}],"inLanguage":"tr"}]}},"_links":{"self":[{"href":"https:\/\/www.myvize.com.tr\/cin\/wp-json\/wp\/v2\/pages\/274","targetHints":{"allow":["GET"]}}],"collection":[{"href":"https:\/\/www.myvize.com.tr\/cin\/wp-json\/wp\/v2\/pages"}],"about":[{"href":"https:\/\/www.myvize.com.tr\/cin\/wp-json\/wp\/v2\/types\/page"}],"author":[{"embeddable":true,"href":"https:\/\/www.myvize.com.tr\/cin\/wp-json\/wp\/v2\/users\/1"}],"replies":[{"embeddable":true,"href":"https:\/\/www.myvize.com.tr\/cin\/wp-json\/wp\/v2\/comments?post=274"}],"version-history":[{"count":8,"href":"https:\/\/www.myvize.com.tr\/cin\/wp-json\/wp\/v2\/pages\/274\/revisions"}],"predecessor-version":[{"id":739,"href":"https:\/\/www.myvize.com.tr\/cin\/wp-json\/wp\/v2\/pages\/274\/revisions\/739"}],"up":[{"embeddable":true,"href":"https:\/\/www.myvize.com.tr\/cin\/wp-json\/wp\/v2\/pages\/18"}],"wp:attachment":[{"href":"https:\/\/www.myvize.com.tr\/cin\/wp-json\/wp\/v2\/media?parent=274"}],"curies":[{"name":"wp","href":"https:\/\/api.w.org\/{rel}","templated":true}]}}