{"id":370,"date":"2021-09-11T14:19:49","date_gmt":"2021-09-11T11:19:49","guid":{"rendered":"https:\/\/www.myvize.com.tr\/cin\/?page_id=370"},"modified":"2022-04-04T13:32:26","modified_gmt":"2022-04-04T10:32:26","slug":"cin-aile-ziyareti-vizesi","status":"publish","type":"page","link":"https:\/\/www.myvize.com.tr\/cin\/cin-aile-ziyareti-vizesi\/","title":{"rendered":"\u00c7in Aile Ziyareti Vizesi"},"content":{"rendered":"<p><span style=\"font-family: Roboto; font-size: 14px;\">\u00c7in\u2019de bulunan aile \u00fcyesini ve arkada\u015f\u0131n\u0131z ziyaret etmek isteyen ki\u015filer, <strong>\u00c7in aile ziyareti vizesi<\/strong> almal\u0131d\u0131r. <strong>\u00c7in aile ziyareti ba\u015fvurusu<\/strong> yapacak ki\u015filerin mutlaka bir davetiyesi olmal\u0131d\u0131r. Davetiyesiz aile ziyareti ba\u015fvurusu kabul edilmemektedir. Bunun yan\u0131nda \u00c7in\u2019e seyahat edecekseniz k\u0131zam\u0131k, bo\u011fmaca, kabakulak, tifo, hepatit, difteri a\u015f\u0131s\u0131 olunmal\u0131d\u0131r. \u00c7in s\u0131n\u0131r g\u00f6revlileri a\u015f\u0131 kart\u0131n\u0131zda bu a\u015f\u0131lar\u0131 kontrol etmektedir.<\/span><\/p>\n<p><span style=\"font-family: Roboto; font-size: 14px;\">Bordo Pasaport sahibi T\u00fcrkiye Cumhuriyeti vatanda\u015flar\u0131 <strong>aile ziyareti vizesi<\/strong> almal\u0131d\u0131r. Di\u011fer pasaport sahipleri ise 3 ay i\u00e7erisinde 30 g\u00fcn\u00fc ge\u00e7meyen seyahatlerde \u00c7in vizesinden muaft\u0131r.<\/span><\/p>\n<h2><span style=\"font-family: Roboto;\"><strong><span style=\"font-size: 27px;\">\u00c7in Aile Ziyareti Vizesi 2022<\/span><\/strong><\/span><\/h2>\n<p><span style=\"font-family: Roboto; font-size: 14px;\"><strong>\u00c7in aile ziyareti vize<\/strong> ba\u015fvurusu i\u00e7in online ortamda, \u00c7in Ankara B\u00fcy\u00fckel\u00e7ili\u011fi\u2019nin internet sitesi \u00fczerinden doldurulmal\u0131d\u0131r. Doldurulan vize ba\u015fvuru formu ile ba\u015fvurunuz incelenmeye al\u0131n\u0131r. Gerekli belgeler siteme y\u00fcklenmelidir.<\/span><\/p>\n<p><span style=\"font-family: Roboto; font-size: 14px;\">\u00c7in\u2019de bulunan aile \u00fcyesinin <strong>\u00c7in vatanda\u015f\u0131<\/strong> ya da <strong>\u00c7in oturum izni<\/strong> olmas\u0131 gerekmektedir. Ba\u015fvuru i\u00e7in \u00c7in\u2019de bulunan ve ziyaret edece\u011finiz ki\u015fiden davetiye almal\u0131s\u0131n\u0131z. Ayr\u0131ca ziyaret edece\u011finiz ki\u015finin kimlik bilgileri, adres bilgileri, vatanda\u015fl\u0131k bilgileri gibi bilgilerin yer ald\u0131\u011f\u0131 belgeler konsoloslu\u011fu sunulmal\u0131d\u0131r. Ba\u015fvurular ortalama 7 i\u015f g\u00fcn\u00fc i\u00e7erisinde sonu\u00e7lanmaktad\u0131r. Ancak ba\u015fvurunun sonu\u00e7lanmas\u0131 vize ba\u015fvuru yo\u011funlu\u011funa g\u00f6re uzayabilmektedir.<\/span><\/p>\n<p><span style=\"font-family: Roboto; font-size: 14px;\"><span style=\"color: #2acec2;\"><strong><a style=\"color: #2acec2;\" href=\"https:\/\/www.myvize.com.tr\/cin\/oturum-2\/cin-aile-birlesimi-vizesi\/\" target=\"_blank\" rel=\"noopener\">\u00c7in Aile Birle\u015fimi Vizesi<\/a><\/strong><\/span> ile ilgili bilgi almak i\u00e7in bizi aray\u0131n.<\/span><\/p>\n<p><img decoding=\"async\" src=\"https:\/\/www.myvize.com.tr\/cin\/wp-content\/uploads\/2021\/10\/11.jpg\" \/><\/p>\n<h2><span style=\"font-family: Roboto; font-size: 27px;\"><strong>\u00c7in Aile Ziyareti Vizesi Hakk\u0131nda<\/strong><\/span><\/h2>\n<p><span style=\"font-family: Roboto; font-size: 14px;\"><strong>\u00c7in ziyaret vizeleri<\/strong> iki farkl\u0131 kategoride verilmektedir. S1 ve S2 olarak verilen bu vize i\u015flemlerinde uzun s\u00fcreli olarak kalacak ki\u015filerin <strong>S1 vizesi<\/strong> almas\u0131 gerekiyor. E\u011fer k\u0131sa s\u00fcreli olarak aile ziyareti vizesi alacaksan\u0131z<strong> S2 vizesi<\/strong> alman\u0131z gerekir. G\u00fcncel olmayan evraklarla yap\u0131lan t\u00fcm ba\u015fvurular konsolosluklardan d\u00f6nmektedir. S1 vizesi ile S2 vizesinin g\u00fcncel bir\u00e7ok evrak listesi bulunmaktad\u0131r. Bu s\u00fcre\u00e7te her iki vize t\u00fcr\u00fcn\u00fcn belirli kriterleri vard\u0131r.<\/span><\/p>\n<p><span style=\"font-family: Roboto; font-size: 14px;\"><strong>\u00c7in aile ziyareti vizesi<\/strong>\u00a0i\u00e7in S1 ya da S2 vizesine ba\u015fvuru yap\u0131lmas\u0131 gerekiyor. Bu vizenin sorunsuz bir \u015fekilde al\u0131nabilmesi i\u00e7in mutlaka \u00c7in\u2019de ya\u015fayan akraban\u0131zdan bir davet mektubu alman\u0131z gerekiyor. Mecburi oldu\u011fu i\u00e7in herkesin bu davetiyeyi almas\u0131 b\u00fcy\u00fck bir \u00f6nem ta\u015f\u0131yor.<\/span><\/p>\n<p><span style=\"font-family: Roboto; font-size: 14px;\">Seyahat i\u00e7in gerekli olan evraklar\u0131n\u0131z\u0131n ba\u015f\u0131nda pasaport ilk s\u0131rada yer al\u0131yor. Bo\u015f vize sayfas\u0131 bulunan ve seyahat bittikten sonra en az 6 ay daha ge\u00e7erli olan pasaportunuz olmal\u0131d\u0131r. Bunun yan\u0131nda arka fonu beyaz olan iki tane foto\u011fraf mutlaka olmal\u0131d\u0131r. Davet eden ki\u015finin bilgileri vize dosyan\u0131zda bulunmal\u0131d\u0131r. Meslek bilgileri, finansal durum gibi konularda da gerekli t\u00fcm belgeleri teslim etmeniz gerekir.<\/span><\/p>\n<p><span style=\"font-family: Roboto; font-size: 14px;\"><span style=\"color: #2acec2;\"><strong><a style=\"color: #2acec2;\" href=\"https:\/\/www.myvize.com.tr\/cin\/form-ve-dilekce\/vize-basvuru-formu\/\" target=\"_blank\" rel=\"noopener\">\u00c7in Vize Ba\u015fvuru Formu<\/a><\/strong><\/span> ile ilgili bilgi almak i\u00e7in bizi aray\u0131n\u0131z.<\/span><\/p>\n","protected":false},"excerpt":{"rendered":"<p>\u00c7in\u2019de bulunan aile \u00fcyesini ve arkada\u015f\u0131n\u0131z ziyaret etmek isteyen ki\u015filer, \u00c7in aile ziyareti vizesi almal\u0131d\u0131r. \u00c7in aile ziyareti ba\u015fvurusu yapacak ki\u015filerin mutlaka bir davetiyesi olmal\u0131d\u0131r. Davetiyesiz aile ziyareti ba\u015fvurusu kabul edilmemektedir. Bunun yan\u0131nda \u00c7in\u2019e seyahat edecekseniz k\u0131zam\u0131k, bo\u011fmaca, kabakulak, tifo, hepatit, difteri a\u015f\u0131s\u0131 olunmal\u0131d\u0131r. \u00c7in s\u0131n\u0131r g\u00f6revlileri a\u015f\u0131 kart\u0131n\u0131zda bu a\u015f\u0131lar\u0131 kontrol etmektedir. Bordo Pasaport<\/p>\n","protected":false},"author":1,"featured_media":0,"parent":0,"menu_order":0,"comment_status":"open","ping_status":"closed","template":"","meta":{"footnotes":""},"class_list":["post-370","page","type-page","status-publish","hentry"],"yoast_head":"<!-- This site is optimized with the Yoast SEO plugin v26.8 - https:\/\/yoast.com\/product\/yoast-seo-wordpress\/ -->\n<title>\u00c7in Aile Ziyareti Vizesi - \u00c7in Vizesi - MyVize<\/title>\n<meta name=\"description\" content=\"\u00c7in Aile Ziyareti Vizesi nas\u0131l al\u0131n\u0131r? \u00c7in Aile Ziyareti Vize ba\u015fvurusu nas\u0131l yap\u0131l\u0131r? \u00c7in Aile Ziyareti Vize \u00fccreti nedir?\" \/>\n<meta name=\"robots\" content=\"index, follow, max-snippet:-1, max-image-preview:large, max-video-preview:-1\" \/>\n<link rel=\"canonical\" href=\"https:\/\/www.myvize.com.tr\/cin\/cin-aile-ziyareti-vizesi\/\" \/>\n<meta property=\"og:locale\" content=\"tr_TR\" \/>\n<meta property=\"og:type\" content=\"article\" \/>\n<meta property=\"og:title\" content=\"\u00c7in Aile Ziyareti Vizesi - \u00c7in Vizesi - MyVize\" \/>\n<meta property=\"og:description\" content=\"\u00c7in Aile Ziyareti Vizesi nas\u0131l al\u0131n\u0131r? \u00c7in Aile Ziyareti Vize ba\u015fvurusu nas\u0131l yap\u0131l\u0131r? \u00c7in Aile Ziyareti Vize \u00fccreti nedir?\" \/>\n<meta property=\"og:url\" content=\"https:\/\/www.myvize.com.tr\/cin\/cin-aile-ziyareti-vizesi\/\" \/>\n<meta property=\"og:site_name\" content=\"\u00c7in Vizesi\" \/>\n<meta property=\"article:modified_time\" content=\"2022-04-04T10:32:26+00:00\" \/>\n<meta property=\"og:image\" content=\"https:\/\/www.myvize.com.tr\/cin\/wp-content\/uploads\/2021\/10\/11.jpg\" \/>\n<meta name=\"twitter:card\" content=\"summary_large_image\" \/>\n<meta name=\"twitter:label1\" content=\"Tahmini okuma s\u00fcresi\" \/>\n\t<meta name=\"twitter:data1\" content=\"2 dakika\" \/>\n<script type=\"application\/ld+json\" class=\"yoast-schema-graph\">{\"@context\":\"https:\/\/schema.org\",\"@graph\":[{\"@type\":\"WebPage\",\"@id\":\"https:\/\/www.myvize.com.tr\/cin\/cin-aile-ziyareti-vizesi\/\",\"url\":\"https:\/\/www.myvize.com.tr\/cin\/cin-aile-ziyareti-vizesi\/\",\"name\":\"\u00c7in Aile Ziyareti Vizesi - \u00c7in Vizesi - MyVize\",\"isPartOf\":{\"@id\":\"https:\/\/www.myvize.com.tr\/cin\/#website\"},\"primaryImageOfPage\":{\"@id\":\"https:\/\/www.myvize.com.tr\/cin\/cin-aile-ziyareti-vizesi\/#primaryimage\"},\"image\":{\"@id\":\"https:\/\/www.myvize.com.tr\/cin\/cin-aile-ziyareti-vizesi\/#primaryimage\"},\"thumbnailUrl\":\"https:\/\/www.myvize.com.tr\/cin\/wp-content\/uploads\/2021\/10\/11.jpg\",\"datePublished\":\"2021-09-11T11:19:49+00:00\",\"dateModified\":\"2022-04-04T10:32:26+00:00\",\"description\":\"\u00c7in Aile Ziyareti Vizesi nas\u0131l al\u0131n\u0131r? \u00c7in Aile Ziyareti Vize ba\u015fvurusu nas\u0131l yap\u0131l\u0131r? \u00c7in Aile Ziyareti Vize \u00fccreti nedir?\",\"breadcrumb\":{\"@id\":\"https:\/\/www.myvize.com.tr\/cin\/cin-aile-ziyareti-vizesi\/#breadcrumb\"},\"inLanguage\":\"tr\",\"potentialAction\":[{\"@type\":\"ReadAction\",\"target\":[\"https:\/\/www.myvize.com.tr\/cin\/cin-aile-ziyareti-vizesi\/\"]}]},{\"@type\":\"ImageObject\",\"inLanguage\":\"tr\",\"@id\":\"https:\/\/www.myvize.com.tr\/cin\/cin-aile-ziyareti-vizesi\/#primaryimage\",\"url\":\"https:\/\/www.myvize.com.tr\/cin\/wp-content\/uploads\/2021\/10\/11.jpg\",\"contentUrl\":\"https:\/\/www.myvize.com.tr\/cin\/wp-content\/uploads\/2021\/10\/11.jpg\",\"width\":800,\"height\":500,\"caption\":\"\u00c7in Aile Ziyareti Vizesi\"},{\"@type\":\"BreadcrumbList\",\"@id\":\"https:\/\/www.myvize.com.tr\/cin\/cin-aile-ziyareti-vizesi\/#breadcrumb\",\"itemListElement\":[{\"@type\":\"ListItem\",\"position\":1,\"name\":\"Anasayfa\",\"item\":\"https:\/\/www.myvize.com.tr\/cin\/\"},{\"@type\":\"ListItem\",\"position\":2,\"name\":\"\u00c7in Aile Ziyareti Vizesi\"}]},{\"@type\":\"WebSite\",\"@id\":\"https:\/\/www.myvize.com.tr\/cin\/#website\",\"url\":\"https:\/\/www.myvize.com.tr\/cin\/\",\"name\":\"\u00c7in Vizesi\",\"description\":\"\",\"potentialAction\":[{\"@type\":\"SearchAction\",\"target\":{\"@type\":\"EntryPoint\",\"urlTemplate\":\"https:\/\/www.myvize.com.tr\/cin\/?s={search_term_string}\"},\"query-input\":{\"@type\":\"PropertyValueSpecification\",\"valueRequired\":true,\"valueName\":\"search_term_string\"}}],\"inLanguage\":\"tr\"}]}<\/script>\n<!-- \/ Yoast SEO plugin. -->","yoast_head_json":{"title":"\u00c7in Aile Ziyareti Vizesi - \u00c7in Vizesi - MyVize","description":"\u00c7in Aile Ziyareti Vizesi nas\u0131l al\u0131n\u0131r? \u00c7in Aile Ziyareti Vize ba\u015fvurusu nas\u0131l yap\u0131l\u0131r? \u00c7in Aile Ziyareti Vize \u00fccreti nedir?","robots":{"index":"index","follow":"follow","max-snippet":"max-snippet:-1","max-image-preview":"max-image-preview:large","max-video-preview":"max-video-preview:-1"},"canonical":"https:\/\/www.myvize.com.tr\/cin\/cin-aile-ziyareti-vizesi\/","og_locale":"tr_TR","og_type":"article","og_title":"\u00c7in Aile Ziyareti Vizesi - \u00c7in Vizesi - MyVize","og_description":"\u00c7in Aile Ziyareti Vizesi nas\u0131l al\u0131n\u0131r? \u00c7in Aile Ziyareti Vize ba\u015fvurusu nas\u0131l yap\u0131l\u0131r? \u00c7in Aile Ziyareti Vize \u00fccreti nedir?","og_url":"https:\/\/www.myvize.com.tr\/cin\/cin-aile-ziyareti-vizesi\/","og_site_name":"\u00c7in Vizesi","article_modified_time":"2022-04-04T10:32:26+00:00","og_image":[{"url":"https:\/\/www.myvize.com.tr\/cin\/wp-content\/uploads\/2021\/10\/11.jpg","type":"","width":"","height":""}],"twitter_card":"summary_large_image","twitter_misc":{"Tahmini okuma s\u00fcresi":"2 dakika"},"schema":{"@context":"https:\/\/schema.org","@graph":[{"@type":"WebPage","@id":"https:\/\/www.myvize.com.tr\/cin\/cin-aile-ziyareti-vizesi\/","url":"https:\/\/www.myvize.com.tr\/cin\/cin-aile-ziyareti-vizesi\/","name":"\u00c7in Aile Ziyareti Vizesi - \u00c7in Vizesi - MyVize","isPartOf":{"@id":"https:\/\/www.myvize.com.tr\/cin\/#website"},"primaryImageOfPage":{"@id":"https:\/\/www.myvize.com.tr\/cin\/cin-aile-ziyareti-vizesi\/#primaryimage"},"image":{"@id":"https:\/\/www.myvize.com.tr\/cin\/cin-aile-ziyareti-vizesi\/#primaryimage"},"thumbnailUrl":"https:\/\/www.myvize.com.tr\/cin\/wp-content\/uploads\/2021\/10\/11.jpg","datePublished":"2021-09-11T11:19:49+00:00","dateModified":"2022-04-04T10:32:26+00:00","description":"\u00c7in Aile Ziyareti Vizesi nas\u0131l al\u0131n\u0131r? \u00c7in Aile Ziyareti Vize ba\u015fvurusu nas\u0131l yap\u0131l\u0131r? \u00c7in Aile Ziyareti Vize \u00fccreti nedir?","breadcrumb":{"@id":"https:\/\/www.myvize.com.tr\/cin\/cin-aile-ziyareti-vizesi\/#breadcrumb"},"inLanguage":"tr","potentialAction":[{"@type":"ReadAction","target":["https:\/\/www.myvize.com.tr\/cin\/cin-aile-ziyareti-vizesi\/"]}]},{"@type":"ImageObject","inLanguage":"tr","@id":"https:\/\/www.myvize.com.tr\/cin\/cin-aile-ziyareti-vizesi\/#primaryimage","url":"https:\/\/www.myvize.com.tr\/cin\/wp-content\/uploads\/2021\/10\/11.jpg","contentUrl":"https:\/\/www.myvize.com.tr\/cin\/wp-content\/uploads\/2021\/10\/11.jpg","width":800,"height":500,"caption":"\u00c7in Aile Ziyareti Vizesi"},{"@type":"BreadcrumbList","@id":"https:\/\/www.myvize.com.tr\/cin\/cin-aile-ziyareti-vizesi\/#breadcrumb","itemListElement":[{"@type":"ListItem","position":1,"name":"Anasayfa","item":"https:\/\/www.myvize.com.tr\/cin\/"},{"@type":"ListItem","position":2,"name":"\u00c7in Aile Ziyareti Vizesi"}]},{"@type":"WebSite","@id":"https:\/\/www.myvize.com.tr\/cin\/#website","url":"https:\/\/www.myvize.com.tr\/cin\/","name":"\u00c7in Vizesi","description":"","potentialAction":[{"@type":"SearchAction","target":{"@type":"EntryPoint","urlTemplate":"https:\/\/www.myvize.com.tr\/cin\/?s={search_term_string}"},"query-input":{"@type":"PropertyValueSpecification","valueRequired":true,"valueName":"search_term_string"}}],"inLanguage":"tr"}]}},"_links":{"self":[{"href":"https:\/\/www.myvize.com.tr\/cin\/wp-json\/wp\/v2\/pages\/370","targetHints":{"allow":["GET"]}}],"collection":[{"href":"https:\/\/www.myvize.com.tr\/cin\/wp-json\/wp\/v2\/pages"}],"about":[{"href":"https:\/\/www.myvize.com.tr\/cin\/wp-json\/wp\/v2\/types\/page"}],"author":[{"embeddable":true,"href":"https:\/\/www.myvize.com.tr\/cin\/wp-json\/wp\/v2\/users\/1"}],"replies":[{"embeddable":true,"href":"https:\/\/www.myvize.com.tr\/cin\/wp-json\/wp\/v2\/comments?post=370"}],"version-history":[{"count":6,"href":"https:\/\/www.myvize.com.tr\/cin\/wp-json\/wp\/v2\/pages\/370\/revisions"}],"predecessor-version":[{"id":673,"href":"https:\/\/www.myvize.com.tr\/cin\/wp-json\/wp\/v2\/pages\/370\/revisions\/673"}],"wp:attachment":[{"href":"https:\/\/www.myvize.com.tr\/cin\/wp-json\/wp\/v2\/media?parent=370"}],"curies":[{"name":"wp","href":"https:\/\/api.w.org\/{rel}","templated":true}]}}