{"id":455,"date":"2021-09-17T10:29:05","date_gmt":"2021-09-17T07:29:05","guid":{"rendered":"https:\/\/www.myvize.com.tr\/cin\/?page_id=455"},"modified":"2022-04-04T14:18:18","modified_gmt":"2022-04-04T11:18:18","slug":"cin-izmir-baskonsoloslugu","status":"publish","type":"page","link":"https:\/\/www.myvize.com.tr\/cin\/cin-izmir-baskonsoloslugu\/","title":{"rendered":"\u00c7in \u0130zmir Ba\u015fkonsoloslu\u011fu"},"content":{"rendered":"<p><span style=\"font-family: Roboto; font-size: 14px;\"><span style=\"color: #2acec2;\"><strong><a style=\"color: #2acec2;\" href=\"https:\/\/www.myvize.com.tr\/cin\/konsolosluklar\/cin-baskonsoloslugu-istanbul\/\" target=\"_blank\" rel=\"noopener\">\u00c7in Halk Cumhuriyeti \u0130stanbul Ba\u015fkonsoloslu\u011fu<\/a><\/strong><\/span>, \u00c7in Halk Cumhuriyeti Ankara B\u00fcy\u00fckel\u00e7ili\u011fi\u2019ne ba\u011fl\u0131 olarak faaliyet g\u00f6stermektedir. \u00c7in ve T\u00fcrk h\u00fck\u00fcmetleri aras\u0131ndaki ba\u011flar\u0131 desteklemektedir. T\u00fcrkiye ile \u00c7in aras\u0131ndaki ili\u015fkileri y\u00f6netir. T\u00fcrkiye ile \u00c7in aras\u0131ndaki ticari ili\u015fkileri d\u00fczenler. \u00c7in ve T\u00fcrkiye ticaretini te\u015fvik eder.<\/span><\/p>\n<p><span style=\"font-family: Roboto; font-size: 14px;\">\u00c7in \u0130zmir Ba\u015fkonsoloslu\u011fu\u2019nun yetki alanlar\u0131 aras\u0131nda<span style=\"color: #2acec2;\"><strong><a style=\"color: #2acec2;\" href=\"https:\/\/www.myvize.com.tr\/cin\/subelerimiz\/izmir\/\" target=\"_blank\" rel=\"noopener\"> \u0130zmir<\/a><\/strong><\/span>, Manisa, Ayd\u0131n, U\u015fak, Denizli, Ayd\u0131n illeri bulunmaktad\u0131r.<\/span><\/p>\n<p><span style=\"font-family: Roboto; font-size: 14px;\"><strong>\u00c7in Halk Cumhuriyeti \u0130zmir Ba\u015fkonsoloslu\u011fu<\/strong>, \u00c7in vatanda\u015flar\u0131na konsolosluk hizmeti vermektedir. \u00c7in\u2019e belirli bir ama\u00e7 i\u00e7in seyahat etmek isteyen T\u00fcrk vatanda\u015flar\u0131na vize hizmeti sa\u011flamaktad\u0131r. \u00c7in\u2019in ve \u00c7in vatanda\u015flar\u0131n\u0131n T\u00fcrkiye\u2019deki \u00e7\u0131karlar\u0131n\u0131 korumak amac\u0131 ile \u00e7al\u0131\u015fmalar y\u00fcr\u00fct\u00fcr. T\u00fcrkiye\u2019de \u00e7al\u0131\u015fan ya da T\u00fcrkiye\u2019de i\u015f kurmu\u015f \u00c7in vatanda\u015flar\u0131na yard\u0131mc\u0131 olmaktad\u0131r.<\/span><\/p>\n<h2><span style=\"font-family: Roboto; font-size: 27px;\"><strong>\u00c7in Halk Cumhuriyeti \u0130stanbul Ba\u015fkonsoloslu\u011fu adresi ve \u00e7al\u0131\u015fma saatleri<\/strong><\/span><\/h2>\n<p><span style=\"font-family: Roboto; font-size: 14px;\">Adresi: Alt\u0131evler Mahallesi, Yal\u00e7\u0131n Sokak, No:22, PK: 35320 Narl\u0131dere\/\u0130zmir<\/span><\/p>\n<p><span style=\"font-family: Roboto; font-size: 14px;\">\u00c7al\u0131ma Saatleri: T\u00fcrkiye\u2019de bulunan <strong>\u00c7in \u0130zmir Ba\u015fkonsoloslu\u011fu<\/strong> hafta i\u00e7i her g\u00fcn 08.00 ile 17.00 saatleri aras\u0131nda hizmet vermektedir. T\u00fcrkiye ve \u00c7in resmi tatillerine hizmet vermemektedir.<\/span><\/p>\n<h2><span style=\"font-family: Roboto; font-size: 27px;\"><strong>\u00c7in \u0130zmir Ba\u015fkonsoloslu\u011fu Hakk\u0131nda\u00a0<\/strong><\/span><\/h2>\n<p><span style=\"font-family: Roboto; font-size: 14px;\"><strong>\u00c7in \u0130zmir Ba\u015fkonsoloslu\u011fu\u00a0<\/strong>\u0130zmir\u2019de Alt\u0131evler Mahallesi Yal\u00e7\u0131n Sokak No:22 Narl\u0131dere adresinde vatanda\u015flara hizmet vermektedir. \u0130ki \u00fclke i\u00e7in resmi olarak tatil ilan edilmeyen g\u00fcnlerde konsolosluk vatanda\u015flara hizmet verir. Hafta i\u00e7i a\u00e7\u0131k olan konsoloslukta \u00e7al\u0131\u015fma saatleri 09.00- 17.00 saatleri aras\u0131d\u0131r. \u0130ki \u00fclkede resm\u00ee kurumlar\u0131n kapal\u0131 olmas\u0131n\u0131 sa\u011flayacak tatil g\u00fcnleri \u015fu \u015fekildedir;<\/span><\/p>\n<ul>\n<li><span style=\"font-family: Roboto; font-size: 14px;\">Yeni Y\u0131l<\/span><\/li>\n<li><span style=\"font-family: Roboto; font-size: 14px;\">Bahar Bayram\u0131<\/span><\/li>\n<li><span style=\"font-family: Roboto; font-size: 14px;\">Mezar Ziyareti G\u00fcn\u00fc<\/span><\/li>\n<li><span style=\"font-family: Roboto; font-size: 14px;\">Emek G\u00fcn\u00fc<\/span><\/li>\n<li><span style=\"font-family: Roboto; font-size: 14px;\">Ejder Kay\u0131\u011f\u0131 Bayram\u0131<\/span><\/li>\n<li><span style=\"font-family: Roboto; font-size: 14px;\">Ramazan Bayram\u0131<\/span><\/li>\n<li><span style=\"font-family: Roboto; font-size: 14px;\">Kurban Bayram\u0131<\/span><\/li>\n<li><span style=\"font-family: Roboto; font-size: 14px;\">G\u00fcz Ortas\u0131 Bayram\u0131 ve \u00c7in Halk cumhuriyeti Ulusal G\u00fcn\u00fc<\/span><\/li>\n<li><span style=\"font-family: Roboto; font-size: 14px;\">Cumhuriyet Bayram\u0131<\/span><\/li>\n<\/ul>\n<p><span style=\"font-family: Roboto; font-size: 14px;\"><strong>\u00c7in \u0130zmir Ba\u015fkonsoloslu\u011fu<\/strong> \u0130zmir \u015fehir geneli haricinde Burdur, Denizli, Ayd\u0131n, Mu\u011fla, U\u015fak ve Antalya \u015fehirlerinde ikamet eden vatanda\u015flar\u0131n da resmi evrak i\u015flemlerini ger\u00e7ekle\u015ftirir. Daha uzak adreslerde ikamet eden vatanda\u015flar konsoloslu\u011fa gelemedikleri durumlarda konsoloslu\u011fun yetkilendirdi\u011fi vize merkezler ile de ileti\u015fime ge\u00e7ebilirler.<\/span><\/p>\n<p><span style=\"font-family: Roboto; font-size: 14px;\"><strong>\u0130zmir Ba\u015fkonsoloslu\u011fu<\/strong> vatanda\u015flara \u00c7in\u2019e giri\u015flerde ge\u00e7erli olacak vize konusunda tam yetki sahibidir. Vize almak isteyen vatanda\u015flar konsolosluk ile ileti\u015fime ge\u00e7erek gerekli evrak listesi hakk\u0131nda bilgi edinebilir ve vize ba\u015fvurusu i\u00e7in ilk resmi ad\u0131m\u0131 atabilirler.<\/span><\/p>\n","protected":false},"excerpt":{"rendered":"<p>\u00c7in Halk Cumhuriyeti \u0130stanbul Ba\u015fkonsoloslu\u011fu, \u00c7in Halk Cumhuriyeti Ankara B\u00fcy\u00fckel\u00e7ili\u011fi\u2019ne ba\u011fl\u0131 olarak faaliyet g\u00f6stermektedir. \u00c7in ve T\u00fcrk h\u00fck\u00fcmetleri aras\u0131ndaki ba\u011flar\u0131 desteklemektedir. T\u00fcrkiye ile \u00c7in aras\u0131ndaki ili\u015fkileri y\u00f6netir. T\u00fcrkiye ile \u00c7in aras\u0131ndaki ticari ili\u015fkileri d\u00fczenler. \u00c7in ve T\u00fcrkiye ticaretini te\u015fvik eder. \u00c7in \u0130zmir Ba\u015fkonsoloslu\u011fu\u2019nun yetki alanlar\u0131 aras\u0131nda \u0130zmir, Manisa, Ayd\u0131n, U\u015fak, Denizli, Ayd\u0131n illeri bulunmaktad\u0131r. \u00c7in<\/p>\n","protected":false},"author":1,"featured_media":0,"parent":0,"menu_order":0,"comment_status":"closed","ping_status":"closed","template":"","meta":{"footnotes":""},"class_list":["post-455","page","type-page","status-publish","hentry"],"yoast_head":"<!-- This site is optimized with the Yoast SEO plugin v26.8 - https:\/\/yoast.com\/product\/yoast-seo-wordpress\/ -->\n<title>\u00c7in \u0130zmir Ba\u015fkonsoloslu\u011fu - \u00c7in Vizesi - MyVize<\/title>\n<meta name=\"description\" content=\"\u00c7in \u0130zmir Ba\u015fkonsoloslu\u011fu \u0130leti\u015fim Bilgileri Telefon Numaras\u0131 Mail Adresi Bilgileri \u0130\u00e7erir. \u00c7in Vize Dan\u0131\u015fman\u0131 \u0130\u00e7in Hemen Aray\u0131n.\" \/>\n<meta name=\"robots\" content=\"index, follow, max-snippet:-1, max-image-preview:large, max-video-preview:-1\" \/>\n<link rel=\"canonical\" href=\"https:\/\/www.myvize.com.tr\/cin\/cin-izmir-baskonsoloslugu\/\" \/>\n<meta property=\"og:locale\" content=\"tr_TR\" \/>\n<meta property=\"og:type\" content=\"article\" \/>\n<meta property=\"og:title\" content=\"\u00c7in \u0130zmir Ba\u015fkonsoloslu\u011fu - \u00c7in Vizesi - MyVize\" \/>\n<meta property=\"og:description\" content=\"\u00c7in \u0130zmir Ba\u015fkonsoloslu\u011fu \u0130leti\u015fim Bilgileri Telefon Numaras\u0131 Mail Adresi Bilgileri \u0130\u00e7erir. \u00c7in Vize Dan\u0131\u015fman\u0131 \u0130\u00e7in Hemen Aray\u0131n.\" \/>\n<meta property=\"og:url\" content=\"https:\/\/www.myvize.com.tr\/cin\/cin-izmir-baskonsoloslugu\/\" \/>\n<meta property=\"og:site_name\" content=\"\u00c7in Vizesi\" \/>\n<meta property=\"article:modified_time\" content=\"2022-04-04T11:18:18+00:00\" \/>\n<meta name=\"twitter:card\" content=\"summary_large_image\" \/>\n<meta name=\"twitter:label1\" content=\"Tahmini okuma s\u00fcresi\" \/>\n\t<meta name=\"twitter:data1\" content=\"2 dakika\" \/>\n<script type=\"application\/ld+json\" class=\"yoast-schema-graph\">{\"@context\":\"https:\/\/schema.org\",\"@graph\":[{\"@type\":\"WebPage\",\"@id\":\"https:\/\/www.myvize.com.tr\/cin\/cin-izmir-baskonsoloslugu\/\",\"url\":\"https:\/\/www.myvize.com.tr\/cin\/cin-izmir-baskonsoloslugu\/\",\"name\":\"\u00c7in \u0130zmir Ba\u015fkonsoloslu\u011fu - \u00c7in Vizesi - MyVize\",\"isPartOf\":{\"@id\":\"https:\/\/www.myvize.com.tr\/cin\/#website\"},\"datePublished\":\"2021-09-17T07:29:05+00:00\",\"dateModified\":\"2022-04-04T11:18:18+00:00\",\"description\":\"\u00c7in \u0130zmir Ba\u015fkonsoloslu\u011fu \u0130leti\u015fim Bilgileri Telefon Numaras\u0131 Mail Adresi Bilgileri \u0130\u00e7erir. \u00c7in Vize Dan\u0131\u015fman\u0131 \u0130\u00e7in Hemen Aray\u0131n.\",\"breadcrumb\":{\"@id\":\"https:\/\/www.myvize.com.tr\/cin\/cin-izmir-baskonsoloslugu\/#breadcrumb\"},\"inLanguage\":\"tr\",\"potentialAction\":[{\"@type\":\"ReadAction\",\"target\":[\"https:\/\/www.myvize.com.tr\/cin\/cin-izmir-baskonsoloslugu\/\"]}]},{\"@type\":\"BreadcrumbList\",\"@id\":\"https:\/\/www.myvize.com.tr\/cin\/cin-izmir-baskonsoloslugu\/#breadcrumb\",\"itemListElement\":[{\"@type\":\"ListItem\",\"position\":1,\"name\":\"Anasayfa\",\"item\":\"https:\/\/www.myvize.com.tr\/cin\/\"},{\"@type\":\"ListItem\",\"position\":2,\"name\":\"\u00c7in \u0130zmir Ba\u015fkonsoloslu\u011fu\"}]},{\"@type\":\"WebSite\",\"@id\":\"https:\/\/www.myvize.com.tr\/cin\/#website\",\"url\":\"https:\/\/www.myvize.com.tr\/cin\/\",\"name\":\"\u00c7in Vizesi\",\"description\":\"\",\"potentialAction\":[{\"@type\":\"SearchAction\",\"target\":{\"@type\":\"EntryPoint\",\"urlTemplate\":\"https:\/\/www.myvize.com.tr\/cin\/?s={search_term_string}\"},\"query-input\":{\"@type\":\"PropertyValueSpecification\",\"valueRequired\":true,\"valueName\":\"search_term_string\"}}],\"inLanguage\":\"tr\"}]}<\/script>\n<!-- \/ Yoast SEO plugin. -->","yoast_head_json":{"title":"\u00c7in \u0130zmir Ba\u015fkonsoloslu\u011fu - \u00c7in Vizesi - MyVize","description":"\u00c7in \u0130zmir Ba\u015fkonsoloslu\u011fu \u0130leti\u015fim Bilgileri Telefon Numaras\u0131 Mail Adresi Bilgileri \u0130\u00e7erir. \u00c7in Vize Dan\u0131\u015fman\u0131 \u0130\u00e7in Hemen Aray\u0131n.","robots":{"index":"index","follow":"follow","max-snippet":"max-snippet:-1","max-image-preview":"max-image-preview:large","max-video-preview":"max-video-preview:-1"},"canonical":"https:\/\/www.myvize.com.tr\/cin\/cin-izmir-baskonsoloslugu\/","og_locale":"tr_TR","og_type":"article","og_title":"\u00c7in \u0130zmir Ba\u015fkonsoloslu\u011fu - \u00c7in Vizesi - MyVize","og_description":"\u00c7in \u0130zmir Ba\u015fkonsoloslu\u011fu \u0130leti\u015fim Bilgileri Telefon Numaras\u0131 Mail Adresi Bilgileri \u0130\u00e7erir. \u00c7in Vize Dan\u0131\u015fman\u0131 \u0130\u00e7in Hemen Aray\u0131n.","og_url":"https:\/\/www.myvize.com.tr\/cin\/cin-izmir-baskonsoloslugu\/","og_site_name":"\u00c7in Vizesi","article_modified_time":"2022-04-04T11:18:18+00:00","twitter_card":"summary_large_image","twitter_misc":{"Tahmini okuma s\u00fcresi":"2 dakika"},"schema":{"@context":"https:\/\/schema.org","@graph":[{"@type":"WebPage","@id":"https:\/\/www.myvize.com.tr\/cin\/cin-izmir-baskonsoloslugu\/","url":"https:\/\/www.myvize.com.tr\/cin\/cin-izmir-baskonsoloslugu\/","name":"\u00c7in \u0130zmir Ba\u015fkonsoloslu\u011fu - \u00c7in Vizesi - MyVize","isPartOf":{"@id":"https:\/\/www.myvize.com.tr\/cin\/#website"},"datePublished":"2021-09-17T07:29:05+00:00","dateModified":"2022-04-04T11:18:18+00:00","description":"\u00c7in \u0130zmir Ba\u015fkonsoloslu\u011fu \u0130leti\u015fim Bilgileri Telefon Numaras\u0131 Mail Adresi Bilgileri \u0130\u00e7erir. \u00c7in Vize Dan\u0131\u015fman\u0131 \u0130\u00e7in Hemen Aray\u0131n.","breadcrumb":{"@id":"https:\/\/www.myvize.com.tr\/cin\/cin-izmir-baskonsoloslugu\/#breadcrumb"},"inLanguage":"tr","potentialAction":[{"@type":"ReadAction","target":["https:\/\/www.myvize.com.tr\/cin\/cin-izmir-baskonsoloslugu\/"]}]},{"@type":"BreadcrumbList","@id":"https:\/\/www.myvize.com.tr\/cin\/cin-izmir-baskonsoloslugu\/#breadcrumb","itemListElement":[{"@type":"ListItem","position":1,"name":"Anasayfa","item":"https:\/\/www.myvize.com.tr\/cin\/"},{"@type":"ListItem","position":2,"name":"\u00c7in \u0130zmir Ba\u015fkonsoloslu\u011fu"}]},{"@type":"WebSite","@id":"https:\/\/www.myvize.com.tr\/cin\/#website","url":"https:\/\/www.myvize.com.tr\/cin\/","name":"\u00c7in Vizesi","description":"","potentialAction":[{"@type":"SearchAction","target":{"@type":"EntryPoint","urlTemplate":"https:\/\/www.myvize.com.tr\/cin\/?s={search_term_string}"},"query-input":{"@type":"PropertyValueSpecification","valueRequired":true,"valueName":"search_term_string"}}],"inLanguage":"tr"}]}},"_links":{"self":[{"href":"https:\/\/www.myvize.com.tr\/cin\/wp-json\/wp\/v2\/pages\/455","targetHints":{"allow":["GET"]}}],"collection":[{"href":"https:\/\/www.myvize.com.tr\/cin\/wp-json\/wp\/v2\/pages"}],"about":[{"href":"https:\/\/www.myvize.com.tr\/cin\/wp-json\/wp\/v2\/types\/page"}],"author":[{"embeddable":true,"href":"https:\/\/www.myvize.com.tr\/cin\/wp-json\/wp\/v2\/users\/1"}],"replies":[{"embeddable":true,"href":"https:\/\/www.myvize.com.tr\/cin\/wp-json\/wp\/v2\/comments?post=455"}],"version-history":[{"count":5,"href":"https:\/\/www.myvize.com.tr\/cin\/wp-json\/wp\/v2\/pages\/455\/revisions"}],"predecessor-version":[{"id":779,"href":"https:\/\/www.myvize.com.tr\/cin\/wp-json\/wp\/v2\/pages\/455\/revisions\/779"}],"wp:attachment":[{"href":"https:\/\/www.myvize.com.tr\/cin\/wp-json\/wp\/v2\/media?parent=455"}],"curies":[{"name":"wp","href":"https:\/\/api.w.org\/{rel}","templated":true}]}}