{"id":69,"date":"2020-11-30T12:54:37","date_gmt":"2020-11-30T09:54:37","guid":{"rendered":"https:\/\/www.myvize.com.tr\/cin\/?page_id=69"},"modified":"2022-04-04T13:55:28","modified_gmt":"2022-04-04T10:55:28","slug":"konsolosluklar","status":"publish","type":"page","link":"https:\/\/www.myvize.com.tr\/cin\/konsolosluklar\/","title":{"rendered":"KONSOLOSLUKLAR"},"content":{"rendered":"<h2><span style=\"font-family: Roboto; font-size: 27px;\">\u00c7in Konsolosluklar\u0131 Hakk\u0131nda<\/span><\/h2>\n<p><span style=\"font-family: Roboto; font-size: 14px;\">\u00c7in\u2019i T\u00fcrkiye\u2019de \u00c7in temsilcilikleri temsil etmektedir. \u00c7in\u2019in T\u00fcrkiye\u2019de bulunan temsilcilikleri T\u00fcrkiye ile \u00c7in aras\u0131ndaki ba\u011flar\u0131 geli\u015ftirmeyi ama\u00e7lar. T\u00fcrkiye\u2019de yasal olarak ikamet eden \u00c7in vatanda\u015flar\u0131na, \u00c7in noter ve konsolosluk hizmeti vermektedir. \u00c7in\u2019e seyahat etmek isteyen T\u00fcrkiye ve farkl\u0131 \u00fclke vatanda\u015flar\u0131na ise seyahatleri i\u00e7in <strong>vize hizmeti<\/strong> vermektedir.<\/span><\/p>\n<p><span style=\"font-family: Roboto; font-size: 14px;\"><strong>\u00c7in Konsoloslu\u011fu<\/strong>, T\u00fcrkiye ve \u00c7in aras\u0131ndaki ticari ve ekonomik ba\u011flar\u0131 g\u00fc\u00e7lendirmeyi ama\u00e7lar. \u00c7in\u2019in T\u00fcrkiye\u2019deki temsilciliklerinin hepsi<strong> \u00c7in Ankara B\u00fcy\u00fckel\u00e7ili\u011fi<\/strong>\u2019ne ba\u011fl\u0131d\u0131r. \u00c7in\u2019in T\u00fcrkiye\u2019de bulunan Fahri Konsolosluklar\u0131na diplomatik yetki verilmemi\u015ftir. Fahri Konsolosluklar \u00c7in ad\u0131na g\u00f6rev b\u00f6lgeleri i\u00e7erisindeki ticari ili\u015fkileri y\u00fcr\u00fctmektedir. \u00c7in\u2019in T\u00fcrkiye temsilcilikleri, \u00c7in\u2019in Ankara B\u00fcy\u00fckel\u00e7ili\u011fi\u2019nin vermi\u015f oldu\u011fu g\u00f6revleri yetine getirmektedir.<\/span><\/p>\n<p><span style=\"font-family: Roboto; font-size: 14px;\"><strong>\u00c7in Ankara B\u00fcy\u00fckel\u00e7ili\u011fi<\/strong><\/span><\/p>\n<p><span style=\"font-family: Roboto; font-size: 14px;\">Adres: Oran Mahallesi, Ferit Recai Ertu\u011frul Caddesi, No: 18, PK: 06450 \u00c7ankaya\/Ankara<\/span><\/p>\n<p><span style=\"color: #2acec2;\"><strong><a style=\"color: #2acec2;\" href=\"https:\/\/www.myvize.com.tr\/cin\/konsolosluklar\/cin-baskonsoloslugu-istanbul\/\" target=\"_blank\" rel=\"noopener\"><span style=\"font-family: Roboto; font-size: 14px;\">\u00c7in \u0130stanbul Ba\u015fkonsoloslu\u011fu<\/span><\/a><\/strong><\/span><\/p>\n<p><span style=\"font-family: Roboto; font-size: 14px;\">Adres: \u00a0Kire\u00e7burnu Mahallesi, M\u0131s\u0131rl\u0131 Caddesi, Memduhpa\u015fa Yal\u0131s\u0131, No: 6\/8, PK: 34457 Sar\u0131yer\/\u0130stanbul<\/span><\/p>\n<p><span style=\"font-family: Roboto; font-size: 14px;\"><strong>\u00c7in \u0130zmir Ba\u015fkonsoloslu\u011fu<\/strong><\/span><\/p>\n<p><span style=\"font-family: Roboto; font-size: 14px;\">Adres: Alt\u0131evler Mahallesi, Yal\u00e7\u0131n Sokak, No:22, PK: 35320 Narl\u0131dere\/\u0130zmir<\/span><\/p>\n<h2><strong><span style=\"font-family: Roboto; font-size: 27px;\">\u00c7in Konsoloslu\u011fu Duyurular\u0131<\/span><\/strong><\/h2>\n<p><span style=\"font-family: Roboto; font-size: 14px;\"><strong>Duyuru 1<\/strong><\/span><\/p>\n<p><span style=\"font-family: Roboto; font-size: 14px;\">Salg\u0131n d\u00f6neminde tasdik i\u015flemlerine ili\u015fkin d\u00fczenleme<\/span><\/p>\n<p><span style=\"font-family: Roboto; font-size: 14px;\">T\u00fcrkiye\u2019deki salg\u0131na kar\u015f\u0131, <strong>\u00c7in \u0130stanbul Ba\u015fkonsoloslu\u011fu<\/strong> tasdik i\u015flemleri a\u015fa\u011f\u0131daki d\u00fczenlemeleri uygulayacakt\u0131r.<\/span><\/p>\n<ul>\n<li><span style=\"font-family: Roboto; font-size: 14px;\">Evrak tasdik i\u015flemi yapacak olan ki\u015filer randevu formunu do\u011fru bir \u015fekilde doldurmas\u0131 gerekmektedir. Planlanan ba\u015fvurudan en az 2 \u00f6nce bu formun\u00a0<a href=\"mailto:renzhengyuyue1@gmail.com\">renzhengyuyue1@gmail.com<\/a>\u00a0maile g\u00f6nderilmesi gerekmektedir.<\/span><\/li>\n<li><span style=\"font-family: Roboto; font-size: 14px;\">Randevu formunun teslim al\u0131nmas\u0131 sonras\u0131nda Ba\u015fkonsolosluk ba\u015fvuru yapabilece\u011finiz tarihleri g\u00f6steren bir mail g\u00f6nderecektir. Ba\u015fvuru sahiplerinin ba\u015fvuru yapmadan \u00f6nce Ba\u015fkonsoloslu\u011fun g\u00fcvenlik b\u00f6l\u00fcm\u00fcne g\u00f6nderilen maili g\u00f6ndermesi gerekmektedir.<\/span><\/li>\n<li><span style=\"font-family: Roboto; font-size: 14px;\">Bu uygulama 27 Mart 2020 tarihinden sonra ge\u00e7erli olacakt\u0131r.<\/span><\/li>\n<\/ul>\n<p><span style=\"font-family: Roboto; font-size: 14px;\"><strong>Duyuru 2<\/strong><\/span><\/p>\n<p><span style=\"font-family: Roboto; font-size: 14px;\">T\u00fcrkiye\u2019de <strong>Covid-19 salg\u0131n\u0131<\/strong> ciddiyetini hala daha korumaktad\u0131r. T\u00fcrkiye\u2019de ya\u015fayan vatanda\u015flar\u0131m\u0131za daha iyi hizmet verebilmek ve konsolosluk alanlar\u0131ndaki zorluklar\u0131 ortadan kald\u0131rmak i\u00e7in vatanda\u015flar\u0131m\u0131z\u0131n taleplerini dinlemek i\u00e7in her Per\u015fembe g\u00fcn\u00fc Ankara B\u00fcy\u00fckel\u00e7ili\u011fi\u2019nde Konsolosluk \u0130\u015fleri Kabul G\u00fcn\u00fc d\u00fczenlenmesine karar verilmi\u015ftir. Bunun i\u00e7in\u00a0<a href=\"mailto:consulate_tur@mfa.gov.cn\">consulate_tur@mfa.gov.cn<\/a>\u00a0\u00fczerinden randevu al\u0131nmal\u0131d\u0131r.<\/span><\/p>\n<p><span style=\"font-family: Roboto; font-size: 14px;\"><strong>Duyuru 3<\/strong><\/span><\/p>\n<p><span style=\"font-family: Roboto; font-size: 14px;\">\u00c7in\u2019in T\u00fcrkiye temsilcilikleri T\u00fcrkiye ve <strong>\u00c7in Halk Cumhuriyeti<\/strong> resmi tatillerine \u00e7al\u0131\u015fmamaktad\u0131r. Bu tarihlerde acil durumalar d\u0131\u015f\u0131nda hizmet verilmemektedir. Acil i\u015flem yapmas\u0131 gereken ki\u015filerin acil hattan b\u00fcy\u00fckel\u00e7ili\u011fi ile ileti\u015fime ge\u00e7mesi gerekmektedir.<\/span><\/p>\n<h2><strong><span style=\"font-family: Roboto; font-size: 27px;\">\u00c7in Ba\u015fkonsolosluk B\u00f6l\u00fcmleri<\/span><\/strong><\/h2>\n<p><span style=\"font-family: Roboto; font-size: 14px;\">\u00c7in Halk Cumhuriyeti\u2019nin T\u00fcrkiye\u2019de bulunan temsilcilikleri,<strong> \u00c7in Halk Cumhuriyeti vatanda\u015flar\u0131na<\/strong>, T\u00fcrkiye vatanda\u015flar\u0131na ve T\u00fcrkiye\u2019de yasal olarak oturma hakk\u0131 olan \u00fc\u00e7\u00fcnc\u00fc \u00fclke vatanda\u015flar\u0131na baz\u0131 hizmetler sa\u011flamaktad\u0131r. T\u00fcrkiye ile <strong>\u00c7in Halk Cumhuriyeti<\/strong> aras\u0131ndaki ba\u011flar\u0131 g\u00fc\u00e7lendirmektedir.<strong> \u00c7in Halk Cumhuriyeti Konsoloslu\u011fu<\/strong>, vermi\u015f oldu\u011fu hizmetleri h\u0131zl\u0131 bir \u015fekilde yerine getirebilmek i\u00e7in, <strong>\u00c7in Halk Cumhuriyeti Konsolosluk<\/strong> i\u00e7erisinde baz\u0131 b\u00f6l\u00fcmler kurmu\u015flard\u0131r. <strong>\u00c7in Halk Cumhuriyeti ba\u015fkonsolosluk<\/strong> b\u00f6l\u00fcmleri a\u015fa\u011f\u0131da verilmi\u015ftir.<\/span><\/p>\n<ul>\n<li><span style=\"font-family: Roboto; font-size: 14px;\"><strong>Y\u00f6netim B\u00f6l\u00fcm\u00fc:<\/strong>\u00a0<strong>\u00c7in Halk Cumhuriyeti Konsoloslu\u011fu<\/strong> Y\u00f6netim B\u00f6l\u00fcm\u00fc; konsoloslu\u011fun y\u00f6netimi ile ilgilenmektedir. \u00c7in Halk Cumhuriyeti Konsolosluk personelleri ve Konsolosluk y\u00f6netimi ile ilgilenmektedir.<\/span><\/li>\n<li><span style=\"font-family: Roboto; font-size: 14px;\"><strong>Konsolosluk B\u00f6l\u00fcm\u00fc:<\/strong>\u00a0T\u00fcrkiye&#8217;de yasal olarak ikamet eden \u00c7in Halk Cumhuriyeti vatanda\u015flar\u0131n\u0131n\u00a0konsolosluk i\u015flemleri ile ilgilenmektedir. \u00c7in Halk Cumhuriyeti\u2019nin T\u00fcrkiye\u2019de yasal olarak bulunan vatanda\u015flar\u0131na konsolosluk hizmeti vermektedir. Ayr\u0131ca T\u00fcrkiye Cumhuriyeti vatanda\u015flar\u0131na vize hizmeti vermektedir.<\/span><\/li>\n<li><span style=\"font-family: Roboto; font-size: 14px;\"><strong>Ekonomi B\u00f6l\u00fcm\u00fc:\u00a0<\/strong>Ekonomi B\u00f6l\u00fcm\u00fc;\u00a0<strong>\u00c7in Halk Cumhuriyeti<\/strong> ile T\u00fcrkiye aras\u0131ndaki ticari ba\u011flar\u0131 geli\u015ftirmeyi ama\u00e7lar. T\u00fcrkiye ile \u00c7in Halk Cumhuriyeti aras\u0131nda yeni ticari i\u015fbirlikleri yapmay\u0131 ama\u00e7lar.<\/span><\/li>\n<li><span style=\"font-family: Roboto; font-size: 14px;\"><strong>Siyaset B\u00f6l\u00fcm\u00fc:<\/strong>\u00a0<strong>\u00c7in Halk Cumhuriyeti<\/strong> ile T\u00fcrkiye aras\u0131ndaki siyasi ve diplomatik ba\u011flar\u0131 d\u00fczenlemektedir. T\u00fcrkiye ile \u00c7in Halk Cumhuriyeti aras\u0131ndaki ba\u011flar\u0131 g\u00fc\u00e7lendirmeyi ama\u00e7lar. Bu i\u015flemleri<strong> \u00c7in Halk Cumhuriyeti<\/strong>, T\u00fcrkiye hukuku ve uluslararas\u0131 hukuka ba\u011fl\u0131 olarak y\u00fcr\u00fctmektedir.<\/span><\/li>\n<\/ul>\n<h2><span style=\"font-family: Roboto; font-size: 27px;\"><strong>\u00c7in Konsolosluk \u0130\u015flemleri<\/strong><\/span><\/h2>\n<p><span style=\"font-family: Roboto; font-size: 14px;\"><strong>\u00c7in Halk Cumhuriyeti Konsolosluk i\u015flemleri<\/strong>, \u00c7in B\u00fcy\u00fckel\u00e7ili\u011fi\u2019nin ve konsolosluklar\u0131n\u0131n \u2018\u2019konsolosluk b\u00f6l\u00fcm\u00fc\u2019\u2019 ile yap\u0131lmaktad\u0131r. \u00c7in Halk Cumhuriyeti\u2019nin T\u00fcrkiye\u2019de <strong>\u00c7in Halk Cumhuriyeti B\u00fcy\u00fckel\u00e7ili\u011fi<\/strong>, \u00c7in Halk Cumhuriyeti Ba\u015fkonsoloslu\u011fu ve \u00c7in Halk Cumhuriyeti Fahri Konsolosluklar\u0131 bulunmaktad\u0131r. \u00c7in Halk Cumhuriyeti vatanda\u015flar\u0131na, <strong>\u00c7in Halk Cumhuriyeti konsolosluk<\/strong> hizmeti ve \u00c7in Halk Cumhuriyeti noter hizmeti vermektedir. Ayr\u0131ca <strong>B\u00fcy\u00fckel\u00e7ilik \u00c7in Halk Cumhuriyeti<\/strong> vergi y\u00fck\u00fcml\u00fcl\u00fc\u011f\u00fc olan \u00c7in Halk Cumhuriyeti vatanda\u015flar\u0131ndan <strong>\u00c7in Halk Cumhuriyeti<\/strong> ad\u0131na vergi toplamaktad\u0131r.<\/span><\/p>\n<p><span style=\"font-family: Roboto; font-size: 14px;\">\u00a0\u00c7in Halk Cumhuriyeti\u2019ne seyahat etmek isteyen T\u00fcrk vatanda\u015flar\u0131 ve T\u00fcrkiye\u2019de oturum izni olan \u00fc\u00e7\u00fcnc\u00fc \u00fclke vatanda\u015flar\u0131na da vize hizmeti vermektedir. \u00c7in Halk Cumhuriyeti Fahri konsolosluklar\u0131na diplomatik yetki verilmemi\u015ftir.<strong> \u00c7in Halk Cumhuriyeti<\/strong> ve T\u00fcrkiye kanunlar\u0131na ve uluslararas\u0131 hukuka ba\u011fl\u0131 olarak <strong>\u00c7in Halk Cumhuriyeti<\/strong> \u00e7\u0131karlar\u0131n\u0131 korumaktad\u0131r.<\/span><\/p>\n<p><span style=\"font-family: Roboto; font-size: 14px;\"><strong>\u00c7in Halk Cumhuriyeti Konsolosluk<\/strong> i\u015flemler a\u015fa\u011f\u0131da verilmi\u015ftir;<\/span><\/p>\n<ul>\n<li><span style=\"font-family: Roboto; font-size: 14px;\">\u00c7in Halk Cumhuriyeti vatanda\u015flar\u0131n\u0131n do\u011fum,<\/span><\/li>\n<li><span style=\"font-family: Roboto; font-size: 14px;\">\u00c7in vatanda\u015flar\u0131n\u0131n evlilik,<\/span><\/li>\n<li><span style=\"font-family: Roboto; font-size: 14px;\">\u00c7in vatanda\u015flar\u0131n\u0131n pasaport,<\/span><\/li>\n<li><span style=\"font-family: Roboto; font-size: 14px;\">\u00c7in vatanda\u015flar\u0131n\u0131n noterlik,<\/span><\/li>\n<li><span style=\"font-family: Roboto; font-size: 14px;\">\u00c7in vatanda\u015flar\u0131n\u0131n \u00f6l\u00fcm,<\/span><\/li>\n<li><span style=\"font-family: Roboto; font-size: 14px;\">\u00c7in vatanda\u015flar\u0131n\u0131n adli,<\/span><\/li>\n<li><span style=\"font-family: Roboto; font-size: 14px;\">\u00c7in vatanda\u015flar\u0131n\u0131n vergi i\u015flemlerini yapmaktad\u0131r.<\/span><\/li>\n<li><span style=\"font-family: Roboto; font-size: 14px;\">\u00c7in vatanda\u015flar\u0131n\u0131n askerlik,<\/span><\/li>\n<li><span style=\"font-family: Roboto; font-size: 14px;\">\u00c7in vatanda\u015flar\u0131n\u0131n n\u00fcfus,<\/span><\/li>\n<li><span style=\"font-family: Roboto; font-size: 14px;\">\u00c7in Halk Cumhuriyeti\u2019ne seyahat etmek isteyen ki\u015filerin vize,<\/span><\/li>\n<li><span style=\"font-family: Roboto; font-size: 14px;\">T\u00fcrkiye Cumhuriyeti vatanda\u015flar\u0131n\u0131n<strong> \u00c7in Halk Cumhuriyeti vatanda\u015fl\u0131\u011f\u0131na<\/strong> ge\u00e7i\u015f,<\/span><\/li>\n<\/ul>\n<p><span style=\"font-family: Roboto; font-size: 14px;\"><span style=\"color: #2acec2;\"><strong><a style=\"color: #2acec2;\" href=\"https:\/\/www.myvize.com.tr\/cin\/cin-vize-reddi\/\" target=\"_blank\" rel=\"noopener\">\u00c7in Vize Reddi <\/a><\/strong><\/span>ile ilgili bilgi almak i\u00e7in bizi aray\u0131n.<\/span><\/p>\n<h2><span style=\"font-family: Roboto; font-size: 27px;\"><strong>T\u00fcrkiye\u2019de ki \u00c7in Konsolosluklar\u0131<\/strong><\/span><\/h2>\n<p><span style=\"font-family: Roboto; font-size: 14px;\">\u00c7in&#8217;e seyahat edecek olan ki\u015filerin vize i\u015flemlerini zaman\u0131nda yapt\u0131rmas\u0131 son derece \u00f6nemlidir. <strong>\u00c7in Vize i\u015flemleri<\/strong> konusunda ki\u015filerin dikkat etmesi gereken en \u00f6nemli unsur belgelerini eksiksiz bir \u015fekilde haz\u0131rlamakt\u0131r. Vize belgelerinin tam olarak haz\u0131rlanmas\u0131 neticesinde ki\u015filer i\u00e7in konsolosluklar\u0131na ba\u015fvurular\u0131n\u0131 yaparak vizelerini alabilirler.\u00a0<strong>T\u00fcrkiye&#8217;deki \u00c7in konsolosluklar\u0131<\/strong>\u00a0hem T\u00fcrk vatanda\u015flar\u0131na hem de T\u00fcrkiye&#8217;de ya\u015fayan \u00c7in vatanda\u015flar\u0131na hizmet vermektedir.<\/span><\/p>\n<p><span style=\"font-family: Roboto; font-size: 14px;\">T\u00fcrkiye&#8217;deki haklar\u0131n\u0131 koruyan konsolosluklar ayn\u0131 zamanda T\u00fcrk vatanda\u015flar\u0131 ile T\u00fcrkiye&#8217;de ikamet eden yabanc\u0131 vatanda\u015flar\u0131n vize i\u015flemlerini ger\u00e7ekle\u015ftirmektedir.<strong> \u00c7in Vize i\u015flemleri<\/strong> konusunda konsolosluklar ki\u015filerden bir tak\u0131m belgelerin haz\u0131rlanmas\u0131n\u0131 talep etmektedir. Belgeleriniz haz\u0131rlad\u0131ktan ve vize \u00fccretleri de yat\u0131rd\u0131ktan sonra <strong>\u0130stanbul \u00c7in ba\u015fkonsoloslu\u011funa<\/strong> ba\u015fvurunuzu yaparak vizenizi zaman\u0131nda alabilirsiniz.<\/span><\/p>\n<p><span style=\"font-family: Roboto; font-size: 14px;\">Vize belgelerinizi alabilmeniz i\u00e7in en \u00f6nemli yolu <strong>ba\u015fvuru formu<\/strong> ve dilek\u00e7e gibi son derece \u00f6nemli olan evraklar\u0131n hem eksiksiz hem de do\u011fru bir \u015fekilde doldurulmas\u0131n\u0131 sa\u011flamakt\u0131r. Ayn\u0131 zamanda pasaportunuzun seyahatinizin bitiminden sonra 6 ay daha ge\u00e7erlili\u011finin olmas\u0131na da dikkat etmeniz b\u00fcy\u00fck bir \u00f6nem ta\u015f\u0131r. Ge\u00e7mi\u015fte kulland\u0131\u011f\u0131m\u0131z pasaportlar\u0131n\u0131z da varsa bu pasaportlar\u0131 vize belgelerinize eklemeniz b\u00fcy\u00fck bir \u00f6nem ta\u015f\u0131r.<\/span><\/p>\n<p>&nbsp;<\/p>\n","protected":false},"excerpt":{"rendered":"<p>\u00c7in Konsolosluklar\u0131 Hakk\u0131nda \u00c7in\u2019i T\u00fcrkiye\u2019de \u00c7in temsilcilikleri temsil etmektedir. \u00c7in\u2019in T\u00fcrkiye\u2019de bulunan temsilcilikleri T\u00fcrkiye ile \u00c7in aras\u0131ndaki ba\u011flar\u0131 geli\u015ftirmeyi ama\u00e7lar. T\u00fcrkiye\u2019de yasal olarak ikamet eden \u00c7in vatanda\u015flar\u0131na, \u00c7in noter ve konsolosluk hizmeti vermektedir. \u00c7in\u2019e seyahat etmek isteyen T\u00fcrkiye ve farkl\u0131 \u00fclke vatanda\u015flar\u0131na ise seyahatleri i\u00e7in vize hizmeti vermektedir. \u00c7in Konsoloslu\u011fu, T\u00fcrkiye ve \u00c7in aras\u0131ndaki ticari<\/p>\n","protected":false},"author":1,"featured_media":0,"parent":0,"menu_order":0,"comment_status":"closed","ping_status":"closed","template":"","meta":{"footnotes":""},"class_list":["post-69","page","type-page","status-publish","hentry"],"yoast_head":"<!-- This site is optimized with the Yoast SEO plugin v26.8 - https:\/\/yoast.com\/product\/yoast-seo-wordpress\/ -->\n<title>\u00c7in Konsolosluklar - MyVize Vize Ba\u015fvuru Merkezi<\/title>\n<meta name=\"description\" content=\"\u00c7in Konsolosluklar\u0131n harital\u0131 a\u00e7\u0131k adresleri, \u00c7in Konsolosluklar ve El\u00e7ilik listeleri. \u00c7in Konsolosluklar ve yetki alanlar\u0131.\" \/>\n<meta name=\"robots\" content=\"index, follow, max-snippet:-1, max-image-preview:large, max-video-preview:-1\" \/>\n<link rel=\"canonical\" href=\"https:\/\/www.myvize.com.tr\/cin\/konsolosluklar\/\" \/>\n<meta property=\"og:locale\" content=\"tr_TR\" \/>\n<meta property=\"og:type\" content=\"article\" \/>\n<meta property=\"og:title\" content=\"\u00c7in Konsolosluklar - MyVize Vize Ba\u015fvuru Merkezi\" \/>\n<meta property=\"og:description\" content=\"\u00c7in Konsolosluklar\u0131n harital\u0131 a\u00e7\u0131k adresleri, \u00c7in Konsolosluklar ve El\u00e7ilik listeleri. \u00c7in Konsolosluklar ve yetki alanlar\u0131.\" \/>\n<meta property=\"og:url\" content=\"https:\/\/www.myvize.com.tr\/cin\/konsolosluklar\/\" \/>\n<meta property=\"og:site_name\" content=\"\u00c7in Vizesi\" \/>\n<meta property=\"article:modified_time\" content=\"2022-04-04T10:55:28+00:00\" \/>\n<meta name=\"twitter:card\" content=\"summary_large_image\" \/>\n<meta name=\"twitter:label1\" content=\"Tahmini okuma s\u00fcresi\" \/>\n\t<meta name=\"twitter:data1\" content=\"5 dakika\" \/>\n<script type=\"application\/ld+json\" class=\"yoast-schema-graph\">{\"@context\":\"https:\/\/schema.org\",\"@graph\":[{\"@type\":\"WebPage\",\"@id\":\"https:\/\/www.myvize.com.tr\/cin\/konsolosluklar\/\",\"url\":\"https:\/\/www.myvize.com.tr\/cin\/konsolosluklar\/\",\"name\":\"\u00c7in Konsolosluklar - MyVize Vize Ba\u015fvuru Merkezi\",\"isPartOf\":{\"@id\":\"https:\/\/www.myvize.com.tr\/cin\/#website\"},\"datePublished\":\"2020-11-30T09:54:37+00:00\",\"dateModified\":\"2022-04-04T10:55:28+00:00\",\"description\":\"\u00c7in Konsolosluklar\u0131n harital\u0131 a\u00e7\u0131k adresleri, \u00c7in Konsolosluklar ve El\u00e7ilik listeleri. \u00c7in Konsolosluklar ve yetki alanlar\u0131.\",\"breadcrumb\":{\"@id\":\"https:\/\/www.myvize.com.tr\/cin\/konsolosluklar\/#breadcrumb\"},\"inLanguage\":\"tr\",\"potentialAction\":[{\"@type\":\"ReadAction\",\"target\":[\"https:\/\/www.myvize.com.tr\/cin\/konsolosluklar\/\"]}]},{\"@type\":\"BreadcrumbList\",\"@id\":\"https:\/\/www.myvize.com.tr\/cin\/konsolosluklar\/#breadcrumb\",\"itemListElement\":[{\"@type\":\"ListItem\",\"position\":1,\"name\":\"Anasayfa\",\"item\":\"https:\/\/www.myvize.com.tr\/cin\/\"},{\"@type\":\"ListItem\",\"position\":2,\"name\":\"KONSOLOSLUKLAR\"}]},{\"@type\":\"WebSite\",\"@id\":\"https:\/\/www.myvize.com.tr\/cin\/#website\",\"url\":\"https:\/\/www.myvize.com.tr\/cin\/\",\"name\":\"\u00c7in Vizesi\",\"description\":\"\",\"potentialAction\":[{\"@type\":\"SearchAction\",\"target\":{\"@type\":\"EntryPoint\",\"urlTemplate\":\"https:\/\/www.myvize.com.tr\/cin\/?s={search_term_string}\"},\"query-input\":{\"@type\":\"PropertyValueSpecification\",\"valueRequired\":true,\"valueName\":\"search_term_string\"}}],\"inLanguage\":\"tr\"}]}<\/script>\n<!-- \/ Yoast SEO plugin. -->","yoast_head_json":{"title":"\u00c7in Konsolosluklar - MyVize Vize Ba\u015fvuru Merkezi","description":"\u00c7in Konsolosluklar\u0131n harital\u0131 a\u00e7\u0131k adresleri, \u00c7in Konsolosluklar ve El\u00e7ilik listeleri. \u00c7in Konsolosluklar ve yetki alanlar\u0131.","robots":{"index":"index","follow":"follow","max-snippet":"max-snippet:-1","max-image-preview":"max-image-preview:large","max-video-preview":"max-video-preview:-1"},"canonical":"https:\/\/www.myvize.com.tr\/cin\/konsolosluklar\/","og_locale":"tr_TR","og_type":"article","og_title":"\u00c7in Konsolosluklar - MyVize Vize Ba\u015fvuru Merkezi","og_description":"\u00c7in Konsolosluklar\u0131n harital\u0131 a\u00e7\u0131k adresleri, \u00c7in Konsolosluklar ve El\u00e7ilik listeleri. \u00c7in Konsolosluklar ve yetki alanlar\u0131.","og_url":"https:\/\/www.myvize.com.tr\/cin\/konsolosluklar\/","og_site_name":"\u00c7in Vizesi","article_modified_time":"2022-04-04T10:55:28+00:00","twitter_card":"summary_large_image","twitter_misc":{"Tahmini okuma s\u00fcresi":"5 dakika"},"schema":{"@context":"https:\/\/schema.org","@graph":[{"@type":"WebPage","@id":"https:\/\/www.myvize.com.tr\/cin\/konsolosluklar\/","url":"https:\/\/www.myvize.com.tr\/cin\/konsolosluklar\/","name":"\u00c7in Konsolosluklar - MyVize Vize Ba\u015fvuru Merkezi","isPartOf":{"@id":"https:\/\/www.myvize.com.tr\/cin\/#website"},"datePublished":"2020-11-30T09:54:37+00:00","dateModified":"2022-04-04T10:55:28+00:00","description":"\u00c7in Konsolosluklar\u0131n harital\u0131 a\u00e7\u0131k adresleri, \u00c7in Konsolosluklar ve El\u00e7ilik listeleri. \u00c7in Konsolosluklar ve yetki alanlar\u0131.","breadcrumb":{"@id":"https:\/\/www.myvize.com.tr\/cin\/konsolosluklar\/#breadcrumb"},"inLanguage":"tr","potentialAction":[{"@type":"ReadAction","target":["https:\/\/www.myvize.com.tr\/cin\/konsolosluklar\/"]}]},{"@type":"BreadcrumbList","@id":"https:\/\/www.myvize.com.tr\/cin\/konsolosluklar\/#breadcrumb","itemListElement":[{"@type":"ListItem","position":1,"name":"Anasayfa","item":"https:\/\/www.myvize.com.tr\/cin\/"},{"@type":"ListItem","position":2,"name":"KONSOLOSLUKLAR"}]},{"@type":"WebSite","@id":"https:\/\/www.myvize.com.tr\/cin\/#website","url":"https:\/\/www.myvize.com.tr\/cin\/","name":"\u00c7in Vizesi","description":"","potentialAction":[{"@type":"SearchAction","target":{"@type":"EntryPoint","urlTemplate":"https:\/\/www.myvize.com.tr\/cin\/?s={search_term_string}"},"query-input":{"@type":"PropertyValueSpecification","valueRequired":true,"valueName":"search_term_string"}}],"inLanguage":"tr"}]}},"_links":{"self":[{"href":"https:\/\/www.myvize.com.tr\/cin\/wp-json\/wp\/v2\/pages\/69","targetHints":{"allow":["GET"]}}],"collection":[{"href":"https:\/\/www.myvize.com.tr\/cin\/wp-json\/wp\/v2\/pages"}],"about":[{"href":"https:\/\/www.myvize.com.tr\/cin\/wp-json\/wp\/v2\/types\/page"}],"author":[{"embeddable":true,"href":"https:\/\/www.myvize.com.tr\/cin\/wp-json\/wp\/v2\/users\/1"}],"replies":[{"embeddable":true,"href":"https:\/\/www.myvize.com.tr\/cin\/wp-json\/wp\/v2\/comments?post=69"}],"version-history":[{"count":6,"href":"https:\/\/www.myvize.com.tr\/cin\/wp-json\/wp\/v2\/pages\/69\/revisions"}],"predecessor-version":[{"id":763,"href":"https:\/\/www.myvize.com.tr\/cin\/wp-json\/wp\/v2\/pages\/69\/revisions\/763"}],"wp:attachment":[{"href":"https:\/\/www.myvize.com.tr\/cin\/wp-json\/wp\/v2\/media?parent=69"}],"curies":[{"name":"wp","href":"https:\/\/api.w.org\/{rel}","templated":true}]}}