{"id":302,"date":"2021-03-30T21:22:54","date_gmt":"2021-03-30T18:22:54","guid":{"rendered":"https:\/\/www.myvize.com.tr\/danimarka\/?page_id=302"},"modified":"2022-04-04T15:03:26","modified_gmt":"2022-04-04T12:03:26","slug":"danimarka-vize-ucreti","status":"publish","type":"page","link":"https:\/\/www.myvize.com.tr\/danimarka\/danimarka-vize-ucreti\/","title":{"rendered":"Danimarka Vize \u00dccreti"},"content":{"rendered":"<p><span style=\"font-family: Roboto;\"><\/span><\/p>\r\n<p><span style=\"font-family: Roboto; font-size: 14px;\"><strong>Danimarka<\/strong> seyahatine \u00e7\u0131kmak isteyen T\u00fcrk vatanda\u015flar\u0131n\u0131n vize i\u015flemi yapt\u0131rmas\u0131 mecburi durumlar aras\u0131ndad\u0131r. Vize i\u015flemlerinin eksiksiz bir \u015fekilde yap\u0131labilmesi i\u00e7in hem evraklar\u0131n haz\u0131rlanmas\u0131 hem de vize har\u00e7lar\u0131n\u0131n yat\u0131r\u0131lmas\u0131 gerekmektedir. <span style=\"color: #2acec2;\"><strong><a style=\"color: #2acec2;\" href=\"https:\/\/www.myvize.com.tr\/danimarka\/vize-islemleri\/\" target=\"_blank\" rel=\"noopener\">Danimarka Vize i\u015flemleri <\/a><\/strong><\/span>s\u0131ras\u0131nda ki\u015filerin yat\u0131rmas\u0131 gereken \u00fccretler y\u0131ldan y\u0131la farkl\u0131l\u0131k g\u00f6sterdi\u011fi i\u00e7in mutlaka kesin veriler \u00fczerinden yat\u0131r\u0131m yapmak gerekmektedir.<\/span><\/p>\r\n<p><span style=\"font-family: Roboto; font-size: 14px;\">\r\n\r\n<\/span><\/p>\r\n<p><span style=\"font-family: Roboto; font-size: 14px;\"><strong>Vize i\u015flemi<\/strong> yapt\u0131racak olan ki\u015filerin dikkat etmesi gereken en \u00f6nemli noktalardan birisi de pasaport uygulamas\u0131d\u0131r. Pasaportunuz e\u011fer eski ise mutlaka yenilemeli yoksa yeni bir tane almal\u0131s\u0131n\u0131z. Bununla birlikte pasaport al\u0131rken de \u00f6demeniz gereken bir tak\u0131m har\u00e7lar oldu\u011funu bilmeniz gerekmektedir.<\/span><\/p>\r\n<p><span style=\"font-family: Roboto; font-size: 14px;\"> <img decoding=\"async\" src=\"https:\/\/www.myvize.com.tr\/danimarka\/wp-content\/uploads\/2021\/10\/33.jpg\" \/> <\/span><\/p>\r\n<h2><span style=\"font-family: Roboto; font-size: 27px;\"><strong>Danimarka Vize \u00dccreti 2019<\/strong><\/span><\/h2>\r\n<p><span style=\"font-family: Roboto; font-size: 14px;\">Danimarka\u2019ya seyahat edecek olan T\u00fcrk vatanda\u015flar\u0131n\u0131n <strong>Danimarka vizesi<\/strong> almas\u0131 gerekmektedir. Danimarka vizesi alacak olan ki\u015filerin ise baz\u0131 \u015fartlar\u0131 yerine getirmesi gerekmektedir. Bu \u015fartlardan birisi de <strong>Danimarka vize \u00fccreti<\/strong>nin \u00f6denmesidir.<\/span><\/p>\r\n<p><span style=\"font-family: Roboto; font-size: 14px;\"><strong>Danimarka vize \u00fccretleri<\/strong> seyahat t\u00fcr\u00fcne, seyahat amac\u0131na, vize s\u00fcresine, \u00fclkeye giri\u015f say\u0131s\u0131na g\u00f6re farkl\u0131l\u0131k g\u00f6stermektedir.<\/span><\/p>\r\n<p><strong><span style=\"font-family: Roboto; font-size: 14px;\">Danimarka vize \u00fccreti 2019 y\u0131l\u0131nda \u015fu \u015fekildedir;<\/span><\/strong><\/p>\r\n<table cellspacing=\"0\">\r\n<tbody>\r\n<tr>\r\n<td>\r\n<p><span style=\"font-family: Roboto; font-size: 14px;\"><strong>Vize T\u00fcr\u00fc<\/strong><\/span><\/p>\r\n<\/td>\r\n<td>\r\n<p><span style=\"font-family: Roboto; font-size: 14px;\"><strong>Danimarka vize \u00fccreti 2019<\/strong><\/span><\/p>\r\n<\/td>\r\n<td>\r\n<p><span style=\"font-family: Roboto; font-size: 14px;\"><strong>0-6 Ya\u015f Aras\u0131<\/strong><\/span><\/p>\r\n<\/td>\r\n<td>\r\n<p><span style=\"font-family: Roboto; font-size: 14px;\"><strong>6-12 ya\u015f aras\u0131<\/strong><\/span><\/p>\r\n<\/td>\r\n<\/tr>\r\n<tr>\r\n<td>\r\n<p><span style=\"font-family: Roboto; font-size: 14px;\">Danimarka Turistik vize<\/span><\/p>\r\n<\/td>\r\n<td>\r\n<p><span style=\"font-family: Roboto; font-size: 14px;\">60 Euro<\/span><\/p>\r\n<\/td>\r\n<td>\r\n<p><span style=\"font-family: Roboto; font-size: 14px;\">0 Euro<\/span><\/p>\r\n<\/td>\r\n<td>\r\n<p><span style=\"font-family: Roboto; font-size: 14px;\">30 Euro<\/span><\/p>\r\n<\/td>\r\n<\/tr>\r\n<tr>\r\n<td>\r\n<p><span style=\"font-family: Roboto; font-size: 14px;\">Danimarka Transit vize<\/span><\/p>\r\n<\/td>\r\n<td>\r\n<p><span style=\"font-family: Roboto; font-size: 14px;\">60 Euro<\/span><\/p>\r\n<\/td>\r\n<td>\r\n<p><span style=\"font-family: Roboto; font-size: 14px;\">0 Euro<\/span><\/p>\r\n<\/td>\r\n<td>\r\n<p><span style=\"font-family: Roboto; font-size: 14px;\">30 Euro<\/span><\/p>\r\n<\/td>\r\n<\/tr>\r\n<tr>\r\n<td>\r\n<p><span style=\"font-family: Roboto; font-size: 14px;\">Danimarka Ticari Vize<\/span><\/p>\r\n<\/td>\r\n<td>\r\n<p><span style=\"font-family: Roboto; font-size: 14px;\">60 Euro<\/span><\/p>\r\n<\/td>\r\n<td>\r\n<p><span style=\"font-family: Roboto; font-size: 14px;\">0 Euro<\/span><\/p>\r\n<\/td>\r\n<td>\r\n<p><span style=\"font-family: Roboto; font-size: 14px;\">30 Euro<\/span><\/p>\r\n<\/td>\r\n<\/tr>\r\n<tr>\r\n<td>\r\n<p><span style=\"font-family: Roboto; font-size: 14px;\">Danimarka Aile Ziyareti Vizesi<\/span><\/p>\r\n<\/td>\r\n<td>\r\n<p><span style=\"font-family: Roboto; font-size: 14px;\">60 Euro<\/span><\/p>\r\n<\/td>\r\n<td>\r\n<p><span style=\"font-family: Roboto; font-size: 14px;\">0 Euro<\/span><\/p>\r\n<\/td>\r\n<td>\r\n<p><span style=\"font-family: Roboto; font-size: 14px;\">30 Euro<\/span><\/p>\r\n<\/td>\r\n<\/tr>\r\n<tr>\r\n<td>\r\n<p><span style=\"font-family: Roboto; font-size: 14px;\">Danimarka k\u00fclt\u00fcrel vizesi<\/span><\/p>\r\n<\/td>\r\n<td>\r\n<p><span style=\"font-family: Roboto; font-size: 14px;\">60 Euro<\/span><\/p>\r\n<\/td>\r\n<td>\r\n<p><span style=\"font-family: Roboto; font-size: 14px;\">0 Euro<\/span><\/p>\r\n<\/td>\r\n<td>\r\n<p><span style=\"font-family: Roboto; font-size: 14px;\">30 Euro<\/span><\/p>\r\n<\/td>\r\n<\/tr>\r\n<\/tbody>\r\n<\/table>\r\n<ul>\r\n<li><span style=\"font-family: Roboto; font-size: 14px;\">0-6 ya\u015f aras\u0131 \u00e7ocuklar i\u00e7in <strong>Danimarka vize \u00fccreti<\/strong> al\u0131nmamaktad\u0131r.<\/span><\/li>\r\n<li><span style=\"font-family: Roboto; font-size: 14px;\">Okumak, e\u011fitici \u00f6\u011fretim maksad\u0131 ile Danimarka\u2019ya seyahat edecek olan \u00f6\u011frenciler ve stajyerler.<\/span><\/li>\r\n<li><span style=\"font-family: Roboto; font-size: 14px;\">Bilimsel ara\u015ft\u0131rma amac\u0131 ile Danimarka\u2019ya seyahat edecek olanlar<\/span><\/li>\r\n<li><span style=\"font-family: Roboto; font-size: 14px;\">Kar amac\u0131 g\u00fctmeyen kurulu\u015flar taraf\u0131ndan organize edilmi\u015f spor etkinli\u011fi, e\u011fitim etkinli\u011fi, seminer, konferans gibi etkinliklere kat\u0131lan 25 ya\u015f alt\u0131 ki\u015filer.<\/span><\/li>\r\n<\/ul>\r\n<p><span style=\"font-family: Roboto; font-size: 14px;\"><span style=\"color: #2acec2;\"><strong><a style=\"color: #2acec2;\" href=\"https:\/\/www.myvize.com.tr\/danimarka\/vize-islemleri\/danimarka-aile-ziyareti-vizesi\/\" target=\"_blank\" rel=\"noopener\">Danimarka Aile Ziyareti Vizesi<\/a><\/strong><\/span> ile ilgili bilgi almak i\u00e7in bizi aray\u0131n\u0131z.<\/span><\/p>\r\n<h2><span style=\"font-family: Roboto; font-size: 27px;\"><strong>Danimarka Vize \u00dccreti<\/strong><\/span><\/h2>\r\n<p><span style=\"font-family: Roboto; font-size: 14px;\">Danimarka\u2019ya seyahat edecek olan T\u00fcrk vatanda\u015flar\u0131n\u0131n <span style=\"color: #2acec5;\"><strong><a style=\"color: #2acec5;\" href=\"https:\/\/www.myvize.com.tr\/danimarka\/vize-islemleri\/danimarka-vizesi\/\" target=\"_blank\" rel=\"noopener\">Danimarka vizesi<\/a><\/strong><\/span> almas\u0131 gerekmektedir. Danimarka vizesi i\u00e7in ise <strong>Danimarka vize ba\u015fvuru<\/strong> i\u015flemi yap\u0131lmal\u0131d\u0131r. <strong>Danimarka vizesi<\/strong> almak i\u00e7in Danimarka vize \u00fccretin \u00f6demeniz gerekmektedir. Danimarka bir Schengen \u00fclkesidir. Bundan dolay\u0131 <strong>Danimarka vize \u00fccretleri<\/strong> Schengen \u00fclkelerinin ortak karar\u0131 ile belirlenmektedir.<\/span><\/p>\r\n<ul>\r\n<li><span style=\"font-family: Roboto; font-size: 14px;\">Danimarka vize \u00fccreti 6-12 ya\u015f aras\u0131 i\u00e7in 40 Euro\u2019dur. 0-6 ya\u015f aras\u0131ndaki ki\u015filerden <strong>Danimarka vize har\u00e7 \u00fccreti<\/strong> al\u0131nmamaktad\u0131r.<\/span><\/li>\r\n<li><span style=\"font-family: Roboto; font-size: 14px;\">Danimarka\u2019da g\u00f6n\u00fcll\u00fc hizmette bulunacak ki\u015filerden vize \u00fccreti al\u0131nmamaktad\u0131r.<\/span><\/li>\r\n<li><span style=\"font-family: Roboto; font-size: 14px;\">Reddedilen Danimarka vize ba\u015fvurular\u0131n <strong>Danimarka vize \u00fccreti<\/strong> geri \u00f6denmemektedir.<\/span><\/li>\r\n<li><span style=\"font-family: Roboto; font-size: 14px;\">Danimarka vize \u00fccreti <strong>vize ba\u015fvuru merkezi<\/strong> gi\u015felerine \u00f6denmelidir.<\/span><\/li>\r\n<\/ul>\r\n<p><span style=\"font-family: Roboto; font-size: 14px;\">\u00a0<strong>Danimarka vize \u00fccreti i\u00e7in;<\/strong><\/span><\/p>\r\n<table cellspacing=\"0\">\r\n<tbody>\r\n<tr>\r\n<td>\r\n<p><strong><span style=\"font-family: Roboto; font-size: 14px;\">Vize T\u00fcr\u00fc<\/span><\/strong><\/p>\r\n<\/td>\r\n<td>\r\n<p><strong><span style=\"font-family: Roboto; font-size: 14px;\">Danimarka vize \u00fccreti<\/span><\/strong><\/p>\r\n<\/td>\r\n<td>\r\n<p><strong><span style=\"font-family: Roboto; font-size: 14px;\">6-12 Ya\u015f Aras\u0131<\/span><\/strong><\/p>\r\n<\/td>\r\n<\/tr>\r\n<tr>\r\n<td>\r\n<p><span style=\"font-family: Roboto; font-size: 14px;\">Danimarka Turistik Vize<\/span><\/p>\r\n<\/td>\r\n<td>\r\n<p><span style=\"font-family: Roboto; font-size: 14px;\">80 Euro<\/span><\/p>\r\n<\/td>\r\n<td>\r\n<p><span style=\"font-family: Roboto; font-size: 14px;\">40 Euro<\/span><\/p>\r\n<\/td>\r\n<\/tr>\r\n<tr>\r\n<td>\r\n<p><span style=\"font-family: Roboto; font-size: 14px;\">Danimarka Ticari Vize<\/span><\/p>\r\n<\/td>\r\n<td>\r\n<p><span style=\"font-family: Roboto; font-size: 14px;\">80 Euro<\/span><\/p>\r\n<\/td>\r\n<td>\r\n<p><span style=\"font-family: Roboto; font-size: 14px;\">40 Euro<\/span><\/p>\r\n<\/td>\r\n<\/tr>\r\n<tr>\r\n<td>\r\n<p><span style=\"font-family: Roboto; font-size: 14px;\">Danimarka Ziyaret Vizesi<\/span><\/p>\r\n<\/td>\r\n<td>\r\n<p><span style=\"font-family: Roboto; font-size: 14px;\">80 Euro<\/span><\/p>\r\n<\/td>\r\n<td>\r\n<p><span style=\"font-family: Roboto; font-size: 14px;\">40 Euro<\/span><\/p>\r\n<\/td>\r\n<\/tr>\r\n<tr>\r\n<td>\r\n<p><span style=\"font-family: Roboto; font-size: 14px;\">Danimarka Transit Vizesi<\/span><\/p>\r\n<\/td>\r\n<td>\r\n<p><span style=\"font-family: Roboto; font-size: 14px;\">80 Euro<\/span><\/p>\r\n<\/td>\r\n<td>\r\n<p><span style=\"font-family: Roboto; font-size: 14px;\">40 Euro<\/span><\/p>\r\n<\/td>\r\n<\/tr>\r\n<tr>\r\n<td>\r\n<p><span style=\"font-family: Roboto; font-size: 14px;\">Danimarka \u015eof\u00f6r Vizesi<\/span><\/p>\r\n<\/td>\r\n<td>\r\n<p><span style=\"font-family: Roboto; font-size: 14px;\">80 Euro<\/span><\/p>\r\n<\/td>\r\n<td>\r\n<p><span style=\"font-family: Roboto; font-size: 14px;\">40 Euro<\/span><\/p>\r\n<\/td>\r\n<\/tr>\r\n<tr>\r\n<td>\r\n<p><span style=\"font-family: Roboto; font-size: 14px;\">Danimarka \u00d6\u011frenci Vizesi<\/span><\/p>\r\n<\/td>\r\n<td>\r\n<p><span style=\"font-family: Roboto; font-size: 14px;\">80 Euro<\/span><\/p>\r\n<\/td>\r\n<td>\r\n<p><span style=\"font-family: Roboto; font-size: 14px;\">40 Euro<\/span><\/p>\r\n<\/td>\r\n<\/tr>\r\n<tr>\r\n<td>\r\n<p><span style=\"font-family: Roboto; font-size: 14px;\">Danimarka K\u0131sa S\u00fcreli E\u011fitim Vizesi<\/span><\/p>\r\n<\/td>\r\n<td>\r\n<p><span style=\"font-family: Roboto; font-size: 14px;\">80 Euro<\/span><\/p>\r\n<\/td>\r\n<td>\r\n<p><span style=\"font-family: Roboto; font-size: 14px;\">40 Euro<\/span><\/p>\r\n<\/td>\r\n<\/tr>\r\n<tr>\r\n<td>\r\n<p><span style=\"font-family: Roboto; font-size: 14px;\">Danimarka K\u00fclt\u00fcrel Vizesi<\/span><\/p>\r\n<\/td>\r\n<td>\r\n<p><span style=\"font-family: Roboto; font-size: 14px;\">80 Euro<\/span><\/p>\r\n<\/td>\r\n<td>\r\n<p><span style=\"font-family: Roboto; font-size: 14px;\">40 Euro<\/span><\/p>\r\n<\/td>\r\n<\/tr>\r\n<\/tbody>\r\n<\/table>\r\n<h2><span style=\"font-family: Roboto; font-size: 27px;\"><strong>Danimarka Vize \u00dccreti 2022<\/strong><\/span><\/h2>\r\n<p><span style=\"font-family: Roboto; font-size: 14px;\">Vize talebine kar\u015f\u0131l\u0131k \u00f6denen \u00fccret<strong> Danimarka Konsoloslu\u011fu<\/strong> taraf\u0131nda belirlenir. Fiyatlar vize t\u00fcr\u00fcne ve ba\u015fvuru sahibi ya\u015f\u0131na g\u00f6re de\u011fi\u015febilir. Danimarka 5 ya\u015f\u0131na kadar olan \u00e7ocuktan vize \u00fccreti alm\u0131yor. 11 ya\u015f kadar olanlardan ise bu ya\u015f\u0131n \u00fczerindekine g\u00f6re daha az \u00fccret al\u0131yor. Daha uzun s\u00fcre ve \u00f6zel vizelerin fiyat\u0131 da daha y\u00fcksek olabiliyor. Konsolosluk \u00f6denen para, ret durumunda geri iade edilmiyor. Ayr\u0131ca yetki arac\u0131 acente ve e\u011fer var ise hizmet al\u0131nan vize dan\u0131\u015fman \u015firketine de hizmet bedelleri \u00f6denir. <strong>Danimarka vizesi \u00fccreti<\/strong> g\u00fcncel listesi buradan g\u00f6rebilir veya dan\u0131\u015fmanl\u0131k uzmanlar\u0131ndan \u00f6\u011frenebilir.<\/span><br \/><span style=\"font-family: Roboto; font-size: 14px;\"><strong>Vize onay s\u00fcre\u00e7leri<\/strong>, vize i\u00e7in gerekli belgelerin T\u00fcrkiye\u2019deki <strong>Danimarka Konsolosluklar\u0131<\/strong>na teslim edilmesi ile birlikte ba\u015flar. Ba\u015fvuruyla ilgili olumlu y da olumsuz karar alma yetkileri sadece bu resm\u00ee temsilcilik de vard\u0131r. Ba\u015fvuru yap\u0131ld\u0131ktan sonra ek belge talep edilirse de\u011ferlendirme s\u00fcresi uzayabilir. Danimarka Ticaret, Aile Ziyaret ve<span style=\"color: #2acec2;\"><strong><a style=\"color: #2acec2;\" href=\"https:\/\/www.myvize.com.tr\/danimarka\/vize-islemleri\/danimarka-turistik-vize\/\" target=\"_blank\" rel=\"noopener\"> Danimarka Turistik vize<\/a><\/strong><\/span> i\u00e7in ortalama de\u011ferlendirme s\u00fcreleri 12 g\u00fcnd\u00fcr.<\/span><br \/><span style=\"font-family: Roboto; font-size: 14px;\">Sonuca ba\u011flanan vize ba\u015fvurusunun oldu\u011fu pasaport sadece 13:00 ve 16:00 saati aras\u0131nda ba\u015fvurunun iletildi\u011fi vize ba\u015fvuru merkezinde al\u0131nabiliyor. Ba\u015fvuru internet \u00fczerinde hangi a\u015fama olduklar\u0131 takip edilebilir.<\/span><br \/><span style=\"font-family: Roboto; font-size: 14px;\">Vize ba\u015fvurusunun \u00fclkeye gidi\u015f tarihinde en ge\u00e7 90 g\u00fcn \u00f6ncesinden yap\u0131lmas\u0131 tavsiye edilmektedir. Zira ge\u00e7 yap\u0131lan ba\u015fvuruda ortaya \u00e7\u0131kabilecek olumsuz cevap da ba\u015fvurunun yeniden yap\u0131lmas\u0131 gerektirir. Bu durumda ise istenilen zamanda vize al\u0131nmama durumu ortaya \u00e7\u0131kabilmektedir.<\/span><\/p>\r\n<p><span style=\"font-family: Roboto; font-size: 14px;\">\r\n\r\n<\/span><\/p>\r\n<h3><span style=\"font-size: 24px;\"><strong><span style=\"font-family: Roboto;\">Danimarka Vize \u00dccreti Ne Kadar?<\/span><\/strong><\/span><\/h3>\r\n<p><span style=\"font-family: Roboto; font-size: 14px;\">\r\n\r\n<\/span><\/p>\r\n<p><span style=\"font-family: Roboto; font-size: 14px;\"><strong>Danimarka seyahati<\/strong> i\u00e7in vize alacak ki\u015filer farkl\u0131 vizelerle kar\u015f\u0131la\u015fabilirler. Aile ziyareti vizesi 60 Euro, e\u011fitim vizesi 60 Euro\u2019dur. Ayn\u0131 zamanda \u015fof\u00f6r vizesi 140 Euro\u2019dur ve 6-11 ya\u015f aras\u0131 \u00e7ocuklara al\u0131nacak vize de 35 Euro\u2019dur.\u00a0 Bu<strong> vize i\u015flemleri<\/strong> s\u0131ras\u0131nda \u00fccretlerin g\u00fcncel olmas\u0131na \u00f6nem verilmelidir.<\/span><\/p>\r\n<p><span style=\"font-family: Roboto;\"><\/span><\/p>","protected":false},"excerpt":{"rendered":"<p>Danimarka seyahatine \u00e7\u0131kmak isteyen T\u00fcrk vatanda\u015flar\u0131n\u0131n vize i\u015flemi yapt\u0131rmas\u0131 mecburi durumlar aras\u0131ndad\u0131r. Vize i\u015flemlerinin eksiksiz bir \u015fekilde yap\u0131labilmesi i\u00e7in hem evraklar\u0131n haz\u0131rlanmas\u0131 hem de vize har\u00e7lar\u0131n\u0131n yat\u0131r\u0131lmas\u0131 gerekmektedir. Danimarka Vize i\u015flemleri s\u0131ras\u0131nda ki\u015filerin yat\u0131rmas\u0131 gereken \u00fccretler y\u0131ldan y\u0131la farkl\u0131l\u0131k g\u00f6sterdi\u011fi i\u00e7in mutlaka kesin veriler \u00fczerinden yat\u0131r\u0131m yapmak gerekmektedir. Vize i\u015flemi yapt\u0131racak olan ki\u015filerin dikkat etmesi<\/p>\n","protected":false},"author":1,"featured_media":0,"parent":0,"menu_order":0,"comment_status":"open","ping_status":"closed","template":"","meta":{"footnotes":""},"class_list":["post-302","page","type-page","status-publish","hentry"],"yoast_head":"<!-- This site is optimized with the Yoast SEO plugin v24.0 - https:\/\/yoast.com\/wordpress\/plugins\/seo\/ -->\n<title>Danimarka Vize \u00dccreti - Danimarka Vize Ba\u015fvuru - MyVize<\/title>\n<meta name=\"description\" content=\"Danimarka vizesi \u00fccreti hakk\u0131nda bilgi i\u00e7in ileti\u015fime ge\u00e7ebilirsiniz. Danimarka vize \u00fccreti vize tipine g\u00f6re de\u011fi\u015fiklik g\u00f6sterebilir.\" \/>\n<meta name=\"robots\" content=\"index, follow, max-snippet:-1, max-image-preview:large, max-video-preview:-1\" \/>\n<link rel=\"canonical\" href=\"https:\/\/www.myvize.com.tr\/danimarka\/danimarka-vize-ucreti\/\" \/>\n<meta property=\"og:locale\" content=\"tr_TR\" \/>\n<meta property=\"og:type\" content=\"article\" \/>\n<meta property=\"og:title\" content=\"Danimarka Vize \u00dccreti - Danimarka Vize Ba\u015fvuru - MyVize\" \/>\n<meta property=\"og:description\" content=\"Danimarka vizesi \u00fccreti hakk\u0131nda bilgi i\u00e7in ileti\u015fime ge\u00e7ebilirsiniz. Danimarka vize \u00fccreti vize tipine g\u00f6re de\u011fi\u015fiklik g\u00f6sterebilir.\" \/>\n<meta property=\"og:url\" content=\"https:\/\/www.myvize.com.tr\/danimarka\/danimarka-vize-ucreti\/\" \/>\n<meta property=\"og:site_name\" content=\"Danimarka Vizesi\" \/>\n<meta property=\"article:modified_time\" content=\"2022-04-04T12:03:26+00:00\" \/>\n<meta property=\"og:image\" content=\"https:\/\/www.myvize.com.tr\/danimarka\/wp-content\/uploads\/2021\/10\/33.jpg\" \/>\n<meta name=\"twitter:card\" content=\"summary_large_image\" \/>\n<meta name=\"twitter:label1\" content=\"Tahmini okuma s\u00fcresi\" \/>\n\t<meta name=\"twitter:data1\" content=\"4 dakika\" \/>\n<script type=\"application\/ld+json\" class=\"yoast-schema-graph\">{\"@context\":\"https:\/\/schema.org\",\"@graph\":[{\"@type\":\"WebPage\",\"@id\":\"https:\/\/www.myvize.com.tr\/danimarka\/danimarka-vize-ucreti\/\",\"url\":\"https:\/\/www.myvize.com.tr\/danimarka\/danimarka-vize-ucreti\/\",\"name\":\"Danimarka Vize \u00dccreti - Danimarka Vize Ba\u015fvuru - MyVize\",\"isPartOf\":{\"@id\":\"https:\/\/www.myvize.com.tr\/danimarka\/#website\"},\"primaryImageOfPage\":{\"@id\":\"https:\/\/www.myvize.com.tr\/danimarka\/danimarka-vize-ucreti\/#primaryimage\"},\"image\":{\"@id\":\"https:\/\/www.myvize.com.tr\/danimarka\/danimarka-vize-ucreti\/#primaryimage\"},\"thumbnailUrl\":\"https:\/\/www.myvize.com.tr\/danimarka\/wp-content\/uploads\/2021\/10\/33.jpg\",\"datePublished\":\"2021-03-30T18:22:54+00:00\",\"dateModified\":\"2022-04-04T12:03:26+00:00\",\"description\":\"Danimarka vizesi \u00fccreti hakk\u0131nda bilgi i\u00e7in ileti\u015fime ge\u00e7ebilirsiniz. Danimarka vize \u00fccreti vize tipine g\u00f6re de\u011fi\u015fiklik g\u00f6sterebilir.\",\"breadcrumb\":{\"@id\":\"https:\/\/www.myvize.com.tr\/danimarka\/danimarka-vize-ucreti\/#breadcrumb\"},\"inLanguage\":\"tr\",\"potentialAction\":[{\"@type\":\"ReadAction\",\"target\":[\"https:\/\/www.myvize.com.tr\/danimarka\/danimarka-vize-ucreti\/\"]}]},{\"@type\":\"ImageObject\",\"inLanguage\":\"tr\",\"@id\":\"https:\/\/www.myvize.com.tr\/danimarka\/danimarka-vize-ucreti\/#primaryimage\",\"url\":\"https:\/\/www.myvize.com.tr\/danimarka\/wp-content\/uploads\/2021\/10\/33.jpg\",\"contentUrl\":\"https:\/\/www.myvize.com.tr\/danimarka\/wp-content\/uploads\/2021\/10\/33.jpg\",\"width\":800,\"height\":500,\"caption\":\"Danimarka Vize \u00dccreti\"},{\"@type\":\"BreadcrumbList\",\"@id\":\"https:\/\/www.myvize.com.tr\/danimarka\/danimarka-vize-ucreti\/#breadcrumb\",\"itemListElement\":[{\"@type\":\"ListItem\",\"position\":1,\"name\":\"Anasayfa\",\"item\":\"https:\/\/www.myvize.com.tr\/danimarka\/\"},{\"@type\":\"ListItem\",\"position\":2,\"name\":\"Danimarka Vize \u00dccreti\"}]},{\"@type\":\"WebSite\",\"@id\":\"https:\/\/www.myvize.com.tr\/danimarka\/#website\",\"url\":\"https:\/\/www.myvize.com.tr\/danimarka\/\",\"name\":\"Danimarka Vizesi\",\"description\":\"\",\"potentialAction\":[{\"@type\":\"SearchAction\",\"target\":{\"@type\":\"EntryPoint\",\"urlTemplate\":\"https:\/\/www.myvize.com.tr\/danimarka\/?s={search_term_string}\"},\"query-input\":{\"@type\":\"PropertyValueSpecification\",\"valueRequired\":true,\"valueName\":\"search_term_string\"}}],\"inLanguage\":\"tr\"}]}<\/script>\n<!-- \/ Yoast SEO plugin. -->","yoast_head_json":{"title":"Danimarka Vize \u00dccreti - Danimarka Vize Ba\u015fvuru - MyVize","description":"Danimarka vizesi \u00fccreti hakk\u0131nda bilgi i\u00e7in ileti\u015fime ge\u00e7ebilirsiniz. Danimarka vize \u00fccreti vize tipine g\u00f6re de\u011fi\u015fiklik g\u00f6sterebilir.","robots":{"index":"index","follow":"follow","max-snippet":"max-snippet:-1","max-image-preview":"max-image-preview:large","max-video-preview":"max-video-preview:-1"},"canonical":"https:\/\/www.myvize.com.tr\/danimarka\/danimarka-vize-ucreti\/","og_locale":"tr_TR","og_type":"article","og_title":"Danimarka Vize \u00dccreti - Danimarka Vize Ba\u015fvuru - MyVize","og_description":"Danimarka vizesi \u00fccreti hakk\u0131nda bilgi i\u00e7in ileti\u015fime ge\u00e7ebilirsiniz. Danimarka vize \u00fccreti vize tipine g\u00f6re de\u011fi\u015fiklik g\u00f6sterebilir.","og_url":"https:\/\/www.myvize.com.tr\/danimarka\/danimarka-vize-ucreti\/","og_site_name":"Danimarka Vizesi","article_modified_time":"2022-04-04T12:03:26+00:00","og_image":[{"url":"https:\/\/www.myvize.com.tr\/danimarka\/wp-content\/uploads\/2021\/10\/33.jpg","type":"","width":"","height":""}],"twitter_card":"summary_large_image","twitter_misc":{"Tahmini okuma s\u00fcresi":"4 dakika"},"schema":{"@context":"https:\/\/schema.org","@graph":[{"@type":"WebPage","@id":"https:\/\/www.myvize.com.tr\/danimarka\/danimarka-vize-ucreti\/","url":"https:\/\/www.myvize.com.tr\/danimarka\/danimarka-vize-ucreti\/","name":"Danimarka Vize \u00dccreti - Danimarka Vize Ba\u015fvuru - MyVize","isPartOf":{"@id":"https:\/\/www.myvize.com.tr\/danimarka\/#website"},"primaryImageOfPage":{"@id":"https:\/\/www.myvize.com.tr\/danimarka\/danimarka-vize-ucreti\/#primaryimage"},"image":{"@id":"https:\/\/www.myvize.com.tr\/danimarka\/danimarka-vize-ucreti\/#primaryimage"},"thumbnailUrl":"https:\/\/www.myvize.com.tr\/danimarka\/wp-content\/uploads\/2021\/10\/33.jpg","datePublished":"2021-03-30T18:22:54+00:00","dateModified":"2022-04-04T12:03:26+00:00","description":"Danimarka vizesi \u00fccreti hakk\u0131nda bilgi i\u00e7in ileti\u015fime ge\u00e7ebilirsiniz. Danimarka vize \u00fccreti vize tipine g\u00f6re de\u011fi\u015fiklik g\u00f6sterebilir.","breadcrumb":{"@id":"https:\/\/www.myvize.com.tr\/danimarka\/danimarka-vize-ucreti\/#breadcrumb"},"inLanguage":"tr","potentialAction":[{"@type":"ReadAction","target":["https:\/\/www.myvize.com.tr\/danimarka\/danimarka-vize-ucreti\/"]}]},{"@type":"ImageObject","inLanguage":"tr","@id":"https:\/\/www.myvize.com.tr\/danimarka\/danimarka-vize-ucreti\/#primaryimage","url":"https:\/\/www.myvize.com.tr\/danimarka\/wp-content\/uploads\/2021\/10\/33.jpg","contentUrl":"https:\/\/www.myvize.com.tr\/danimarka\/wp-content\/uploads\/2021\/10\/33.jpg","width":800,"height":500,"caption":"Danimarka Vize \u00dccreti"},{"@type":"BreadcrumbList","@id":"https:\/\/www.myvize.com.tr\/danimarka\/danimarka-vize-ucreti\/#breadcrumb","itemListElement":[{"@type":"ListItem","position":1,"name":"Anasayfa","item":"https:\/\/www.myvize.com.tr\/danimarka\/"},{"@type":"ListItem","position":2,"name":"Danimarka Vize \u00dccreti"}]},{"@type":"WebSite","@id":"https:\/\/www.myvize.com.tr\/danimarka\/#website","url":"https:\/\/www.myvize.com.tr\/danimarka\/","name":"Danimarka Vizesi","description":"","potentialAction":[{"@type":"SearchAction","target":{"@type":"EntryPoint","urlTemplate":"https:\/\/www.myvize.com.tr\/danimarka\/?s={search_term_string}"},"query-input":{"@type":"PropertyValueSpecification","valueRequired":true,"valueName":"search_term_string"}}],"inLanguage":"tr"}]}},"_links":{"self":[{"href":"https:\/\/www.myvize.com.tr\/danimarka\/wp-json\/wp\/v2\/pages\/302","targetHints":{"allow":["GET"]}}],"collection":[{"href":"https:\/\/www.myvize.com.tr\/danimarka\/wp-json\/wp\/v2\/pages"}],"about":[{"href":"https:\/\/www.myvize.com.tr\/danimarka\/wp-json\/wp\/v2\/types\/page"}],"author":[{"embeddable":true,"href":"https:\/\/www.myvize.com.tr\/danimarka\/wp-json\/wp\/v2\/users\/1"}],"replies":[{"embeddable":true,"href":"https:\/\/www.myvize.com.tr\/danimarka\/wp-json\/wp\/v2\/comments?post=302"}],"version-history":[{"count":10,"href":"https:\/\/www.myvize.com.tr\/danimarka\/wp-json\/wp\/v2\/pages\/302\/revisions"}],"predecessor-version":[{"id":721,"href":"https:\/\/www.myvize.com.tr\/danimarka\/wp-json\/wp\/v2\/pages\/302\/revisions\/721"}],"wp:attachment":[{"href":"https:\/\/www.myvize.com.tr\/danimarka\/wp-json\/wp\/v2\/media?parent=302"}],"curies":[{"name":"wp","href":"https:\/\/api.w.org\/{rel}","templated":true}]}}