{"id":225,"date":"2020-12-30T14:54:36","date_gmt":"2020-12-30T11:54:36","guid":{"rendered":"https:\/\/www.myvize.com.tr\/estonya\/?page_id=225"},"modified":"2022-04-07T14:42:21","modified_gmt":"2022-04-07T11:42:21","slug":"ankara","status":"publish","type":"page","link":"https:\/\/www.myvize.com.tr\/estonya\/subelerimiz\/ankara\/","title":{"rendered":"Ankara"},"content":{"rendered":"<p><span style=\"font-family: Roboto;\"><\/span><\/p>\r\n<p><strong style=\"font-family: Roboto; font-size: 27px;\">Estonya Vize Ba\u015fvuru Merkezi, Ankara<\/strong><\/p>\r\n<p><span style=\"font-family: Roboto; font-size: 14px;\"><strong>Estonya Ankara vize merkezi\u00a0<\/strong>sitemize ho\u015f geldiniz.<\/span><\/p>\r\n<p><span style=\"font-family: Roboto; font-size: 14px;\">\r\n\r\n<\/span><\/p>\r\n<p><span style=\"font-family: Roboto; font-size: 14px;\">Say\u0131n ziyaret\u00e7imiz\u00a0<strong>Estonya Ankara vize merkezi\u00a0<\/strong>ofisimizde vize i\u015flemleri hakk\u0131nda detayl\u0131 bilgi vermekteyiz. Estonya vizesi almak istiyorsan\u0131z ve bu konu hakk\u0131nda bilgilenmek istiyorsan\u0131z e\u011fer sitemizi detayl\u0131 bir \u015fekilde inceleyebilirsiniz.\u00a0<strong>Estonya Ankara vize merkezi<\/strong>\u00a0\u00e7a\u011fr\u0131 merkezini arayarak ya da mail g\u00f6ndererek detayl\u0131 bilgi isteyebilirsiniz.<\/span><\/p>\r\n<p><span style=\"font-family: Roboto; font-size: 14px;\">\r\n\r\n<\/span><\/p>\r\n<p><span style=\"font-family: Roboto; font-size: 14px;\"><strong>Estonya Ankara vize merkezi\u00a0<\/strong>hafta i\u00e7i 08.30 \/ 18.30, cumartesi 10.00 \/ 14.00 saatleri aral\u0131\u011f\u0131nda hizmet vermektedir akl\u0131n\u0131za tak\u0131lan bir konu olursa ve vize i\u015flemlerinizin h\u0131zl\u0131 bir \u015fekilde nas\u0131l yapaca\u011f\u0131n\u0131za dair dan\u0131\u015fmak isterseniz ofisimize bekleriz.<\/span><\/p>\r\n<p><span style=\"font-family: Roboto; font-size: 14px;\">\r\n\r\n<\/span><\/p>\r\n<h2 class=\"wp-block-heading\"><strong><span style=\"font-family: Roboto; font-size: 27px;\">Estonya Vize \u0130\u015flemleri Ad\u0131mlar\u0131<\/span><\/strong><\/h2>\r\n<p><span style=\"font-family: Roboto; font-size: 14px;\">\r\n\r\n<\/span><\/p>\r\n<p><span style=\"font-family: Roboto; font-size: 14px;\"><strong>Estonya Ankara vize merkezi\u00a0<\/strong>uzman kadrosu ile size yapman\u0131z gereken t\u00fcm ad\u0131mlar\u0131 detayl\u0131 bir \u015fekilde aktarmaktad\u0131r. Asl\u0131nda sizden istenilen belgeleri tamamlad\u0131\u011f\u0131n\u0131z zaman geri kalan t\u00fcm i\u015flemleri merkezimizde bulunan uzmanlar taraf\u0131ndan yap\u0131lmaktad\u0131r. Sizin ad\u0131n\u0131za ba\u015fvuru yaparak i\u015flem takibinizi yaparlar ve bu a\u015famalar hakk\u0131nda size bilgi verirler. Sizin yapman\u0131z gereken sadece ba\u015fvuru i\u00e7in evraklar\u0131 eksiksiz tamamlamak ve vizeniz \u00e7\u0131kt\u0131\u011f\u0131 zaman elden teslim almak.<\/span><\/p>\r\n<h2><strong><span style=\"font-family: Roboto; font-size: 27px;\">Ankara Estonya Vize Ba\u015fvurusu<\/span><\/strong><\/h2>\r\n<p><span style=\"font-family: Roboto; font-size: 14px;\">Estonya\u2019ya seyahat edecek olan ve Ankara \u00e7evresinde ikamet eden ki\u015filerin<strong> Estonya vizesi<\/strong> almas\u0131 gerekmektedir. Estonya vize ba\u015fvurular\u0131 alaca\u011f\u0131n\u0131z vize t\u00fcr\u00fcne g\u00f6re farkl\u0131 yerlere yap\u0131lmal\u0131d\u0131r. Ankara ve \u00e7evresinde ikamet eden ki\u015filer k\u0131sa s\u00fcreli vize alacak olan ki\u015filer<span style=\"color: #2acec2;\"><strong><a style=\"color: #2acec2;\" href=\"https:\/\/www.myvize.com.tr\/estonya\/vize-islemleri\/estonya-schengen-vizesi\/\" target=\"_blank\" rel=\"noopener\"> Estonya Schengen vizesi <\/a><\/strong><\/span>ba\u015fvurusu yapmal\u0131d\u0131r. Uzun s\u00fcreli <strong>Estonya vizesi<\/strong> alacak olan ki\u015filer ise ba\u015fvurular\u0131n\u0131 <strong>Estonya ulusal vizesi<\/strong> ba\u015fvurusu yapmal\u0131d\u0131r.<\/span><\/p>\r\n<p><span style=\"font-family: Roboto; font-size: 14px;\">K\u0131sa s\u00fcreli<span style=\"color: #2acec2;\"><strong><a style=\"color: #2acec2;\" href=\"https:\/\/www.myvize.com.tr\/estonya\/vize-islemleri\/estonya-vizesi\/\" target=\"_blank\" rel=\"noopener\"> Estonya vizesi <\/a><\/strong><\/span>alacak olan ve Ankara \u00e7evresinde ikamet eden ki\u015filer, Estonya vize ba\u015fvurular\u0131n\u0131 Ankara<strong> Estonya vize ba\u015fvuru<\/strong> merkezine yapabilir. Ankara\u2019da Estonya Konsoloslu\u011fu taraf\u0131ndan yetkilendirilmi\u015f vize ba\u015fvuru merkezi; VFS Global isimli \u015firkettir. Ankara Estonya vize ba\u015fvurusu yapacak olan T\u00fcrk vatanda\u015flar\u0131 k\u0131sa s\u00fcreli vize ba\u015fvurular\u0131n\u0131 <strong>Ankara Estonya vize<\/strong> ba\u015fvuru merkezine randevu alarak yapabilir.<\/span><\/p>\r\n<p><span style=\"font-family: Roboto; font-size: 14px;\">Estonya\u2019ya seyahat edecek olan ve uzun s\u00fcreli vize alacak olan, Ankara ve \u00e7evresinde ikamet eden ki\u015filer<strong> Estonya ulusal vizesi<\/strong> almal\u0131d\u0131r. Estonya ulusal vizesi alacak olan T\u00fcrk vatanda\u015flar\u0131 <strong>Ankara Estonya vize ba\u015fvurusu<\/strong> i\u015flemlerini Ankara B\u00fcy\u00fckel\u00e7ili\u011fi\u2019nin Konsolosluk B\u00f6l\u00fcm\u00fc\u2019ne yapabilir.<\/span><\/p>\r\n<p><span style=\"font-family: Roboto; font-size: 14px;\"><strong>Ankara Estonya vize ba\u015fvurusu<\/strong> yapacak olan ki\u015filer, gerekli belgeler ile vize ba\u015fvurusu yapabilirler.<\/span><\/p>\r\n<p><span style=\"font-family: Roboto;\"><\/span><\/p>","protected":false},"excerpt":{"rendered":"<p>Estonya Vize Ba\u015fvuru Merkezi, Ankara Estonya Ankara vize merkezi\u00a0sitemize ho\u015f geldiniz. Say\u0131n ziyaret\u00e7imiz\u00a0Estonya Ankara vize merkezi\u00a0ofisimizde vize i\u015flemleri hakk\u0131nda detayl\u0131 bilgi vermekteyiz. Estonya vizesi almak istiyorsan\u0131z ve bu konu hakk\u0131nda bilgilenmek istiyorsan\u0131z e\u011fer sitemizi detayl\u0131 bir \u015fekilde inceleyebilirsiniz.\u00a0Estonya Ankara vize merkezi\u00a0\u00e7a\u011fr\u0131 merkezini arayarak ya da mail g\u00f6ndererek detayl\u0131 bilgi isteyebilirsiniz. Estonya Ankara vize merkezi\u00a0hafta i\u00e7i<\/p>\n","protected":false},"author":1,"featured_media":0,"parent":206,"menu_order":0,"comment_status":"open","ping_status":"closed","template":"","meta":{"footnotes":""},"class_list":["post-225","page","type-page","status-publish","hentry"],"yoast_head":"<!-- This site is optimized with the Yoast SEO plugin v24.0 - https:\/\/yoast.com\/wordpress\/plugins\/seo\/ -->\n<title>Estonya Vize Ba\u015fvuru \u015eubesi Ankara - MyVize<\/title>\n<meta name=\"description\" content=\"Estonya Vizesi Ankara Vize Ba\u015fvuru Merkezi. Estonya Vizesi Nas\u0131l Al\u0131n\u0131r? Ba\u015fvuru Yapmak \u0130\u00e7in Ankara \u015eubemizi Aray\u0131n: 0850 346 84 93\" \/>\n<meta name=\"robots\" content=\"index, follow, max-snippet:-1, max-image-preview:large, max-video-preview:-1\" \/>\n<link rel=\"canonical\" href=\"https:\/\/www.myvize.com.tr\/estonya\/subelerimiz\/ankara\/\" \/>\n<meta property=\"og:locale\" content=\"tr_TR\" \/>\n<meta property=\"og:type\" content=\"article\" \/>\n<meta property=\"og:title\" content=\"Estonya Vize Ba\u015fvuru \u015eubesi Ankara - MyVize\" \/>\n<meta property=\"og:description\" content=\"Estonya Vizesi Ankara Vize Ba\u015fvuru Merkezi. Estonya Vizesi Nas\u0131l Al\u0131n\u0131r? Ba\u015fvuru Yapmak \u0130\u00e7in Ankara \u015eubemizi Aray\u0131n: 0850 346 84 93\" \/>\n<meta property=\"og:url\" content=\"https:\/\/www.myvize.com.tr\/estonya\/subelerimiz\/ankara\/\" \/>\n<meta property=\"og:site_name\" content=\"Estonya Vizesi\" \/>\n<meta property=\"article:modified_time\" content=\"2022-04-07T11:42:21+00:00\" \/>\n<meta name=\"twitter:card\" content=\"summary_large_image\" \/>\n<meta name=\"twitter:label1\" content=\"Tahmini okuma s\u00fcresi\" \/>\n\t<meta name=\"twitter:data1\" content=\"2 dakika\" \/>\n<script type=\"application\/ld+json\" class=\"yoast-schema-graph\">{\"@context\":\"https:\/\/schema.org\",\"@graph\":[{\"@type\":\"WebPage\",\"@id\":\"https:\/\/www.myvize.com.tr\/estonya\/subelerimiz\/ankara\/\",\"url\":\"https:\/\/www.myvize.com.tr\/estonya\/subelerimiz\/ankara\/\",\"name\":\"Estonya Vize Ba\u015fvuru \u015eubesi Ankara - MyVize\",\"isPartOf\":{\"@id\":\"https:\/\/www.myvize.com.tr\/estonya\/#website\"},\"datePublished\":\"2020-12-30T11:54:36+00:00\",\"dateModified\":\"2022-04-07T11:42:21+00:00\",\"description\":\"Estonya Vizesi Ankara Vize Ba\u015fvuru Merkezi. Estonya Vizesi Nas\u0131l Al\u0131n\u0131r? Ba\u015fvuru Yapmak \u0130\u00e7in Ankara \u015eubemizi Aray\u0131n: 0850 346 84 93\",\"breadcrumb\":{\"@id\":\"https:\/\/www.myvize.com.tr\/estonya\/subelerimiz\/ankara\/#breadcrumb\"},\"inLanguage\":\"tr\",\"potentialAction\":[{\"@type\":\"ReadAction\",\"target\":[\"https:\/\/www.myvize.com.tr\/estonya\/subelerimiz\/ankara\/\"]}]},{\"@type\":\"BreadcrumbList\",\"@id\":\"https:\/\/www.myvize.com.tr\/estonya\/subelerimiz\/ankara\/#breadcrumb\",\"itemListElement\":[{\"@type\":\"ListItem\",\"position\":1,\"name\":\"Anasayfa\",\"item\":\"https:\/\/www.myvize.com.tr\/estonya\/\"},{\"@type\":\"ListItem\",\"position\":2,\"name\":\"\u015eUBELER\u0130M\u0130Z\",\"item\":\"https:\/\/www.myvize.com.tr\/estonya\/subelerimiz\/\"},{\"@type\":\"ListItem\",\"position\":3,\"name\":\"Ankara\"}]},{\"@type\":\"WebSite\",\"@id\":\"https:\/\/www.myvize.com.tr\/estonya\/#website\",\"url\":\"https:\/\/www.myvize.com.tr\/estonya\/\",\"name\":\"Estonya Vizesi\",\"description\":\"\",\"potentialAction\":[{\"@type\":\"SearchAction\",\"target\":{\"@type\":\"EntryPoint\",\"urlTemplate\":\"https:\/\/www.myvize.com.tr\/estonya\/?s={search_term_string}\"},\"query-input\":{\"@type\":\"PropertyValueSpecification\",\"valueRequired\":true,\"valueName\":\"search_term_string\"}}],\"inLanguage\":\"tr\"}]}<\/script>\n<!-- \/ Yoast SEO plugin. -->","yoast_head_json":{"title":"Estonya Vize Ba\u015fvuru \u015eubesi Ankara - MyVize","description":"Estonya Vizesi Ankara Vize Ba\u015fvuru Merkezi. Estonya Vizesi Nas\u0131l Al\u0131n\u0131r? Ba\u015fvuru Yapmak \u0130\u00e7in Ankara \u015eubemizi Aray\u0131n: 0850 346 84 93","robots":{"index":"index","follow":"follow","max-snippet":"max-snippet:-1","max-image-preview":"max-image-preview:large","max-video-preview":"max-video-preview:-1"},"canonical":"https:\/\/www.myvize.com.tr\/estonya\/subelerimiz\/ankara\/","og_locale":"tr_TR","og_type":"article","og_title":"Estonya Vize Ba\u015fvuru \u015eubesi Ankara - MyVize","og_description":"Estonya Vizesi Ankara Vize Ba\u015fvuru Merkezi. Estonya Vizesi Nas\u0131l Al\u0131n\u0131r? Ba\u015fvuru Yapmak \u0130\u00e7in Ankara \u015eubemizi Aray\u0131n: 0850 346 84 93","og_url":"https:\/\/www.myvize.com.tr\/estonya\/subelerimiz\/ankara\/","og_site_name":"Estonya Vizesi","article_modified_time":"2022-04-07T11:42:21+00:00","twitter_card":"summary_large_image","twitter_misc":{"Tahmini okuma s\u00fcresi":"2 dakika"},"schema":{"@context":"https:\/\/schema.org","@graph":[{"@type":"WebPage","@id":"https:\/\/www.myvize.com.tr\/estonya\/subelerimiz\/ankara\/","url":"https:\/\/www.myvize.com.tr\/estonya\/subelerimiz\/ankara\/","name":"Estonya Vize Ba\u015fvuru \u015eubesi Ankara - MyVize","isPartOf":{"@id":"https:\/\/www.myvize.com.tr\/estonya\/#website"},"datePublished":"2020-12-30T11:54:36+00:00","dateModified":"2022-04-07T11:42:21+00:00","description":"Estonya Vizesi Ankara Vize Ba\u015fvuru Merkezi. Estonya Vizesi Nas\u0131l Al\u0131n\u0131r? Ba\u015fvuru Yapmak \u0130\u00e7in Ankara \u015eubemizi Aray\u0131n: 0850 346 84 93","breadcrumb":{"@id":"https:\/\/www.myvize.com.tr\/estonya\/subelerimiz\/ankara\/#breadcrumb"},"inLanguage":"tr","potentialAction":[{"@type":"ReadAction","target":["https:\/\/www.myvize.com.tr\/estonya\/subelerimiz\/ankara\/"]}]},{"@type":"BreadcrumbList","@id":"https:\/\/www.myvize.com.tr\/estonya\/subelerimiz\/ankara\/#breadcrumb","itemListElement":[{"@type":"ListItem","position":1,"name":"Anasayfa","item":"https:\/\/www.myvize.com.tr\/estonya\/"},{"@type":"ListItem","position":2,"name":"\u015eUBELER\u0130M\u0130Z","item":"https:\/\/www.myvize.com.tr\/estonya\/subelerimiz\/"},{"@type":"ListItem","position":3,"name":"Ankara"}]},{"@type":"WebSite","@id":"https:\/\/www.myvize.com.tr\/estonya\/#website","url":"https:\/\/www.myvize.com.tr\/estonya\/","name":"Estonya Vizesi","description":"","potentialAction":[{"@type":"SearchAction","target":{"@type":"EntryPoint","urlTemplate":"https:\/\/www.myvize.com.tr\/estonya\/?s={search_term_string}"},"query-input":{"@type":"PropertyValueSpecification","valueRequired":true,"valueName":"search_term_string"}}],"inLanguage":"tr"}]}},"_links":{"self":[{"href":"https:\/\/www.myvize.com.tr\/estonya\/wp-json\/wp\/v2\/pages\/225","targetHints":{"allow":["GET"]}}],"collection":[{"href":"https:\/\/www.myvize.com.tr\/estonya\/wp-json\/wp\/v2\/pages"}],"about":[{"href":"https:\/\/www.myvize.com.tr\/estonya\/wp-json\/wp\/v2\/types\/page"}],"author":[{"embeddable":true,"href":"https:\/\/www.myvize.com.tr\/estonya\/wp-json\/wp\/v2\/users\/1"}],"replies":[{"embeddable":true,"href":"https:\/\/www.myvize.com.tr\/estonya\/wp-json\/wp\/v2\/comments?post=225"}],"version-history":[{"count":5,"href":"https:\/\/www.myvize.com.tr\/estonya\/wp-json\/wp\/v2\/pages\/225\/revisions"}],"predecessor-version":[{"id":770,"href":"https:\/\/www.myvize.com.tr\/estonya\/wp-json\/wp\/v2\/pages\/225\/revisions\/770"}],"up":[{"embeddable":true,"href":"https:\/\/www.myvize.com.tr\/estonya\/wp-json\/wp\/v2\/pages\/206"}],"wp:attachment":[{"href":"https:\/\/www.myvize.com.tr\/estonya\/wp-json\/wp\/v2\/media?parent=225"}],"curies":[{"name":"wp","href":"https:\/\/api.w.org\/{rel}","templated":true}]}}