{"id":39,"date":"2020-11-30T12:46:14","date_gmt":"2020-11-30T09:46:14","guid":{"rendered":"https:\/\/www.myvize.com.tr\/estonya\/?page_id=39"},"modified":"2022-04-07T13:55:35","modified_gmt":"2022-04-07T10:55:35","slug":"estonya-vize-randevusu","status":"publish","type":"page","link":"https:\/\/www.myvize.com.tr\/estonya\/vize-islemleri\/estonya-vize-randevusu\/","title":{"rendered":"Estonya Vize Randevusu"},"content":{"rendered":"<h2><span style=\"font-family: Roboto; font-size: 27px;\"><strong>Estonya Vize Randevusu 2022<\/strong><\/span><\/h2>\n<p><span style=\"font-family: Roboto; font-size: 14px;\"><span style=\"color: #2acec2;\"><strong><a style=\"color: #2acec2;\" href=\"https:\/\/www.myvize.com.tr\/estonya\/vize-islemleri\/estonya-vizesi\/\" target=\"_blank\" rel=\"noopener\">Estonya vizesi<\/a><\/strong><\/span> i\u00e7in seyahat amac\u0131na uygun olan vize ba\u015fvurusu yapmak ad\u0131na tamamlad\u0131\u011f\u0131n\u0131z evrak\u0131n\u0131z ile<strong> Estonya Konsoloslu\u011funa<\/strong> ba\u015fvurularda bulundu\u011funuz takdirde, sizden istenilen a\u015fama parmak izi veriniz al\u0131nmas\u0131 olacakt\u0131r. Bu her \u00fclkeye g\u00f6re de\u011fi\u015fkenlik g\u00f6stermektedir. Estonya Cumhuriyeti\u2019ne seyahat etmeyi d\u00fc\u015f\u00fcnen umuma mahsus pasaporta sahip T\u00fcrkiye Cumhuriyeti vatanda\u015f\u0131, seyahatini ger\u00e7ekle\u015ftirmek i\u00e7in <strong>Estonya vize ba\u015fvurusu<\/strong> yapmak zorundad\u0131r.<\/span><br \/>\n<span style=\"font-family: Roboto; font-size: 14px;\"><strong>Estonya vize i\u015flemi<\/strong> m\u00fcracaat tarihinden itibaren 1 hafta i\u00e7inde nihayete erdirildi\u011finde, m\u00fcracaatta bulunacak ki\u015fi seyahat tarihinden en az 2 hafta, en fazla 90 g\u00fcn \u00f6nce randevu alarak vize m\u00fcracaat\u0131n\u0131 yapmal\u0131d\u0131r.<\/span><br \/>\n<span style=\"font-family: Roboto; font-size: 14px;\"><strong>Vize randevu i\u015flemleri<\/strong>, ba\u015fvuru dosyas\u0131 i\u015fleme verilmesi, Konsolosluk har\u00e7lar\u0131 ve veri i\u015flem merkezleri \u00f6demesinin yap\u0131lmas\u0131 ve biyometrik i\u015flemin tamamlanma olu\u015fan s\u00fcre\u00e7tir. Vize dosyas\u0131nda eksiklik olmas\u0131 durumuna veri merkezleri yetkilisi ilk a\u015famada ba\u015fvuru ret yapmaya yetkili. Dolay\u0131s\u0131yla ba\u015far\u0131l\u0131 <strong>vize randevu<\/strong> i\u00e7in ilk ad\u0131m eksiksiz, hata olmayan, seyahat amac\u0131 uygun, birbiriyle tutarl\u0131 evrakla haz\u0131rlanm\u0131\u015f ba\u015fvuru dosyas\u0131d\u0131r.<\/span><br \/>\n<span style=\"font-family: Roboto; font-size: 14px;\"><strong>Vize randevusu<\/strong> takvimi <strong>Estonya Konsoloslu\u011fu<\/strong> d\u00f6nemsel yo\u011funlu\u011fa ba\u011fl\u0131 olarak de\u011fi\u015fiklikler g\u00f6sterir.<\/span><\/p>\n<p><img decoding=\"async\" src=\"https:\/\/www.myvize.com.tr\/estonya\/wp-content\/uploads\/2021\/10\/15.jpg\" \/><\/p>\n<h2><strong><span style=\"font-family: Roboto; font-size: 27px;\">Estonya Vize Randevusu Hakk\u0131nda<\/span><\/strong><\/h2>\n<p><span style=\"font-family: Roboto; font-size: 14px;\">Estonya\u2019ya seyahat edecek olan T\u00fcrk vatanda\u015flar\u0131, Estonya seyahatleri \u00f6ncesinde amac\u0131na uygun Estonya vizesi almal\u0131d\u0131r. Estonya vizesi i\u00e7in ger\u00e7ekle\u015ftirilmesi gereken \u015fartlar bulunmaktad\u0131r. Bu \u015fartlardan birincisi Estonya vize ba\u015fvuru formunun doldurulmas\u0131d\u0131r.<\/span><\/p>\n<p><span style=\"font-family: Roboto; font-size: 14px;\">Estonya vize formu vize t\u00fcr\u00fcne uygun olarak doldurulmal\u0131d\u0131r. Estonya vize ba\u015fvuru formunun eksiksiz ve hatas\u0131z olarak doldurulmas\u0131 gerekmektedir. <span style=\"color: #2acec2;\"><strong><a style=\"color: #2acec2;\" href=\"https:\/\/www.myvize.com.tr\/estonya\/vize-islemleri\/estonya-vize-basvuru-formu\/\" target=\"_blank\" rel=\"noopener\">Estonya vize ba\u015fvuru formu<\/a><\/strong><\/span> doldurulduktan sonra,<strong> Estonya vize ba\u015fvurusu<\/strong> i\u00e7in randevu al\u0131nmal\u0131d\u0131r.<\/span><\/p>\n<p><span style=\"font-family: Roboto; font-size: 14px;\"><strong>Estonya vize ba\u015fvurular\u0131<\/strong> Estonya\u2019n\u0131n T\u00fcrkiye temsilciliklerine ve <strong>Estonya vize ba\u015fvuru<\/strong> merkezlerine yap\u0131lmal\u0131d\u0131r. T\u00fcrkiye\u2019de yetkilendirilmi\u015f vize ba\u015fvuru merkezi VFS Global\u2019dir. \u00a0Estonya vize ba\u015fvuru merkezlerine ya da Estonya\u2019n\u0131n T\u00fcrkiye\u2019de bulunan diplomatik temsilciliklerine vize ba\u015fvurusu yapacak olan ki\u015filerin <span style=\"color: #2acec2;\"><strong><a style=\"color: #2acec2;\" href=\"https:\/\/www.myvize.com.tr\/estonya\/vize-islemleri\/estonya-vize-randevusu\/\" target=\"_blank\" rel=\"noopener\">Estonya vize randevusu<\/a><\/strong><\/span> almas\u0131 gerekmektedir.<\/span><\/p>\n<p><span style=\"font-family: Roboto; font-size: 14px;\"><strong>Estonya vize ba\u015fvuru<\/strong> randevu tarihine kadar, <strong>Estonya vizes<\/strong>i ba\u015fvurusu i\u00e7in gerekli olan belgeleri haz\u0131rlaman\u0131z gerekmektedir. Belgeler randevu tarihinde yetkililere teslim edilmelidir. <strong>Estonya vize randevular\u0131<\/strong> ortalama olarak 3-5 i\u015f g\u00fcn\u00fc sonras\u0131na verilmektedir. Ancak bu s\u00fcre Estonya vize ba\u015fvurusu yo\u011funlu\u011funa g\u00f6re farkl\u0131l\u0131k g\u00f6stermektedir.<\/span><\/p>\n<p><span style=\"font-family: Roboto; font-size: 14px;\"><strong>Estonya vize ba\u015fvurusu<\/strong> s\u0131ras\u0131nda parmak izi verisi al\u0131nd\u0131\u011f\u0131ndan dolay\u0131 randevusuz i\u015flem yap\u0131lmamaktad\u0131r. Ba\u015fvuruya bizzat kat\u0131lman\u0131z gerekmektedir. Randevu tarihlerini ka\u00e7\u0131ran ki\u015filerin tekrardan randevu almas\u0131 gerekmektedir.<\/span><\/p>\n","protected":false},"excerpt":{"rendered":"<p>Estonya Vize Randevusu 2022 Estonya vizesi i\u00e7in seyahat amac\u0131na uygun olan vize ba\u015fvurusu yapmak ad\u0131na tamamlad\u0131\u011f\u0131n\u0131z evrak\u0131n\u0131z ile Estonya Konsoloslu\u011funa ba\u015fvurularda bulundu\u011funuz takdirde, sizden istenilen a\u015fama parmak izi veriniz al\u0131nmas\u0131 olacakt\u0131r. Bu her \u00fclkeye g\u00f6re de\u011fi\u015fkenlik g\u00f6stermektedir. Estonya Cumhuriyeti\u2019ne seyahat etmeyi d\u00fc\u015f\u00fcnen umuma mahsus pasaporta sahip T\u00fcrkiye Cumhuriyeti vatanda\u015f\u0131, seyahatini ger\u00e7ekle\u015ftirmek i\u00e7in Estonya vize ba\u015fvurusu<\/p>\n","protected":false},"author":1,"featured_media":0,"parent":18,"menu_order":0,"comment_status":"open","ping_status":"closed","template":"","meta":{"footnotes":""},"class_list":["post-39","page","type-page","status-publish","hentry"],"yoast_head":"<!-- This site is optimized with the Yoast SEO plugin v24.0 - https:\/\/yoast.com\/wordpress\/plugins\/seo\/ -->\n<title>Estonya Vize Randevusu - Estonya Vizesi - MyVize<\/title>\n<meta name=\"description\" content=\"Estonya vize randevusu i\u00e7in ileti\u015fim. Estonya vize randevusu i\u00e7in g\u00f6rsel anlat\u0131m ve detayl\u0131 bilgiler i\u00e7in sayfam\u0131z\u0131 ziyaret edebilirsiniz.\" \/>\n<meta name=\"robots\" content=\"index, follow, max-snippet:-1, max-image-preview:large, max-video-preview:-1\" \/>\n<link rel=\"canonical\" href=\"https:\/\/www.myvize.com.tr\/estonya\/vize-islemleri\/estonya-vize-randevusu\/\" \/>\n<meta property=\"og:locale\" content=\"tr_TR\" \/>\n<meta property=\"og:type\" content=\"article\" \/>\n<meta property=\"og:title\" content=\"Estonya Vize Randevusu - Estonya Vizesi - MyVize\" \/>\n<meta property=\"og:description\" content=\"Estonya vize randevusu i\u00e7in ileti\u015fim. Estonya vize randevusu i\u00e7in g\u00f6rsel anlat\u0131m ve detayl\u0131 bilgiler i\u00e7in sayfam\u0131z\u0131 ziyaret edebilirsiniz.\" \/>\n<meta property=\"og:url\" content=\"https:\/\/www.myvize.com.tr\/estonya\/vize-islemleri\/estonya-vize-randevusu\/\" \/>\n<meta property=\"og:site_name\" content=\"Estonya Vizesi\" \/>\n<meta property=\"article:modified_time\" content=\"2022-04-07T10:55:35+00:00\" \/>\n<meta property=\"og:image\" content=\"https:\/\/www.myvize.com.tr\/estonya\/wp-content\/uploads\/2021\/10\/15.jpg\" \/>\n<meta name=\"twitter:card\" content=\"summary_large_image\" \/>\n<meta name=\"twitter:label1\" content=\"Tahmini okuma s\u00fcresi\" \/>\n\t<meta name=\"twitter:data1\" content=\"2 dakika\" \/>\n<script type=\"application\/ld+json\" class=\"yoast-schema-graph\">{\"@context\":\"https:\/\/schema.org\",\"@graph\":[{\"@type\":\"WebPage\",\"@id\":\"https:\/\/www.myvize.com.tr\/estonya\/vize-islemleri\/estonya-vize-randevusu\/\",\"url\":\"https:\/\/www.myvize.com.tr\/estonya\/vize-islemleri\/estonya-vize-randevusu\/\",\"name\":\"Estonya Vize Randevusu - Estonya Vizesi - MyVize\",\"isPartOf\":{\"@id\":\"https:\/\/www.myvize.com.tr\/estonya\/#website\"},\"primaryImageOfPage\":{\"@id\":\"https:\/\/www.myvize.com.tr\/estonya\/vize-islemleri\/estonya-vize-randevusu\/#primaryimage\"},\"image\":{\"@id\":\"https:\/\/www.myvize.com.tr\/estonya\/vize-islemleri\/estonya-vize-randevusu\/#primaryimage\"},\"thumbnailUrl\":\"https:\/\/www.myvize.com.tr\/estonya\/wp-content\/uploads\/2021\/10\/15.jpg\",\"datePublished\":\"2020-11-30T09:46:14+00:00\",\"dateModified\":\"2022-04-07T10:55:35+00:00\",\"description\":\"Estonya vize randevusu i\u00e7in ileti\u015fim. Estonya vize randevusu i\u00e7in g\u00f6rsel anlat\u0131m ve detayl\u0131 bilgiler i\u00e7in sayfam\u0131z\u0131 ziyaret edebilirsiniz.\",\"breadcrumb\":{\"@id\":\"https:\/\/www.myvize.com.tr\/estonya\/vize-islemleri\/estonya-vize-randevusu\/#breadcrumb\"},\"inLanguage\":\"tr\",\"potentialAction\":[{\"@type\":\"ReadAction\",\"target\":[\"https:\/\/www.myvize.com.tr\/estonya\/vize-islemleri\/estonya-vize-randevusu\/\"]}]},{\"@type\":\"ImageObject\",\"inLanguage\":\"tr\",\"@id\":\"https:\/\/www.myvize.com.tr\/estonya\/vize-islemleri\/estonya-vize-randevusu\/#primaryimage\",\"url\":\"https:\/\/www.myvize.com.tr\/estonya\/wp-content\/uploads\/2021\/10\/15.jpg\",\"contentUrl\":\"https:\/\/www.myvize.com.tr\/estonya\/wp-content\/uploads\/2021\/10\/15.jpg\",\"width\":800,\"height\":500,\"caption\":\"Estonya Vize Randevusu\"},{\"@type\":\"BreadcrumbList\",\"@id\":\"https:\/\/www.myvize.com.tr\/estonya\/vize-islemleri\/estonya-vize-randevusu\/#breadcrumb\",\"itemListElement\":[{\"@type\":\"ListItem\",\"position\":1,\"name\":\"Anasayfa\",\"item\":\"https:\/\/www.myvize.com.tr\/estonya\/\"},{\"@type\":\"ListItem\",\"position\":2,\"name\":\"V\u0130ZE \u0130\u015eLEMLER\u0130\",\"item\":\"https:\/\/www.myvize.com.tr\/estonya\/vize-islemleri\/\"},{\"@type\":\"ListItem\",\"position\":3,\"name\":\"Estonya Vize Randevusu\"}]},{\"@type\":\"WebSite\",\"@id\":\"https:\/\/www.myvize.com.tr\/estonya\/#website\",\"url\":\"https:\/\/www.myvize.com.tr\/estonya\/\",\"name\":\"Estonya Vizesi\",\"description\":\"\",\"potentialAction\":[{\"@type\":\"SearchAction\",\"target\":{\"@type\":\"EntryPoint\",\"urlTemplate\":\"https:\/\/www.myvize.com.tr\/estonya\/?s={search_term_string}\"},\"query-input\":{\"@type\":\"PropertyValueSpecification\",\"valueRequired\":true,\"valueName\":\"search_term_string\"}}],\"inLanguage\":\"tr\"}]}<\/script>\n<!-- \/ Yoast SEO plugin. -->","yoast_head_json":{"title":"Estonya Vize Randevusu - Estonya Vizesi - MyVize","description":"Estonya vize randevusu i\u00e7in ileti\u015fim. Estonya vize randevusu i\u00e7in g\u00f6rsel anlat\u0131m ve detayl\u0131 bilgiler i\u00e7in sayfam\u0131z\u0131 ziyaret edebilirsiniz.","robots":{"index":"index","follow":"follow","max-snippet":"max-snippet:-1","max-image-preview":"max-image-preview:large","max-video-preview":"max-video-preview:-1"},"canonical":"https:\/\/www.myvize.com.tr\/estonya\/vize-islemleri\/estonya-vize-randevusu\/","og_locale":"tr_TR","og_type":"article","og_title":"Estonya Vize Randevusu - Estonya Vizesi - MyVize","og_description":"Estonya vize randevusu i\u00e7in ileti\u015fim. Estonya vize randevusu i\u00e7in g\u00f6rsel anlat\u0131m ve detayl\u0131 bilgiler i\u00e7in sayfam\u0131z\u0131 ziyaret edebilirsiniz.","og_url":"https:\/\/www.myvize.com.tr\/estonya\/vize-islemleri\/estonya-vize-randevusu\/","og_site_name":"Estonya Vizesi","article_modified_time":"2022-04-07T10:55:35+00:00","og_image":[{"url":"https:\/\/www.myvize.com.tr\/estonya\/wp-content\/uploads\/2021\/10\/15.jpg","type":"","width":"","height":""}],"twitter_card":"summary_large_image","twitter_misc":{"Tahmini okuma s\u00fcresi":"2 dakika"},"schema":{"@context":"https:\/\/schema.org","@graph":[{"@type":"WebPage","@id":"https:\/\/www.myvize.com.tr\/estonya\/vize-islemleri\/estonya-vize-randevusu\/","url":"https:\/\/www.myvize.com.tr\/estonya\/vize-islemleri\/estonya-vize-randevusu\/","name":"Estonya Vize Randevusu - Estonya Vizesi - MyVize","isPartOf":{"@id":"https:\/\/www.myvize.com.tr\/estonya\/#website"},"primaryImageOfPage":{"@id":"https:\/\/www.myvize.com.tr\/estonya\/vize-islemleri\/estonya-vize-randevusu\/#primaryimage"},"image":{"@id":"https:\/\/www.myvize.com.tr\/estonya\/vize-islemleri\/estonya-vize-randevusu\/#primaryimage"},"thumbnailUrl":"https:\/\/www.myvize.com.tr\/estonya\/wp-content\/uploads\/2021\/10\/15.jpg","datePublished":"2020-11-30T09:46:14+00:00","dateModified":"2022-04-07T10:55:35+00:00","description":"Estonya vize randevusu i\u00e7in ileti\u015fim. Estonya vize randevusu i\u00e7in g\u00f6rsel anlat\u0131m ve detayl\u0131 bilgiler i\u00e7in sayfam\u0131z\u0131 ziyaret edebilirsiniz.","breadcrumb":{"@id":"https:\/\/www.myvize.com.tr\/estonya\/vize-islemleri\/estonya-vize-randevusu\/#breadcrumb"},"inLanguage":"tr","potentialAction":[{"@type":"ReadAction","target":["https:\/\/www.myvize.com.tr\/estonya\/vize-islemleri\/estonya-vize-randevusu\/"]}]},{"@type":"ImageObject","inLanguage":"tr","@id":"https:\/\/www.myvize.com.tr\/estonya\/vize-islemleri\/estonya-vize-randevusu\/#primaryimage","url":"https:\/\/www.myvize.com.tr\/estonya\/wp-content\/uploads\/2021\/10\/15.jpg","contentUrl":"https:\/\/www.myvize.com.tr\/estonya\/wp-content\/uploads\/2021\/10\/15.jpg","width":800,"height":500,"caption":"Estonya Vize Randevusu"},{"@type":"BreadcrumbList","@id":"https:\/\/www.myvize.com.tr\/estonya\/vize-islemleri\/estonya-vize-randevusu\/#breadcrumb","itemListElement":[{"@type":"ListItem","position":1,"name":"Anasayfa","item":"https:\/\/www.myvize.com.tr\/estonya\/"},{"@type":"ListItem","position":2,"name":"V\u0130ZE \u0130\u015eLEMLER\u0130","item":"https:\/\/www.myvize.com.tr\/estonya\/vize-islemleri\/"},{"@type":"ListItem","position":3,"name":"Estonya Vize Randevusu"}]},{"@type":"WebSite","@id":"https:\/\/www.myvize.com.tr\/estonya\/#website","url":"https:\/\/www.myvize.com.tr\/estonya\/","name":"Estonya Vizesi","description":"","potentialAction":[{"@type":"SearchAction","target":{"@type":"EntryPoint","urlTemplate":"https:\/\/www.myvize.com.tr\/estonya\/?s={search_term_string}"},"query-input":{"@type":"PropertyValueSpecification","valueRequired":true,"valueName":"search_term_string"}}],"inLanguage":"tr"}]}},"_links":{"self":[{"href":"https:\/\/www.myvize.com.tr\/estonya\/wp-json\/wp\/v2\/pages\/39","targetHints":{"allow":["GET"]}}],"collection":[{"href":"https:\/\/www.myvize.com.tr\/estonya\/wp-json\/wp\/v2\/pages"}],"about":[{"href":"https:\/\/www.myvize.com.tr\/estonya\/wp-json\/wp\/v2\/types\/page"}],"author":[{"embeddable":true,"href":"https:\/\/www.myvize.com.tr\/estonya\/wp-json\/wp\/v2\/users\/1"}],"replies":[{"embeddable":true,"href":"https:\/\/www.myvize.com.tr\/estonya\/wp-json\/wp\/v2\/comments?post=39"}],"version-history":[{"count":7,"href":"https:\/\/www.myvize.com.tr\/estonya\/wp-json\/wp\/v2\/pages\/39\/revisions"}],"predecessor-version":[{"id":579,"href":"https:\/\/www.myvize.com.tr\/estonya\/wp-json\/wp\/v2\/pages\/39\/revisions\/579"}],"up":[{"embeddable":true,"href":"https:\/\/www.myvize.com.tr\/estonya\/wp-json\/wp\/v2\/pages\/18"}],"wp:attachment":[{"href":"https:\/\/www.myvize.com.tr\/estonya\/wp-json\/wp\/v2\/media?parent=39"}],"curies":[{"name":"wp","href":"https:\/\/api.w.org\/{rel}","templated":true}]}}