{"id":51,"date":"2020-11-30T12:49:31","date_gmt":"2020-11-30T09:49:31","guid":{"rendered":"https:\/\/www.myvize.com.tr\/estonya\/?page_id=51"},"modified":"2022-04-07T14:02:03","modified_gmt":"2022-04-07T11:02:03","slug":"estonya-vatandaslik-islemleri","status":"publish","type":"page","link":"https:\/\/www.myvize.com.tr\/estonya\/vize-islemleri\/estonya-vatandaslik-islemleri\/","title":{"rendered":"Estonya Vatanda\u015fl\u0131k \u0130\u015flemleri"},"content":{"rendered":"<p><span style=\"font-family: Roboto; font-size: 14px;\">Estonya, vatanda\u015f\u0131na ekonomik, sosyal ve k\u00fclt\u00fcr anlamda bir\u00e7ok haklar vermektedir. Nitekim 2014 y\u0131l\u0131 \u00e7\u0131kar\u0131lan<strong> E-estonya vatanda\u015fl\u0131\u011f\u0131<\/strong> uygulamas\u0131yla yabanc\u0131 \u00fclke vatanda\u015f\u0131n\u0131n da Estonya\u2019da \u015firket kurmas\u0131 ve bu ekonomik haktan yararlanmas\u0131 imk\u00e2n veriliyor. Ancak E-estonya vatanda\u015fl\u0131k ad\u0131 alt\u0131nda verilen elektronik vatanda\u015fl\u0131k as\u0131l anlamda vatanda\u015fl\u0131k yerine ge\u00e7ememekte. As\u0131l olarak <strong>Estonya vatanda\u015fl\u0131\u011f\u0131<\/strong> al\u0131nmas\u0131 i\u00e7in; k\u0131sa ya da uzun prosed\u00fcrl\u00fc olarak ayr\u0131lan y\u00f6ntemin uygulanmas\u0131 gereklidir.<\/span><\/p>\n<p><span style=\"font-family: Roboto; font-size: 14px;\">K\u0131sa Prosed\u00fcrle<strong> Estonya Vatanda\u015fl\u0131\u011f\u0131<\/strong> Alma:<\/span><br \/>\n<span style=\"font-family: Roboto; font-size: 14px;\"><strong>Estonya vatanda\u015fl\u0131k<\/strong> k\u0131sa ve uzun prosed\u00fcr \u015feklinde 2 farkl\u0131 yol ile al\u0131nabilir;<\/span><br \/>\n<span style=\"font-family: Roboto; font-size: 14px;\">Evlilik Yoluyla Estonya Vatanda\u015fl\u0131\u011f\u0131 Alma:<\/span><br \/>\n<span style=\"font-family: Roboto; font-size: 14px;\">K\u0131sa prosed\u00fcrle <strong>Estonya vatanda\u015fl\u0131\u011f\u0131<\/strong> alma yolundan biri<strong> Estonya vatanda\u015f\u0131<\/strong> bir erkek ya da kad\u0131n ile evlenilmesidir.<\/span><\/p>\n<p><span style=\"font-family: Roboto; font-size: 14px;\">Kan Ba\u011f\u0131 \u0130le Estonya Vatanda\u015fl\u0131\u011f\u0131 Alma:<\/span><br \/>\n<span style=\"font-family: Roboto; font-size: 14px;\">D\u00fcnyaya gelen \u00e7ocu\u011fun anne veya babas\u0131ndan biri <strong>Estonya vatanda\u015fl\u0131\u011fa<\/strong> sahipse; bu ki\u015fi kan ba\u011f\u0131yla <strong>Estonya vatanda\u015fl\u0131\u011f\u0131<\/strong> almaya hak kazan\u0131r.<\/span><\/p>\n<p><span style=\"font-family: Roboto; font-size: 14px;\">Uzun Prosed\u00fcr \u0130le<strong> Estonya Vatanda\u015fl\u0131\u011f\u0131<\/strong> Alma:<\/span><br \/>\n<span style=\"font-family: Roboto; font-size: 14px;\">Toplumsal uyum sa\u011flamas\u0131 \u015fart\u0131n\u0131 sa\u011flama halinde 10 y\u0131ll\u0131k uzun prosed\u00fcrle<strong> Estonya vatanda\u015fl\u0131\u011f\u0131<\/strong> alabilir.<\/span><br \/>\n<span style=\"font-family: Roboto; font-size: 14px;\">Naturalizasyonla <strong>Estonya Vatanda\u015fl\u0131\u011f\u0131<\/strong> Alma:<\/span><br \/>\n<span style=\"font-family: Roboto; font-size: 14px;\">Estonya; spor, k\u00fclt\u00fcrel, ekonomi alan\u0131nda kendi ispatlayan \u00fclkenin bu anlama isminin duyulmas\u0131 katk\u0131 sa\u011flayan yabanc\u0131 \u00fclke vatanda\u015f\u0131, naturalizasyon y\u00f6ntemi ile<strong> Estonya vatanda\u015f\u0131<\/strong> olabilir.<\/span><\/p>\n<p><span style=\"font-family: Roboto; font-size: 14px;\"><span style=\"color: #2acec2;\"><strong><a style=\"color: #2acec2;\" href=\"https:\/\/www.myvize.com.tr\/estonya\/vize-islemleri\/estonya-vize-reddi\/\" target=\"_blank\" rel=\"noopener\">Estonya Vize Reddi <\/a><\/strong><\/span>ile ilgili bilgi almak i\u00e7in bizi aray\u0131n.<\/span><\/p>\n<p><img decoding=\"async\" src=\"https:\/\/www.myvize.com.tr\/estonya\/wp-content\/uploads\/2021\/10\/21.jpg\" \/><\/p>\n<h2><strong><span style=\"font-family: Roboto; font-size: 27px;\">Estonya Vatanda\u015fl\u0131k \u0130\u015flemleri Hakk\u0131nda<\/span><\/strong><\/h2>\n<p><span style=\"font-family: Roboto; font-size: 14px;\"><strong>Estonya vatanda\u015fl\u0131\u011f\u0131<\/strong> almak isteyen T\u00fcrk vatanda\u015flar\u0131n\u0131n baz\u0131 \u015fartlar\u0131 yerine getirmesi gerekmektedir. <strong>Estonya vatanda\u015fl\u0131k \u015fartlar\u0131<\/strong> ve i\u015flemleri Estonya yasalar\u0131 taraf\u0131ndan belirlenmi\u015ftir.<\/span><\/p>\n<p><span style=\"font-family: Roboto; font-size: 14px;\"><strong>Estonya vatanda\u015fl\u0131\u011f\u0131<\/strong> alacak olan T\u00fcrk vatanda\u015flar\u0131n\u0131 Estonya\u2019n\u0131n resmi dili olan Estoncay\u0131 iyi derecede bilmesi gerekmektedir. Bunun yan\u0131nda Estonya sosyal ya\u015fam\u0131na ve kamu d\u00fczenine uygun ya\u015fayaca\u011f\u0131n\u0131 kan\u0131tlamal\u0131d\u0131r. Bununla birlikte Estonya tarihi, anayasas\u0131, <strong>Estonya hukuku hakk\u0131nda<\/strong> bilgi sahibi olmal\u0131d\u0131r. <strong>Estonya vatanda\u015fl\u0131\u011f\u0131<\/strong> alacak olan ki\u015filer vatanda\u015fl\u0131k m\u00fclakat\u0131na girmelidir.<strong> Estonya vatanda\u015fl\u0131k<\/strong> ba\u015fvurusunda bulunacak olan ki\u015filerin Estonya\u2019da ya\u015fam\u0131nda masraflar\u0131n\u0131 kar\u015f\u0131layabilmelidir.<\/span><\/p>\n<p><span style=\"font-family: Roboto; font-size: 14px;\"><strong>Estonya vatanda\u015fl\u0131\u011f\u0131<\/strong> do\u011fu\u015ftan kazan\u0131labilir ya da sonradan edinilebilir. Ebeveynlerinden en az birisi<strong> Estonya vatanda\u015f\u0131<\/strong> olan ki\u015filer Estonya vatanda\u015f\u0131 olarak kaydedilmektedir.<\/span><\/p>\n<p><span style=\"font-family: Roboto; font-size: 14px;\">Sonradan edinilen <strong>Estonya vatanda\u015fl\u0131\u011f\u0131<\/strong> ise \u015fu \u015fekildedir;<\/span><\/p>\n<ul>\n<li><span style=\"font-family: Roboto; font-size: 14px;\">Estonya\u2019da yasal olarak ikamet etmi\u015f olan ki\u015filer <strong>Estonya vatanda\u015fl\u0131\u011f\u0131<\/strong> alabilir. 5 y\u0131l aral\u0131ks\u0131z olarak Estonya\u2019da bulunan ki\u015filer alabilmektedir.<\/span><\/li>\n<li><span style=\"font-family: Roboto; font-size: 14px;\">Estonya\u2019ya b\u00fcy\u00fck oranda yat\u0131r\u0131m yapm\u0131\u015f olan ki\u015filer <strong>Estonya vatanda\u015fl\u0131\u011f\u0131<\/strong> alabilir.<\/span><\/li>\n<li><span style=\"font-family: Roboto; font-size: 14px;\">Belirli bir alanda \u00fcst\u00fcn ba\u015far\u0131s\u0131 olan ve Estonya itibar\u0131n\u0131 artt\u0131racak ki\u015filer <strong>Estonya vatanda\u015f\u0131<\/strong> olabilir.<\/span><\/li>\n<li><span style=\"font-family: Roboto; font-size: 14px;\"><strong>Estonya vatanda\u015f\u0131<\/strong> ile evli olan ve belirli bir s\u00fcre evli kalan ve evlili\u011fi hala daha devam eden ki\u015filer<strong> Estonya vatanda\u015fl\u0131\u011f\u0131<\/strong> alabilir.<\/span><\/li>\n<\/ul>\n<p><span style=\"font-family: Roboto; font-size: 14px;\"><span style=\"color: #2acec2;\"><a style=\"color: #2acec2;\" href=\"https:\/\/www.myvize.com.tr\/estonya\/vize-islemleri\/estonya-schengen-vizesi\/\" target=\"_blank\" rel=\"noopener\"><strong>Estonya Schengen Vizesi<\/strong><\/a><\/span> ile ilgili bilgi almak i\u00e7in bizi aray\u0131n.<\/span><\/p>\n<h2><strong><span style=\"font-family: Roboto; font-size: 27px;\">Estonya Vatanda\u015fl\u0131k \u0130\u015flemleri ile ilgili<\/span><\/strong><\/h2>\n<p><span style=\"font-family: Roboto; font-size: 14px;\"><strong>Estonya vatanda\u015fl\u0131k i\u015flemleri<\/strong> ve \u015fartlar\u0131<strong> Estonya H\u00fck\u00fcmet<\/strong>i taraf\u0131ndan belirlenmi\u015ftir.<strong> Estonya vatanda\u015fl\u0131\u011f\u0131<\/strong> alacak olan T\u00fcrk vatanda\u015flar\u0131n\u0131n yerine getirmesi gereken baz\u0131 \u015farlar bulunmaktad\u0131r.<\/span><\/p>\n<p><span style=\"font-family: Roboto; font-size: 14px;\"><strong>Estonya vatanda\u015fl\u0131k<\/strong> ba\u015fvurusunda bulunacak olan ki\u015filer a\u015fa\u011f\u0131daki durumlar\u0131 kar\u015f\u0131lamas\u0131 gerekmektedir.<\/span><\/p>\n<ul>\n<li><span style=\"font-family: Roboto; font-size: 14px;\">Estonya resmi dili olan Estoncay\u0131 iyi derecede bilmesi gerekmektedir.<\/span><\/li>\n<li><span style=\"font-family: Roboto; font-size: 14px;\">Estonya vatanda\u015fl\u0131k ba\u015fvurusunda bulunacak olan ki\u015filerin masraflar\u0131n\u0131 kar\u015f\u0131layabilecek ekonomik durumunun olmas\u0131 gerekmektedir.<\/span><\/li>\n<li><span style=\"font-family: Roboto; font-size: 14px;\"><strong>Estonya vatanda\u015fl\u0131k ba\u015fvurusu<\/strong> yapacak olan ki\u015filerin Estonya tarihi, hukuku ve anayasas\u0131 hakk\u0131nda bilgi sahibi olmas\u0131 gerekmektedir.<\/span><\/li>\n<li><span style=\"font-family: Roboto; font-size: 14px;\">Ba\u015fvuru sahibinin Estonya sosyal ya\u015fam\u0131 ve hukuku hakk\u0131nda bilgi sahibi olmas\u0131 gerekmektedir.<\/span><\/li>\n<\/ul>\n<p><span style=\"font-family: Roboto; font-size: 14px;\"><strong>Estonya vatanda\u015fl\u0131\u011f\u0131<\/strong> a\u015fa\u011f\u0131daki durumlarda al\u0131nabilir;<\/span><\/p>\n<ul>\n<li><span style=\"font-family: Roboto; font-size: 14px;\">Ebeveynlerden en az birisinin <strong>Estonya vatanda\u015f\u0131<\/strong> olmas\u0131 durumunda <strong>Estonya vatanda\u015fl\u0131\u011f\u0131<\/strong> alabilir.<\/span><\/li>\n<li><span style=\"font-family: Roboto; font-size: 14px;\">5 y\u0131l aral\u0131ks\u0131z olarak Estonya\u2019da yasal olarak ikamet etmi\u015f olan ki\u015filer Estonya vatanda\u015fl\u0131\u011f\u0131 alabilir.<\/span><\/li>\n<li><span style=\"font-family: Roboto; font-size: 14px;\">Estonya\u2019ya b\u00fcy\u00fck oranda yat\u0131r\u0131m yapm\u0131\u015f olan ki\u015filer <strong>Estonya vatanda\u015fl\u0131\u011f\u0131<\/strong> alabilir.<\/span><\/li>\n<li><span style=\"font-family: Roboto; font-size: 14px;\">Belirli bir alanda \u00fcst\u00fcn ba\u015far\u0131 g\u00f6stermi\u015f olan be Estonya\u2019n\u0131n itibar\u0131n\u0131 b\u00fcy\u00fck oranda artt\u0131racak olan ki\u015filer <strong>Estonya vatanda\u015fl\u0131k<\/strong> ba\u015fvurusu yapabilir.<\/span><\/li>\n<li><span style=\"font-family: Roboto; font-size: 14px;\"><strong>Estonya vatanda\u015f\u0131<\/strong> ile evlenmi\u015f olanlar ve evlili\u011fi hala daha devam eden ki\u015filer <strong>Estonya vatanda\u015fl\u0131\u011f\u0131<\/strong> alabilmektedir.<\/span><\/li>\n<\/ul>\n<p><span style=\"font-family: Roboto; font-size: 14px;\"><strong>Estonya vatanda\u015fl\u0131k ba\u015fvurular\u0131,<\/strong> Estonya G\u00f6\u00e7 Ofisi\u2019ne yap\u0131lmal\u0131d\u0131r. Ba\u015fvuruda bulunacak olan ki\u015filer belgeleri ek siksiz olarak haz\u0131rlamal\u0131d\u0131r.<\/span><\/p>\n","protected":false},"excerpt":{"rendered":"<p>Estonya, vatanda\u015f\u0131na ekonomik, sosyal ve k\u00fclt\u00fcr anlamda bir\u00e7ok haklar vermektedir. Nitekim 2014 y\u0131l\u0131 \u00e7\u0131kar\u0131lan E-estonya vatanda\u015fl\u0131\u011f\u0131 uygulamas\u0131yla yabanc\u0131 \u00fclke vatanda\u015f\u0131n\u0131n da Estonya\u2019da \u015firket kurmas\u0131 ve bu ekonomik haktan yararlanmas\u0131 imk\u00e2n veriliyor. Ancak E-estonya vatanda\u015fl\u0131k ad\u0131 alt\u0131nda verilen elektronik vatanda\u015fl\u0131k as\u0131l anlamda vatanda\u015fl\u0131k yerine ge\u00e7ememekte. As\u0131l olarak Estonya vatanda\u015fl\u0131\u011f\u0131 al\u0131nmas\u0131 i\u00e7in; k\u0131sa ya da uzun prosed\u00fcrl\u00fc<\/p>\n","protected":false},"author":1,"featured_media":0,"parent":18,"menu_order":0,"comment_status":"open","ping_status":"closed","template":"","meta":{"footnotes":""},"class_list":["post-51","page","type-page","status-publish","hentry"],"yoast_head":"<!-- This site is optimized with the Yoast SEO plugin v24.0 - https:\/\/yoast.com\/wordpress\/plugins\/seo\/ -->\n<title>Estonya Vatanda\u015fl\u0131k \u0130\u015flemi - Estonya Vatanda\u015fl\u0131\u011f\u0131 - MyVize<\/title>\n<meta name=\"description\" content=\"Estonya vatanda\u015fl\u0131\u011f\u0131 ba\u015fvuru belgeleri. Estonya vatanda\u015fl\u0131\u011f\u0131 i\u00e7in gerekli \u015fartlar. Estonya vatanda\u015fl\u0131k i\u015flemleri. Estonya Vatanda\u015fl\u0131k 2022.\" \/>\n<meta name=\"robots\" content=\"index, follow, max-snippet:-1, max-image-preview:large, max-video-preview:-1\" \/>\n<link rel=\"canonical\" href=\"https:\/\/www.myvize.com.tr\/estonya\/vize-islemleri\/estonya-vatandaslik-islemleri\/\" \/>\n<meta property=\"og:locale\" content=\"tr_TR\" \/>\n<meta property=\"og:type\" content=\"article\" \/>\n<meta property=\"og:title\" content=\"Estonya Vatanda\u015fl\u0131k \u0130\u015flemi - Estonya Vatanda\u015fl\u0131\u011f\u0131 - MyVize\" \/>\n<meta property=\"og:description\" content=\"Estonya vatanda\u015fl\u0131\u011f\u0131 ba\u015fvuru belgeleri. Estonya vatanda\u015fl\u0131\u011f\u0131 i\u00e7in gerekli \u015fartlar. Estonya vatanda\u015fl\u0131k i\u015flemleri. Estonya Vatanda\u015fl\u0131k 2022.\" \/>\n<meta property=\"og:url\" content=\"https:\/\/www.myvize.com.tr\/estonya\/vize-islemleri\/estonya-vatandaslik-islemleri\/\" \/>\n<meta property=\"og:site_name\" content=\"Estonya Vizesi\" \/>\n<meta property=\"article:modified_time\" content=\"2022-04-07T11:02:03+00:00\" \/>\n<meta property=\"og:image\" content=\"https:\/\/www.myvize.com.tr\/estonya\/wp-content\/uploads\/2021\/10\/21.jpg\" \/>\n<meta name=\"twitter:card\" content=\"summary_large_image\" \/>\n<meta name=\"twitter:label1\" content=\"Tahmini okuma s\u00fcresi\" \/>\n\t<meta name=\"twitter:data1\" content=\"3 dakika\" \/>\n<script type=\"application\/ld+json\" class=\"yoast-schema-graph\">{\"@context\":\"https:\/\/schema.org\",\"@graph\":[{\"@type\":\"WebPage\",\"@id\":\"https:\/\/www.myvize.com.tr\/estonya\/vize-islemleri\/estonya-vatandaslik-islemleri\/\",\"url\":\"https:\/\/www.myvize.com.tr\/estonya\/vize-islemleri\/estonya-vatandaslik-islemleri\/\",\"name\":\"Estonya Vatanda\u015fl\u0131k \u0130\u015flemi - Estonya Vatanda\u015fl\u0131\u011f\u0131 - MyVize\",\"isPartOf\":{\"@id\":\"https:\/\/www.myvize.com.tr\/estonya\/#website\"},\"primaryImageOfPage\":{\"@id\":\"https:\/\/www.myvize.com.tr\/estonya\/vize-islemleri\/estonya-vatandaslik-islemleri\/#primaryimage\"},\"image\":{\"@id\":\"https:\/\/www.myvize.com.tr\/estonya\/vize-islemleri\/estonya-vatandaslik-islemleri\/#primaryimage\"},\"thumbnailUrl\":\"https:\/\/www.myvize.com.tr\/estonya\/wp-content\/uploads\/2021\/10\/21.jpg\",\"datePublished\":\"2020-11-30T09:49:31+00:00\",\"dateModified\":\"2022-04-07T11:02:03+00:00\",\"description\":\"Estonya vatanda\u015fl\u0131\u011f\u0131 ba\u015fvuru belgeleri. Estonya vatanda\u015fl\u0131\u011f\u0131 i\u00e7in gerekli \u015fartlar. Estonya vatanda\u015fl\u0131k i\u015flemleri. Estonya Vatanda\u015fl\u0131k 2022.\",\"breadcrumb\":{\"@id\":\"https:\/\/www.myvize.com.tr\/estonya\/vize-islemleri\/estonya-vatandaslik-islemleri\/#breadcrumb\"},\"inLanguage\":\"tr\",\"potentialAction\":[{\"@type\":\"ReadAction\",\"target\":[\"https:\/\/www.myvize.com.tr\/estonya\/vize-islemleri\/estonya-vatandaslik-islemleri\/\"]}]},{\"@type\":\"ImageObject\",\"inLanguage\":\"tr\",\"@id\":\"https:\/\/www.myvize.com.tr\/estonya\/vize-islemleri\/estonya-vatandaslik-islemleri\/#primaryimage\",\"url\":\"https:\/\/www.myvize.com.tr\/estonya\/wp-content\/uploads\/2021\/10\/21.jpg\",\"contentUrl\":\"https:\/\/www.myvize.com.tr\/estonya\/wp-content\/uploads\/2021\/10\/21.jpg\",\"width\":800,\"height\":500,\"caption\":\"Estonya Vatanda\u015fl\u0131k \u0130\u015flemleri\"},{\"@type\":\"BreadcrumbList\",\"@id\":\"https:\/\/www.myvize.com.tr\/estonya\/vize-islemleri\/estonya-vatandaslik-islemleri\/#breadcrumb\",\"itemListElement\":[{\"@type\":\"ListItem\",\"position\":1,\"name\":\"Anasayfa\",\"item\":\"https:\/\/www.myvize.com.tr\/estonya\/\"},{\"@type\":\"ListItem\",\"position\":2,\"name\":\"V\u0130ZE \u0130\u015eLEMLER\u0130\",\"item\":\"https:\/\/www.myvize.com.tr\/estonya\/vize-islemleri\/\"},{\"@type\":\"ListItem\",\"position\":3,\"name\":\"Estonya Vatanda\u015fl\u0131k \u0130\u015flemleri\"}]},{\"@type\":\"WebSite\",\"@id\":\"https:\/\/www.myvize.com.tr\/estonya\/#website\",\"url\":\"https:\/\/www.myvize.com.tr\/estonya\/\",\"name\":\"Estonya Vizesi\",\"description\":\"\",\"potentialAction\":[{\"@type\":\"SearchAction\",\"target\":{\"@type\":\"EntryPoint\",\"urlTemplate\":\"https:\/\/www.myvize.com.tr\/estonya\/?s={search_term_string}\"},\"query-input\":{\"@type\":\"PropertyValueSpecification\",\"valueRequired\":true,\"valueName\":\"search_term_string\"}}],\"inLanguage\":\"tr\"}]}<\/script>\n<!-- \/ Yoast SEO plugin. -->","yoast_head_json":{"title":"Estonya Vatanda\u015fl\u0131k \u0130\u015flemi - Estonya Vatanda\u015fl\u0131\u011f\u0131 - MyVize","description":"Estonya vatanda\u015fl\u0131\u011f\u0131 ba\u015fvuru belgeleri. Estonya vatanda\u015fl\u0131\u011f\u0131 i\u00e7in gerekli \u015fartlar. Estonya vatanda\u015fl\u0131k i\u015flemleri. Estonya Vatanda\u015fl\u0131k 2022.","robots":{"index":"index","follow":"follow","max-snippet":"max-snippet:-1","max-image-preview":"max-image-preview:large","max-video-preview":"max-video-preview:-1"},"canonical":"https:\/\/www.myvize.com.tr\/estonya\/vize-islemleri\/estonya-vatandaslik-islemleri\/","og_locale":"tr_TR","og_type":"article","og_title":"Estonya Vatanda\u015fl\u0131k \u0130\u015flemi - Estonya Vatanda\u015fl\u0131\u011f\u0131 - MyVize","og_description":"Estonya vatanda\u015fl\u0131\u011f\u0131 ba\u015fvuru belgeleri. Estonya vatanda\u015fl\u0131\u011f\u0131 i\u00e7in gerekli \u015fartlar. Estonya vatanda\u015fl\u0131k i\u015flemleri. Estonya Vatanda\u015fl\u0131k 2022.","og_url":"https:\/\/www.myvize.com.tr\/estonya\/vize-islemleri\/estonya-vatandaslik-islemleri\/","og_site_name":"Estonya Vizesi","article_modified_time":"2022-04-07T11:02:03+00:00","og_image":[{"url":"https:\/\/www.myvize.com.tr\/estonya\/wp-content\/uploads\/2021\/10\/21.jpg","type":"","width":"","height":""}],"twitter_card":"summary_large_image","twitter_misc":{"Tahmini okuma s\u00fcresi":"3 dakika"},"schema":{"@context":"https:\/\/schema.org","@graph":[{"@type":"WebPage","@id":"https:\/\/www.myvize.com.tr\/estonya\/vize-islemleri\/estonya-vatandaslik-islemleri\/","url":"https:\/\/www.myvize.com.tr\/estonya\/vize-islemleri\/estonya-vatandaslik-islemleri\/","name":"Estonya Vatanda\u015fl\u0131k \u0130\u015flemi - Estonya Vatanda\u015fl\u0131\u011f\u0131 - MyVize","isPartOf":{"@id":"https:\/\/www.myvize.com.tr\/estonya\/#website"},"primaryImageOfPage":{"@id":"https:\/\/www.myvize.com.tr\/estonya\/vize-islemleri\/estonya-vatandaslik-islemleri\/#primaryimage"},"image":{"@id":"https:\/\/www.myvize.com.tr\/estonya\/vize-islemleri\/estonya-vatandaslik-islemleri\/#primaryimage"},"thumbnailUrl":"https:\/\/www.myvize.com.tr\/estonya\/wp-content\/uploads\/2021\/10\/21.jpg","datePublished":"2020-11-30T09:49:31+00:00","dateModified":"2022-04-07T11:02:03+00:00","description":"Estonya vatanda\u015fl\u0131\u011f\u0131 ba\u015fvuru belgeleri. Estonya vatanda\u015fl\u0131\u011f\u0131 i\u00e7in gerekli \u015fartlar. Estonya vatanda\u015fl\u0131k i\u015flemleri. Estonya Vatanda\u015fl\u0131k 2022.","breadcrumb":{"@id":"https:\/\/www.myvize.com.tr\/estonya\/vize-islemleri\/estonya-vatandaslik-islemleri\/#breadcrumb"},"inLanguage":"tr","potentialAction":[{"@type":"ReadAction","target":["https:\/\/www.myvize.com.tr\/estonya\/vize-islemleri\/estonya-vatandaslik-islemleri\/"]}]},{"@type":"ImageObject","inLanguage":"tr","@id":"https:\/\/www.myvize.com.tr\/estonya\/vize-islemleri\/estonya-vatandaslik-islemleri\/#primaryimage","url":"https:\/\/www.myvize.com.tr\/estonya\/wp-content\/uploads\/2021\/10\/21.jpg","contentUrl":"https:\/\/www.myvize.com.tr\/estonya\/wp-content\/uploads\/2021\/10\/21.jpg","width":800,"height":500,"caption":"Estonya Vatanda\u015fl\u0131k \u0130\u015flemleri"},{"@type":"BreadcrumbList","@id":"https:\/\/www.myvize.com.tr\/estonya\/vize-islemleri\/estonya-vatandaslik-islemleri\/#breadcrumb","itemListElement":[{"@type":"ListItem","position":1,"name":"Anasayfa","item":"https:\/\/www.myvize.com.tr\/estonya\/"},{"@type":"ListItem","position":2,"name":"V\u0130ZE \u0130\u015eLEMLER\u0130","item":"https:\/\/www.myvize.com.tr\/estonya\/vize-islemleri\/"},{"@type":"ListItem","position":3,"name":"Estonya Vatanda\u015fl\u0131k \u0130\u015flemleri"}]},{"@type":"WebSite","@id":"https:\/\/www.myvize.com.tr\/estonya\/#website","url":"https:\/\/www.myvize.com.tr\/estonya\/","name":"Estonya Vizesi","description":"","potentialAction":[{"@type":"SearchAction","target":{"@type":"EntryPoint","urlTemplate":"https:\/\/www.myvize.com.tr\/estonya\/?s={search_term_string}"},"query-input":{"@type":"PropertyValueSpecification","valueRequired":true,"valueName":"search_term_string"}}],"inLanguage":"tr"}]}},"_links":{"self":[{"href":"https:\/\/www.myvize.com.tr\/estonya\/wp-json\/wp\/v2\/pages\/51","targetHints":{"allow":["GET"]}}],"collection":[{"href":"https:\/\/www.myvize.com.tr\/estonya\/wp-json\/wp\/v2\/pages"}],"about":[{"href":"https:\/\/www.myvize.com.tr\/estonya\/wp-json\/wp\/v2\/types\/page"}],"author":[{"embeddable":true,"href":"https:\/\/www.myvize.com.tr\/estonya\/wp-json\/wp\/v2\/users\/1"}],"replies":[{"embeddable":true,"href":"https:\/\/www.myvize.com.tr\/estonya\/wp-json\/wp\/v2\/comments?post=51"}],"version-history":[{"count":5,"href":"https:\/\/www.myvize.com.tr\/estonya\/wp-json\/wp\/v2\/pages\/51\/revisions"}],"predecessor-version":[{"id":737,"href":"https:\/\/www.myvize.com.tr\/estonya\/wp-json\/wp\/v2\/pages\/51\/revisions\/737"}],"up":[{"embeddable":true,"href":"https:\/\/www.myvize.com.tr\/estonya\/wp-json\/wp\/v2\/pages\/18"}],"wp:attachment":[{"href":"https:\/\/www.myvize.com.tr\/estonya\/wp-json\/wp\/v2\/media?parent=51"}],"curies":[{"name":"wp","href":"https:\/\/api.w.org\/{rel}","templated":true}]}}