{"id":55,"date":"2020-11-30T12:50:43","date_gmt":"2020-11-30T09:50:43","guid":{"rendered":"https:\/\/www.myvize.com.tr\/estonya\/?page_id=55"},"modified":"2022-04-07T14:10:57","modified_gmt":"2022-04-07T11:10:57","slug":"turkiyede-oturum-ve-calisma-izni","status":"publish","type":"page","link":"https:\/\/www.myvize.com.tr\/estonya\/vize-islemleri\/turkiyede-oturum-ve-calisma-izni\/","title":{"rendered":"T\u00fcrkiye&#8217;de Oturum ve \u00c7al\u0131\u015fma \u0130zni"},"content":{"rendered":"<p><span style=\"font-family: Roboto; font-size: 14px;\">Yabanc\u0131 \u00fclke vatanda\u015f\u0131 T\u00fcrkiye\u2019de k\u0131sa s\u00fcre <strong>oturum izni<\/strong>, aile oturum izni, \u00f6\u011frenci oturum izin, uzun s\u00fcreli oturum izin, insani oturum izin ve insan ticaret ma\u011fduru oturum izin alarak kalabilir.<\/span><br \/>\n<span style=\"font-family: Roboto; font-size: 14px;\"><strong>Ge\u00e7erli oturum izin<\/strong> sahibi Estonya vatanda\u015f\u0131 T\u00fcrkiye s\u0131n\u0131r kap\u0131s\u0131ndan vize almadan giri\u015f yap\u0131labilirler.<\/span><br \/>\n<span style=\"font-family: Roboto; font-size: 14px;\">Estonya vatanda\u015flar\u0131n\u0131n T\u00fcrkiye\u2019de sahip oldu\u011fu <strong>\u00e7al\u0131\u015fma izin<\/strong> ya da \u00e7al\u0131\u015fma izni muafiyeti belgesi, oturum izin yerine say\u0131l\u0131r.<\/span><br \/>\n<span style=\"font-family: Roboto; font-size: 14px;\">T\u00fcrkiye\u2019de, vize ya da vize muafiyeti tan\u0131d\u0131\u011f\u0131 s\u00fcreden veya 90 g\u00fcnden fazla kalacak Estonya vatanda\u015flar\u0131n\u0131n oturum izin almas\u0131 zorunludur.<\/span><br \/>\n<span style=\"font-family: Roboto; font-size: 14px;\"><strong>Oturum izni<\/strong> ba\u015fvurusu, Estonya\u2019da T\u00fcrk temsilcili\u011finde yap\u0131l\u0131r. Ancak, <strong>oturum izin ba\u015fvurusu<\/strong> yapmadan T\u00fcrkiye\u2019ye vize s\u00fcresi ile veya vize muafiyeti ile gelenin oturum izni ba\u015fvurusu, ikinci d\u00fczenlemeye kadar Valilik\u00e7e de al\u0131nmaya devam edilecek.<\/span><br \/>\n<span style=\"font-family: Roboto; font-size: 14px;\"><strong>Oturum izni<\/strong> i\u00e7in ba\u015fvuracak Estonya vatanda\u015f\u0131nda, talep etti\u011fi oturum izni s\u00fcresinden 60 g\u00fcn daha uzun s\u00fcreli pasaport veya pasaport yerine ge\u00e7en belgelere sahip olma \u015fart\u0131 aran\u0131r.<\/span><br \/>\n<span style=\"font-family: Roboto; font-size: 14px;\">T\u00fcrkiye i\u00e7inden ba\u015fvurunun, Estonya vatanda\u015flar\u0131n\u0131n sahip oldu\u011fu vize s\u00fcresini ya da vize muafiyeti sona ermeden yap\u0131lmas\u0131 esast\u0131r.<\/span><\/p>\n<p><span style=\"font-family: Roboto; font-size: 14px;\"><span style=\"color: #2acec2;\"><strong><a style=\"color: #2acec2;\" href=\"https:\/\/www.myvize.com.tr\/estonya\/vize-islemleri\/estonya-vize-randevusu\/\" target=\"_blank\" rel=\"noopener\">Estonya Vize Randevusu<\/a><\/strong><\/span> ile ilgili bilgi almak i\u00e7in bizi aray\u0131n.<\/span><\/p>\n<p><img decoding=\"async\" src=\"https:\/\/www.myvize.com.tr\/estonya\/wp-content\/uploads\/2021\/10\/25.jpg\" \/><\/p>\n<h2><span style=\"font-family: Roboto; font-size: 27px;\">Estonya T\u00fcrkiye\u2019de Oturum Ve \u00c7al\u0131\u015fma \u0130zni Hakk\u0131nda<\/span><\/h2>\n<p><span style=\"font-family: Roboto; font-size: 14px;\">T\u00fcrkiye\u2019de ikamet etmek isteyen Estonya vatanda\u015flar\u0131n\u0131n,<strong> T\u00fcrkiye oturum izni<\/strong> almas\u0131 gerekmektedir. T\u00fcrkiye oturum izni ba\u015fvurusu yapacak olan Estonya vatanda\u015flar\u0131n\u0131n ge\u00e7erli bir nedeni olmal\u0131d\u0131r.<span style=\"color: #2acec2;\"><strong><a style=\"color: #2acec2;\" href=\"https:\/\/www.myvize.com.tr\/estonya\/vize-islemleri\/estonya-oturum-izni\/\" target=\"_blank\" rel=\"noopener\"> Estonya oturum izni<\/a><\/strong><\/span> ba\u015fvurusu yapacak olan ki\u015filer, oturum izni nedenini belgeler ile T\u00fcrk yetkililere kan\u0131tlamal\u0131d\u0131r.<\/span><\/p>\n<p><span style=\"font-family: Roboto; font-size: 14px;\"><strong>Estonya vatanda\u015flar\u0131<\/strong>, T\u00fcrkiye oturum izni ba\u015fvurular\u0131n\u0131 T\u00fcrkiye\u2019de bulunan valiliklere ya da Estonya\u2019da bulunan T\u00fcrk Konsoloslu\u011fu\u2019na ba\u015fvuruda bulunmal\u0131d\u0131r.<strong> T\u00fcrkiye oturum izni<\/strong> ba\u015fvurusu yapacak olan Estonya vatanda\u015flar\u0131n\u0131n T\u00fcrk Anayasas\u0131\u2019na uygun ya\u015fayaca\u011f\u0131n\u0131, T\u00fcrk sosyal ya\u015fam\u0131na uygun ya\u015fayaca\u011f\u0131n\u0131 kan\u0131tlamal\u0131 ve iyi derecede T\u00fcrk\u00e7e bilmesi gerekmektedir. <strong>T\u00fcrkiye oturum izni<\/strong> ba\u015fvurusunda bulunacak olan Estonya vatanda\u015flar\u0131n\u0131n gerekli olan <strong>T\u00fcrkiye oturum izni<\/strong> evraklar\u0131n\u0131 eksiksiz haz\u0131rlamas\u0131 gerekmektedir.<strong> Estonya vatanda\u015flar\u0131<\/strong> T\u00fcrkiye\u2019de bulundu\u011fu s\u00fcre i\u00e7erisinde, masraflar\u0131n\u0131 kar\u015f\u0131layabilece\u011fini kan\u0131tlamal\u0131d\u0131r.<\/span><\/p>\n<p><span style=\"font-family: Roboto; font-size: 14px;\">T\u00fcrkiye\u2019de yasal olarak \u00e7al\u0131\u015fmak isteyen Estonya vatanda\u015flar\u0131n\u0131n ise T\u00fcrkiye \u00e7al\u0131\u015fma izni almas\u0131 gerekmektedir. <strong>T\u00fcrkiye \u00e7al\u0131\u015fma izni<\/strong> alacak olan Estonya vatanda\u015flar\u0131n\u0131n ba\u015fvurular\u0131n\u0131 Estonya\u2019da bulunan T\u00fcrk temsilciliklerine yapmas\u0131 gerekmektedir. Bunun yan\u0131nda T\u00fcrkiye\u2019de i\u015fveren konumunda olan ki\u015finin, <strong>T\u00fcrkiye \u00c7al\u0131\u015fma ve Sosyal G\u00fcvenlik Bakanl\u0131\u011f\u0131<\/strong> ile ba\u015fvuruda bulunmal\u0131d\u0131r. T\u00fcrkiye \u00e7al\u0131\u015fma izni ba\u015fvurusunda bulunan Estonya vatanda\u015f\u0131n\u0131n ba\u015fvurular\u0131 90 g\u00fcn i\u00e7erisinde sonu\u00e7lanmaktad\u0131r. Ba\u015fvuruda bulunacak olan Estonya vatanda\u015flar\u0131n\u0131n \u00f6ncelikle T\u00fcrkiye\u2019de i\u015f bulmas\u0131 gerekmektedir.<\/span><\/p>\n","protected":false},"excerpt":{"rendered":"<p>Yabanc\u0131 \u00fclke vatanda\u015f\u0131 T\u00fcrkiye\u2019de k\u0131sa s\u00fcre oturum izni, aile oturum izni, \u00f6\u011frenci oturum izin, uzun s\u00fcreli oturum izin, insani oturum izin ve insan ticaret ma\u011fduru oturum izin alarak kalabilir. Ge\u00e7erli oturum izin sahibi Estonya vatanda\u015f\u0131 T\u00fcrkiye s\u0131n\u0131r kap\u0131s\u0131ndan vize almadan giri\u015f yap\u0131labilirler. Estonya vatanda\u015flar\u0131n\u0131n T\u00fcrkiye\u2019de sahip oldu\u011fu \u00e7al\u0131\u015fma izin ya da \u00e7al\u0131\u015fma izni muafiyeti belgesi,<\/p>\n","protected":false},"author":1,"featured_media":0,"parent":18,"menu_order":0,"comment_status":"open","ping_status":"closed","template":"","meta":{"footnotes":""},"class_list":["post-55","page","type-page","status-publish","hentry"],"yoast_head":"<!-- This site is optimized with the Yoast SEO plugin v24.0 - https:\/\/yoast.com\/wordpress\/plugins\/seo\/ -->\n<title>Estonya T\u00fcrkiye&#039; de Oturum ve \u00c7al\u0131\u015fma \u0130zni - MyVize<\/title>\n<meta name=\"description\" content=\"Estonya T\u00fcrkiye&#039; de oturum ve \u00e7al\u0131\u015fma izni vizesi i\u00e7in ofislerimizi ara. T\u00fcrkiye&#039;de oturum ve \u00e7al\u0131\u015fma vizesi gerekli evrak listesi g\u00fcnceldir.\" \/>\n<meta name=\"robots\" content=\"index, follow, max-snippet:-1, max-image-preview:large, max-video-preview:-1\" \/>\n<link rel=\"canonical\" href=\"https:\/\/www.myvize.com.tr\/estonya\/vize-islemleri\/turkiyede-oturum-ve-calisma-izni\/\" \/>\n<meta property=\"og:locale\" content=\"tr_TR\" \/>\n<meta property=\"og:type\" content=\"article\" \/>\n<meta property=\"og:title\" content=\"Estonya T\u00fcrkiye&#039; de Oturum ve \u00c7al\u0131\u015fma \u0130zni - MyVize\" \/>\n<meta property=\"og:description\" content=\"Estonya T\u00fcrkiye&#039; de oturum ve \u00e7al\u0131\u015fma izni vizesi i\u00e7in ofislerimizi ara. T\u00fcrkiye&#039;de oturum ve \u00e7al\u0131\u015fma vizesi gerekli evrak listesi g\u00fcnceldir.\" \/>\n<meta property=\"og:url\" content=\"https:\/\/www.myvize.com.tr\/estonya\/vize-islemleri\/turkiyede-oturum-ve-calisma-izni\/\" \/>\n<meta property=\"og:site_name\" content=\"Estonya Vizesi\" \/>\n<meta property=\"article:modified_time\" content=\"2022-04-07T11:10:57+00:00\" \/>\n<meta property=\"og:image\" content=\"https:\/\/www.myvize.com.tr\/estonya\/wp-content\/uploads\/2021\/10\/25.jpg\" \/>\n<meta name=\"twitter:card\" content=\"summary_large_image\" \/>\n<meta name=\"twitter:label1\" content=\"Tahmini okuma s\u00fcresi\" \/>\n\t<meta name=\"twitter:data1\" content=\"2 dakika\" \/>\n<script type=\"application\/ld+json\" class=\"yoast-schema-graph\">{\"@context\":\"https:\/\/schema.org\",\"@graph\":[{\"@type\":\"WebPage\",\"@id\":\"https:\/\/www.myvize.com.tr\/estonya\/vize-islemleri\/turkiyede-oturum-ve-calisma-izni\/\",\"url\":\"https:\/\/www.myvize.com.tr\/estonya\/vize-islemleri\/turkiyede-oturum-ve-calisma-izni\/\",\"name\":\"Estonya T\u00fcrkiye' de Oturum ve \u00c7al\u0131\u015fma \u0130zni - MyVize\",\"isPartOf\":{\"@id\":\"https:\/\/www.myvize.com.tr\/estonya\/#website\"},\"primaryImageOfPage\":{\"@id\":\"https:\/\/www.myvize.com.tr\/estonya\/vize-islemleri\/turkiyede-oturum-ve-calisma-izni\/#primaryimage\"},\"image\":{\"@id\":\"https:\/\/www.myvize.com.tr\/estonya\/vize-islemleri\/turkiyede-oturum-ve-calisma-izni\/#primaryimage\"},\"thumbnailUrl\":\"https:\/\/www.myvize.com.tr\/estonya\/wp-content\/uploads\/2021\/10\/25.jpg\",\"datePublished\":\"2020-11-30T09:50:43+00:00\",\"dateModified\":\"2022-04-07T11:10:57+00:00\",\"description\":\"Estonya T\u00fcrkiye' de oturum ve \u00e7al\u0131\u015fma izni vizesi i\u00e7in ofislerimizi ara. T\u00fcrkiye'de oturum ve \u00e7al\u0131\u015fma vizesi gerekli evrak listesi g\u00fcnceldir.\",\"breadcrumb\":{\"@id\":\"https:\/\/www.myvize.com.tr\/estonya\/vize-islemleri\/turkiyede-oturum-ve-calisma-izni\/#breadcrumb\"},\"inLanguage\":\"tr\",\"potentialAction\":[{\"@type\":\"ReadAction\",\"target\":[\"https:\/\/www.myvize.com.tr\/estonya\/vize-islemleri\/turkiyede-oturum-ve-calisma-izni\/\"]}]},{\"@type\":\"ImageObject\",\"inLanguage\":\"tr\",\"@id\":\"https:\/\/www.myvize.com.tr\/estonya\/vize-islemleri\/turkiyede-oturum-ve-calisma-izni\/#primaryimage\",\"url\":\"https:\/\/www.myvize.com.tr\/estonya\/wp-content\/uploads\/2021\/10\/25.jpg\",\"contentUrl\":\"https:\/\/www.myvize.com.tr\/estonya\/wp-content\/uploads\/2021\/10\/25.jpg\",\"width\":800,\"height\":500,\"caption\":\"Estonya T\u00fcrkiye'de Oturum ve \u00c7al\u0131\u015fma \u0130zni\"},{\"@type\":\"BreadcrumbList\",\"@id\":\"https:\/\/www.myvize.com.tr\/estonya\/vize-islemleri\/turkiyede-oturum-ve-calisma-izni\/#breadcrumb\",\"itemListElement\":[{\"@type\":\"ListItem\",\"position\":1,\"name\":\"Anasayfa\",\"item\":\"https:\/\/www.myvize.com.tr\/estonya\/\"},{\"@type\":\"ListItem\",\"position\":2,\"name\":\"V\u0130ZE \u0130\u015eLEMLER\u0130\",\"item\":\"https:\/\/www.myvize.com.tr\/estonya\/vize-islemleri\/\"},{\"@type\":\"ListItem\",\"position\":3,\"name\":\"T\u00fcrkiye&#8217;de Oturum ve \u00c7al\u0131\u015fma \u0130zni\"}]},{\"@type\":\"WebSite\",\"@id\":\"https:\/\/www.myvize.com.tr\/estonya\/#website\",\"url\":\"https:\/\/www.myvize.com.tr\/estonya\/\",\"name\":\"Estonya Vizesi\",\"description\":\"\",\"potentialAction\":[{\"@type\":\"SearchAction\",\"target\":{\"@type\":\"EntryPoint\",\"urlTemplate\":\"https:\/\/www.myvize.com.tr\/estonya\/?s={search_term_string}\"},\"query-input\":{\"@type\":\"PropertyValueSpecification\",\"valueRequired\":true,\"valueName\":\"search_term_string\"}}],\"inLanguage\":\"tr\"}]}<\/script>\n<!-- \/ Yoast SEO plugin. -->","yoast_head_json":{"title":"Estonya T\u00fcrkiye' de Oturum ve \u00c7al\u0131\u015fma \u0130zni - MyVize","description":"Estonya T\u00fcrkiye' de oturum ve \u00e7al\u0131\u015fma izni vizesi i\u00e7in ofislerimizi ara. T\u00fcrkiye'de oturum ve \u00e7al\u0131\u015fma vizesi gerekli evrak listesi g\u00fcnceldir.","robots":{"index":"index","follow":"follow","max-snippet":"max-snippet:-1","max-image-preview":"max-image-preview:large","max-video-preview":"max-video-preview:-1"},"canonical":"https:\/\/www.myvize.com.tr\/estonya\/vize-islemleri\/turkiyede-oturum-ve-calisma-izni\/","og_locale":"tr_TR","og_type":"article","og_title":"Estonya T\u00fcrkiye' de Oturum ve \u00c7al\u0131\u015fma \u0130zni - MyVize","og_description":"Estonya T\u00fcrkiye' de oturum ve \u00e7al\u0131\u015fma izni vizesi i\u00e7in ofislerimizi ara. T\u00fcrkiye'de oturum ve \u00e7al\u0131\u015fma vizesi gerekli evrak listesi g\u00fcnceldir.","og_url":"https:\/\/www.myvize.com.tr\/estonya\/vize-islemleri\/turkiyede-oturum-ve-calisma-izni\/","og_site_name":"Estonya Vizesi","article_modified_time":"2022-04-07T11:10:57+00:00","og_image":[{"url":"https:\/\/www.myvize.com.tr\/estonya\/wp-content\/uploads\/2021\/10\/25.jpg","type":"","width":"","height":""}],"twitter_card":"summary_large_image","twitter_misc":{"Tahmini okuma s\u00fcresi":"2 dakika"},"schema":{"@context":"https:\/\/schema.org","@graph":[{"@type":"WebPage","@id":"https:\/\/www.myvize.com.tr\/estonya\/vize-islemleri\/turkiyede-oturum-ve-calisma-izni\/","url":"https:\/\/www.myvize.com.tr\/estonya\/vize-islemleri\/turkiyede-oturum-ve-calisma-izni\/","name":"Estonya T\u00fcrkiye' de Oturum ve \u00c7al\u0131\u015fma \u0130zni - MyVize","isPartOf":{"@id":"https:\/\/www.myvize.com.tr\/estonya\/#website"},"primaryImageOfPage":{"@id":"https:\/\/www.myvize.com.tr\/estonya\/vize-islemleri\/turkiyede-oturum-ve-calisma-izni\/#primaryimage"},"image":{"@id":"https:\/\/www.myvize.com.tr\/estonya\/vize-islemleri\/turkiyede-oturum-ve-calisma-izni\/#primaryimage"},"thumbnailUrl":"https:\/\/www.myvize.com.tr\/estonya\/wp-content\/uploads\/2021\/10\/25.jpg","datePublished":"2020-11-30T09:50:43+00:00","dateModified":"2022-04-07T11:10:57+00:00","description":"Estonya T\u00fcrkiye' de oturum ve \u00e7al\u0131\u015fma izni vizesi i\u00e7in ofislerimizi ara. T\u00fcrkiye'de oturum ve \u00e7al\u0131\u015fma vizesi gerekli evrak listesi g\u00fcnceldir.","breadcrumb":{"@id":"https:\/\/www.myvize.com.tr\/estonya\/vize-islemleri\/turkiyede-oturum-ve-calisma-izni\/#breadcrumb"},"inLanguage":"tr","potentialAction":[{"@type":"ReadAction","target":["https:\/\/www.myvize.com.tr\/estonya\/vize-islemleri\/turkiyede-oturum-ve-calisma-izni\/"]}]},{"@type":"ImageObject","inLanguage":"tr","@id":"https:\/\/www.myvize.com.tr\/estonya\/vize-islemleri\/turkiyede-oturum-ve-calisma-izni\/#primaryimage","url":"https:\/\/www.myvize.com.tr\/estonya\/wp-content\/uploads\/2021\/10\/25.jpg","contentUrl":"https:\/\/www.myvize.com.tr\/estonya\/wp-content\/uploads\/2021\/10\/25.jpg","width":800,"height":500,"caption":"Estonya T\u00fcrkiye'de Oturum ve \u00c7al\u0131\u015fma \u0130zni"},{"@type":"BreadcrumbList","@id":"https:\/\/www.myvize.com.tr\/estonya\/vize-islemleri\/turkiyede-oturum-ve-calisma-izni\/#breadcrumb","itemListElement":[{"@type":"ListItem","position":1,"name":"Anasayfa","item":"https:\/\/www.myvize.com.tr\/estonya\/"},{"@type":"ListItem","position":2,"name":"V\u0130ZE \u0130\u015eLEMLER\u0130","item":"https:\/\/www.myvize.com.tr\/estonya\/vize-islemleri\/"},{"@type":"ListItem","position":3,"name":"T\u00fcrkiye&#8217;de Oturum ve \u00c7al\u0131\u015fma \u0130zni"}]},{"@type":"WebSite","@id":"https:\/\/www.myvize.com.tr\/estonya\/#website","url":"https:\/\/www.myvize.com.tr\/estonya\/","name":"Estonya Vizesi","description":"","potentialAction":[{"@type":"SearchAction","target":{"@type":"EntryPoint","urlTemplate":"https:\/\/www.myvize.com.tr\/estonya\/?s={search_term_string}"},"query-input":{"@type":"PropertyValueSpecification","valueRequired":true,"valueName":"search_term_string"}}],"inLanguage":"tr"}]}},"_links":{"self":[{"href":"https:\/\/www.myvize.com.tr\/estonya\/wp-json\/wp\/v2\/pages\/55","targetHints":{"allow":["GET"]}}],"collection":[{"href":"https:\/\/www.myvize.com.tr\/estonya\/wp-json\/wp\/v2\/pages"}],"about":[{"href":"https:\/\/www.myvize.com.tr\/estonya\/wp-json\/wp\/v2\/types\/page"}],"author":[{"embeddable":true,"href":"https:\/\/www.myvize.com.tr\/estonya\/wp-json\/wp\/v2\/users\/1"}],"replies":[{"embeddable":true,"href":"https:\/\/www.myvize.com.tr\/estonya\/wp-json\/wp\/v2\/comments?post=55"}],"version-history":[{"count":5,"href":"https:\/\/www.myvize.com.tr\/estonya\/wp-json\/wp\/v2\/pages\/55\/revisions"}],"predecessor-version":[{"id":739,"href":"https:\/\/www.myvize.com.tr\/estonya\/wp-json\/wp\/v2\/pages\/55\/revisions\/739"}],"up":[{"embeddable":true,"href":"https:\/\/www.myvize.com.tr\/estonya\/wp-json\/wp\/v2\/pages\/18"}],"wp:attachment":[{"href":"https:\/\/www.myvize.com.tr\/estonya\/wp-json\/wp\/v2\/media?parent=55"}],"curies":[{"name":"wp","href":"https:\/\/api.w.org\/{rel}","templated":true}]}}