{"id":82,"date":"2020-11-30T13:04:43","date_gmt":"2020-11-30T10:04:43","guid":{"rendered":"https:\/\/www.myvize.com.tr\/estonya\/?page_id=82"},"modified":"2022-04-07T14:30:16","modified_gmt":"2022-04-07T11:30:16","slug":"bursa-fahri-konsoloslugu","status":"publish","type":"page","link":"https:\/\/www.myvize.com.tr\/estonya\/konsolosluklar\/bursa-fahri-konsoloslugu\/","title":{"rendered":"Estonya Bursa Konsoloslu\u011fu"},"content":{"rendered":"<h2><strong><span style=\"font-family: Roboto; font-size: 27px;\">Estonya Bursa Konsoloslu\u011fu Hakk\u0131nda<\/span><\/strong><\/h2>\n<p><span style=\"font-family: Roboto; font-size: 14px;\">T\u00fcrkiye\u2019de bulunan Estonya temsilciliklerinden birisi Estonya Bursa Fahri Konsoloslu\u011fu\u2019dur. <strong>Estonya Bursa Fahri Konsoloslu\u011fu<\/strong>, Estonya d\u0131\u015fi\u015flerine ba\u011fl\u0131 olsa da diplomatik bir yetkisi yoktur.<\/span><\/p>\n<p><span style=\"font-family: Roboto; font-size: 14px;\">Bursa\u2019n\u0131n Estonya\u2019da bulunan Fahri Konsoloslu\u011fu, Bursa ve \u00e7evresindeki ticari ili\u015fkiler ile ilgilenmek i\u00e7in kurulmu\u015ftur. <span style=\"color: #2acec2;\"><strong><a style=\"color: #2acec2;\" href=\"https:\/\/www.myvize.com.tr\/estonya\/subelerimiz\/bursa\/\" target=\"_blank\" rel=\"noopener\">Bursa<\/a><\/strong><\/span> ve \u00e7evresinde Estonya vatanda\u015flar\u0131na, ticari i\u015flerinde destek olmaktad\u0131r. Ayr\u0131ca T\u00fcrkiye ve Estonya aras\u0131nda k\u00fclt\u00fcr al\u0131\u015fveri\u015fi yapmakta, Bursa ve \u00e7evresinde Estonya k\u00fclt\u00fcr\u00fcn\u00fc tan\u0131tmay\u0131 ama\u00e7lamaktad\u0131r.<\/span><\/p>\n<p><span style=\"font-family: Roboto; font-size: 14px;\">T\u00fcrkiye\u2019de bulunan <strong>Estonya Bursa Fahri Konsoloslu\u011fu<\/strong>, Estonya\u2019ya seyahat edecek olanlara vize hizmeti vermemektedir. Ayr\u0131ca Estonya vatanda\u015flar\u0131na, bir tak\u0131m konsolosluk hizmetleri d\u0131\u015f\u0131nda hizmet vermemektedir. <strong>Estonya Bursa Fahri Konsoloslu\u011fu<\/strong>, Estonya vatanda\u015flar\u0131na belge tasdiki yapmakta ve ya\u015fam belgesi d\u00fczenlemektedir.<\/span><\/p>\n<h3><span style=\"font-family: Roboto; font-size: 20px;\"><strong>Estonya Bursa Konsoloslu\u011fu \u00c7al\u0131\u015fma Saatleri<\/strong><\/span><\/h3>\n<p><span style=\"font-family: Roboto; font-size: 14px;\"><strong>Estonya Fahri Konsoloslu\u011fu<\/strong>, T\u00fcrkiye ve Estonya resmi tatillerinde \u00e7al\u0131\u015fmamaktad\u0131r. Estonya\u2019n\u0131n Bursa\u2019da bulunan temsilcili\u011fi saat 08.30 ile 12.30 aras\u0131nda ve 13.30 ile 17.30 aras\u0131nda \u00e7al\u0131\u015fmaktad\u0131r. Tatil g\u00fcnlerinde acil durumlar hari\u00e7 hizmet verilmemektedir.<\/span><\/p>\n<h3><span style=\"font-family: Roboto; font-size: 20px;\"><strong>Estonya Bursa Konsoloslu\u011fu Adresi<\/strong><\/span><\/h3>\n<p><span style=\"font-family: Roboto; font-size: 14px;\">Adres: Minareli\u00e7avu\u015f Mahallesi, Sedir Caddesi, No: 20, PK: 16140 Nil\u00fcfer\/Bursa<\/span><\/p>\n","protected":false},"excerpt":{"rendered":"<p>Estonya Bursa Konsoloslu\u011fu Hakk\u0131nda T\u00fcrkiye\u2019de bulunan Estonya temsilciliklerinden birisi Estonya Bursa Fahri Konsoloslu\u011fu\u2019dur. Estonya Bursa Fahri Konsoloslu\u011fu, Estonya d\u0131\u015fi\u015flerine ba\u011fl\u0131 olsa da diplomatik bir yetkisi yoktur. Bursa\u2019n\u0131n Estonya\u2019da bulunan Fahri Konsoloslu\u011fu, Bursa ve \u00e7evresindeki ticari ili\u015fkiler ile ilgilenmek i\u00e7in kurulmu\u015ftur. Bursa ve \u00e7evresinde Estonya vatanda\u015flar\u0131na, ticari i\u015flerinde destek olmaktad\u0131r. Ayr\u0131ca T\u00fcrkiye ve Estonya aras\u0131nda k\u00fclt\u00fcr<\/p>\n","protected":false},"author":1,"featured_media":0,"parent":69,"menu_order":0,"comment_status":"open","ping_status":"closed","template":"","meta":{"footnotes":""},"class_list":["post-82","page","type-page","status-publish","hentry"],"yoast_head":"<!-- This site is optimized with the Yoast SEO plugin v24.0 - https:\/\/yoast.com\/wordpress\/plugins\/seo\/ -->\n<title>Estonya Bursa Fahri Konsoloslu\u011fu - MyVize<\/title>\n<meta name=\"description\" content=\"Estonya Bursa Fahri Konsoloslu\u011fu \u00e7al\u0131\u015fma saatleri. Estonya Bursa Fahri Konsoloslu\u011fu ula\u015f\u0131m, ileti\u015fim bilgileri ve faaliyet alan\u0131.\" \/>\n<meta name=\"robots\" content=\"index, follow, max-snippet:-1, max-image-preview:large, max-video-preview:-1\" \/>\n<link rel=\"canonical\" href=\"https:\/\/www.myvize.com.tr\/estonya\/konsolosluklar\/bursa-fahri-konsoloslugu\/\" \/>\n<meta property=\"og:locale\" content=\"tr_TR\" \/>\n<meta property=\"og:type\" content=\"article\" \/>\n<meta property=\"og:title\" content=\"Estonya Bursa Fahri Konsoloslu\u011fu - MyVize\" \/>\n<meta property=\"og:description\" content=\"Estonya Bursa Fahri Konsoloslu\u011fu \u00e7al\u0131\u015fma saatleri. Estonya Bursa Fahri Konsoloslu\u011fu ula\u015f\u0131m, ileti\u015fim bilgileri ve faaliyet alan\u0131.\" \/>\n<meta property=\"og:url\" content=\"https:\/\/www.myvize.com.tr\/estonya\/konsolosluklar\/bursa-fahri-konsoloslugu\/\" \/>\n<meta property=\"og:site_name\" content=\"Estonya Vizesi\" \/>\n<meta property=\"article:modified_time\" content=\"2022-04-07T11:30:16+00:00\" \/>\n<meta name=\"twitter:card\" content=\"summary_large_image\" \/>\n<meta name=\"twitter:label1\" content=\"Tahmini okuma s\u00fcresi\" \/>\n\t<meta name=\"twitter:data1\" content=\"1 dakika\" \/>\n<script type=\"application\/ld+json\" class=\"yoast-schema-graph\">{\"@context\":\"https:\/\/schema.org\",\"@graph\":[{\"@type\":\"WebPage\",\"@id\":\"https:\/\/www.myvize.com.tr\/estonya\/konsolosluklar\/bursa-fahri-konsoloslugu\/\",\"url\":\"https:\/\/www.myvize.com.tr\/estonya\/konsolosluklar\/bursa-fahri-konsoloslugu\/\",\"name\":\"Estonya Bursa Fahri Konsoloslu\u011fu - MyVize\",\"isPartOf\":{\"@id\":\"https:\/\/www.myvize.com.tr\/estonya\/#website\"},\"datePublished\":\"2020-11-30T10:04:43+00:00\",\"dateModified\":\"2022-04-07T11:30:16+00:00\",\"description\":\"Estonya Bursa Fahri Konsoloslu\u011fu \u00e7al\u0131\u015fma saatleri. Estonya Bursa Fahri Konsoloslu\u011fu ula\u015f\u0131m, ileti\u015fim bilgileri ve faaliyet alan\u0131.\",\"breadcrumb\":{\"@id\":\"https:\/\/www.myvize.com.tr\/estonya\/konsolosluklar\/bursa-fahri-konsoloslugu\/#breadcrumb\"},\"inLanguage\":\"tr\",\"potentialAction\":[{\"@type\":\"ReadAction\",\"target\":[\"https:\/\/www.myvize.com.tr\/estonya\/konsolosluklar\/bursa-fahri-konsoloslugu\/\"]}]},{\"@type\":\"BreadcrumbList\",\"@id\":\"https:\/\/www.myvize.com.tr\/estonya\/konsolosluklar\/bursa-fahri-konsoloslugu\/#breadcrumb\",\"itemListElement\":[{\"@type\":\"ListItem\",\"position\":1,\"name\":\"Anasayfa\",\"item\":\"https:\/\/www.myvize.com.tr\/estonya\/\"},{\"@type\":\"ListItem\",\"position\":2,\"name\":\"KONSOLOSLUKLAR\",\"item\":\"https:\/\/www.myvize.com.tr\/estonya\/konsolosluklar\/\"},{\"@type\":\"ListItem\",\"position\":3,\"name\":\"Estonya Bursa Konsoloslu\u011fu\"}]},{\"@type\":\"WebSite\",\"@id\":\"https:\/\/www.myvize.com.tr\/estonya\/#website\",\"url\":\"https:\/\/www.myvize.com.tr\/estonya\/\",\"name\":\"Estonya Vizesi\",\"description\":\"\",\"potentialAction\":[{\"@type\":\"SearchAction\",\"target\":{\"@type\":\"EntryPoint\",\"urlTemplate\":\"https:\/\/www.myvize.com.tr\/estonya\/?s={search_term_string}\"},\"query-input\":{\"@type\":\"PropertyValueSpecification\",\"valueRequired\":true,\"valueName\":\"search_term_string\"}}],\"inLanguage\":\"tr\"}]}<\/script>\n<!-- \/ Yoast SEO plugin. -->","yoast_head_json":{"title":"Estonya Bursa Fahri Konsoloslu\u011fu - MyVize","description":"Estonya Bursa Fahri Konsoloslu\u011fu \u00e7al\u0131\u015fma saatleri. Estonya Bursa Fahri Konsoloslu\u011fu ula\u015f\u0131m, ileti\u015fim bilgileri ve faaliyet alan\u0131.","robots":{"index":"index","follow":"follow","max-snippet":"max-snippet:-1","max-image-preview":"max-image-preview:large","max-video-preview":"max-video-preview:-1"},"canonical":"https:\/\/www.myvize.com.tr\/estonya\/konsolosluklar\/bursa-fahri-konsoloslugu\/","og_locale":"tr_TR","og_type":"article","og_title":"Estonya Bursa Fahri Konsoloslu\u011fu - MyVize","og_description":"Estonya Bursa Fahri Konsoloslu\u011fu \u00e7al\u0131\u015fma saatleri. Estonya Bursa Fahri Konsoloslu\u011fu ula\u015f\u0131m, ileti\u015fim bilgileri ve faaliyet alan\u0131.","og_url":"https:\/\/www.myvize.com.tr\/estonya\/konsolosluklar\/bursa-fahri-konsoloslugu\/","og_site_name":"Estonya Vizesi","article_modified_time":"2022-04-07T11:30:16+00:00","twitter_card":"summary_large_image","twitter_misc":{"Tahmini okuma s\u00fcresi":"1 dakika"},"schema":{"@context":"https:\/\/schema.org","@graph":[{"@type":"WebPage","@id":"https:\/\/www.myvize.com.tr\/estonya\/konsolosluklar\/bursa-fahri-konsoloslugu\/","url":"https:\/\/www.myvize.com.tr\/estonya\/konsolosluklar\/bursa-fahri-konsoloslugu\/","name":"Estonya Bursa Fahri Konsoloslu\u011fu - MyVize","isPartOf":{"@id":"https:\/\/www.myvize.com.tr\/estonya\/#website"},"datePublished":"2020-11-30T10:04:43+00:00","dateModified":"2022-04-07T11:30:16+00:00","description":"Estonya Bursa Fahri Konsoloslu\u011fu \u00e7al\u0131\u015fma saatleri. Estonya Bursa Fahri Konsoloslu\u011fu ula\u015f\u0131m, ileti\u015fim bilgileri ve faaliyet alan\u0131.","breadcrumb":{"@id":"https:\/\/www.myvize.com.tr\/estonya\/konsolosluklar\/bursa-fahri-konsoloslugu\/#breadcrumb"},"inLanguage":"tr","potentialAction":[{"@type":"ReadAction","target":["https:\/\/www.myvize.com.tr\/estonya\/konsolosluklar\/bursa-fahri-konsoloslugu\/"]}]},{"@type":"BreadcrumbList","@id":"https:\/\/www.myvize.com.tr\/estonya\/konsolosluklar\/bursa-fahri-konsoloslugu\/#breadcrumb","itemListElement":[{"@type":"ListItem","position":1,"name":"Anasayfa","item":"https:\/\/www.myvize.com.tr\/estonya\/"},{"@type":"ListItem","position":2,"name":"KONSOLOSLUKLAR","item":"https:\/\/www.myvize.com.tr\/estonya\/konsolosluklar\/"},{"@type":"ListItem","position":3,"name":"Estonya Bursa Konsoloslu\u011fu"}]},{"@type":"WebSite","@id":"https:\/\/www.myvize.com.tr\/estonya\/#website","url":"https:\/\/www.myvize.com.tr\/estonya\/","name":"Estonya Vizesi","description":"","potentialAction":[{"@type":"SearchAction","target":{"@type":"EntryPoint","urlTemplate":"https:\/\/www.myvize.com.tr\/estonya\/?s={search_term_string}"},"query-input":{"@type":"PropertyValueSpecification","valueRequired":true,"valueName":"search_term_string"}}],"inLanguage":"tr"}]}},"_links":{"self":[{"href":"https:\/\/www.myvize.com.tr\/estonya\/wp-json\/wp\/v2\/pages\/82","targetHints":{"allow":["GET"]}}],"collection":[{"href":"https:\/\/www.myvize.com.tr\/estonya\/wp-json\/wp\/v2\/pages"}],"about":[{"href":"https:\/\/www.myvize.com.tr\/estonya\/wp-json\/wp\/v2\/types\/page"}],"author":[{"embeddable":true,"href":"https:\/\/www.myvize.com.tr\/estonya\/wp-json\/wp\/v2\/users\/1"}],"replies":[{"embeddable":true,"href":"https:\/\/www.myvize.com.tr\/estonya\/wp-json\/wp\/v2\/comments?post=82"}],"version-history":[{"count":5,"href":"https:\/\/www.myvize.com.tr\/estonya\/wp-json\/wp\/v2\/pages\/82\/revisions"}],"predecessor-version":[{"id":757,"href":"https:\/\/www.myvize.com.tr\/estonya\/wp-json\/wp\/v2\/pages\/82\/revisions\/757"}],"up":[{"embeddable":true,"href":"https:\/\/www.myvize.com.tr\/estonya\/wp-json\/wp\/v2\/pages\/69"}],"wp:attachment":[{"href":"https:\/\/www.myvize.com.tr\/estonya\/wp-json\/wp\/v2\/media?parent=82"}],"curies":[{"name":"wp","href":"https:\/\/api.w.org\/{rel}","templated":true}]}}