{"id":195,"date":"2020-12-23T14:53:59","date_gmt":"2020-12-23T11:53:59","guid":{"rendered":"https:\/\/www.myvize.com.tr\/fransa\/?page_id=195"},"modified":"2022-10-03T12:34:51","modified_gmt":"2022-10-03T09:34:51","slug":"fransa-vizesi-fotograf-olculeri","status":"publish","type":"page","link":"https:\/\/www.myvize.com.tr\/fransa\/form-ve-dilekce\/fransa-vizesi-fotograf-olculeri\/","title":{"rendered":"Fransa Vizesi Foto\u011fraf \u00d6l\u00e7\u00fcleri"},"content":{"rendered":"<p><span style=\"font-family: Roboto; font-size: 14px;\"><strong>Fransa Vize Foto\u011fraf \u00d6l\u00e7\u00fcs\u00fc nas\u0131l olmal\u0131d\u0131r?<\/strong> Fransa&#8217;ya seyahat etmek i\u00e7in, Avrupa Birli\u011fi \u00fcyesi olmayan \u00fclkelerin vatanda\u015flar\u0131 \u00f6ncelikle Fransa Cumhuriyeti b\u00fcy\u00fckel\u00e7ili\u011fine vize ba\u015fvurusunda bulunmal\u0131d\u0131r. Vize almak i\u00e7in, \u00f6zel gereksinimlerin uyguland\u0131\u011f\u0131 standart belgeler ve 2 foto\u011fraf sunulur.<\/span><\/p>\n<p><span style=\"font-family: Roboto; font-size: 14px;\"><span style=\"color: #2acec2;\"><strong><a style=\"color: #2acec2;\" href=\"https:\/\/www.myvize.com.tr\/fransa\/vize-islemleri\/fransa-vizesi\/\" target=\"_blank\" rel=\"noopener\">Fransa vizesi<\/a><\/strong><\/span> i\u00e7in bir foto\u011fraf a\u015fa\u011f\u0131daki gereksinimleri kar\u015f\u0131lamal\u0131d\u0131r:<\/span><\/p>\n<ul>\n<li><span style=\"font-family: Roboto; font-size: 14px;\">Fransa vizesi i\u00e7in 2 foto\u011fraf gereklidir.<\/span><\/li>\n<li><span style=\"font-family: Roboto; font-size: 14px;\">Fransa vizesi i\u00e7in foto\u011fraf RENKL\u0130, foto\u011fraf\u0131n arka plan\u0131 GR\u0130 olmal\u0131d\u0131r. \u00c7ok a\u00e7\u0131k (beyaz) veya koyu (mavi) bir arka plan hi\u00e7bir \u015fekilde kabul edilmemektedir.<\/span><\/li>\n<li><span style=\"font-family: Roboto; font-size: 14px;\">Foto\u011fraf boyutu<strong> 35 mm x 45 mm<\/strong> olmal\u0131d\u0131r. Ba\u015f boyutu (Al\u0131ndan \u00e7eneye kadar) 32 mm ile 36 mm aras\u0131nda olmal\u0131d\u0131r.<\/span><\/li>\n<li><span style=\"font-family: Roboto; font-size: 14px;\">Y\u00fcz g\u00f6r\u00fcnt\u00fcs\u00fc, t\u00fcm foto\u011fraf\u0131n yakla\u015f\u0131k<strong> %70-80&#8217;ini<\/strong> kapsamal\u0131d\u0131r.<\/span><\/li>\n<li><span style=\"font-family: Roboto; font-size: 14px;\">Foto\u011fraf tam \u00f6nden g\u00f6r\u00fcn\u00fcm\u00fc g\u00f6stermeli, ba\u015fvuru sahibinin bak\u0131\u015flar\u0131 do\u011frudan kameraya \u00e7evrilmelidir.<\/span><\/li>\n<li><span style=\"font-family: Roboto; font-size: 14px;\">Genel olarak, y\u00fcz ve sa\u00e7 d\u00e2hil olmak \u00fczere ba\u015fvuran\u0131n g\u00f6r\u00fcnt\u00fcs\u00fc, tepeden \u00e7eneye yukar\u0131dan a\u015fa\u011f\u0131ya ve sa\u00e7 \u00e7izgisi boyunca yanlara do\u011fru g\u00f6sterilmelidir.<\/span><\/li>\n<li><span style=\"font-family: Roboto; font-size: 14px;\">Kulaklar\u0131n a\u00e7\u0131k olmas\u0131 tercih edilir.<\/span><\/li>\n<li><span style=\"font-family: Roboto; font-size: 14px;\">T\u0131bbi olarak belirtilmedik\u00e7e (g\u00f6z band\u0131 gibi) g\u00fcne\u015f g\u00f6zl\u00fckleri veya di\u011fer dikkat da\u011f\u0131t\u0131c\u0131 tak\u0131lar \u00e7\u0131kar\u0131lmal\u0131d\u0131r.<\/span><\/li>\n<li><span style=\"font-family: Roboto; font-size: 14px;\">Maske veya ulusal ba\u015f\u00f6rt\u00fcs\u00fc takan bir ki\u015finin kimli\u011finin do\u011fru tespit edilmesini engelleyen g\u00f6r\u00fcnt\u00fclerine izin verilmez.<\/span><\/li>\n<\/ul>\n<p><span style=\"font-family: Roboto; font-size: 14px;\"><strong>Fransa&#8217;ya vize<\/strong> i\u00e7in foto\u011fraf \u00e7eken \u00e7\u0131k\u0131\u015f yapan ki\u015fiye de belirli \u015fartlar uygulan\u0131r: G\u00f6zl\u00fcklerin varl\u0131\u011f\u0131 sadece t\u0131bbi endikasyonlarla gerek\u00e7elendirilmelidir, herhangi bir ba\u015fl\u0131k olmamal\u0131d\u0131r (din taraf\u0131ndan \u00f6ng\u00f6r\u00fcld\u00fc\u011f\u00fc durumlar hari\u00e7), dekoratif y\u00fcz b\u00f6lgelerinin herhangi bir b\u00f6l\u00fcm\u00fcn\u00fc g\u00f6lgeleyen veya gizleyen ayr\u0131nt\u0131lar. Sa\u00e7 toplanmal\u0131d\u0131r.<\/span><\/p>\n<h2><strong><span style=\"font-family: Roboto; font-size: 27px;\">Fransa Vize Foto\u011fraf \u00d6l\u00e7\u00fcs\u00fc 2022<\/span><\/strong><\/h2>\n<p><span style=\"font-family: Roboto; font-size: 14px;\"><strong>Fransa vize foto\u011fraf \u00f6l\u00e7\u00fcleri 2022<\/strong>, foto\u011fraf \u00f6l\u00e7\u00fcleri son d\u00fczenlemeyle \u015fu \u015fekilde olmu\u015ftur. Fransa vizesi i\u00e7in \u00e7ekilecek foto\u011fraflar, en fazla 6 ay \u00f6nceden \u00e7ekilmi\u015f olmas\u0131 ve 2 adet biyometrik olmas\u0131 gerekir.<\/span><\/p>\n<ul>\n<li><span style=\"font-family: Roboto; font-size: 14px;\">Evraklar ile teslimi yap\u0131lacak 2 adet biyometrik foto\u011fraf\u0131n ayn\u0131 olmas\u0131 gerekir.<\/span><\/li>\n<li><span style=\"font-family: Roboto; font-size: 14px;\">Fransa vizesi i\u00e7in \u00e7ekilecek foto\u011fraf boyutu 35 mm geni\u015flikte ve 45 mm y\u00fckseklikte olmas\u0131 zorunludur.<\/span><\/li>\n<li><span style=\"font-family: Roboto; font-size: 14px;\">Foto\u011fraf\u0131 \u00e7ekilecek ki\u015finin, y\u00fcz\u00fc foto\u011fraf makinesine d\u00f6n\u00fck olmas\u0131 zorunludur.<\/span><\/li>\n<li><span style=\"font-family: Roboto; font-size: 14px;\">\u00c7ekimi yap\u0131lacak foto\u011fraf ba\u015f\u0131n \u00fcst k\u0131sm\u0131ndan \u00e7enenin alt k\u0131sm\u0131n\u0131 da alacak \u015fekilde olmas\u0131 gerekir.<\/span><\/li>\n<li><span style=\"font-family: Roboto; font-size: 14px;\">Fransa vizesi i\u00e7in \u00e7ekilecek foto\u011fraf\u0131n, y\u00fcz k\u0131sm\u0131nda mimik olmamas\u0131na dikkat edilmeli ve a\u011f\u0131z kapal\u0131 tutulmal\u0131d\u0131r.<\/span><\/li>\n<li><span style=\"font-family: Roboto; font-size: 14px;\">Foto\u011fraf \u00e7ekimi esnas\u0131nda dini nedenler d\u0131\u015f\u0131nda, ba\u015f \u00e7evresi aksesuar ama\u00e7l\u0131 \u015feylerle kapal\u0131 olmayacak.<\/span><\/li>\n<li><span style=\"font-family: Roboto; font-size: 14px;\">\u00c7ekimi yap\u0131lan foto\u011fraf, beyaz zemin \u00fczerinde renkli olmas\u0131 gerekir.<\/span><\/li>\n<li><span style=\"font-family: Roboto; font-size: 14px;\">Foto\u011fraf \u00e7ektiren ki\u015fi g\u00f6zl\u00fck kullan\u0131yorsa, g\u00f6zl\u00fc\u011f\u00fcn camlar\u0131 \u015feffaf olmal\u0131. G\u00f6zl\u00fck cam\u0131 yans\u0131ma yapmamal\u0131d\u0131r. Kullan\u0131lan g\u00f6zl\u00fck y\u00fcz\u00fc kapatmayacak \u015fekilde olmal\u0131. G\u00f6zl\u00fc\u011f\u00fcn \u00e7evresi ince olmas\u0131 gerekir.<\/span><\/li>\n<\/ul>\n<p><span style=\"font-family: Roboto; font-size: 14px;\">Fransa vizesi i\u00e7in \u00e7ekilecek foto\u011fraf\u0131n boyutlar\u0131nda yap\u0131lacak en k\u00fc\u00e7\u00fck hata konsolosluk taraf\u0131ndan kabul edilmemektedir.<\/span><\/p>\n<h2><strong><span style=\"font-family: Roboto; font-size: 27px;\">Fransa Konsoloslu\u011fu Vize Foto\u011fraf Gereksinimleri<\/span><\/strong><\/h2>\n<p><span style=\"font-family: Roboto; font-size: 14px;\"><strong>Fransa konsoloslu\u011fu vize foto\u011fraf gereksinimleri<\/strong>, Fransa\u2019ya seyahat edecek T\u00fcrk vatanda\u015flar\u0131 <strong>Fransa vizesi almalar\u0131<\/strong> zorunlu olmu\u015ftur. Fransa vizesi ba\u015fvurusunda gerekli olacak evraklar i\u00e7inde yer alan foto\u011fraf \u00e7ok \u00f6nem arz etmektedir. Fransa vize standartlar\u0131na uygun \u00f6l\u00e7\u00fcde biyometrik foto\u011fraf olmas\u0131 gerekir.<\/span><\/p>\n<p><span style=\"font-family: Roboto; font-size: 14px;\">Foto\u011fraf\u0131n \u00f6l\u00e7\u00fcleri b\u00fct\u00fcn vize ba\u015fvurular\u0131ndaki \u00f6l\u00e7\u00fcler olmaktad\u0131r. Fransa vizesi i\u00e7in \u00e7ektirilecek foto\u011frafta en k\u00fc\u00e7\u00fck bir hata vize ba\u015fvurusunun iptal olmas\u0131na neden olur. Fransa vize ba\u015fvurusunda belirtilmi\u015f \u00f6l\u00e7\u00fclere uyulmas\u0131 gerekir. Fransa vize ba\u015fvurusunda gerekli ve zorunlu olan foto\u011fraf 2 adet biyometrik foto\u011fraf olmas\u0131 zorunludur. Foto\u011fraf en az 6 ay \u00f6nce \u00e7ekilmi\u015f olmas\u0131 gerekir. Fransa biyometrik foto\u011fraf \u00f6l\u00e7\u00fcleri Schengen vizesi foto\u011fraf \u00f6l\u00e7\u00fcleri ayn\u0131d\u0131r.<\/span><\/p>\n<p><span style=\"font-family: Roboto; font-size: 14px;\">Fransa vizesi i\u00e7in gerekli olan foto\u011fraf\u0131n \u00f6l\u00e7\u00fcs\u00fc 35- 45 mm geni\u015fli\u011finde olmal\u0131. Eski ve y\u0131pranm\u0131\u015f foto\u011fraflar kabul edilmez. Fransa vizesi i\u00e7in foto\u011fraf \u00e7ektiren ki\u015fi g\u00f6zl\u00fck kullan\u0131yorsa, kulland\u0131\u011f\u0131 g\u00f6zl\u00fc\u011f\u00fcn camlar\u0131 renkli de\u011fi\u015f \u015feffaf olmas\u0131 gerekir. Fransa vize ba\u015fvurusunda bulunacak ki\u015fi foto\u011fraf \u00f6l\u00e7\u00fclerine dikkat ederek biyometrik foto\u011fraf \u00e7ektirmesi zorunludur.<\/span><\/p>\n<h2><strong><span style=\"font-family: Roboto; font-size: 27px;\">Fransa Biyometrik Foto\u011fraf \u00d6l\u00e7\u00fcleri<\/span><\/strong><\/h2>\n<p><span style=\"font-family: Roboto; font-size: 14px;\"><strong>Fransa biyometrik foto\u011fraf \u00f6l\u00e7\u00fcleri<\/strong>, Fransa vize ba\u015fvurusunda \u00e7ok \u00f6nemlidir. \u00c7ok k\u00fc\u00e7\u00fck bir hata yap\u0131lmas\u0131 durumunda vize ba\u015fvurusu red olur. Fransa vize ba\u015fvurular\u0131nda belirtilen standartlara uygun biyometrik foto\u011fraf\u0131n olmas\u0131 zorunludur.<\/span><\/p>\n<ul>\n<li><span style=\"font-family: Roboto; font-size: 14px;\">Fransa vizesi i\u00e7in \u00e7ekilen foto\u011fraf 6 aydan eski olmayacak.<\/span><\/li>\n<li><span style=\"font-family: Roboto; font-size: 14px;\">Foto\u011fraf renkli olmas\u0131 gerekir.<\/span><\/li>\n<li><span style=\"font-family: Roboto; font-size: 14px;\">Y\u00fckseklik 45 mm geni\u015flik ise 35 mm olmas\u0131 zorunludur. Foto\u011fraf \u00e7ekimi s\u0131ras\u0131nda ki\u015fi objektife bakmas\u0131 gerekir.<\/span><\/li>\n<li><span style=\"font-family: Roboto; font-size: 14px;\">\u00c7ekilen foto\u011frafta y\u00fcz k\u0131sm\u0131 d\u00fcz olmas\u0131 gerekir.<\/span><\/li>\n<li><span style=\"font-family: Roboto; font-size: 14px;\">A\u011f\u0131z k\u0131sm\u0131 kapal\u0131, di\u015fler g\u00f6r\u00fclmeyecek \u015fekilde olmas\u0131 gerekir.<\/span><\/li>\n<li><span style=\"font-family: Roboto; font-size: 14px;\">\u00c7ekilecek foto\u011fraf\u0131n arka fonu beyaz renkte olmas\u0131 zorunludur.<\/span><\/li>\n<li><span style=\"font-family: Roboto; font-size: 14px;\">Foto\u011frafta g\u00fcne\u015f g\u00f6zl\u00fc\u011f\u00fc asla olmamal\u0131.<\/span><\/li>\n<li><span style=\"font-family: Roboto; font-size: 14px;\">Foto\u011fraf\u0131 \u00e7ektiren ki\u015finin ba\u015f\u0131 a\u00e7\u0131k olmal\u0131. Burada dikkat edilecek nokta dini nedenlerle kapal\u0131 olma durumu hari\u00e7.<\/span><\/li>\n<li><span style=\"font-family: Roboto; font-size: 14px;\">Foto\u011fraf \u00e7ektiren ki\u015fi g\u00f6zl\u00fck kullan\u0131yorsa g\u00f6zl\u00fc\u011f\u00fcn camlar\u0131 renkli de\u011fi\u015f \u015feffaf olmas\u0131 gerekir.<\/span><\/li>\n<li><span style=\"font-family: Roboto; font-size: 14px;\">Y\u00fcz k\u0131sm\u0131nda mimik hareketler olmamal\u0131.<\/span><\/li>\n<\/ul>\n<p><span style=\"font-family: Roboto; font-size: 14px;\">Fransa vizesi i\u00e7in gerekli olan 2adet foto\u011fraf biyometrik olmas\u0131 gerekir. Foto\u011fraf \u00f6l\u00e7\u00fclerinde yap\u0131lacak k\u00fc\u00e7\u00fck bir yanl\u0131\u015fl\u0131k Fransa vize ba\u015fvurusunun iptaline neden olur. Vize ba\u015fvurular\u0131nda belirtilen foto\u011fraf standartlar\u0131na uyulmas\u0131 gerekir.<\/span><\/p>\n<h3><span style=\"font-size: 24px;\"><strong><span style=\"font-family: Roboto;\">\u00c7ocuklar ve Bebekler \u0130\u00e7in Fransa Vize Foto\u011fraf \u00d6l\u00e7\u00fcs\u00fc<\/span><\/strong><\/span><\/h3>\n<p><span style=\"font-family: Roboto; font-size: 14px;\">Re\u015fit olmayanlar da vize a\u00e7mak i\u00e7in foto\u011fraflara ihtiya\u00e7 duyar ve \u00e7ocuklar geli\u015ftik\u00e7e h\u0131zla de\u011fi\u015fir. Bu nedenle, \u00e7ocu\u011fun vize i\u00e7in foto\u011fraf\u0131n\u0131n m\u00fcmk\u00fcn oldu\u011funca yeni oldu\u011fundan emin olmak \u00f6nemlidir. Evrak dosyas\u0131n\u0131 vermeden hemen \u00f6nce \u00e7ekmek daha iyidir. Foto\u011fraftaki \u00e7ocuk, arka planda bir yeti\u015fkin olmadan yaln\u0131zca tek ba\u015f\u0131na tasvir edilmelidir.<\/span><\/p>\n<p><span style=\"font-family: Roboto; font-size: 14px;\">G\u00f6rd\u00fc\u011f\u00fcn\u00fcz gibi, <strong>Fransa&#8217;ya vize<\/strong> i\u00e7in bir foto\u011fraf\u0131n birtak\u0131m standartlar\u0131 kar\u015f\u0131lamas\u0131 gerekiyor. Bazen vizenin reddedilmesinin ve t\u00fcm planlar\u0131n \u00e7\u00f6kmesinin nedeni olan yanl\u0131\u015f \u00e7ekilmi\u015f bir foto\u011fraft\u0131r. Bu nedenle, bu konuyu ciddiye almak \u00e7ok \u00f6nemlidir.<\/span><\/p>\n<h3><span style=\"font-size: 24px;\"><strong><span style=\"font-family: Roboto;\">S\u0131k\u00e7a Rastlanan Fransa Vize Foto\u011fraf\u0131 Hatalar\u0131<\/span><\/strong><\/span><\/h3>\n<p><span style=\"font-family: Roboto; font-size: 14px;\">Genellikle en yayg\u0131n hatalar \u015funlard\u0131r:<\/span><\/p>\n<ul>\n<li><span style=\"font-family: Roboto; font-size: 14px;\">Yanl\u0131\u015f boyut.<\/span><\/li>\n<li><span style=\"font-family: Roboto; font-size: 14px;\">Yanl\u0131\u015f arka plan.<\/span><\/li>\n<li><span style=\"font-family: Roboto; font-size: 14px;\">Yanl\u0131\u015f renk kontrast\u0131.<\/span><\/li>\n<li><span style=\"font-family: Roboto; font-size: 14px;\">Yanl\u0131\u015f y\u00fcz \u00f6l\u00e7ekleme.<\/span><\/li>\n<\/ul>\n<p><span style=\"font-family: Roboto; font-size: 14px;\"><img decoding=\"async\" src=\"https:\/\/www.myvize.com.tr\/fransa\/wp-content\/uploads\/2021\/09\/84.jpg\" \/><\/span><\/p>\n","protected":false},"excerpt":{"rendered":"<p>Fransa Vize Foto\u011fraf \u00d6l\u00e7\u00fcs\u00fc nas\u0131l olmal\u0131d\u0131r? Fransa&#8217;ya seyahat etmek i\u00e7in, Avrupa Birli\u011fi \u00fcyesi olmayan \u00fclkelerin vatanda\u015flar\u0131 \u00f6ncelikle Fransa Cumhuriyeti b\u00fcy\u00fckel\u00e7ili\u011fine vize ba\u015fvurusunda bulunmal\u0131d\u0131r. Vize almak i\u00e7in, \u00f6zel gereksinimlerin uyguland\u0131\u011f\u0131 standart belgeler ve 2 foto\u011fraf sunulur. Fransa vizesi i\u00e7in bir foto\u011fraf a\u015fa\u011f\u0131daki gereksinimleri kar\u015f\u0131lamal\u0131d\u0131r: Fransa vizesi i\u00e7in 2 foto\u011fraf gereklidir. Fransa vizesi i\u00e7in foto\u011fraf RENKL\u0130, foto\u011fraf\u0131n<\/p>\n","protected":false},"author":1,"featured_media":0,"parent":173,"menu_order":0,"comment_status":"open","ping_status":"closed","template":"","meta":{"footnotes":""},"class_list":["post-195","page","type-page","status-publish","hentry"],"yoast_head":"<!-- This site is optimized with the Yoast SEO plugin v24.0 - https:\/\/yoast.com\/wordpress\/plugins\/seo\/ -->\n<title>Fransa Vize Foto\u011fraf \u00d6l\u00e7\u00fcleri - MyVize<\/title>\n<meta name=\"description\" content=\"Fransa Vize Foto\u011fraf \u00d6l\u00e7\u00fcleri Nelerdir? Fransa Vize Foto\u011fraf \u00d6l\u00e7\u00fcs\u00fc Hakk\u0131nda Bilgi \u0130\u00e7in Hemen Bizi Aray\u0131n.\" \/>\n<meta name=\"robots\" content=\"index, follow, max-snippet:-1, max-image-preview:large, max-video-preview:-1\" \/>\n<link rel=\"canonical\" href=\"https:\/\/www.myvize.com.tr\/fransa\/form-ve-dilekce\/fransa-vizesi-fotograf-olculeri\/\" \/>\n<meta property=\"og:locale\" content=\"tr_TR\" \/>\n<meta property=\"og:type\" content=\"article\" \/>\n<meta property=\"og:title\" content=\"Fransa Vize Foto\u011fraf \u00d6l\u00e7\u00fcleri - MyVize\" \/>\n<meta property=\"og:description\" content=\"Fransa Vize Foto\u011fraf \u00d6l\u00e7\u00fcleri Nelerdir? Fransa Vize Foto\u011fraf \u00d6l\u00e7\u00fcs\u00fc Hakk\u0131nda Bilgi \u0130\u00e7in Hemen Bizi Aray\u0131n.\" \/>\n<meta property=\"og:url\" content=\"https:\/\/www.myvize.com.tr\/fransa\/form-ve-dilekce\/fransa-vizesi-fotograf-olculeri\/\" \/>\n<meta property=\"og:site_name\" content=\"Fransa Vizesi\" \/>\n<meta property=\"article:modified_time\" content=\"2022-10-03T09:34:51+00:00\" \/>\n<meta property=\"og:image\" content=\"https:\/\/www.myvize.com.tr\/fransa\/wp-content\/uploads\/2021\/09\/84.jpg\" \/>\n<meta name=\"twitter:card\" content=\"summary_large_image\" \/>\n<meta name=\"twitter:label1\" content=\"Tahmini okuma s\u00fcresi\" \/>\n\t<meta name=\"twitter:data1\" content=\"5 dakika\" \/>\n<script type=\"application\/ld+json\" class=\"yoast-schema-graph\">{\"@context\":\"https:\/\/schema.org\",\"@graph\":[{\"@type\":\"WebPage\",\"@id\":\"https:\/\/www.myvize.com.tr\/fransa\/form-ve-dilekce\/fransa-vizesi-fotograf-olculeri\/\",\"url\":\"https:\/\/www.myvize.com.tr\/fransa\/form-ve-dilekce\/fransa-vizesi-fotograf-olculeri\/\",\"name\":\"Fransa Vize Foto\u011fraf \u00d6l\u00e7\u00fcleri - MyVize\",\"isPartOf\":{\"@id\":\"https:\/\/www.myvize.com.tr\/fransa\/#website\"},\"primaryImageOfPage\":{\"@id\":\"https:\/\/www.myvize.com.tr\/fransa\/form-ve-dilekce\/fransa-vizesi-fotograf-olculeri\/#primaryimage\"},\"image\":{\"@id\":\"https:\/\/www.myvize.com.tr\/fransa\/form-ve-dilekce\/fransa-vizesi-fotograf-olculeri\/#primaryimage\"},\"thumbnailUrl\":\"https:\/\/www.myvize.com.tr\/fransa\/wp-content\/uploads\/2021\/09\/84.jpg\",\"datePublished\":\"2020-12-23T11:53:59+00:00\",\"dateModified\":\"2022-10-03T09:34:51+00:00\",\"description\":\"Fransa Vize Foto\u011fraf \u00d6l\u00e7\u00fcleri Nelerdir? Fransa Vize Foto\u011fraf \u00d6l\u00e7\u00fcs\u00fc Hakk\u0131nda Bilgi \u0130\u00e7in Hemen Bizi Aray\u0131n.\",\"breadcrumb\":{\"@id\":\"https:\/\/www.myvize.com.tr\/fransa\/form-ve-dilekce\/fransa-vizesi-fotograf-olculeri\/#breadcrumb\"},\"inLanguage\":\"tr\",\"potentialAction\":[{\"@type\":\"ReadAction\",\"target\":[\"https:\/\/www.myvize.com.tr\/fransa\/form-ve-dilekce\/fransa-vizesi-fotograf-olculeri\/\"]}]},{\"@type\":\"ImageObject\",\"inLanguage\":\"tr\",\"@id\":\"https:\/\/www.myvize.com.tr\/fransa\/form-ve-dilekce\/fransa-vizesi-fotograf-olculeri\/#primaryimage\",\"url\":\"https:\/\/www.myvize.com.tr\/fransa\/wp-content\/uploads\/2021\/09\/84.jpg\",\"contentUrl\":\"https:\/\/www.myvize.com.tr\/fransa\/wp-content\/uploads\/2021\/09\/84.jpg\",\"width\":800,\"height\":500,\"caption\":\"Fransa Vizesi Foto\u011fraf \u00d6l\u00e7\u00fcleri\"},{\"@type\":\"BreadcrumbList\",\"@id\":\"https:\/\/www.myvize.com.tr\/fransa\/form-ve-dilekce\/fransa-vizesi-fotograf-olculeri\/#breadcrumb\",\"itemListElement\":[{\"@type\":\"ListItem\",\"position\":1,\"name\":\"Anasayfa\",\"item\":\"https:\/\/www.myvize.com.tr\/fransa\/\"},{\"@type\":\"ListItem\",\"position\":2,\"name\":\"FORM VE D\u0130LEK\u00c7E\",\"item\":\"https:\/\/www.myvize.com.tr\/fransa\/form-ve-dilekce\/\"},{\"@type\":\"ListItem\",\"position\":3,\"name\":\"Fransa Vizesi Foto\u011fraf \u00d6l\u00e7\u00fcleri\"}]},{\"@type\":\"WebSite\",\"@id\":\"https:\/\/www.myvize.com.tr\/fransa\/#website\",\"url\":\"https:\/\/www.myvize.com.tr\/fransa\/\",\"name\":\"Fransa Vizesi\",\"description\":\"\",\"potentialAction\":[{\"@type\":\"SearchAction\",\"target\":{\"@type\":\"EntryPoint\",\"urlTemplate\":\"https:\/\/www.myvize.com.tr\/fransa\/?s={search_term_string}\"},\"query-input\":{\"@type\":\"PropertyValueSpecification\",\"valueRequired\":true,\"valueName\":\"search_term_string\"}}],\"inLanguage\":\"tr\"}]}<\/script>\n<!-- \/ Yoast SEO plugin. -->","yoast_head_json":{"title":"Fransa Vize Foto\u011fraf \u00d6l\u00e7\u00fcleri - MyVize","description":"Fransa Vize Foto\u011fraf \u00d6l\u00e7\u00fcleri Nelerdir? Fransa Vize Foto\u011fraf \u00d6l\u00e7\u00fcs\u00fc Hakk\u0131nda Bilgi \u0130\u00e7in Hemen Bizi Aray\u0131n.","robots":{"index":"index","follow":"follow","max-snippet":"max-snippet:-1","max-image-preview":"max-image-preview:large","max-video-preview":"max-video-preview:-1"},"canonical":"https:\/\/www.myvize.com.tr\/fransa\/form-ve-dilekce\/fransa-vizesi-fotograf-olculeri\/","og_locale":"tr_TR","og_type":"article","og_title":"Fransa Vize Foto\u011fraf \u00d6l\u00e7\u00fcleri - MyVize","og_description":"Fransa Vize Foto\u011fraf \u00d6l\u00e7\u00fcleri Nelerdir? Fransa Vize Foto\u011fraf \u00d6l\u00e7\u00fcs\u00fc Hakk\u0131nda Bilgi \u0130\u00e7in Hemen Bizi Aray\u0131n.","og_url":"https:\/\/www.myvize.com.tr\/fransa\/form-ve-dilekce\/fransa-vizesi-fotograf-olculeri\/","og_site_name":"Fransa Vizesi","article_modified_time":"2022-10-03T09:34:51+00:00","og_image":[{"url":"https:\/\/www.myvize.com.tr\/fransa\/wp-content\/uploads\/2021\/09\/84.jpg","type":"","width":"","height":""}],"twitter_card":"summary_large_image","twitter_misc":{"Tahmini okuma s\u00fcresi":"5 dakika"},"schema":{"@context":"https:\/\/schema.org","@graph":[{"@type":"WebPage","@id":"https:\/\/www.myvize.com.tr\/fransa\/form-ve-dilekce\/fransa-vizesi-fotograf-olculeri\/","url":"https:\/\/www.myvize.com.tr\/fransa\/form-ve-dilekce\/fransa-vizesi-fotograf-olculeri\/","name":"Fransa Vize Foto\u011fraf \u00d6l\u00e7\u00fcleri - MyVize","isPartOf":{"@id":"https:\/\/www.myvize.com.tr\/fransa\/#website"},"primaryImageOfPage":{"@id":"https:\/\/www.myvize.com.tr\/fransa\/form-ve-dilekce\/fransa-vizesi-fotograf-olculeri\/#primaryimage"},"image":{"@id":"https:\/\/www.myvize.com.tr\/fransa\/form-ve-dilekce\/fransa-vizesi-fotograf-olculeri\/#primaryimage"},"thumbnailUrl":"https:\/\/www.myvize.com.tr\/fransa\/wp-content\/uploads\/2021\/09\/84.jpg","datePublished":"2020-12-23T11:53:59+00:00","dateModified":"2022-10-03T09:34:51+00:00","description":"Fransa Vize Foto\u011fraf \u00d6l\u00e7\u00fcleri Nelerdir? Fransa Vize Foto\u011fraf \u00d6l\u00e7\u00fcs\u00fc Hakk\u0131nda Bilgi \u0130\u00e7in Hemen Bizi Aray\u0131n.","breadcrumb":{"@id":"https:\/\/www.myvize.com.tr\/fransa\/form-ve-dilekce\/fransa-vizesi-fotograf-olculeri\/#breadcrumb"},"inLanguage":"tr","potentialAction":[{"@type":"ReadAction","target":["https:\/\/www.myvize.com.tr\/fransa\/form-ve-dilekce\/fransa-vizesi-fotograf-olculeri\/"]}]},{"@type":"ImageObject","inLanguage":"tr","@id":"https:\/\/www.myvize.com.tr\/fransa\/form-ve-dilekce\/fransa-vizesi-fotograf-olculeri\/#primaryimage","url":"https:\/\/www.myvize.com.tr\/fransa\/wp-content\/uploads\/2021\/09\/84.jpg","contentUrl":"https:\/\/www.myvize.com.tr\/fransa\/wp-content\/uploads\/2021\/09\/84.jpg","width":800,"height":500,"caption":"Fransa Vizesi Foto\u011fraf \u00d6l\u00e7\u00fcleri"},{"@type":"BreadcrumbList","@id":"https:\/\/www.myvize.com.tr\/fransa\/form-ve-dilekce\/fransa-vizesi-fotograf-olculeri\/#breadcrumb","itemListElement":[{"@type":"ListItem","position":1,"name":"Anasayfa","item":"https:\/\/www.myvize.com.tr\/fransa\/"},{"@type":"ListItem","position":2,"name":"FORM VE D\u0130LEK\u00c7E","item":"https:\/\/www.myvize.com.tr\/fransa\/form-ve-dilekce\/"},{"@type":"ListItem","position":3,"name":"Fransa Vizesi Foto\u011fraf \u00d6l\u00e7\u00fcleri"}]},{"@type":"WebSite","@id":"https:\/\/www.myvize.com.tr\/fransa\/#website","url":"https:\/\/www.myvize.com.tr\/fransa\/","name":"Fransa Vizesi","description":"","potentialAction":[{"@type":"SearchAction","target":{"@type":"EntryPoint","urlTemplate":"https:\/\/www.myvize.com.tr\/fransa\/?s={search_term_string}"},"query-input":{"@type":"PropertyValueSpecification","valueRequired":true,"valueName":"search_term_string"}}],"inLanguage":"tr"}]}},"_links":{"self":[{"href":"https:\/\/www.myvize.com.tr\/fransa\/wp-json\/wp\/v2\/pages\/195","targetHints":{"allow":["GET"]}}],"collection":[{"href":"https:\/\/www.myvize.com.tr\/fransa\/wp-json\/wp\/v2\/pages"}],"about":[{"href":"https:\/\/www.myvize.com.tr\/fransa\/wp-json\/wp\/v2\/types\/page"}],"author":[{"embeddable":true,"href":"https:\/\/www.myvize.com.tr\/fransa\/wp-json\/wp\/v2\/users\/1"}],"replies":[{"embeddable":true,"href":"https:\/\/www.myvize.com.tr\/fransa\/wp-json\/wp\/v2\/comments?post=195"}],"version-history":[{"count":7,"href":"https:\/\/www.myvize.com.tr\/fransa\/wp-json\/wp\/v2\/pages\/195\/revisions"}],"predecessor-version":[{"id":1445,"href":"https:\/\/www.myvize.com.tr\/fransa\/wp-json\/wp\/v2\/pages\/195\/revisions\/1445"}],"up":[{"embeddable":true,"href":"https:\/\/www.myvize.com.tr\/fransa\/wp-json\/wp\/v2\/pages\/173"}],"wp:attachment":[{"href":"https:\/\/www.myvize.com.tr\/fransa\/wp-json\/wp\/v2\/media?parent=195"}],"curies":[{"name":"wp","href":"https:\/\/api.w.org\/{rel}","templated":true}]}}