{"id":420,"date":"2021-07-08T22:13:07","date_gmt":"2021-07-08T19:13:07","guid":{"rendered":"https:\/\/www.myvize.com.tr\/fransa\/?page_id=420"},"modified":"2022-04-08T13:52:14","modified_gmt":"2022-04-08T10:52:14","slug":"fransa-iskenderun-fahri-konsoloslugu","status":"publish","type":"page","link":"https:\/\/www.myvize.com.tr\/fransa\/konsolosluklar\/fransa-iskenderun-fahri-konsoloslugu\/","title":{"rendered":"Fransa \u0130skenderun Konsoloslu\u011fu"},"content":{"rendered":"<p><span style=\"font-family: Roboto;\"><\/span><\/p>\r\n<h2 class=\"wp-block-heading\"><span style=\"font-family: Roboto; font-size: 27px;\"><strong>Fransa \u0130skenderun Konsoloslu\u011fu Kimdir?<\/strong><\/span><\/h2>\r\n<p><span style=\"font-family: Roboto; font-size: 14px;\"><strong>Fransa \u0130skenderun Fahri Konsoloslu\u011fu<\/strong> \u00fclkemizde Hatay\u2019da faaliyet g\u00f6stermektedir. Fransa \u0130skenderun Fahri Konsoloslu\u011fu, Fransa \u0130stanbul Ba\u015fkonsoloslu\u011fu ve Fransa Ankara B\u00fcy\u00fckel\u00e7ili\u011fine ba\u011fl\u0131 olarak \u00e7al\u0131\u015fmalar\u0131n\u0131 y\u00fcr\u00fctmektedir. Fransa \u0130skenderun Fahri Konsoloslu\u011fu\u2019nun \u015fu an da bilinen herhangi bir diplomatik s\u0131fat\u0131 bulunmamaktad\u0131r.<\/span><\/p>\r\n<p><span style=\"font-family: Roboto; font-size: 14px;\">T\u00fcrkiye\u2019de ya\u015famlar\u0131n\u0131 y\u00fcr\u00fcten Frans\u0131z vatanda\u015flar\u0131, \u00f6l\u00fcm, evlilik, kimlik, noter, pasaport ve do\u011fum gibi i\u015flemlerini, Fransa Ankara B\u00fcy\u00fckel\u00e7ili\u011finden, Fransa \u0130skenderun Fahri konsoloslu\u011fundan, Fransa \u0130stanbul Ba\u015fkonsoloslu\u011fundan veya \u00fclkemizde bulunan di\u011fer Fransa Konsolosluklar\u0131ndan ger\u00e7ekle\u015ftirmektedirler. Vatanda\u015flar bu noktada Konsolosluklar\u0131n etkilendirmi\u015f oldu\u011fu acenteliklerden de yard\u0131m alabilmektedirler.<\/span><\/p>\r\n<p><span style=\"font-family: Roboto; font-size: 14px;\">Fransa\u2019ya seyahat, gezi amac\u0131 ile gitmek isteyen T\u00fcrkiye Cumhuriyeti vatanda\u015flar\u0131 ba\u015fvurular\u0131n\u0131 Fransa \u0130skenderun Fahri Konsoloslu\u011funa ger\u00e7ekle\u015ftirebilmektedirler. Ancak Fransa \u0130skenderun Fahri Konsoloslu\u011fu vize i\u015flemlerinde karar verici organ konumunda de\u011fildir. Vize ba\u015fvurular\u0131n\u0131z\u0131 <strong>Fransa \u0130skenderun Fahri Konsoloslu\u011funa<\/strong> bizzat kendiniz yapman\u0131z gerekmektedir. Dilerseniz ba\u015fvurular\u0131n\u0131z\u0131 Fransa Konsoloslu\u011fu\u2019nun yetkilendirmi\u015f oldu\u011fu acentelikler \u00fczerinden de ger\u00e7ekle\u015ftirebilirsiniz.<\/span><\/p>\r\n<h2><span style=\"font-family: Roboto; font-size: 27px;\"><strong>Fransa \u0130skenderun Konsoloslu\u011fu Vize \u0130\u015flemleri<\/strong><\/span><\/h2>\r\n<p><span style=\"font-family: Roboto; font-size: 14px;\">Fransa\u2019ya seyahat etmek isteyen T\u00fcrkiye Cumhuriyeti vatanda\u015flar\u0131, Fransa \u0130skenderun Fahri Konsoloslu\u011fu, Fransa Ankara B\u00fcy\u00fckel\u00e7ili\u011fi ve Fransa \u0130stanbul Ba\u015fkonsoloslu\u011fu \u00fczerinden vize i\u015flemlerini ger\u00e7ekle\u015ftirebilirler. Ayn\u0131 zamanda vize i\u015flemleri Konsolosluklar \u00fczerinden yetkilendirilmi\u015f olan acentelikler \u00fczerinden de ger\u00e7ekle\u015ftirilebilir.<\/span><\/p>\r\n<p><span style=\"font-family: Roboto; font-size: 14px;\">\u00d6ncelikle vize ba\u015fvurunuzu yetkili acentelikler \u00fczerinden veya Fransa \u0130skenderun Fahri Konsoloslu\u011fu, Fransa Ankara B\u00fcy\u00fckel\u00e7ili\u011fi ve <span style=\"color: #2acec2;\"><strong><a style=\"color: #2acec2;\" href=\"https:\/\/www.myvize.com.tr\/fransa\/konsolosluklar\/fransa-istanbul-fahri-konsoloslugu\/\" target=\"_blank\" rel=\"noopener\">Fransa \u0130stanbul Ba\u015fkonsoloslu\u011fu<\/a><\/strong><\/span> \u00fczerinden yapman\u0131z gerekir. Ard\u0131ndan sizden istenen belgeleri kuruma eksiksiz bir \u015fekilde ibraz etmelisiniz. \u00d6zellikle<strong> Fransa Konsoloslu\u011fu<\/strong> ve Fransa B\u00fcy\u00fckel\u00e7ili\u011fi taraf\u0131ndan belirtilen \u015fartlar yerine getirilmedi\u011finde ba\u015fvuru sonucunuz reddedilebilir. \u00d6zellikle evraklar\u0131n\u0131z\u0131 haz\u0131rlarken vize ba\u015fvuru formuna seyahat amac\u0131n\u0131z\u0131 a\u00e7\u0131k bir \u015fekilde belirtmeniz ve seyahat bitiminde \u00fclkeden ayr\u0131laca\u011f\u0131n\u0131za dair belgeleri kuruma ibraz etmeniz gerekmektedir. Bu \u015fartlar yerine getirilmedi\u011fi takdirde, ba\u015fvurunuz reddedilebilir. \u00d6zellikle kuruma belgelerinizi ibraz ederken sahte ve eksik belge sunmaman\u0131z gerekmektedir. Bu ko\u015fullarda da ba\u015fvurunuz reddedilir.<\/span><\/p>\r\n<h2><span style=\"font-family: Roboto; font-size: 27px;\"><strong>Fransa \u0130skenderun Konsoloslu\u011fundan Yap\u0131lacak \u0130\u015flemler Neler?<\/strong><\/span><\/h2>\r\n<p><span style=\"font-family: Roboto; font-size: 14px;\">\r\n\r\n<\/span><\/p>\r\n<p><span style=\"font-family: Roboto; font-size: 14px;\"><strong>Fransa \u0130skenderun Konsoloslu\u011fu<\/strong> ve di\u011fer Fransa Konsolosluklar\u0131 g\u00f6rev alanlar\u0131nda, \u00e7evre b\u00f6lgelerde ikametg\u00e2h\u0131 olan ki\u015filerin yapaca\u011f\u0131 i\u015flemler \u015funlard\u0131r. <strong>Fransa Vizesi<\/strong> veya pasaport i\u015flemi, noter i\u015flemi, evlilik belgesi, do\u011fum belges, \u00f6l\u00fcm belgesi, sertifikalar, belge tasdik gibi i\u015flemlerde Fransa \u0130skenderun Fahri Konsoloslu\u011fu yetkilidir.<\/span><\/p>\r\n<h2><span style=\"font-family: Roboto; font-size: 27px;\"><strong>Fransa \u0130skenderun Konsoloslu\u011fu Vize Ba\u015fvurusu<\/strong><\/span><\/h2>\r\n<p><span style=\"font-family: Roboto; font-size: 14px;\"><strong>Fransa\u2019ya seyahat etmek<\/strong> isteyen T\u00fcrkiye Cumhuriyeti vatanda\u015flar\u0131, ba\u015fvurular\u0131n\u0131 Fransa Konsoloslu\u011fu ve Fransa B\u00fcy\u00fckel\u00e7ili\u011fi taraf\u0131nda yetkilendirilen Vize Ba\u015fvuru Merkezleri \u00fczerinden veya Konsolosluklar taraf\u0131ndan yetkilendirilmi\u015f olan acentelikler \u00fczerinden ger\u00e7ekle\u015ftirmektedirler. \u0130stisna durumlar haricinde ba\u015fvurular bu merkezler \u00fczerinden yap\u0131lmaktad\u0131r.<\/span><\/p>\r\n<p><span style=\"font-family: Roboto; font-size: 14px;\">Oturum izni almak isteyen T\u00fcrkiye Cumhuriyeti vatanda\u015flar\u0131, ba\u015fvurular\u0131 bizzat <strong>Fransa Konsoloslu\u011fu<\/strong> veya Fransa B\u00fcy\u00fckel\u00e7ili\u011fine yapmak durumundad\u0131rlar.<span style=\"color: #2acec2;\"><strong><a style=\"color: #2acec2;\" href=\"https:\/\/www.myvize.com.tr\/fransa\/vize-islemleri\/fransa-turistik-vize\/\" target=\"_blank\" rel=\"noopener\"> Fransa Turistik Vize<\/a><\/strong><\/span>, Transit vize, Ticari Vize, Aile ve Arkada\u015fl\u0131k Vizesi Gibi vizeler i\u00e7in vize merkezleri hizmet vermektedir. Vize merkezleri \u00fczerinden yapm\u0131\u015f oldu\u011funuz ba\u015fvurular\u0131n\u0131z Fransa konsoloslu\u011fu taraf\u0131ndan de\u011ferlendirilir.<\/span><\/p>\r\n<p><span style=\"font-family: Roboto; font-size: 14px;\">Genel olarak vize ba\u015fvuru i\u015flemlerinde istenen belgeler a\u015fa\u011f\u0131da ki gibidir;<\/span><\/p>\r\n<ul>\r\n<li><span style=\"font-family: Roboto; font-size: 14px;\">Pasaport<\/span><\/li>\r\n<li><span style=\"font-family: Roboto; font-size: 14px;\">Finansal belgeler<\/span><\/li>\r\n<li><span style=\"font-family: Roboto; font-size: 14px;\">Eski Vizelerin Fotokopileri<\/span><\/li>\r\n<li><span style=\"font-family: Roboto; font-size: 14px;\">Pasaport Fotokopileri<\/span><\/li>\r\n<li><span style=\"font-family: Roboto; font-size: 14px;\">Mesleki Belgeler<\/span><\/li>\r\n<li><span style=\"font-family: Roboto; font-size: 14px;\">Seyahat Sa\u011fl\u0131k Sigorta Poli\u00e7eleri<\/span><\/li>\r\n<li><span style=\"font-family: Roboto; font-size: 14px;\">2 Adet Biyometrik Resim<\/span><\/li>\r\n<li><span style=\"font-family: Roboto; font-size: 14px;\">Seyahat amac\u0131na uygun bir \u015fekilde yaz\u0131lm\u0131\u015f dilek\u00e7e<\/span><\/li>\r\n<li><span style=\"font-family: Roboto; font-size: 14px;\">Vize ba\u015fvuru formu<\/span><\/li>\r\n<li><span style=\"font-family: Roboto; font-size: 14px;\">N\u00fcfus c\u00fczdan\u0131 fotokopisi<\/span><\/li>\r\n<li><span style=\"font-family: Roboto; font-size: 14px;\">U\u00e7ak ve otel rezervasyonlar\u0131<\/span><\/li>\r\n<li><span style=\"font-family: Roboto; font-size: 14px;\">Seyahat masraflar\u0131na ait belgeler<\/span><\/li>\r\n<\/ul>\r\n<h3><span style=\"font-family: Roboto; font-size: 24px;\"><strong>Fransa \u0130skenderun Konsoloslu\u011fundan Vize Ba\u015fvurusu Nas\u0131l Yap\u0131l\u0131r?<\/strong><\/span><\/h3>\r\n<p><span style=\"font-family: Roboto; font-size: 14px;\">\r\n\r\n<\/span><\/p>\r\n<p><span style=\"font-family: Roboto; font-size: 14px;\"><strong>Fransa \u0130skenderun Konsoloslu\u011fu<\/strong> vize b\u00f6l\u00fcm\u00fc online randevu ile \u00e7al\u0131\u015fmaktad\u0131r. \u00a0Bu \u00fclkeler vize i\u015flemi alabilmesi i\u00e7in parmak izi al\u0131nm\u0131\u015f olmas\u0131 gerekmektedir. Fransa \u0130skenderun Fahri Konsoloslu\u011fu&#8217;na vize ba\u015fvurusunda bulunan ki\u015filer eksiksiz doldurulmu\u015f <strong>vize ba\u015fvuru formu<\/strong> ile beraber ba\u015fvuru yapacaklard\u0131r.<\/span><\/p>\r\n<h3><span style=\"font-family: Roboto; font-size: 24px;\"><strong>Fransa \u0130skenderun Konsoloslu\u011fu Vize Randevu \u0130\u015flemleri<\/strong><\/span><\/h3>\r\n<p><span style=\"font-family: Roboto; font-size: 14px;\">Fransa&#8217;ya seyahat etmek isteyen T\u00fcrkiye Cumhuriyeti vatanda\u015flar\u0131 vize ba\u015fvurular\u0131n\u0131 <strong>Fransa \u0130skenderun Fahri Konsoloslu\u011fu<\/strong>, <strong>Fransa \u0130stanbul B\u00fcy\u00fckel\u00e7ili\u011fi<\/strong> ve <strong>Fransa Ankara Konsoloslu\u011fu<\/strong> \u00fczerinden ger\u00e7ekle\u015ftirmektedirler. Fransa&#8217;dan oturum izni almak isteyen vatanda\u015flar b\u00fcy\u00fckel\u00e7ilikler veya konsolosluklar \u00fczerinden ba\u015fvuruda bulunabilirler. Ancak gezi veya i\u015f seyahati gibi k\u0131sa s\u00fcreli vize t\u00fcrlerinde, konsolosluklar \u00fczerinden yetkilendirilmi\u015f olan acentelikler \u00fczerinden ba\u015fvuruda bulunmaktad\u0131rlar.<\/span><\/p>\r\n<p><span style=\"font-family: Roboto; font-size: 14px;\">Konsolosluklar taraf\u0131ndan yetkilendirilmi\u015f olan acentelikler veya vize ba\u015fvuru merkezleri sizlerin sadece ba\u015fvurular\u0131n\u0131 yetkili kurumlara iletmekle y\u00fck\u00fcml\u00fcd\u00fcr. Bu merkezler vize ba\u015fvurular\u0131n\u0131z da karar verici nitelikte de\u011fillerdir. karar verici organ yine Fransa Konsoloslu\u011fu\u2019dur. Vize ba\u015fvuru merkezlerine yapaca\u011f\u0131n\u0131z ba\u015fvurular\u0131n\u0131z Konsolosluk taraf\u0131ndan de\u011ferlendirildikten sonra onaylanmaktad\u0131r. Ba\u015fvurular\u0131n\u0131z\u0131n onaylanabilmesi i\u00e7in \u00f6zellikle Konsolosluklar taraf\u0131ndan istenen belgeleri kurumlara eksiksiz ve tam bir \u015fekilde ibraz etmeniz gerekmektedir. \u00d6zellikle vize ba\u015fvuru formunuza seyahat amac\u0131n\u0131z\u0131 a\u00e7\u0131k bir \u015fekilde belirtmeniz gerekir. \u0130stenen bu belgelerin ve bilgilerin eksiksiz bir \u015fekilde yap\u0131lmamas\u0131 durumunda vize ba\u015fvurunuz reddedilmektedir. \u0130skenderun Fahri Konsoloslu\u011fu Hatay \u0130skenderun\u2019dad\u0131r. Ba\u015fvuru randevular\u0131n\u0131z\u0131 (326) 613 81 90 numaral\u0131 telefondan alabilirsiniz. Dilerseniz <strong>Fransa \u0130skenderun Konsoloslu\u011fu<\/strong>, Ankara B\u00fcy\u00fckel\u00e7ili\u011fi ve \u0130stanbul Konsoloslu\u011fu taraf\u0131ndan yetkilendirilmi\u015f olan vize ba\u015fvuru merkezleri veya acenteler \u00fczerinden de ba\u015fvuru randevular\u0131n\u0131z\u0131 alabilirsiniz.<\/span><\/p>\r\n<p><span style=\"font-family: Roboto; font-size: 14px;\">\r\n\r\n<\/span><\/p>\r\n<p><span style=\"font-family: Roboto; font-size: 14px;\"><img decoding=\"async\" src=\"https:\/\/www.myvize.com.tr\/fransa\/wp-content\/uploads\/2021\/09\/88.jpg\" \/><\/span><\/p>\r\n<p><span style=\"font-family: Roboto; font-size: 14px;\"><\/span><\/p>\r\n<p><span style=\"font-family: Roboto; font-size: 20px;\"><strong>Fransa \u0130skenderun Konsoloslu\u011fu \u00c7al\u0131\u015fma Saatleri<\/strong>:<\/span><\/p>\r\n<h2 class=\"wp-block-heading\"><span style=\"font-family: Roboto; font-size: 14px;\">\r\n\r\n<\/span><\/h2>\r\n<p><span style=\"font-family: Roboto; font-size: 14px;\">Pazartesi- Cuma g\u00fcnleri 08.30 &#8211; 18.00 \u00a0aras\u0131 konsolosluk i\u015flemleri ger\u00e7ekle\u015ftirilebilir.<\/span><\/p>\r\n<h3><span style=\"font-family: Roboto; font-size: 22px;\"><strong>Fransa \u0130skenderun Konsoloslu\u011fu G\u00f6rev B\u00f6lgesi Nerelerdir?<\/strong><\/span><\/h3>\r\n<p><span style=\"font-family: Roboto; font-size: 14px;\">\r\n\r\n<\/span><\/p>\r\n<p><span style=\"font-family: Roboto; font-size: 14px;\">\u0130skenderun ve \u0130skenderun \u00e7evre illerinden ikametg\u00e2h\u0131 olan T\u00fcrkiye Cumhuriyeti vatanda\u015flar\u0131, vize i\u015flemlerini Fransa \u0130skenderun Fahri Konsoloslu\u011fu\u2019ndan yapabilirler.<\/span><\/p>\r\n<p><span style=\"font-family: Roboto;\">\r\n\r\n<\/span><\/p>","protected":false},"excerpt":{"rendered":"<p>Fransa \u0130skenderun Konsoloslu\u011fu Kimdir? Fransa \u0130skenderun Fahri Konsoloslu\u011fu \u00fclkemizde Hatay\u2019da faaliyet g\u00f6stermektedir. Fransa \u0130skenderun Fahri Konsoloslu\u011fu, Fransa \u0130stanbul Ba\u015fkonsoloslu\u011fu ve Fransa Ankara B\u00fcy\u00fckel\u00e7ili\u011fine ba\u011fl\u0131 olarak \u00e7al\u0131\u015fmalar\u0131n\u0131 y\u00fcr\u00fctmektedir. Fransa \u0130skenderun Fahri Konsoloslu\u011fu\u2019nun \u015fu an da bilinen herhangi bir diplomatik s\u0131fat\u0131 bulunmamaktad\u0131r. T\u00fcrkiye\u2019de ya\u015famlar\u0131n\u0131 y\u00fcr\u00fcten Frans\u0131z vatanda\u015flar\u0131, \u00f6l\u00fcm, evlilik, kimlik, noter, pasaport ve do\u011fum gibi i\u015flemlerini, Fransa<\/p>\n","protected":false},"author":1,"featured_media":0,"parent":69,"menu_order":0,"comment_status":"open","ping_status":"closed","template":"","meta":{"footnotes":""},"class_list":["post-420","page","type-page","status-publish","hentry"],"yoast_head":"<!-- This site is optimized with the Yoast SEO plugin v24.0 - https:\/\/yoast.com\/wordpress\/plugins\/seo\/ -->\n<title>Fransa \u0130skenderun Fahri Konsoloslu\u011fu - MyVize<\/title>\n<meta name=\"description\" content=\"Fransa \u0130skenderun Fahri Konsoloslu\u011fu Vize \u0130\u015flemleri Nas\u0131l Yap\u0131l\u0131r? Fransa \u0130skenderun Konsoloslu\u011fu Nerededir? Bilgi \u0130\u00e7in Aray\u0131n: 0850 346 84 93\" \/>\n<meta name=\"robots\" content=\"index, follow, max-snippet:-1, max-image-preview:large, max-video-preview:-1\" \/>\n<link rel=\"canonical\" href=\"https:\/\/www.myvize.com.tr\/fransa\/konsolosluklar\/fransa-iskenderun-fahri-konsoloslugu\/\" \/>\n<meta property=\"og:locale\" content=\"tr_TR\" \/>\n<meta property=\"og:type\" content=\"article\" \/>\n<meta property=\"og:title\" content=\"Fransa \u0130skenderun Fahri Konsoloslu\u011fu - MyVize\" \/>\n<meta property=\"og:description\" content=\"Fransa \u0130skenderun Fahri Konsoloslu\u011fu Vize \u0130\u015flemleri Nas\u0131l Yap\u0131l\u0131r? Fransa \u0130skenderun Konsoloslu\u011fu Nerededir? Bilgi \u0130\u00e7in Aray\u0131n: 0850 346 84 93\" \/>\n<meta property=\"og:url\" content=\"https:\/\/www.myvize.com.tr\/fransa\/konsolosluklar\/fransa-iskenderun-fahri-konsoloslugu\/\" \/>\n<meta property=\"og:site_name\" content=\"Fransa Vizesi\" \/>\n<meta property=\"article:modified_time\" content=\"2022-04-08T10:52:14+00:00\" \/>\n<meta property=\"og:image\" content=\"https:\/\/www.myvize.com.tr\/fransa\/wp-content\/uploads\/2021\/09\/88.jpg\" \/>\n<meta name=\"twitter:card\" content=\"summary_large_image\" \/>\n<meta name=\"twitter:label1\" content=\"Tahmini okuma s\u00fcresi\" \/>\n\t<meta name=\"twitter:data1\" content=\"4 dakika\" \/>\n<script type=\"application\/ld+json\" class=\"yoast-schema-graph\">{\"@context\":\"https:\/\/schema.org\",\"@graph\":[{\"@type\":\"WebPage\",\"@id\":\"https:\/\/www.myvize.com.tr\/fransa\/konsolosluklar\/fransa-iskenderun-fahri-konsoloslugu\/\",\"url\":\"https:\/\/www.myvize.com.tr\/fransa\/konsolosluklar\/fransa-iskenderun-fahri-konsoloslugu\/\",\"name\":\"Fransa \u0130skenderun Fahri Konsoloslu\u011fu - MyVize\",\"isPartOf\":{\"@id\":\"https:\/\/www.myvize.com.tr\/fransa\/#website\"},\"primaryImageOfPage\":{\"@id\":\"https:\/\/www.myvize.com.tr\/fransa\/konsolosluklar\/fransa-iskenderun-fahri-konsoloslugu\/#primaryimage\"},\"image\":{\"@id\":\"https:\/\/www.myvize.com.tr\/fransa\/konsolosluklar\/fransa-iskenderun-fahri-konsoloslugu\/#primaryimage\"},\"thumbnailUrl\":\"https:\/\/www.myvize.com.tr\/fransa\/wp-content\/uploads\/2021\/09\/88.jpg\",\"datePublished\":\"2021-07-08T19:13:07+00:00\",\"dateModified\":\"2022-04-08T10:52:14+00:00\",\"description\":\"Fransa \u0130skenderun Fahri Konsoloslu\u011fu Vize \u0130\u015flemleri Nas\u0131l Yap\u0131l\u0131r? Fransa \u0130skenderun Konsoloslu\u011fu Nerededir? Bilgi \u0130\u00e7in Aray\u0131n: 0850 346 84 93\",\"breadcrumb\":{\"@id\":\"https:\/\/www.myvize.com.tr\/fransa\/konsolosluklar\/fransa-iskenderun-fahri-konsoloslugu\/#breadcrumb\"},\"inLanguage\":\"tr\",\"potentialAction\":[{\"@type\":\"ReadAction\",\"target\":[\"https:\/\/www.myvize.com.tr\/fransa\/konsolosluklar\/fransa-iskenderun-fahri-konsoloslugu\/\"]}]},{\"@type\":\"ImageObject\",\"inLanguage\":\"tr\",\"@id\":\"https:\/\/www.myvize.com.tr\/fransa\/konsolosluklar\/fransa-iskenderun-fahri-konsoloslugu\/#primaryimage\",\"url\":\"https:\/\/www.myvize.com.tr\/fransa\/wp-content\/uploads\/2021\/09\/88.jpg\",\"contentUrl\":\"https:\/\/www.myvize.com.tr\/fransa\/wp-content\/uploads\/2021\/09\/88.jpg\",\"width\":800,\"height\":500,\"caption\":\"Fransa \u0130skenderun Fahri Konsoloslu\u011fu\"},{\"@type\":\"BreadcrumbList\",\"@id\":\"https:\/\/www.myvize.com.tr\/fransa\/konsolosluklar\/fransa-iskenderun-fahri-konsoloslugu\/#breadcrumb\",\"itemListElement\":[{\"@type\":\"ListItem\",\"position\":1,\"name\":\"Anasayfa\",\"item\":\"https:\/\/www.myvize.com.tr\/fransa\/\"},{\"@type\":\"ListItem\",\"position\":2,\"name\":\"KONSOLOSLUKLAR\",\"item\":\"https:\/\/www.myvize.com.tr\/fransa\/konsolosluklar\/\"},{\"@type\":\"ListItem\",\"position\":3,\"name\":\"Fransa \u0130skenderun Konsoloslu\u011fu\"}]},{\"@type\":\"WebSite\",\"@id\":\"https:\/\/www.myvize.com.tr\/fransa\/#website\",\"url\":\"https:\/\/www.myvize.com.tr\/fransa\/\",\"name\":\"Fransa Vizesi\",\"description\":\"\",\"potentialAction\":[{\"@type\":\"SearchAction\",\"target\":{\"@type\":\"EntryPoint\",\"urlTemplate\":\"https:\/\/www.myvize.com.tr\/fransa\/?s={search_term_string}\"},\"query-input\":{\"@type\":\"PropertyValueSpecification\",\"valueRequired\":true,\"valueName\":\"search_term_string\"}}],\"inLanguage\":\"tr\"}]}<\/script>\n<!-- \/ Yoast SEO plugin. -->","yoast_head_json":{"title":"Fransa \u0130skenderun Fahri Konsoloslu\u011fu - MyVize","description":"Fransa \u0130skenderun Fahri Konsoloslu\u011fu Vize \u0130\u015flemleri Nas\u0131l Yap\u0131l\u0131r? Fransa \u0130skenderun Konsoloslu\u011fu Nerededir? Bilgi \u0130\u00e7in Aray\u0131n: 0850 346 84 93","robots":{"index":"index","follow":"follow","max-snippet":"max-snippet:-1","max-image-preview":"max-image-preview:large","max-video-preview":"max-video-preview:-1"},"canonical":"https:\/\/www.myvize.com.tr\/fransa\/konsolosluklar\/fransa-iskenderun-fahri-konsoloslugu\/","og_locale":"tr_TR","og_type":"article","og_title":"Fransa \u0130skenderun Fahri Konsoloslu\u011fu - MyVize","og_description":"Fransa \u0130skenderun Fahri Konsoloslu\u011fu Vize \u0130\u015flemleri Nas\u0131l Yap\u0131l\u0131r? Fransa \u0130skenderun Konsoloslu\u011fu Nerededir? Bilgi \u0130\u00e7in Aray\u0131n: 0850 346 84 93","og_url":"https:\/\/www.myvize.com.tr\/fransa\/konsolosluklar\/fransa-iskenderun-fahri-konsoloslugu\/","og_site_name":"Fransa Vizesi","article_modified_time":"2022-04-08T10:52:14+00:00","og_image":[{"url":"https:\/\/www.myvize.com.tr\/fransa\/wp-content\/uploads\/2021\/09\/88.jpg","type":"","width":"","height":""}],"twitter_card":"summary_large_image","twitter_misc":{"Tahmini okuma s\u00fcresi":"4 dakika"},"schema":{"@context":"https:\/\/schema.org","@graph":[{"@type":"WebPage","@id":"https:\/\/www.myvize.com.tr\/fransa\/konsolosluklar\/fransa-iskenderun-fahri-konsoloslugu\/","url":"https:\/\/www.myvize.com.tr\/fransa\/konsolosluklar\/fransa-iskenderun-fahri-konsoloslugu\/","name":"Fransa \u0130skenderun Fahri Konsoloslu\u011fu - MyVize","isPartOf":{"@id":"https:\/\/www.myvize.com.tr\/fransa\/#website"},"primaryImageOfPage":{"@id":"https:\/\/www.myvize.com.tr\/fransa\/konsolosluklar\/fransa-iskenderun-fahri-konsoloslugu\/#primaryimage"},"image":{"@id":"https:\/\/www.myvize.com.tr\/fransa\/konsolosluklar\/fransa-iskenderun-fahri-konsoloslugu\/#primaryimage"},"thumbnailUrl":"https:\/\/www.myvize.com.tr\/fransa\/wp-content\/uploads\/2021\/09\/88.jpg","datePublished":"2021-07-08T19:13:07+00:00","dateModified":"2022-04-08T10:52:14+00:00","description":"Fransa \u0130skenderun Fahri Konsoloslu\u011fu Vize \u0130\u015flemleri Nas\u0131l Yap\u0131l\u0131r? Fransa \u0130skenderun Konsoloslu\u011fu Nerededir? Bilgi \u0130\u00e7in Aray\u0131n: 0850 346 84 93","breadcrumb":{"@id":"https:\/\/www.myvize.com.tr\/fransa\/konsolosluklar\/fransa-iskenderun-fahri-konsoloslugu\/#breadcrumb"},"inLanguage":"tr","potentialAction":[{"@type":"ReadAction","target":["https:\/\/www.myvize.com.tr\/fransa\/konsolosluklar\/fransa-iskenderun-fahri-konsoloslugu\/"]}]},{"@type":"ImageObject","inLanguage":"tr","@id":"https:\/\/www.myvize.com.tr\/fransa\/konsolosluklar\/fransa-iskenderun-fahri-konsoloslugu\/#primaryimage","url":"https:\/\/www.myvize.com.tr\/fransa\/wp-content\/uploads\/2021\/09\/88.jpg","contentUrl":"https:\/\/www.myvize.com.tr\/fransa\/wp-content\/uploads\/2021\/09\/88.jpg","width":800,"height":500,"caption":"Fransa \u0130skenderun Fahri Konsoloslu\u011fu"},{"@type":"BreadcrumbList","@id":"https:\/\/www.myvize.com.tr\/fransa\/konsolosluklar\/fransa-iskenderun-fahri-konsoloslugu\/#breadcrumb","itemListElement":[{"@type":"ListItem","position":1,"name":"Anasayfa","item":"https:\/\/www.myvize.com.tr\/fransa\/"},{"@type":"ListItem","position":2,"name":"KONSOLOSLUKLAR","item":"https:\/\/www.myvize.com.tr\/fransa\/konsolosluklar\/"},{"@type":"ListItem","position":3,"name":"Fransa \u0130skenderun Konsoloslu\u011fu"}]},{"@type":"WebSite","@id":"https:\/\/www.myvize.com.tr\/fransa\/#website","url":"https:\/\/www.myvize.com.tr\/fransa\/","name":"Fransa Vizesi","description":"","potentialAction":[{"@type":"SearchAction","target":{"@type":"EntryPoint","urlTemplate":"https:\/\/www.myvize.com.tr\/fransa\/?s={search_term_string}"},"query-input":{"@type":"PropertyValueSpecification","valueRequired":true,"valueName":"search_term_string"}}],"inLanguage":"tr"}]}},"_links":{"self":[{"href":"https:\/\/www.myvize.com.tr\/fransa\/wp-json\/wp\/v2\/pages\/420","targetHints":{"allow":["GET"]}}],"collection":[{"href":"https:\/\/www.myvize.com.tr\/fransa\/wp-json\/wp\/v2\/pages"}],"about":[{"href":"https:\/\/www.myvize.com.tr\/fransa\/wp-json\/wp\/v2\/types\/page"}],"author":[{"embeddable":true,"href":"https:\/\/www.myvize.com.tr\/fransa\/wp-json\/wp\/v2\/users\/1"}],"replies":[{"embeddable":true,"href":"https:\/\/www.myvize.com.tr\/fransa\/wp-json\/wp\/v2\/comments?post=420"}],"version-history":[{"count":8,"href":"https:\/\/www.myvize.com.tr\/fransa\/wp-json\/wp\/v2\/pages\/420\/revisions"}],"predecessor-version":[{"id":1362,"href":"https:\/\/www.myvize.com.tr\/fransa\/wp-json\/wp\/v2\/pages\/420\/revisions\/1362"}],"up":[{"embeddable":true,"href":"https:\/\/www.myvize.com.tr\/fransa\/wp-json\/wp\/v2\/pages\/69"}],"wp:attachment":[{"href":"https:\/\/www.myvize.com.tr\/fransa\/wp-json\/wp\/v2\/media?parent=420"}],"curies":[{"name":"wp","href":"https:\/\/api.w.org\/{rel}","templated":true}]}}