{"id":180,"date":"2020-12-29T16:16:54","date_gmt":"2020-12-29T13:16:54","guid":{"rendered":"https:\/\/www.myvize.com.tr\/gana\/?page_id=180"},"modified":"2022-05-07T13:46:15","modified_gmt":"2022-05-07T10:46:15","slug":"vize-basvuru-formu","status":"publish","type":"page","link":"https:\/\/www.myvize.com.tr\/gana\/form-ve-dilekce\/vize-basvuru-formu\/","title":{"rendered":"Gana Vizesi Ba\u015fvuru Formu"},"content":{"rendered":"<h2><span style=\"font-family: Roboto; font-size: 27px;\"><strong>Gana Vize Ba\u015fvuru Formu<\/strong><\/span><\/h2>\r\n<p><span style=\"font-family: Roboto; font-size: 14px;\"><!-- \/wp:paragraph -->\r\n\r\n<!-- wp:paragraph --><\/span> <span style=\"font-family: Roboto; font-size: 14px;\">Gana vizesine ba\u015fvuru yapmadan \u00f6nce <strong>Gana Vize Ba\u015fvuru Formu<\/strong>\u2019 ndan 4 adet doldurmak gerekmektedir. Formda yer alan bilgilerin do\u011fru ve eksiksiz olmas\u0131 olduk\u00e7a \u00f6nemlidir.<\/span> <span style=\"font-family: Roboto; font-size: 14px;\"><!-- \/wp:paragraph -->\r\n\r\n<!-- wp:paragraph --><\/span> <span style=\"font-family: Roboto; font-size: 14px;\">Vize de\u011ferlendirme a\u015famas\u0131nda yetkilinin ba\u015fvuru formunda beyan etti\u011finiz bilgilere ait belgeleri g\u00f6rmek isteyebilece\u011fini unutmay\u0131n.<\/span> <span style=\"font-family: Roboto; font-size: 14px;\"><!-- \/wp:paragraph -->\r\n\r\n<!-- wp:paragraph --><\/span><\/p>\r\n<h2><strong><span style=\"font-family: Roboto; font-size: 27px;\">Gerekli Evraklar<\/span><\/strong><\/h2>\r\n<p><span style=\"font-family: Roboto; font-size: 14px;\"><!-- \/wp:paragraph -->\r\n\r\n<!-- wp:paragraph --><\/span> <span style=\"font-family: Roboto; font-size: 14px;\">Vize ba\u015fvuru formunu eksiksiz doldurduktan sonra <span style=\"color: #2acec2;\"><strong><a style=\"color: #2acec2;\" href=\"https:\/\/www.myvize.com.tr\/gana\/vize-islemleri\/gana-vizesi\/\" target=\"_blank\" rel=\"noopener\">Gana vizesi<\/a><\/strong><\/span> i\u00e7in gerekli evraklar\u0131 toplaman\u0131z gerekecektir. <strong>Gana vizesi<\/strong> i\u00e7in gerekli evraklar \u015fu \u015fekildedir;<\/span> <span style=\"font-family: Roboto; font-size: 14px;\"><!-- \/wp:paragraph -->\r\n\r\n<!-- wp:paragraph --><\/span> <span style=\"font-family: Roboto; font-size: 14px;\">\u00a0-Pasaport<\/span> <span style=\"font-family: Roboto; font-size: 14px;\"><!-- \/wp:paragraph -->\r\n\r\n<!-- wp:paragraph --><\/span> <span style=\"font-family: Roboto; font-size: 14px;\">\u00a0-4 adet Foto\u011fraf<\/span> <span style=\"font-family: Roboto; font-size: 14px;\"><!-- \/wp:paragraph -->\r\n\r\n<!-- wp:paragraph --><\/span> <span style=\"font-family: Roboto; font-size: 14px;\">\u00a0-N\u00fcfus C\u00fczdan\u0131 Fotokopisi<\/span> <span style=\"font-family: Roboto; font-size: 14px;\"><!-- \/wp:paragraph -->\r\n\r\n<!-- wp:paragraph --><\/span> <span style=\"font-family: Roboto; font-size: 14px;\">\u00a0-\u015eahsi Banka Hesap \u00d6zeti<\/span> <span style=\"font-family: Roboto; font-size: 14px;\"><!-- \/wp:paragraph -->\r\n\r\n<!-- wp:paragraph --><\/span> <span style=\"font-family: Roboto; font-size: 14px;\">\u00a0-SGK D\u00f6k\u00fcm\u00fc ve Maa\u015f Bordronuz<\/span> <span style=\"font-family: Roboto; font-size: 14px;\"><!-- \/wp:paragraph -->\r\n\r\n<!-- wp:paragraph --><\/span> <span style=\"font-family: Roboto; font-size: 14px;\">\u00a0-\u015eirket \u0130zin Yaz\u0131s\u0131<\/span> <span style=\"font-family: Roboto; font-size: 14px;\"><span style=\"color: #2acec2;\"><strong><a style=\"color: #2acec2;\" href=\"https:\/\/www.myvize.com.tr\/gana\/gana-vize-dilekce-ornegi\/\" target=\"_blank\" rel=\"noopener\">Gana Vize Dilek\u00e7e \u00d6rne\u011fi <\/a><\/strong><\/span>ile ilgili bilgi almak i\u00e7in bizi aray\u0131n\u0131z.<\/span><\/p>","protected":false},"excerpt":{"rendered":"<p>Gana Vize Ba\u015fvuru Formu Gana vizesine ba\u015fvuru yapmadan \u00f6nce Gana Vize Ba\u015fvuru Formu\u2019 ndan 4 adet doldurmak gerekmektedir. Formda yer alan bilgilerin do\u011fru ve eksiksiz olmas\u0131 olduk\u00e7a \u00f6nemlidir. Vize de\u011ferlendirme a\u015famas\u0131nda yetkilinin ba\u015fvuru formunda beyan etti\u011finiz bilgilere ait belgeleri g\u00f6rmek isteyebilece\u011fini unutmay\u0131n. Gerekli Evraklar Vize ba\u015fvuru formunu eksiksiz doldurduktan sonra Gana vizesi i\u00e7in gerekli evraklar\u0131<\/p>\n","protected":false},"author":1,"featured_media":0,"parent":169,"menu_order":0,"comment_status":"open","ping_status":"closed","template":"","meta":{"footnotes":""},"class_list":["post-180","page","type-page","status-publish","hentry"],"yoast_head":"<!-- This site is optimized with the Yoast SEO plugin v24.0 - https:\/\/yoast.com\/wordpress\/plugins\/seo\/ -->\n<title>Gana Vize Ba\u015fvuru Formu - Gana Vize Ba\u015fvurusu - MyVize<\/title>\n<meta name=\"description\" content=\"Gana vize ba\u015fvuru formuna dair g\u00fcncel veriler. Gana vize ba\u015fvuru formu detayl\u0131 g\u00f6rsel anlat\u0131m. Gana vize ba\u015fvuru formu i\u00e7in ileti\u015fime ge\u00e7in.\" \/>\n<meta name=\"robots\" content=\"index, follow, max-snippet:-1, max-image-preview:large, max-video-preview:-1\" \/>\n<link rel=\"canonical\" href=\"https:\/\/www.myvize.com.tr\/gana\/form-ve-dilekce\/vize-basvuru-formu\/\" \/>\n<meta property=\"og:locale\" content=\"tr_TR\" \/>\n<meta property=\"og:type\" content=\"article\" \/>\n<meta property=\"og:title\" content=\"Gana Vize Ba\u015fvuru Formu - Gana Vize Ba\u015fvurusu - MyVize\" \/>\n<meta property=\"og:description\" content=\"Gana vize ba\u015fvuru formuna dair g\u00fcncel veriler. Gana vize ba\u015fvuru formu detayl\u0131 g\u00f6rsel anlat\u0131m. Gana vize ba\u015fvuru formu i\u00e7in ileti\u015fime ge\u00e7in.\" \/>\n<meta property=\"og:url\" content=\"https:\/\/www.myvize.com.tr\/gana\/form-ve-dilekce\/vize-basvuru-formu\/\" \/>\n<meta property=\"og:site_name\" content=\"Gana Vizesi\" \/>\n<meta property=\"article:modified_time\" content=\"2022-05-07T10:46:15+00:00\" \/>\n<meta name=\"twitter:card\" content=\"summary_large_image\" \/>\n<meta name=\"twitter:label1\" content=\"Tahmini okuma s\u00fcresi\" \/>\n\t<meta name=\"twitter:data1\" content=\"1 dakika\" \/>\n<script type=\"application\/ld+json\" class=\"yoast-schema-graph\">{\"@context\":\"https:\/\/schema.org\",\"@graph\":[{\"@type\":\"WebPage\",\"@id\":\"https:\/\/www.myvize.com.tr\/gana\/form-ve-dilekce\/vize-basvuru-formu\/\",\"url\":\"https:\/\/www.myvize.com.tr\/gana\/form-ve-dilekce\/vize-basvuru-formu\/\",\"name\":\"Gana Vize Ba\u015fvuru Formu - Gana Vize Ba\u015fvurusu - MyVize\",\"isPartOf\":{\"@id\":\"https:\/\/www.myvize.com.tr\/gana\/#website\"},\"datePublished\":\"2020-12-29T13:16:54+00:00\",\"dateModified\":\"2022-05-07T10:46:15+00:00\",\"description\":\"Gana vize ba\u015fvuru formuna dair g\u00fcncel veriler. Gana vize ba\u015fvuru formu detayl\u0131 g\u00f6rsel anlat\u0131m. Gana vize ba\u015fvuru formu i\u00e7in ileti\u015fime ge\u00e7in.\",\"breadcrumb\":{\"@id\":\"https:\/\/www.myvize.com.tr\/gana\/form-ve-dilekce\/vize-basvuru-formu\/#breadcrumb\"},\"inLanguage\":\"tr\",\"potentialAction\":[{\"@type\":\"ReadAction\",\"target\":[\"https:\/\/www.myvize.com.tr\/gana\/form-ve-dilekce\/vize-basvuru-formu\/\"]}]},{\"@type\":\"BreadcrumbList\",\"@id\":\"https:\/\/www.myvize.com.tr\/gana\/form-ve-dilekce\/vize-basvuru-formu\/#breadcrumb\",\"itemListElement\":[{\"@type\":\"ListItem\",\"position\":1,\"name\":\"Anasayfa\",\"item\":\"https:\/\/www.myvize.com.tr\/gana\/\"},{\"@type\":\"ListItem\",\"position\":2,\"name\":\"FORM VE D\u0130LEK\u00c7E\",\"item\":\"https:\/\/www.myvize.com.tr\/gana\/form-ve-dilekce\/\"},{\"@type\":\"ListItem\",\"position\":3,\"name\":\"Gana Vizesi Ba\u015fvuru Formu\"}]},{\"@type\":\"WebSite\",\"@id\":\"https:\/\/www.myvize.com.tr\/gana\/#website\",\"url\":\"https:\/\/www.myvize.com.tr\/gana\/\",\"name\":\"Gana Vizesi\",\"description\":\"\",\"potentialAction\":[{\"@type\":\"SearchAction\",\"target\":{\"@type\":\"EntryPoint\",\"urlTemplate\":\"https:\/\/www.myvize.com.tr\/gana\/?s={search_term_string}\"},\"query-input\":{\"@type\":\"PropertyValueSpecification\",\"valueRequired\":true,\"valueName\":\"search_term_string\"}}],\"inLanguage\":\"tr\"}]}<\/script>\n<!-- \/ Yoast SEO plugin. -->","yoast_head_json":{"title":"Gana Vize Ba\u015fvuru Formu - Gana Vize Ba\u015fvurusu - MyVize","description":"Gana vize ba\u015fvuru formuna dair g\u00fcncel veriler. Gana vize ba\u015fvuru formu detayl\u0131 g\u00f6rsel anlat\u0131m. Gana vize ba\u015fvuru formu i\u00e7in ileti\u015fime ge\u00e7in.","robots":{"index":"index","follow":"follow","max-snippet":"max-snippet:-1","max-image-preview":"max-image-preview:large","max-video-preview":"max-video-preview:-1"},"canonical":"https:\/\/www.myvize.com.tr\/gana\/form-ve-dilekce\/vize-basvuru-formu\/","og_locale":"tr_TR","og_type":"article","og_title":"Gana Vize Ba\u015fvuru Formu - Gana Vize Ba\u015fvurusu - MyVize","og_description":"Gana vize ba\u015fvuru formuna dair g\u00fcncel veriler. Gana vize ba\u015fvuru formu detayl\u0131 g\u00f6rsel anlat\u0131m. Gana vize ba\u015fvuru formu i\u00e7in ileti\u015fime ge\u00e7in.","og_url":"https:\/\/www.myvize.com.tr\/gana\/form-ve-dilekce\/vize-basvuru-formu\/","og_site_name":"Gana Vizesi","article_modified_time":"2022-05-07T10:46:15+00:00","twitter_card":"summary_large_image","twitter_misc":{"Tahmini okuma s\u00fcresi":"1 dakika"},"schema":{"@context":"https:\/\/schema.org","@graph":[{"@type":"WebPage","@id":"https:\/\/www.myvize.com.tr\/gana\/form-ve-dilekce\/vize-basvuru-formu\/","url":"https:\/\/www.myvize.com.tr\/gana\/form-ve-dilekce\/vize-basvuru-formu\/","name":"Gana Vize Ba\u015fvuru Formu - Gana Vize Ba\u015fvurusu - MyVize","isPartOf":{"@id":"https:\/\/www.myvize.com.tr\/gana\/#website"},"datePublished":"2020-12-29T13:16:54+00:00","dateModified":"2022-05-07T10:46:15+00:00","description":"Gana vize ba\u015fvuru formuna dair g\u00fcncel veriler. Gana vize ba\u015fvuru formu detayl\u0131 g\u00f6rsel anlat\u0131m. Gana vize ba\u015fvuru formu i\u00e7in ileti\u015fime ge\u00e7in.","breadcrumb":{"@id":"https:\/\/www.myvize.com.tr\/gana\/form-ve-dilekce\/vize-basvuru-formu\/#breadcrumb"},"inLanguage":"tr","potentialAction":[{"@type":"ReadAction","target":["https:\/\/www.myvize.com.tr\/gana\/form-ve-dilekce\/vize-basvuru-formu\/"]}]},{"@type":"BreadcrumbList","@id":"https:\/\/www.myvize.com.tr\/gana\/form-ve-dilekce\/vize-basvuru-formu\/#breadcrumb","itemListElement":[{"@type":"ListItem","position":1,"name":"Anasayfa","item":"https:\/\/www.myvize.com.tr\/gana\/"},{"@type":"ListItem","position":2,"name":"FORM VE D\u0130LEK\u00c7E","item":"https:\/\/www.myvize.com.tr\/gana\/form-ve-dilekce\/"},{"@type":"ListItem","position":3,"name":"Gana Vizesi Ba\u015fvuru Formu"}]},{"@type":"WebSite","@id":"https:\/\/www.myvize.com.tr\/gana\/#website","url":"https:\/\/www.myvize.com.tr\/gana\/","name":"Gana Vizesi","description":"","potentialAction":[{"@type":"SearchAction","target":{"@type":"EntryPoint","urlTemplate":"https:\/\/www.myvize.com.tr\/gana\/?s={search_term_string}"},"query-input":{"@type":"PropertyValueSpecification","valueRequired":true,"valueName":"search_term_string"}}],"inLanguage":"tr"}]}},"_links":{"self":[{"href":"https:\/\/www.myvize.com.tr\/gana\/wp-json\/wp\/v2\/pages\/180","targetHints":{"allow":["GET"]}}],"collection":[{"href":"https:\/\/www.myvize.com.tr\/gana\/wp-json\/wp\/v2\/pages"}],"about":[{"href":"https:\/\/www.myvize.com.tr\/gana\/wp-json\/wp\/v2\/types\/page"}],"author":[{"embeddable":true,"href":"https:\/\/www.myvize.com.tr\/gana\/wp-json\/wp\/v2\/users\/1"}],"replies":[{"embeddable":true,"href":"https:\/\/www.myvize.com.tr\/gana\/wp-json\/wp\/v2\/comments?post=180"}],"version-history":[{"count":5,"href":"https:\/\/www.myvize.com.tr\/gana\/wp-json\/wp\/v2\/pages\/180\/revisions"}],"predecessor-version":[{"id":700,"href":"https:\/\/www.myvize.com.tr\/gana\/wp-json\/wp\/v2\/pages\/180\/revisions\/700"}],"up":[{"embeddable":true,"href":"https:\/\/www.myvize.com.tr\/gana\/wp-json\/wp\/v2\/pages\/169"}],"wp:attachment":[{"href":"https:\/\/www.myvize.com.tr\/gana\/wp-json\/wp\/v2\/media?parent=180"}],"curies":[{"name":"wp","href":"https:\/\/api.w.org\/{rel}","templated":true}]}}