{"id":212,"date":"2020-12-29T16:21:50","date_gmt":"2020-12-29T13:21:50","guid":{"rendered":"https:\/\/www.myvize.com.tr\/gana\/?page_id=212"},"modified":"2022-05-07T14:12:25","modified_gmt":"2022-05-07T11:12:25","slug":"corlu","status":"publish","type":"page","link":"https:\/\/www.myvize.com.tr\/gana\/subelerimiz\/corlu\/","title":{"rendered":"\u00c7orlu"},"content":{"rendered":"<h2><span style=\"font-family: Roboto; font-size: 27px;\"><strong>Gana Vize Ba\u015fvuru Merkezi, \u00c7orlu<\/strong><\/span><\/h2>\n<p><span style=\"font-family: Roboto; font-size: 14px;\"><strong>\u00c7orlu Gana Vize ba\u015fvurusu <\/strong>i\u00e7in ki\u015filerin \u00f6ncelikle ba\u015fvuru formunu doldurmalar\u0131 gerekir. <strong>Ba\u015fvuru formu \u0130ngilizce<\/strong> olarak doldurulabilir. Ayn\u0131 zaman da eksiksiz olarak doldurulmal\u0131d\u0131r. Yaz\u0131lar\u0131n okunakl\u0131 olarak ve b\u00fcy\u00fck harfler ile yaz\u0131lmas\u0131 gerekir. <span style=\"color: #2acec2;\"><strong><a style=\"color: #2acec2;\" href=\"https:\/\/www.myvize.com.tr\/gana\/vize-islemleri\/gana-vize-basvuru-formu\/\" target=\"_blank\" rel=\"noopener\">Gana Vize ba\u015fvuru formu<\/a><\/strong><\/span> i\u00e7erisinde yaz\u0131lm\u0131\u015f olan bilgilerin her birinin <strong>vize ba\u015fvurusu<\/strong> i\u00e7in kullan\u0131lan evraklar ile ayn\u0131 olmas\u0131 gerekir. Aksi halde vize reddedilir. Form doldurma i\u015flemi tamamland\u0131ktan sonra biyometrik foto\u011fraf ilgili olan kutucu\u011fa yerle\u015ftirilmelidir. Bu i\u015flem ile birlikte form doldurma i\u015flemi sona ermi\u015f olur. Ayn\u0131 zaman da bir de imza at\u0131lmas\u0131 gerekir. \u0130mza evraklarda bulunan imza ile birebir ayn\u0131 olmal\u0131d\u0131r. Bu durum \u00f6zellikle dikkat edilen konular aras\u0131nda yer al\u0131r. Bu nedenle at\u0131lan imzaya da dikkat etmeniz \u00e7ok daha do\u011fru olur. <span style=\"color: #2acec2;\"><strong><a style=\"color: #2acec2;\" href=\"https:\/\/www.myvize.com.tr\/gana\/vize-islemleri\/\" target=\"_blank\" rel=\"noopener\">Vize i\u015flemleri<\/a><\/strong><\/span> yerine getirilirken baz\u0131 durumlara da dikkat edilmelidir. \u00d6ncelikle pasaportun yenilenmi\u015f olmas\u0131 \u00e7ok daha do\u011fru olur. 10 y\u0131ldan daha eski olmamas\u0131 gerekir. \u00c7\u00fcnk\u00fc konsolosluk bu pasaportlar\u0131 kabul etmez. Ayn\u0131 zaman da pasaportlar\u0131n y\u0131pranm\u0131\u015f ya da hasar g\u00f6rmemi\u015f olmas\u0131 da gerekir.\u00a0<\/span><\/p>\n","protected":false},"excerpt":{"rendered":"<p>Gana Vize Ba\u015fvuru Merkezi, \u00c7orlu \u00c7orlu Gana Vize ba\u015fvurusu i\u00e7in ki\u015filerin \u00f6ncelikle ba\u015fvuru formunu doldurmalar\u0131 gerekir. Ba\u015fvuru formu \u0130ngilizce olarak doldurulabilir. Ayn\u0131 zaman da eksiksiz olarak doldurulmal\u0131d\u0131r. Yaz\u0131lar\u0131n okunakl\u0131 olarak ve b\u00fcy\u00fck harfler ile yaz\u0131lmas\u0131 gerekir. Gana Vize ba\u015fvuru formu i\u00e7erisinde yaz\u0131lm\u0131\u015f olan bilgilerin her birinin vize ba\u015fvurusu i\u00e7in kullan\u0131lan evraklar ile ayn\u0131 olmas\u0131 gerekir.<\/p>\n","protected":false},"author":1,"featured_media":0,"parent":175,"menu_order":0,"comment_status":"open","ping_status":"closed","template":"","meta":{"footnotes":""},"class_list":["post-212","page","type-page","status-publish","hentry"],"yoast_head":"<!-- This site is optimized with the Yoast SEO plugin v24.0 - https:\/\/yoast.com\/wordpress\/plugins\/seo\/ -->\n<title>Gana Vizesi \u00c7orlu Vize Ba\u015fvuru Merkezimiz - MyVize<\/title>\n<meta name=\"description\" content=\"Gana Vizesi \u00c7orlu Vize Ba\u015fvuru Merkezi. Gana Vizesi Nas\u0131l Al\u0131n\u0131r? Ba\u015fvuru Yapmak \u0130\u00e7in \u00c7orlu \u015eubemizi Aray\u0131n: 0850 346 84 93\" \/>\n<meta name=\"robots\" content=\"index, follow, max-snippet:-1, max-image-preview:large, max-video-preview:-1\" \/>\n<link rel=\"canonical\" href=\"https:\/\/www.myvize.com.tr\/gana\/subelerimiz\/corlu\/\" \/>\n<meta property=\"og:locale\" content=\"tr_TR\" \/>\n<meta property=\"og:type\" content=\"article\" \/>\n<meta property=\"og:title\" content=\"Gana Vizesi \u00c7orlu Vize Ba\u015fvuru Merkezimiz - MyVize\" \/>\n<meta property=\"og:description\" content=\"Gana Vizesi \u00c7orlu Vize Ba\u015fvuru Merkezi. Gana Vizesi Nas\u0131l Al\u0131n\u0131r? Ba\u015fvuru Yapmak \u0130\u00e7in \u00c7orlu \u015eubemizi Aray\u0131n: 0850 346 84 93\" \/>\n<meta property=\"og:url\" content=\"https:\/\/www.myvize.com.tr\/gana\/subelerimiz\/corlu\/\" \/>\n<meta property=\"og:site_name\" content=\"Gana Vizesi\" \/>\n<meta property=\"article:modified_time\" content=\"2022-05-07T11:12:25+00:00\" \/>\n<meta name=\"twitter:card\" content=\"summary_large_image\" \/>\n<meta name=\"twitter:label1\" content=\"Tahmini okuma s\u00fcresi\" \/>\n\t<meta name=\"twitter:data1\" content=\"1 dakika\" \/>\n<script type=\"application\/ld+json\" class=\"yoast-schema-graph\">{\"@context\":\"https:\/\/schema.org\",\"@graph\":[{\"@type\":\"WebPage\",\"@id\":\"https:\/\/www.myvize.com.tr\/gana\/subelerimiz\/corlu\/\",\"url\":\"https:\/\/www.myvize.com.tr\/gana\/subelerimiz\/corlu\/\",\"name\":\"Gana Vizesi \u00c7orlu Vize Ba\u015fvuru Merkezimiz - MyVize\",\"isPartOf\":{\"@id\":\"https:\/\/www.myvize.com.tr\/gana\/#website\"},\"datePublished\":\"2020-12-29T13:21:50+00:00\",\"dateModified\":\"2022-05-07T11:12:25+00:00\",\"description\":\"Gana Vizesi \u00c7orlu Vize Ba\u015fvuru Merkezi. Gana Vizesi Nas\u0131l Al\u0131n\u0131r? Ba\u015fvuru Yapmak \u0130\u00e7in \u00c7orlu \u015eubemizi Aray\u0131n: 0850 346 84 93\",\"breadcrumb\":{\"@id\":\"https:\/\/www.myvize.com.tr\/gana\/subelerimiz\/corlu\/#breadcrumb\"},\"inLanguage\":\"tr\",\"potentialAction\":[{\"@type\":\"ReadAction\",\"target\":[\"https:\/\/www.myvize.com.tr\/gana\/subelerimiz\/corlu\/\"]}]},{\"@type\":\"BreadcrumbList\",\"@id\":\"https:\/\/www.myvize.com.tr\/gana\/subelerimiz\/corlu\/#breadcrumb\",\"itemListElement\":[{\"@type\":\"ListItem\",\"position\":1,\"name\":\"Anasayfa\",\"item\":\"https:\/\/www.myvize.com.tr\/gana\/\"},{\"@type\":\"ListItem\",\"position\":2,\"name\":\"\u015eUBELER\u0130M\u0130Z\",\"item\":\"https:\/\/www.myvize.com.tr\/gana\/subelerimiz\/\"},{\"@type\":\"ListItem\",\"position\":3,\"name\":\"\u00c7orlu\"}]},{\"@type\":\"WebSite\",\"@id\":\"https:\/\/www.myvize.com.tr\/gana\/#website\",\"url\":\"https:\/\/www.myvize.com.tr\/gana\/\",\"name\":\"Gana Vizesi\",\"description\":\"\",\"potentialAction\":[{\"@type\":\"SearchAction\",\"target\":{\"@type\":\"EntryPoint\",\"urlTemplate\":\"https:\/\/www.myvize.com.tr\/gana\/?s={search_term_string}\"},\"query-input\":{\"@type\":\"PropertyValueSpecification\",\"valueRequired\":true,\"valueName\":\"search_term_string\"}}],\"inLanguage\":\"tr\"}]}<\/script>\n<!-- \/ Yoast SEO plugin. -->","yoast_head_json":{"title":"Gana Vizesi \u00c7orlu Vize Ba\u015fvuru Merkezimiz - MyVize","description":"Gana Vizesi \u00c7orlu Vize Ba\u015fvuru Merkezi. Gana Vizesi Nas\u0131l Al\u0131n\u0131r? Ba\u015fvuru Yapmak \u0130\u00e7in \u00c7orlu \u015eubemizi Aray\u0131n: 0850 346 84 93","robots":{"index":"index","follow":"follow","max-snippet":"max-snippet:-1","max-image-preview":"max-image-preview:large","max-video-preview":"max-video-preview:-1"},"canonical":"https:\/\/www.myvize.com.tr\/gana\/subelerimiz\/corlu\/","og_locale":"tr_TR","og_type":"article","og_title":"Gana Vizesi \u00c7orlu Vize Ba\u015fvuru Merkezimiz - MyVize","og_description":"Gana Vizesi \u00c7orlu Vize Ba\u015fvuru Merkezi. Gana Vizesi Nas\u0131l Al\u0131n\u0131r? Ba\u015fvuru Yapmak \u0130\u00e7in \u00c7orlu \u015eubemizi Aray\u0131n: 0850 346 84 93","og_url":"https:\/\/www.myvize.com.tr\/gana\/subelerimiz\/corlu\/","og_site_name":"Gana Vizesi","article_modified_time":"2022-05-07T11:12:25+00:00","twitter_card":"summary_large_image","twitter_misc":{"Tahmini okuma s\u00fcresi":"1 dakika"},"schema":{"@context":"https:\/\/schema.org","@graph":[{"@type":"WebPage","@id":"https:\/\/www.myvize.com.tr\/gana\/subelerimiz\/corlu\/","url":"https:\/\/www.myvize.com.tr\/gana\/subelerimiz\/corlu\/","name":"Gana Vizesi \u00c7orlu Vize Ba\u015fvuru Merkezimiz - MyVize","isPartOf":{"@id":"https:\/\/www.myvize.com.tr\/gana\/#website"},"datePublished":"2020-12-29T13:21:50+00:00","dateModified":"2022-05-07T11:12:25+00:00","description":"Gana Vizesi \u00c7orlu Vize Ba\u015fvuru Merkezi. Gana Vizesi Nas\u0131l Al\u0131n\u0131r? Ba\u015fvuru Yapmak \u0130\u00e7in \u00c7orlu \u015eubemizi Aray\u0131n: 0850 346 84 93","breadcrumb":{"@id":"https:\/\/www.myvize.com.tr\/gana\/subelerimiz\/corlu\/#breadcrumb"},"inLanguage":"tr","potentialAction":[{"@type":"ReadAction","target":["https:\/\/www.myvize.com.tr\/gana\/subelerimiz\/corlu\/"]}]},{"@type":"BreadcrumbList","@id":"https:\/\/www.myvize.com.tr\/gana\/subelerimiz\/corlu\/#breadcrumb","itemListElement":[{"@type":"ListItem","position":1,"name":"Anasayfa","item":"https:\/\/www.myvize.com.tr\/gana\/"},{"@type":"ListItem","position":2,"name":"\u015eUBELER\u0130M\u0130Z","item":"https:\/\/www.myvize.com.tr\/gana\/subelerimiz\/"},{"@type":"ListItem","position":3,"name":"\u00c7orlu"}]},{"@type":"WebSite","@id":"https:\/\/www.myvize.com.tr\/gana\/#website","url":"https:\/\/www.myvize.com.tr\/gana\/","name":"Gana Vizesi","description":"","potentialAction":[{"@type":"SearchAction","target":{"@type":"EntryPoint","urlTemplate":"https:\/\/www.myvize.com.tr\/gana\/?s={search_term_string}"},"query-input":{"@type":"PropertyValueSpecification","valueRequired":true,"valueName":"search_term_string"}}],"inLanguage":"tr"}]}},"_links":{"self":[{"href":"https:\/\/www.myvize.com.tr\/gana\/wp-json\/wp\/v2\/pages\/212","targetHints":{"allow":["GET"]}}],"collection":[{"href":"https:\/\/www.myvize.com.tr\/gana\/wp-json\/wp\/v2\/pages"}],"about":[{"href":"https:\/\/www.myvize.com.tr\/gana\/wp-json\/wp\/v2\/types\/page"}],"author":[{"embeddable":true,"href":"https:\/\/www.myvize.com.tr\/gana\/wp-json\/wp\/v2\/users\/1"}],"replies":[{"embeddable":true,"href":"https:\/\/www.myvize.com.tr\/gana\/wp-json\/wp\/v2\/comments?post=212"}],"version-history":[{"count":5,"href":"https:\/\/www.myvize.com.tr\/gana\/wp-json\/wp\/v2\/pages\/212\/revisions"}],"predecessor-version":[{"id":720,"href":"https:\/\/www.myvize.com.tr\/gana\/wp-json\/wp\/v2\/pages\/212\/revisions\/720"}],"up":[{"embeddable":true,"href":"https:\/\/www.myvize.com.tr\/gana\/wp-json\/wp\/v2\/pages\/175"}],"wp:attachment":[{"href":"https:\/\/www.myvize.com.tr\/gana\/wp-json\/wp\/v2\/media?parent=212"}],"curies":[{"name":"wp","href":"https:\/\/api.w.org\/{rel}","templated":true}]}}