{"id":444,"date":"2021-10-01T15:22:10","date_gmt":"2021-10-01T12:22:10","guid":{"rendered":"https:\/\/www.myvize.com.tr\/gana\/?page_id=444"},"modified":"2022-05-07T14:29:52","modified_gmt":"2022-05-07T11:29:52","slug":"altunizade","status":"publish","type":"page","link":"https:\/\/www.myvize.com.tr\/gana\/altunizade\/","title":{"rendered":"Altunizade"},"content":{"rendered":"<h2><span style=\"font-family: Roboto; font-size: 27px;\"><strong>Gana Vize Ba\u015fvuru Merkezi, Altunizade<\/strong><\/span><\/h2>\n<p><span style=\"font-family: Roboto; font-size: 14px;\"><strong>Altunizade Gana vize ba\u015fvurusu\u00a0<\/strong>i\u00e7in \u00f6ncelikle vize ba\u015fvuru formunun doldurulmas\u0131 gerekir<span style=\"color: #2acec2;\"><strong><a style=\"color: #2acec2;\" href=\"https:\/\/www.myvize.com.tr\/gana\/vize-islemleri\/gana-vize-basvuru-formu\/\" target=\"_blank\" rel=\"noopener\">. Gana Vize ba\u015fvuru formu<\/a><\/strong><\/span> Konsoloslu\u011fun siz daha iyi tan\u0131yabilmesi amac\u0131 ile haz\u0131rlanm\u0131\u015f olan bir formdur. Resmi bir belgedir. Bu nedenle de doldurma i\u015flemi yerine getirilirken dikkatli davran\u0131lmas\u0131 gerekir. Form eksiksiz ve ayn\u0131 zaman da ger\u00e7ek bilgiler ile doldurulmal\u0131d\u0131r. Bu evrak\u0131n <strong>vize ba\u015fvuru evraklar\u0131<\/strong> i\u00e7erisinde yer almas\u0131 zorunludur. Aksi halde ba\u015fvuru i\u015flemi ge\u00e7ersiz olarak say\u0131l\u0131r. <strong>Ba\u015fvuru formunun \u0130ngilizce<\/strong> olarak doldurulmas\u0131 gerekir. Okunakl\u0131 bir yaz\u0131 ile b\u00fcy\u00fck harfler ile yaz\u0131lmal\u0131d\u0131r. Ayn\u0131 zaman da doldurma i\u015flemi yerine getirilirken mavi t\u00fckenmez kalem tercih edilmelidir. <strong>Ba\u015fvuru formunda<\/strong> yaz\u0131lan bilgiler ile g\u00f6nderilen belgelerin birbiri ile ayn\u0131 olmas\u0131 gerekir. Aksi bir durum da vize alma ihtimalinizde ortadan kalkm\u0131\u015f olur. Baz\u0131 durumlarda verilmi\u015f olan evraklara ek olarak ba\u015fka evraklarda istenmektedir. Bu nedenle durumlar\u0131n hepsi g\u00f6z \u00f6n\u00fcnde bulundurularak i\u015flemlerin yerine getirilmesi gerekir. Vize ba\u015fvurusunun sonu\u00e7lanmas\u0131 7 i\u015f g\u00fcn\u00fcn\u00fc bulabilir. Bu nedenle ba\u015fvuru i\u015fleminin \u00f6nceden yap\u0131lmas\u0131 \u00e7ok daha do\u011fru olur.\u00a0<\/span><\/p>\n","protected":false},"excerpt":{"rendered":"<p>Gana Vize Ba\u015fvuru Merkezi, Altunizade Altunizade Gana vize ba\u015fvurusu\u00a0i\u00e7in \u00f6ncelikle vize ba\u015fvuru formunun doldurulmas\u0131 gerekir. Gana Vize ba\u015fvuru formu Konsoloslu\u011fun siz daha iyi tan\u0131yabilmesi amac\u0131 ile haz\u0131rlanm\u0131\u015f olan bir formdur. Resmi bir belgedir. Bu nedenle de doldurma i\u015flemi yerine getirilirken dikkatli davran\u0131lmas\u0131 gerekir. Form eksiksiz ve ayn\u0131 zaman da ger\u00e7ek bilgiler ile doldurulmal\u0131d\u0131r. Bu evrak\u0131n<\/p>\n","protected":false},"author":1,"featured_media":0,"parent":0,"menu_order":0,"comment_status":"closed","ping_status":"closed","template":"","meta":{"footnotes":""},"class_list":["post-444","page","type-page","status-publish","hentry"],"yoast_head":"<!-- This site is optimized with the Yoast SEO plugin v24.0 - https:\/\/yoast.com\/wordpress\/plugins\/seo\/ -->\n<title>Gana Vize Ba\u015fvuru Merkezimiz Altunizade - MyVize<\/title>\n<meta name=\"description\" content=\"Gana Vizesi Altunizade Vize Ba\u015fvuru Merkezi. Gana Vizesi Nas\u0131l Al\u0131n\u0131r? Ba\u015fvuru Yapmak \u0130\u00e7in Altunizade \u015eubemizi Aray\u0131n: 0850 346 84 93\" \/>\n<meta name=\"robots\" content=\"index, follow, max-snippet:-1, max-image-preview:large, max-video-preview:-1\" \/>\n<link rel=\"canonical\" href=\"https:\/\/www.myvize.com.tr\/gana\/altunizade\/\" \/>\n<meta property=\"og:locale\" content=\"tr_TR\" \/>\n<meta property=\"og:type\" content=\"article\" \/>\n<meta property=\"og:title\" content=\"Gana Vize Ba\u015fvuru Merkezimiz Altunizade - MyVize\" \/>\n<meta property=\"og:description\" content=\"Gana Vizesi Altunizade Vize Ba\u015fvuru Merkezi. Gana Vizesi Nas\u0131l Al\u0131n\u0131r? Ba\u015fvuru Yapmak \u0130\u00e7in Altunizade \u015eubemizi Aray\u0131n: 0850 346 84 93\" \/>\n<meta property=\"og:url\" content=\"https:\/\/www.myvize.com.tr\/gana\/altunizade\/\" \/>\n<meta property=\"og:site_name\" content=\"Gana Vizesi\" \/>\n<meta property=\"article:modified_time\" content=\"2022-05-07T11:29:52+00:00\" \/>\n<meta name=\"twitter:card\" content=\"summary_large_image\" \/>\n<meta name=\"twitter:label1\" content=\"Tahmini okuma s\u00fcresi\" \/>\n\t<meta name=\"twitter:data1\" content=\"1 dakika\" \/>\n<script type=\"application\/ld+json\" class=\"yoast-schema-graph\">{\"@context\":\"https:\/\/schema.org\",\"@graph\":[{\"@type\":\"WebPage\",\"@id\":\"https:\/\/www.myvize.com.tr\/gana\/altunizade\/\",\"url\":\"https:\/\/www.myvize.com.tr\/gana\/altunizade\/\",\"name\":\"Gana Vize Ba\u015fvuru Merkezimiz Altunizade - MyVize\",\"isPartOf\":{\"@id\":\"https:\/\/www.myvize.com.tr\/gana\/#website\"},\"datePublished\":\"2021-10-01T12:22:10+00:00\",\"dateModified\":\"2022-05-07T11:29:52+00:00\",\"description\":\"Gana Vizesi Altunizade Vize Ba\u015fvuru Merkezi. Gana Vizesi Nas\u0131l Al\u0131n\u0131r? Ba\u015fvuru Yapmak \u0130\u00e7in Altunizade \u015eubemizi Aray\u0131n: 0850 346 84 93\",\"breadcrumb\":{\"@id\":\"https:\/\/www.myvize.com.tr\/gana\/altunizade\/#breadcrumb\"},\"inLanguage\":\"tr\",\"potentialAction\":[{\"@type\":\"ReadAction\",\"target\":[\"https:\/\/www.myvize.com.tr\/gana\/altunizade\/\"]}]},{\"@type\":\"BreadcrumbList\",\"@id\":\"https:\/\/www.myvize.com.tr\/gana\/altunizade\/#breadcrumb\",\"itemListElement\":[{\"@type\":\"ListItem\",\"position\":1,\"name\":\"Anasayfa\",\"item\":\"https:\/\/www.myvize.com.tr\/gana\/\"},{\"@type\":\"ListItem\",\"position\":2,\"name\":\"Altunizade\"}]},{\"@type\":\"WebSite\",\"@id\":\"https:\/\/www.myvize.com.tr\/gana\/#website\",\"url\":\"https:\/\/www.myvize.com.tr\/gana\/\",\"name\":\"Gana Vizesi\",\"description\":\"\",\"potentialAction\":[{\"@type\":\"SearchAction\",\"target\":{\"@type\":\"EntryPoint\",\"urlTemplate\":\"https:\/\/www.myvize.com.tr\/gana\/?s={search_term_string}\"},\"query-input\":{\"@type\":\"PropertyValueSpecification\",\"valueRequired\":true,\"valueName\":\"search_term_string\"}}],\"inLanguage\":\"tr\"}]}<\/script>\n<!-- \/ Yoast SEO plugin. -->","yoast_head_json":{"title":"Gana Vize Ba\u015fvuru Merkezimiz Altunizade - MyVize","description":"Gana Vizesi Altunizade Vize Ba\u015fvuru Merkezi. Gana Vizesi Nas\u0131l Al\u0131n\u0131r? Ba\u015fvuru Yapmak \u0130\u00e7in Altunizade \u015eubemizi Aray\u0131n: 0850 346 84 93","robots":{"index":"index","follow":"follow","max-snippet":"max-snippet:-1","max-image-preview":"max-image-preview:large","max-video-preview":"max-video-preview:-1"},"canonical":"https:\/\/www.myvize.com.tr\/gana\/altunizade\/","og_locale":"tr_TR","og_type":"article","og_title":"Gana Vize Ba\u015fvuru Merkezimiz Altunizade - MyVize","og_description":"Gana Vizesi Altunizade Vize Ba\u015fvuru Merkezi. Gana Vizesi Nas\u0131l Al\u0131n\u0131r? Ba\u015fvuru Yapmak \u0130\u00e7in Altunizade \u015eubemizi Aray\u0131n: 0850 346 84 93","og_url":"https:\/\/www.myvize.com.tr\/gana\/altunizade\/","og_site_name":"Gana Vizesi","article_modified_time":"2022-05-07T11:29:52+00:00","twitter_card":"summary_large_image","twitter_misc":{"Tahmini okuma s\u00fcresi":"1 dakika"},"schema":{"@context":"https:\/\/schema.org","@graph":[{"@type":"WebPage","@id":"https:\/\/www.myvize.com.tr\/gana\/altunizade\/","url":"https:\/\/www.myvize.com.tr\/gana\/altunizade\/","name":"Gana Vize Ba\u015fvuru Merkezimiz Altunizade - MyVize","isPartOf":{"@id":"https:\/\/www.myvize.com.tr\/gana\/#website"},"datePublished":"2021-10-01T12:22:10+00:00","dateModified":"2022-05-07T11:29:52+00:00","description":"Gana Vizesi Altunizade Vize Ba\u015fvuru Merkezi. Gana Vizesi Nas\u0131l Al\u0131n\u0131r? Ba\u015fvuru Yapmak \u0130\u00e7in Altunizade \u015eubemizi Aray\u0131n: 0850 346 84 93","breadcrumb":{"@id":"https:\/\/www.myvize.com.tr\/gana\/altunizade\/#breadcrumb"},"inLanguage":"tr","potentialAction":[{"@type":"ReadAction","target":["https:\/\/www.myvize.com.tr\/gana\/altunizade\/"]}]},{"@type":"BreadcrumbList","@id":"https:\/\/www.myvize.com.tr\/gana\/altunizade\/#breadcrumb","itemListElement":[{"@type":"ListItem","position":1,"name":"Anasayfa","item":"https:\/\/www.myvize.com.tr\/gana\/"},{"@type":"ListItem","position":2,"name":"Altunizade"}]},{"@type":"WebSite","@id":"https:\/\/www.myvize.com.tr\/gana\/#website","url":"https:\/\/www.myvize.com.tr\/gana\/","name":"Gana Vizesi","description":"","potentialAction":[{"@type":"SearchAction","target":{"@type":"EntryPoint","urlTemplate":"https:\/\/www.myvize.com.tr\/gana\/?s={search_term_string}"},"query-input":{"@type":"PropertyValueSpecification","valueRequired":true,"valueName":"search_term_string"}}],"inLanguage":"tr"}]}},"_links":{"self":[{"href":"https:\/\/www.myvize.com.tr\/gana\/wp-json\/wp\/v2\/pages\/444","targetHints":{"allow":["GET"]}}],"collection":[{"href":"https:\/\/www.myvize.com.tr\/gana\/wp-json\/wp\/v2\/pages"}],"about":[{"href":"https:\/\/www.myvize.com.tr\/gana\/wp-json\/wp\/v2\/types\/page"}],"author":[{"embeddable":true,"href":"https:\/\/www.myvize.com.tr\/gana\/wp-json\/wp\/v2\/users\/1"}],"replies":[{"embeddable":true,"href":"https:\/\/www.myvize.com.tr\/gana\/wp-json\/wp\/v2\/comments?post=444"}],"version-history":[{"count":5,"href":"https:\/\/www.myvize.com.tr\/gana\/wp-json\/wp\/v2\/pages\/444\/revisions"}],"predecessor-version":[{"id":732,"href":"https:\/\/www.myvize.com.tr\/gana\/wp-json\/wp\/v2\/pages\/444\/revisions\/732"}],"wp:attachment":[{"href":"https:\/\/www.myvize.com.tr\/gana\/wp-json\/wp\/v2\/media?parent=444"}],"curies":[{"name":"wp","href":"https:\/\/api.w.org\/{rel}","templated":true}]}}