{"id":532,"date":"2021-10-27T15:35:25","date_gmt":"2021-10-27T12:35:25","guid":{"rendered":"https:\/\/www.myvize.com.tr\/gana\/?page_id=532"},"modified":"2022-05-07T13:50:39","modified_gmt":"2022-05-07T10:50:39","slug":"gana-vize-dilekce-ornegi","status":"publish","type":"page","link":"https:\/\/www.myvize.com.tr\/gana\/gana-vize-dilekce-ornegi\/","title":{"rendered":"Gana Vize Dilek\u00e7e \u00d6rne\u011fi"},"content":{"rendered":"<h2><strong><span style=\"font-family: Roboto; font-size: 27px;\">Gana Vize Dilek\u00e7e \u00d6rne\u011fi Hakk\u0131nda<\/span><\/strong><\/h2>\n<p><span style=\"font-family: Roboto; font-size: 14px;\"><strong>Gana\u2019ya seyahat edecek<\/strong> olan ki\u015filerin baz\u0131 belgeler haz\u0131rlamas\u0131 gerekmektedir. Bu belgelerden birisi de Gana vize dilek\u00e7esidir. <strong>Gana vize dilek\u00e7esi<\/strong> T\u00fcrk\u00e7e ya da \u0130ngilizce olarak doldurulmal\u0131d\u0131r. Dilek\u00e7e el ile yada bilgisayar ortam\u0131nda yaz\u0131labilir. El ile yaz\u0131lan formun okunmas\u0131 gerekmektedir.<\/span><\/p>\n<p><span style=\"font-family: Roboto; font-size: 14px;\"><strong>Gana vize<\/strong> dilek\u00e7esinde seyahat edecek ki\u015finin ad\u0131 soyad\u0131, seyahat tarihleri, seyahat s\u0131ras\u0131nda konaklanacak yerin bilgileri. Bunlara ek olarak ba\u015fvuru sahibi forma tarih ve imza atmal\u0131d\u0131r. Bunun yan\u0131nda ba\u015fvuru sahibi seyahat masraflar\u0131n\u0131 kar\u015f\u0131layabilece\u011fini, vize s\u00fcresini a\u015fmayaca\u011f\u0131n\u0131 ve Gana kurallar\u0131n\u0131 \u00e7i\u011fnemeyece\u011fini kabul etmelidir. <strong>Gana vize dilek\u00e7e \u00f6rne\u011fi<\/strong> a\u015fa\u011f\u0131da verilmi\u015ftir.<\/span><\/p>\n<p><strong><span style=\"font-family: Roboto; font-size: 16px;\">Gana vize dilek\u00e7e \u00f6rne\u011fi;<\/span><\/strong><\/p>\n<p><span style=\"font-family: Roboto; font-size: 14px;\"><strong>Gana Konsoloslu\u011fu<\/strong><\/span><\/p>\n<p><span style=\"font-family: Roboto; font-size: 14px;\"><strong>Vize B\u00f6l\u00fcm\u00fc<\/strong><\/span><\/p>\n<p><span style=\"font-family: Roboto; font-size: 14px;\"><strong>\u0130stanbul\u00a0 \u00a0 \u00a0 \u00a0 \u00a0 \u00a0 \u00a0 \u00a0 \u00a0 \u00a0 \u00a0 \u00a0 \u00a0 \u00a0 \u00a0 \u00a0 \u00a0 \u00a0 \u00a0 \u00a0 \u00a0 \u00a0 \u00a0 \u00a0 \u00a0 \u00a0 \u00a0 \u00a0 \u00a0 \u00a0 \u00a0 \u00a0 \u00a0 \u00a0 \u00a0 \u00a0 \u00a0 \u00a0 \u00a0 \u00a0 \u00a0 \u00a0 \u00a0 \u00a0 \u00a0 \u00a0 \u00a0 \u00a0 \u00a0 \u00a0 \u00a0 \u00a0 \u00a0 \u00a0 \u00a0 \u00a0 \u00a0Tarih\u00a0 \u00a0 \u00a0\u00a0<\/strong><\/span><\/p>\n<p><span style=\"font-family: Roboto; font-size: 14px;\">Say\u0131n yetkili,<\/span><\/p>\n<p><span style=\"font-family: Roboto; font-size: 14px;\">Ben Semih Kamil Orta\u00e7, Orta\u00e7 Gayrimenkul Dan\u0131\u015fmanl\u0131\u011f\u0131 Ltd. \u015eti. Firmas\u0131n\u0131n kurucusuyum. 05.09.2021- 05.11.2021 tarihleri aras\u0131nda Gana\u2019ya turistik seyahatte bulunmak istiyorum. Bundan dolay\u0131 Gana turistik vizesi ihtiyac\u0131m\u0131n oldu\u011funu belirtiyorum.<\/span><\/p>\n<p><span style=\"font-family: Roboto; font-size: 14px;\">Seyahatim s\u00fcresi boyunca Accra Marriott Hotel\u2019de konaklayaca\u011f\u0131m. Seyahatim boyunca masraflar\u0131m\u0131 kendi banka hesab\u0131m ile kar\u015f\u0131layaca\u011f\u0131m. Masraflar\u0131m\u0131 kar\u015f\u0131layaca\u011f\u0131m banka hesab\u0131 ba\u015fvuru dosyas\u0131 i\u00e7erisinde belirtilmi\u015ftir. Verilen<strong> Gana vize<\/strong> s\u00fcresini a\u015fmayaca\u011f\u0131m\u0131 beyan etmekte ve Gana\u2019da herhangi bir su\u00e7a kar\u0131\u015fmayaca\u011f\u0131m\u0131 bildiririm.<\/span><\/p>\n<p><span style=\"font-family: Roboto; font-size: 14px;\">Sayg\u0131lar\u0131mla;<\/span><\/p>\n<p><span style=\"font-family: Roboto; font-size: 14px;\">Semih Kamil Orta\u00e7<\/span><\/p>\n<p><span style=\"font-family: Roboto; font-size: 14px;\">\u0130mza<\/span><\/p>\n<p><span style=\"font-family: Roboto; font-size: 14px;\"><span style=\"color: #2acec2;\"><strong><a style=\"color: #2acec2;\" href=\"https:\/\/www.myvize.com.tr\/gana\/vize-islemleri\/gana-vize-reddi\/\" target=\"_blank\" rel=\"noopener\">Gana Vize Reddi<\/a><\/strong><\/span> ile ilgili bilgi almak i\u00e7in bizi aray\u0131n\u0131z.<\/span><\/p>\n<h2><strong><span style=\"font-family: Roboto; font-size: 27px;\">Gana Vize Dilek\u00e7e \u00d6rne\u011fi Hangi Dilde Yaz\u0131l\u0131r?<\/span><\/strong><\/h2>\n<p><span style=\"font-family: Roboto; font-size: 14px;\"><strong>Gana\u2019ya seyahat<\/strong> edecek olan ki\u015filerin <span style=\"color: #2acec2;\"><strong><a style=\"color: #2acec2;\" href=\"https:\/\/www.myvize.com.tr\/gana\/vize-islemleri\/gana-vizesi\/\" target=\"_blank\" rel=\"noopener\">Gana vizesi<\/a><\/strong><\/span> ba\u015fvurusunu yaz\u0131l\u0131 olarak iletmesi gerekmektedir. Bunun i\u00e7in ise Gana vize dilek\u00e7e yaz\u0131lmal\u0131d\u0131r. Gana vize dilek\u00e7esi yazacak olan ki\u015filer dilek\u00e7enin hangi dilde ve nas\u0131l yaz\u0131laca\u011f\u0131n\u0131 bilmemektedir. Bu yaz\u0131da \u2018\u2019Gana vize dilek\u00e7e \u00f6rne\u011fi hangi dilde yaz\u0131l\u0131r\u2019\u2019 sorusunu yan\u0131tlad\u0131k.<\/span><\/p>\n<p><span style=\"font-family: Roboto; font-size: 14px;\"><strong>Gana vize dilek\u00e7e \u00f6rne\u011fi<\/strong> T\u00fcrk\u00e7e ya da \u0130ngilizce olarak yaz\u0131lmal\u0131d\u0131r. Dilek\u00e7eyi yazarken a\u015fa\u011f\u0131dakilere dikkat etmeniz \u00f6nerilmektedir.<\/span><\/p>\n<ul>\n<li><span style=\"font-family: Roboto; font-size: 14px;\"><strong>Gana vizesi talebi<\/strong> i\u00e7in yaz\u0131lacak olan dilek\u00e7ede seyahat amac\u0131n\u0131z\u0131 a\u00e7\u0131klamal\u0131s\u0131n\u0131z.<\/span><\/li>\n<li><span style=\"font-family: Roboto; font-size: 14px;\">Gana vize dilek\u00e7esinde hangi tarihlerde bulunaca\u011f\u0131n\u0131z\u0131 yazmal\u0131s\u0131n\u0131z.<\/span><\/li>\n<li><span style=\"font-family: Roboto; font-size: 14px;\">Dilek\u00e7ede seyahat masraflar\u0131n\u0131z\u0131 nas\u0131l kar\u015f\u0131layaca\u011f\u0131n\u0131z\u0131 yazmal\u0131s\u0131n\u0131z. Sponsor ile kar\u015f\u0131layacaksan\u0131z sponsor bilgileri yaz\u0131lmal\u0131d\u0131r. Buna ek sponsor dilek\u00e7esi yaz\u0131lmal\u0131d\u0131r.<\/span><\/li>\n<li><span style=\"font-family: Roboto; font-size: 14px;\">Bir i\u015fyerinde sigortal\u0131 \u00e7al\u0131\u015fansan\u0131z \u015firketin antetli ka\u011f\u0131d\u0131na izinli oldu\u011funuzu yazmal\u0131s\u0131n\u0131z. Bu dilek\u00e7ede \u015firketin imzas\u0131 ve ka\u015fesi olmal\u0131d\u0131r.<\/span><\/li>\n<li><span style=\"font-family: Roboto; font-size: 14px;\"><strong>Ticari vize dilek\u00e7esi<\/strong> yaz\u0131yorsan\u0131z \u015firketteki yetki ve g\u00f6revlerinizi belirtmelisiniz.<\/span><\/li>\n<li><span style=\"font-family: Roboto; font-size: 14px;\">Dilek\u00e7e el ile yaza bilgisayar ile yaz\u0131lmal\u0131d\u0131r. Ancak \u0131slak imza olmas\u0131 gerekmektedir.<\/span><\/li>\n<li><span style=\"font-family: Roboto; font-size: 14px;\">Dilek\u00e7enin yaz\u0131lm\u0131\u015f oldu\u011fu ka\u011f\u0131t lekeli ya da y\u0131pranm\u0131\u015f olmamal\u0131d\u0131r.<\/span><\/li>\n<li><span style=\"font-family: Roboto; font-size: 14px;\"><strong>Gana vize dilek\u00e7esi<\/strong> T\u00fcrk\u00e7e ya da \u0130ngilizce yaz\u0131lmal\u0131d\u0131r.<\/span><\/li>\n<li><span style=\"font-family: Roboto; font-size: 14px;\">Dilek\u00e7e yazan taraf\u0131ndan imzalanmal\u0131d\u0131r.<\/span><\/li>\n<\/ul>\n<p><span style=\"font-family: Roboto; font-size: 14px;\"><span style=\"color: #2acec2;\"><strong><a style=\"color: #2acec2;\" href=\"https:\/\/www.myvize.com.tr\/gana\/form-ve-dilekce\/vize-islem-takip-belgesi\/\" target=\"_blank\" rel=\"noopener\">Gana Vize \u0130\u015flem Takip Belgesi<\/a><\/strong><\/span> ile ilgili bilgi almak i\u00e7in bizi aray\u0131n\u0131z.<\/span><\/p>\n","protected":false},"excerpt":{"rendered":"<p>Gana Vize Dilek\u00e7e \u00d6rne\u011fi Hakk\u0131nda Gana\u2019ya seyahat edecek olan ki\u015filerin baz\u0131 belgeler haz\u0131rlamas\u0131 gerekmektedir. Bu belgelerden birisi de Gana vize dilek\u00e7esidir. Gana vize dilek\u00e7esi T\u00fcrk\u00e7e ya da \u0130ngilizce olarak doldurulmal\u0131d\u0131r. Dilek\u00e7e el ile yada bilgisayar ortam\u0131nda yaz\u0131labilir. El ile yaz\u0131lan formun okunmas\u0131 gerekmektedir. Gana vize dilek\u00e7esinde seyahat edecek ki\u015finin ad\u0131 soyad\u0131, seyahat tarihleri, seyahat s\u0131ras\u0131nda<\/p>\n","protected":false},"author":1,"featured_media":0,"parent":0,"menu_order":0,"comment_status":"closed","ping_status":"closed","template":"","meta":{"footnotes":""},"class_list":["post-532","page","type-page","status-publish","hentry"],"yoast_head":"<!-- This site is optimized with the Yoast SEO plugin v24.0 - https:\/\/yoast.com\/wordpress\/plugins\/seo\/ -->\n<title>Gana Vize Dilek\u00e7e \u00d6rne\u011fi - MyVize Vize Ba\u015fvuru Merkezi<\/title>\n<meta name=\"description\" content=\"Gana Vize Dilek\u00e7e \u00d6rne\u011fi Nas\u0131l Yaz\u0131l\u0131r? Gana Vize Dilek\u00e7e \u00d6rne\u011fi 2022 G\u00fcncel Bilgileri Neler? Bilgi \u0130\u00e7in Hemen Aray\u0131n: 0850 346 84 93\" \/>\n<meta name=\"robots\" content=\"index, follow, max-snippet:-1, max-image-preview:large, max-video-preview:-1\" \/>\n<link rel=\"canonical\" href=\"https:\/\/www.myvize.com.tr\/gana\/gana-vize-dilekce-ornegi\/\" \/>\n<meta property=\"og:locale\" content=\"tr_TR\" \/>\n<meta property=\"og:type\" content=\"article\" \/>\n<meta property=\"og:title\" content=\"Gana Vize Dilek\u00e7e \u00d6rne\u011fi - MyVize Vize Ba\u015fvuru Merkezi\" \/>\n<meta property=\"og:description\" content=\"Gana Vize Dilek\u00e7e \u00d6rne\u011fi Nas\u0131l Yaz\u0131l\u0131r? Gana Vize Dilek\u00e7e \u00d6rne\u011fi 2022 G\u00fcncel Bilgileri Neler? Bilgi \u0130\u00e7in Hemen Aray\u0131n: 0850 346 84 93\" \/>\n<meta property=\"og:url\" content=\"https:\/\/www.myvize.com.tr\/gana\/gana-vize-dilekce-ornegi\/\" \/>\n<meta property=\"og:site_name\" content=\"Gana Vizesi\" \/>\n<meta property=\"article:modified_time\" content=\"2022-05-07T10:50:39+00:00\" \/>\n<meta name=\"twitter:card\" content=\"summary_large_image\" \/>\n<meta name=\"twitter:label1\" content=\"Tahmini okuma s\u00fcresi\" \/>\n\t<meta name=\"twitter:data1\" content=\"2 dakika\" \/>\n<script type=\"application\/ld+json\" class=\"yoast-schema-graph\">{\"@context\":\"https:\/\/schema.org\",\"@graph\":[{\"@type\":\"WebPage\",\"@id\":\"https:\/\/www.myvize.com.tr\/gana\/gana-vize-dilekce-ornegi\/\",\"url\":\"https:\/\/www.myvize.com.tr\/gana\/gana-vize-dilekce-ornegi\/\",\"name\":\"Gana Vize Dilek\u00e7e \u00d6rne\u011fi - MyVize Vize Ba\u015fvuru Merkezi\",\"isPartOf\":{\"@id\":\"https:\/\/www.myvize.com.tr\/gana\/#website\"},\"datePublished\":\"2021-10-27T12:35:25+00:00\",\"dateModified\":\"2022-05-07T10:50:39+00:00\",\"description\":\"Gana Vize Dilek\u00e7e \u00d6rne\u011fi Nas\u0131l Yaz\u0131l\u0131r? Gana Vize Dilek\u00e7e \u00d6rne\u011fi 2022 G\u00fcncel Bilgileri Neler? Bilgi \u0130\u00e7in Hemen Aray\u0131n: 0850 346 84 93\",\"breadcrumb\":{\"@id\":\"https:\/\/www.myvize.com.tr\/gana\/gana-vize-dilekce-ornegi\/#breadcrumb\"},\"inLanguage\":\"tr\",\"potentialAction\":[{\"@type\":\"ReadAction\",\"target\":[\"https:\/\/www.myvize.com.tr\/gana\/gana-vize-dilekce-ornegi\/\"]}]},{\"@type\":\"BreadcrumbList\",\"@id\":\"https:\/\/www.myvize.com.tr\/gana\/gana-vize-dilekce-ornegi\/#breadcrumb\",\"itemListElement\":[{\"@type\":\"ListItem\",\"position\":1,\"name\":\"Anasayfa\",\"item\":\"https:\/\/www.myvize.com.tr\/gana\/\"},{\"@type\":\"ListItem\",\"position\":2,\"name\":\"Gana Vize Dilek\u00e7e \u00d6rne\u011fi\"}]},{\"@type\":\"WebSite\",\"@id\":\"https:\/\/www.myvize.com.tr\/gana\/#website\",\"url\":\"https:\/\/www.myvize.com.tr\/gana\/\",\"name\":\"Gana Vizesi\",\"description\":\"\",\"potentialAction\":[{\"@type\":\"SearchAction\",\"target\":{\"@type\":\"EntryPoint\",\"urlTemplate\":\"https:\/\/www.myvize.com.tr\/gana\/?s={search_term_string}\"},\"query-input\":{\"@type\":\"PropertyValueSpecification\",\"valueRequired\":true,\"valueName\":\"search_term_string\"}}],\"inLanguage\":\"tr\"}]}<\/script>\n<!-- \/ Yoast SEO plugin. -->","yoast_head_json":{"title":"Gana Vize Dilek\u00e7e \u00d6rne\u011fi - MyVize Vize Ba\u015fvuru Merkezi","description":"Gana Vize Dilek\u00e7e \u00d6rne\u011fi Nas\u0131l Yaz\u0131l\u0131r? Gana Vize Dilek\u00e7e \u00d6rne\u011fi 2022 G\u00fcncel Bilgileri Neler? Bilgi \u0130\u00e7in Hemen Aray\u0131n: 0850 346 84 93","robots":{"index":"index","follow":"follow","max-snippet":"max-snippet:-1","max-image-preview":"max-image-preview:large","max-video-preview":"max-video-preview:-1"},"canonical":"https:\/\/www.myvize.com.tr\/gana\/gana-vize-dilekce-ornegi\/","og_locale":"tr_TR","og_type":"article","og_title":"Gana Vize Dilek\u00e7e \u00d6rne\u011fi - MyVize Vize Ba\u015fvuru Merkezi","og_description":"Gana Vize Dilek\u00e7e \u00d6rne\u011fi Nas\u0131l Yaz\u0131l\u0131r? Gana Vize Dilek\u00e7e \u00d6rne\u011fi 2022 G\u00fcncel Bilgileri Neler? Bilgi \u0130\u00e7in Hemen Aray\u0131n: 0850 346 84 93","og_url":"https:\/\/www.myvize.com.tr\/gana\/gana-vize-dilekce-ornegi\/","og_site_name":"Gana Vizesi","article_modified_time":"2022-05-07T10:50:39+00:00","twitter_card":"summary_large_image","twitter_misc":{"Tahmini okuma s\u00fcresi":"2 dakika"},"schema":{"@context":"https:\/\/schema.org","@graph":[{"@type":"WebPage","@id":"https:\/\/www.myvize.com.tr\/gana\/gana-vize-dilekce-ornegi\/","url":"https:\/\/www.myvize.com.tr\/gana\/gana-vize-dilekce-ornegi\/","name":"Gana Vize Dilek\u00e7e \u00d6rne\u011fi - MyVize Vize Ba\u015fvuru Merkezi","isPartOf":{"@id":"https:\/\/www.myvize.com.tr\/gana\/#website"},"datePublished":"2021-10-27T12:35:25+00:00","dateModified":"2022-05-07T10:50:39+00:00","description":"Gana Vize Dilek\u00e7e \u00d6rne\u011fi Nas\u0131l Yaz\u0131l\u0131r? Gana Vize Dilek\u00e7e \u00d6rne\u011fi 2022 G\u00fcncel Bilgileri Neler? Bilgi \u0130\u00e7in Hemen Aray\u0131n: 0850 346 84 93","breadcrumb":{"@id":"https:\/\/www.myvize.com.tr\/gana\/gana-vize-dilekce-ornegi\/#breadcrumb"},"inLanguage":"tr","potentialAction":[{"@type":"ReadAction","target":["https:\/\/www.myvize.com.tr\/gana\/gana-vize-dilekce-ornegi\/"]}]},{"@type":"BreadcrumbList","@id":"https:\/\/www.myvize.com.tr\/gana\/gana-vize-dilekce-ornegi\/#breadcrumb","itemListElement":[{"@type":"ListItem","position":1,"name":"Anasayfa","item":"https:\/\/www.myvize.com.tr\/gana\/"},{"@type":"ListItem","position":2,"name":"Gana Vize Dilek\u00e7e \u00d6rne\u011fi"}]},{"@type":"WebSite","@id":"https:\/\/www.myvize.com.tr\/gana\/#website","url":"https:\/\/www.myvize.com.tr\/gana\/","name":"Gana Vizesi","description":"","potentialAction":[{"@type":"SearchAction","target":{"@type":"EntryPoint","urlTemplate":"https:\/\/www.myvize.com.tr\/gana\/?s={search_term_string}"},"query-input":{"@type":"PropertyValueSpecification","valueRequired":true,"valueName":"search_term_string"}}],"inLanguage":"tr"}]}},"_links":{"self":[{"href":"https:\/\/www.myvize.com.tr\/gana\/wp-json\/wp\/v2\/pages\/532","targetHints":{"allow":["GET"]}}],"collection":[{"href":"https:\/\/www.myvize.com.tr\/gana\/wp-json\/wp\/v2\/pages"}],"about":[{"href":"https:\/\/www.myvize.com.tr\/gana\/wp-json\/wp\/v2\/types\/page"}],"author":[{"embeddable":true,"href":"https:\/\/www.myvize.com.tr\/gana\/wp-json\/wp\/v2\/users\/1"}],"replies":[{"embeddable":true,"href":"https:\/\/www.myvize.com.tr\/gana\/wp-json\/wp\/v2\/comments?post=532"}],"version-history":[{"count":2,"href":"https:\/\/www.myvize.com.tr\/gana\/wp-json\/wp\/v2\/pages\/532\/revisions"}],"predecessor-version":[{"id":702,"href":"https:\/\/www.myvize.com.tr\/gana\/wp-json\/wp\/v2\/pages\/532\/revisions\/702"}],"wp:attachment":[{"href":"https:\/\/www.myvize.com.tr\/gana\/wp-json\/wp\/v2\/media?parent=532"}],"curies":[{"name":"wp","href":"https:\/\/api.w.org\/{rel}","templated":true}]}}