{"id":6,"date":"2020-11-30T08:45:13","date_gmt":"2020-11-30T05:45:13","guid":{"rendered":"https:\/\/www.myvize.com.tr\/gana\/?page_id=6"},"modified":"2022-10-26T17:04:02","modified_gmt":"2022-10-26T14:04:02","slug":"gana-2","status":"publish","type":"page","link":"https:\/\/www.myvize.com.tr\/gana\/","title":{"rendered":"GANA"},"content":{"rendered":"<h2><strong><span style=\"font-size: 27px; font-family: Roboto;\">Gana Vizesi 2022<\/span><\/strong><\/h2>\n","protected":false},"excerpt":{"rendered":"<p>Gana Vizesi 2022<\/p>\n","protected":false},"author":1,"featured_media":0,"parent":0,"menu_order":0,"comment_status":"closed","ping_status":"closed","template":"","meta":{"footnotes":""},"class_list":["post-6","page","type-page","status-publish","hentry"],"yoast_head":"<!-- This site is optimized with the Yoast SEO plugin v24.0 - https:\/\/yoast.com\/wordpress\/plugins\/seo\/ -->\n<title>Gana Vizesi - Gana Vize Ba\u015fvuru Evraklar\u0131 - MyVize<\/title>\n<meta name=\"description\" content=\"Gana vizesi evraklar\u0131 i\u00e7in hemen t\u0131klay\u0131n. Gana vizesi nas\u0131l al\u0131n\u0131r? Gana vize randevusu. Gana vize i\u015flemi.\" \/>\n<meta name=\"robots\" content=\"index, follow, max-snippet:-1, max-image-preview:large, max-video-preview:-1\" \/>\n<link rel=\"canonical\" href=\"https:\/\/www.myvize.com.tr\/gana\/\" \/>\n<meta property=\"og:locale\" content=\"tr_TR\" \/>\n<meta property=\"og:type\" content=\"article\" \/>\n<meta property=\"og:title\" content=\"Gana Vizesi - Gana Vize Ba\u015fvuru Evraklar\u0131 - MyVize\" \/>\n<meta property=\"og:description\" content=\"Gana vizesi evraklar\u0131 i\u00e7in hemen t\u0131klay\u0131n. Gana vizesi nas\u0131l al\u0131n\u0131r? Gana vize randevusu. Gana vize i\u015flemi.\" \/>\n<meta property=\"og:url\" content=\"https:\/\/www.myvize.com.tr\/gana\/\" \/>\n<meta property=\"og:site_name\" content=\"Gana Vizesi\" \/>\n<meta property=\"article:modified_time\" content=\"2022-10-26T14:04:02+00:00\" \/>\n<meta name=\"twitter:card\" content=\"summary_large_image\" \/>\n<meta name=\"twitter:label1\" content=\"Tahmini okuma s\u00fcresi\" \/>\n\t<meta name=\"twitter:data1\" content=\"1 dakika\" \/>\n<script type=\"application\/ld+json\" class=\"yoast-schema-graph\">{\"@context\":\"https:\/\/schema.org\",\"@graph\":[{\"@type\":\"WebPage\",\"@id\":\"https:\/\/www.myvize.com.tr\/gana\/\",\"url\":\"https:\/\/www.myvize.com.tr\/gana\/\",\"name\":\"Gana Vizesi - Gana Vize Ba\u015fvuru Evraklar\u0131 - MyVize\",\"isPartOf\":{\"@id\":\"https:\/\/www.myvize.com.tr\/gana\/#website\"},\"datePublished\":\"2020-11-30T05:45:13+00:00\",\"dateModified\":\"2022-10-26T14:04:02+00:00\",\"description\":\"Gana vizesi evraklar\u0131 i\u00e7in hemen t\u0131klay\u0131n. Gana vizesi nas\u0131l al\u0131n\u0131r? Gana vize randevusu. Gana vize i\u015flemi.\",\"breadcrumb\":{\"@id\":\"https:\/\/www.myvize.com.tr\/gana\/#breadcrumb\"},\"inLanguage\":\"tr\",\"potentialAction\":[{\"@type\":\"ReadAction\",\"target\":[\"https:\/\/www.myvize.com.tr\/gana\/\"]}]},{\"@type\":\"BreadcrumbList\",\"@id\":\"https:\/\/www.myvize.com.tr\/gana\/#breadcrumb\",\"itemListElement\":[{\"@type\":\"ListItem\",\"position\":1,\"name\":\"Anasayfa\",\"item\":\"https:\/\/www.myvize.com.tr\/gana\/\"},{\"@type\":\"ListItem\",\"position\":2,\"name\":\"GANA\"}]},{\"@type\":\"WebSite\",\"@id\":\"https:\/\/www.myvize.com.tr\/gana\/#website\",\"url\":\"https:\/\/www.myvize.com.tr\/gana\/\",\"name\":\"Gana Vizesi\",\"description\":\"\",\"potentialAction\":[{\"@type\":\"SearchAction\",\"target\":{\"@type\":\"EntryPoint\",\"urlTemplate\":\"https:\/\/www.myvize.com.tr\/gana\/?s={search_term_string}\"},\"query-input\":{\"@type\":\"PropertyValueSpecification\",\"valueRequired\":true,\"valueName\":\"search_term_string\"}}],\"inLanguage\":\"tr\"}]}<\/script>\n<!-- \/ Yoast SEO plugin. -->","yoast_head_json":{"title":"Gana Vizesi - Gana Vize Ba\u015fvuru Evraklar\u0131 - MyVize","description":"Gana vizesi evraklar\u0131 i\u00e7in hemen t\u0131klay\u0131n. Gana vizesi nas\u0131l al\u0131n\u0131r? Gana vize randevusu. Gana vize i\u015flemi.","robots":{"index":"index","follow":"follow","max-snippet":"max-snippet:-1","max-image-preview":"max-image-preview:large","max-video-preview":"max-video-preview:-1"},"canonical":"https:\/\/www.myvize.com.tr\/gana\/","og_locale":"tr_TR","og_type":"article","og_title":"Gana Vizesi - Gana Vize Ba\u015fvuru Evraklar\u0131 - MyVize","og_description":"Gana vizesi evraklar\u0131 i\u00e7in hemen t\u0131klay\u0131n. Gana vizesi nas\u0131l al\u0131n\u0131r? Gana vize randevusu. Gana vize i\u015flemi.","og_url":"https:\/\/www.myvize.com.tr\/gana\/","og_site_name":"Gana Vizesi","article_modified_time":"2022-10-26T14:04:02+00:00","twitter_card":"summary_large_image","twitter_misc":{"Tahmini okuma s\u00fcresi":"1 dakika"},"schema":{"@context":"https:\/\/schema.org","@graph":[{"@type":"WebPage","@id":"https:\/\/www.myvize.com.tr\/gana\/","url":"https:\/\/www.myvize.com.tr\/gana\/","name":"Gana Vizesi - Gana Vize Ba\u015fvuru Evraklar\u0131 - MyVize","isPartOf":{"@id":"https:\/\/www.myvize.com.tr\/gana\/#website"},"datePublished":"2020-11-30T05:45:13+00:00","dateModified":"2022-10-26T14:04:02+00:00","description":"Gana vizesi evraklar\u0131 i\u00e7in hemen t\u0131klay\u0131n. Gana vizesi nas\u0131l al\u0131n\u0131r? Gana vize randevusu. Gana vize i\u015flemi.","breadcrumb":{"@id":"https:\/\/www.myvize.com.tr\/gana\/#breadcrumb"},"inLanguage":"tr","potentialAction":[{"@type":"ReadAction","target":["https:\/\/www.myvize.com.tr\/gana\/"]}]},{"@type":"BreadcrumbList","@id":"https:\/\/www.myvize.com.tr\/gana\/#breadcrumb","itemListElement":[{"@type":"ListItem","position":1,"name":"Anasayfa","item":"https:\/\/www.myvize.com.tr\/gana\/"},{"@type":"ListItem","position":2,"name":"GANA"}]},{"@type":"WebSite","@id":"https:\/\/www.myvize.com.tr\/gana\/#website","url":"https:\/\/www.myvize.com.tr\/gana\/","name":"Gana Vizesi","description":"","potentialAction":[{"@type":"SearchAction","target":{"@type":"EntryPoint","urlTemplate":"https:\/\/www.myvize.com.tr\/gana\/?s={search_term_string}"},"query-input":{"@type":"PropertyValueSpecification","valueRequired":true,"valueName":"search_term_string"}}],"inLanguage":"tr"}]}},"_links":{"self":[{"href":"https:\/\/www.myvize.com.tr\/gana\/wp-json\/wp\/v2\/pages\/6","targetHints":{"allow":["GET"]}}],"collection":[{"href":"https:\/\/www.myvize.com.tr\/gana\/wp-json\/wp\/v2\/pages"}],"about":[{"href":"https:\/\/www.myvize.com.tr\/gana\/wp-json\/wp\/v2\/types\/page"}],"author":[{"embeddable":true,"href":"https:\/\/www.myvize.com.tr\/gana\/wp-json\/wp\/v2\/users\/1"}],"replies":[{"embeddable":true,"href":"https:\/\/www.myvize.com.tr\/gana\/wp-json\/wp\/v2\/comments?post=6"}],"version-history":[{"count":5,"href":"https:\/\/www.myvize.com.tr\/gana\/wp-json\/wp\/v2\/pages\/6\/revisions"}],"predecessor-version":[{"id":739,"href":"https:\/\/www.myvize.com.tr\/gana\/wp-json\/wp\/v2\/pages\/6\/revisions\/739"}],"wp:attachment":[{"href":"https:\/\/www.myvize.com.tr\/gana\/wp-json\/wp\/v2\/media?parent=6"}],"curies":[{"name":"wp","href":"https:\/\/api.w.org\/{rel}","templated":true}]}}