{"id":86,"date":"2020-11-30T13:05:31","date_gmt":"2020-11-30T10:05:31","guid":{"rendered":"https:\/\/www.myvize.com.tr\/gana\/?page_id=86"},"modified":"2022-05-07T14:05:37","modified_gmt":"2022-05-07T11:05:37","slug":"edirne-fahri-konsoloslugu","status":"publish","type":"page","link":"https:\/\/www.myvize.com.tr\/gana\/konsolosluklar\/edirne-fahri-konsoloslugu\/","title":{"rendered":"Gana Edirne Fahri Konsoloslu\u011fu"},"content":{"rendered":"<h2><span style=\"font-family: Roboto; font-size: 27px;\"><b>Gana Edirne Fahri Konsoloslu\u011fu Hakk\u0131nda<\/b><\/span><\/h2>\n<p><span style=\"font-family: Roboto; font-size: 14px;\">Gana Edirne Fahri Konsoloslu\u011fu\u2019nda, Gana vatanda\u015flar\u0131n\u0131n\u00a0<strong>Gana <span style=\"color: #2acec2;\"><a style=\"color: #2acec2;\" href=\"https:\/\/www.myvize.com.tr\/gana\/vize-islemleri\/\" target=\"_blank\" rel=\"noopener\">vize<\/a><\/span><span style=\"color: #2acec2;\">\u00a0i\u015flemleri <\/span><\/strong>yap\u0131lmaktad\u0131r. T\u00fcrkiye Cumhuriyeti s\u0131n\u0131rlar\u0131 i\u00e7erisinde ya\u015fayan Gana vatanda\u015flar\u0131, ayr\u0131ca Gana Edirne Fahri Konsoloslu\u011fu\u2019nda do\u011fum, \u00f6l\u00fcm, noter, askerlik i\u015flemlerini de yapt\u0131rabilir. Bunun d\u0131\u015f\u0131nda ba\u015fvuru sahipleri\u00a0<strong>Gana vize \u00fccretleri\u00a0<\/strong>yat\u0131rabilir. Edirne Gana Fahri Konsoloslu\u011fu\u2019na\u00a0<strong><a href=\"https:\/\/www.myvize.com.tr\/gana\/vize-islemleri\/gana-vizesi\/\" target=\"_blank\" rel=\"noopener\"><span style=\"color: #2acec2;\">Gana vizesi<\/span><\/a><\/strong>\u00a0ba\u015fvurusu yap\u0131ld\u0131\u011f\u0131 taktirde vize ba\u015fvurular\u0131 7 ile 10 i\u015f g\u00fcn\u00fc i\u00e7erisinde el\u00e7ilik taraf\u0131ndan sonu\u00e7land\u0131r\u0131lmaktad\u0131r. Gana Edirne Fahri Konsoloslu\u011fu\u2019nda Gana vatanda\u015flar\u0131;<\/span><\/p>\n<ul>\n<li><span style=\"font-family: Roboto; font-size: 14px;\">Kimlik belgesi yenileme ve \u00e7\u0131karma<\/span><\/li>\n<li><span style=\"font-family: Roboto; font-size: 14px;\">Pasaport \u00e7\u0131karma<\/span><\/li>\n<li><span style=\"font-family: Roboto; font-size: 14px;\">Pasaport yenileme<\/span><\/li>\n<li><span style=\"font-family: Roboto; font-size: 14px;\">Do\u011fum veya \u00f6l\u00fcm belgesi alma<\/span><\/li>\n<li><span style=\"font-family: Roboto; font-size: 14px;\">Evlilik c\u00fczdan\u0131 \u00e7\u0131karma<\/span><\/li>\n<li><span style=\"font-family: Roboto; font-size: 14px;\">Bo\u015fanma i\u015flemlerini kolayl\u0131kla yapabilmektedir.<\/span><\/li>\n<\/ul>\n<p><span style=\"font-family: Roboto; font-size: 14px;\">Gana Edirne Fahri Konsolosluklar\u0131,\u00a0<strong>Gana vize i\u015flemleri<\/strong>\u00a0s\u0131ras\u0131nda ba\u015fvuru yapan ki\u015finin vukuatl\u0131 n\u00fcfus kay\u0131t \u00f6rne\u011fini, konaklama bilgilerini, vize talep i\u00e7in dilek\u00e7esini, rezervasyon bilgilerini mutlaka eksiksiz ve do\u011fru bir \u015fekilde yan\u0131nda bulundurmas\u0131 talep etmektedir. Gana\u2019ya seyahat etmeden \u00f6nce di\u011fer Afrika \u00fclkelerinden de istendi\u011fi gibi sar\u0131humma a\u015f\u0131s\u0131 olman\u0131z zorunlu olmaktad\u0131r.\u00a0<strong>Gana Edirne Fahri Konsoloslu\u011fu\u00a0<\/strong>\u00f6zellikle \u00f6nemli evraklar aras\u0131nda a\u015f\u0131 kart\u0131n\u0131z\u0131n da olmas\u0131n\u0131 talep etmektedir. A\u015f\u0131 olma zorunlulu\u011fu, Gana\u2019da yayg\u0131n g\u00f6r\u00fclen sar\u0131humma hastal\u0131\u011f\u0131na kar\u015f\u0131 al\u0131nan bir \u00f6nlemdir.<\/span><\/p>\n","protected":false},"excerpt":{"rendered":"<p>Gana Edirne Fahri Konsoloslu\u011fu Hakk\u0131nda Gana Edirne Fahri Konsoloslu\u011fu\u2019nda, Gana vatanda\u015flar\u0131n\u0131n\u00a0Gana vize\u00a0i\u015flemleri yap\u0131lmaktad\u0131r. T\u00fcrkiye Cumhuriyeti s\u0131n\u0131rlar\u0131 i\u00e7erisinde ya\u015fayan Gana vatanda\u015flar\u0131, ayr\u0131ca Gana Edirne Fahri Konsoloslu\u011fu\u2019nda do\u011fum, \u00f6l\u00fcm, noter, askerlik i\u015flemlerini de yapt\u0131rabilir. Bunun d\u0131\u015f\u0131nda ba\u015fvuru sahipleri\u00a0Gana vize \u00fccretleri\u00a0yat\u0131rabilir. Edirne Gana Fahri Konsoloslu\u011fu\u2019na\u00a0Gana vizesi\u00a0ba\u015fvurusu yap\u0131ld\u0131\u011f\u0131 taktirde vize ba\u015fvurular\u0131 7 ile 10 i\u015f g\u00fcn\u00fc i\u00e7erisinde el\u00e7ilik taraf\u0131ndan<\/p>\n","protected":false},"author":1,"featured_media":0,"parent":69,"menu_order":0,"comment_status":"open","ping_status":"closed","template":"","meta":{"footnotes":""},"class_list":["post-86","page","type-page","status-publish","hentry"],"yoast_head":"<!-- This site is optimized with the Yoast SEO plugin v24.0 - https:\/\/yoast.com\/wordpress\/plugins\/seo\/ -->\n<title>Gana Edirne Fahri Konsoloslu\u011fu Vize \u0130\u015flemleri - MyVize<\/title>\n<meta name=\"description\" content=\"Gana Edirne Fahri Konsoloslu\u011fu \u00e7al\u0131\u015fma saatleri. Gana Edirne Fahri Konsoloslu\u011fu ula\u015f\u0131m, ileti\u015fim bilgileri ve faaliyet alan\u0131.\" \/>\n<meta name=\"robots\" content=\"index, follow, max-snippet:-1, max-image-preview:large, max-video-preview:-1\" \/>\n<link rel=\"canonical\" href=\"https:\/\/www.myvize.com.tr\/gana\/konsolosluklar\/edirne-fahri-konsoloslugu\/\" \/>\n<meta property=\"og:locale\" content=\"tr_TR\" \/>\n<meta property=\"og:type\" content=\"article\" \/>\n<meta property=\"og:title\" content=\"Gana Edirne Fahri Konsoloslu\u011fu Vize \u0130\u015flemleri - MyVize\" \/>\n<meta property=\"og:description\" content=\"Gana Edirne Fahri Konsoloslu\u011fu \u00e7al\u0131\u015fma saatleri. Gana Edirne Fahri Konsoloslu\u011fu ula\u015f\u0131m, ileti\u015fim bilgileri ve faaliyet alan\u0131.\" \/>\n<meta property=\"og:url\" content=\"https:\/\/www.myvize.com.tr\/gana\/konsolosluklar\/edirne-fahri-konsoloslugu\/\" \/>\n<meta property=\"og:site_name\" content=\"Gana Vizesi\" \/>\n<meta property=\"article:modified_time\" content=\"2022-05-07T11:05:37+00:00\" \/>\n<meta name=\"twitter:card\" content=\"summary_large_image\" \/>\n<meta name=\"twitter:label1\" content=\"Tahmini okuma s\u00fcresi\" \/>\n\t<meta name=\"twitter:data1\" content=\"1 dakika\" \/>\n<script type=\"application\/ld+json\" class=\"yoast-schema-graph\">{\"@context\":\"https:\/\/schema.org\",\"@graph\":[{\"@type\":\"WebPage\",\"@id\":\"https:\/\/www.myvize.com.tr\/gana\/konsolosluklar\/edirne-fahri-konsoloslugu\/\",\"url\":\"https:\/\/www.myvize.com.tr\/gana\/konsolosluklar\/edirne-fahri-konsoloslugu\/\",\"name\":\"Gana Edirne Fahri Konsoloslu\u011fu Vize \u0130\u015flemleri - MyVize\",\"isPartOf\":{\"@id\":\"https:\/\/www.myvize.com.tr\/gana\/#website\"},\"datePublished\":\"2020-11-30T10:05:31+00:00\",\"dateModified\":\"2022-05-07T11:05:37+00:00\",\"description\":\"Gana Edirne Fahri Konsoloslu\u011fu \u00e7al\u0131\u015fma saatleri. Gana Edirne Fahri Konsoloslu\u011fu ula\u015f\u0131m, ileti\u015fim bilgileri ve faaliyet alan\u0131.\",\"breadcrumb\":{\"@id\":\"https:\/\/www.myvize.com.tr\/gana\/konsolosluklar\/edirne-fahri-konsoloslugu\/#breadcrumb\"},\"inLanguage\":\"tr\",\"potentialAction\":[{\"@type\":\"ReadAction\",\"target\":[\"https:\/\/www.myvize.com.tr\/gana\/konsolosluklar\/edirne-fahri-konsoloslugu\/\"]}]},{\"@type\":\"BreadcrumbList\",\"@id\":\"https:\/\/www.myvize.com.tr\/gana\/konsolosluklar\/edirne-fahri-konsoloslugu\/#breadcrumb\",\"itemListElement\":[{\"@type\":\"ListItem\",\"position\":1,\"name\":\"Anasayfa\",\"item\":\"https:\/\/www.myvize.com.tr\/gana\/\"},{\"@type\":\"ListItem\",\"position\":2,\"name\":\"KONSOLOSLUKLAR\",\"item\":\"https:\/\/www.myvize.com.tr\/gana\/konsolosluklar\/\"},{\"@type\":\"ListItem\",\"position\":3,\"name\":\"Gana Edirne Fahri Konsoloslu\u011fu\"}]},{\"@type\":\"WebSite\",\"@id\":\"https:\/\/www.myvize.com.tr\/gana\/#website\",\"url\":\"https:\/\/www.myvize.com.tr\/gana\/\",\"name\":\"Gana Vizesi\",\"description\":\"\",\"potentialAction\":[{\"@type\":\"SearchAction\",\"target\":{\"@type\":\"EntryPoint\",\"urlTemplate\":\"https:\/\/www.myvize.com.tr\/gana\/?s={search_term_string}\"},\"query-input\":{\"@type\":\"PropertyValueSpecification\",\"valueRequired\":true,\"valueName\":\"search_term_string\"}}],\"inLanguage\":\"tr\"}]}<\/script>\n<!-- \/ Yoast SEO plugin. -->","yoast_head_json":{"title":"Gana Edirne Fahri Konsoloslu\u011fu Vize \u0130\u015flemleri - MyVize","description":"Gana Edirne Fahri Konsoloslu\u011fu \u00e7al\u0131\u015fma saatleri. Gana Edirne Fahri Konsoloslu\u011fu ula\u015f\u0131m, ileti\u015fim bilgileri ve faaliyet alan\u0131.","robots":{"index":"index","follow":"follow","max-snippet":"max-snippet:-1","max-image-preview":"max-image-preview:large","max-video-preview":"max-video-preview:-1"},"canonical":"https:\/\/www.myvize.com.tr\/gana\/konsolosluklar\/edirne-fahri-konsoloslugu\/","og_locale":"tr_TR","og_type":"article","og_title":"Gana Edirne Fahri Konsoloslu\u011fu Vize \u0130\u015flemleri - MyVize","og_description":"Gana Edirne Fahri Konsoloslu\u011fu \u00e7al\u0131\u015fma saatleri. Gana Edirne Fahri Konsoloslu\u011fu ula\u015f\u0131m, ileti\u015fim bilgileri ve faaliyet alan\u0131.","og_url":"https:\/\/www.myvize.com.tr\/gana\/konsolosluklar\/edirne-fahri-konsoloslugu\/","og_site_name":"Gana Vizesi","article_modified_time":"2022-05-07T11:05:37+00:00","twitter_card":"summary_large_image","twitter_misc":{"Tahmini okuma s\u00fcresi":"1 dakika"},"schema":{"@context":"https:\/\/schema.org","@graph":[{"@type":"WebPage","@id":"https:\/\/www.myvize.com.tr\/gana\/konsolosluklar\/edirne-fahri-konsoloslugu\/","url":"https:\/\/www.myvize.com.tr\/gana\/konsolosluklar\/edirne-fahri-konsoloslugu\/","name":"Gana Edirne Fahri Konsoloslu\u011fu Vize \u0130\u015flemleri - MyVize","isPartOf":{"@id":"https:\/\/www.myvize.com.tr\/gana\/#website"},"datePublished":"2020-11-30T10:05:31+00:00","dateModified":"2022-05-07T11:05:37+00:00","description":"Gana Edirne Fahri Konsoloslu\u011fu \u00e7al\u0131\u015fma saatleri. Gana Edirne Fahri Konsoloslu\u011fu ula\u015f\u0131m, ileti\u015fim bilgileri ve faaliyet alan\u0131.","breadcrumb":{"@id":"https:\/\/www.myvize.com.tr\/gana\/konsolosluklar\/edirne-fahri-konsoloslugu\/#breadcrumb"},"inLanguage":"tr","potentialAction":[{"@type":"ReadAction","target":["https:\/\/www.myvize.com.tr\/gana\/konsolosluklar\/edirne-fahri-konsoloslugu\/"]}]},{"@type":"BreadcrumbList","@id":"https:\/\/www.myvize.com.tr\/gana\/konsolosluklar\/edirne-fahri-konsoloslugu\/#breadcrumb","itemListElement":[{"@type":"ListItem","position":1,"name":"Anasayfa","item":"https:\/\/www.myvize.com.tr\/gana\/"},{"@type":"ListItem","position":2,"name":"KONSOLOSLUKLAR","item":"https:\/\/www.myvize.com.tr\/gana\/konsolosluklar\/"},{"@type":"ListItem","position":3,"name":"Gana Edirne Fahri Konsoloslu\u011fu"}]},{"@type":"WebSite","@id":"https:\/\/www.myvize.com.tr\/gana\/#website","url":"https:\/\/www.myvize.com.tr\/gana\/","name":"Gana Vizesi","description":"","potentialAction":[{"@type":"SearchAction","target":{"@type":"EntryPoint","urlTemplate":"https:\/\/www.myvize.com.tr\/gana\/?s={search_term_string}"},"query-input":{"@type":"PropertyValueSpecification","valueRequired":true,"valueName":"search_term_string"}}],"inLanguage":"tr"}]}},"_links":{"self":[{"href":"https:\/\/www.myvize.com.tr\/gana\/wp-json\/wp\/v2\/pages\/86","targetHints":{"allow":["GET"]}}],"collection":[{"href":"https:\/\/www.myvize.com.tr\/gana\/wp-json\/wp\/v2\/pages"}],"about":[{"href":"https:\/\/www.myvize.com.tr\/gana\/wp-json\/wp\/v2\/types\/page"}],"author":[{"embeddable":true,"href":"https:\/\/www.myvize.com.tr\/gana\/wp-json\/wp\/v2\/users\/1"}],"replies":[{"embeddable":true,"href":"https:\/\/www.myvize.com.tr\/gana\/wp-json\/wp\/v2\/comments?post=86"}],"version-history":[{"count":5,"href":"https:\/\/www.myvize.com.tr\/gana\/wp-json\/wp\/v2\/pages\/86\/revisions"}],"predecessor-version":[{"id":714,"href":"https:\/\/www.myvize.com.tr\/gana\/wp-json\/wp\/v2\/pages\/86\/revisions\/714"}],"up":[{"embeddable":true,"href":"https:\/\/www.myvize.com.tr\/gana\/wp-json\/wp\/v2\/pages\/69"}],"wp:attachment":[{"href":"https:\/\/www.myvize.com.tr\/gana\/wp-json\/wp\/v2\/media?parent=86"}],"curies":[{"name":"wp","href":"https:\/\/api.w.org\/{rel}","templated":true}]}}