{"id":211,"date":"2021-01-02T17:32:19","date_gmt":"2021-01-02T14:32:19","guid":{"rendered":"https:\/\/www.myvize.com.tr\/hindistan\/?page_id=211"},"modified":"2022-04-08T15:48:10","modified_gmt":"2022-04-08T12:48:10","slug":"antalya","status":"publish","type":"page","link":"https:\/\/www.myvize.com.tr\/hindistan\/subelerimiz\/antalya\/","title":{"rendered":"Antalya"},"content":{"rendered":"<h2><strong><span style=\"font-size: 27px; font-family: Roboto;\">Hindistan Vize Ba\u015fvuru Merkezi, Antalya<\/span><\/strong><\/h2>\n","protected":false},"excerpt":{"rendered":"<p>Hindistan Vize Ba\u015fvuru Merkezi, Antalya<\/p>\n","protected":false},"author":1,"featured_media":0,"parent":204,"menu_order":0,"comment_status":"open","ping_status":"closed","template":"","meta":[],"yoast_head":"<!-- This site is optimized with the Yoast SEO plugin v17.6 - https:\/\/yoast.com\/wordpress\/plugins\/seo\/ -->\n<title>Hindistan Vize Ba\u015fvuru Merkezi Antalya - MyVize<\/title>\n<meta name=\"description\" content=\"Hindistan vizesi Antalya ofisimiz, hangi \u00fclkeye seyahat etmek isterseniz gerekli b\u00fct\u00fcn bilgilere ula\u015fabilirsiniz.\" \/>\n<meta name=\"robots\" content=\"index, follow, max-snippet:-1, max-image-preview:large, max-video-preview:-1\" \/>\n<link rel=\"canonical\" href=\"https:\/\/www.myvize.com.tr\/hindistan\/subelerimiz\/antalya\/\" \/>\n<meta property=\"og:locale\" content=\"tr_TR\" \/>\n<meta property=\"og:type\" content=\"article\" \/>\n<meta property=\"og:title\" content=\"Hindistan Vize Ba\u015fvuru Merkezi Antalya - MyVize\" \/>\n<meta property=\"og:description\" content=\"Hindistan vizesi Antalya ofisimiz, hangi \u00fclkeye seyahat etmek isterseniz gerekli b\u00fct\u00fcn bilgilere ula\u015fabilirsiniz.\" \/>\n<meta property=\"og:url\" content=\"https:\/\/www.myvize.com.tr\/hindistan\/subelerimiz\/antalya\/\" \/>\n<meta property=\"og:site_name\" content=\"Hindistan Vizesi\" \/>\n<meta property=\"article:modified_time\" content=\"2022-04-08T12:48:10+00:00\" \/>\n<meta name=\"twitter:card\" content=\"summary_large_image\" \/>\n<meta name=\"twitter:label1\" content=\"Tahmini okuma s\u00fcresi\" \/>\n\t<meta name=\"twitter:data1\" content=\"1 dakika\" \/>\n<script type=\"application\/ld+json\" class=\"yoast-schema-graph\">{\"@context\":\"https:\/\/schema.org\",\"@graph\":[{\"@type\":\"WebSite\",\"@id\":\"https:\/\/www.myvize.com.tr\/hindistan\/#website\",\"url\":\"https:\/\/www.myvize.com.tr\/hindistan\/\",\"name\":\"Hindistan Vizesi\",\"description\":\"\",\"potentialAction\":[{\"@type\":\"SearchAction\",\"target\":{\"@type\":\"EntryPoint\",\"urlTemplate\":\"https:\/\/www.myvize.com.tr\/hindistan\/?s={search_term_string}\"},\"query-input\":\"required name=search_term_string\"}],\"inLanguage\":\"tr\"},{\"@type\":\"WebPage\",\"@id\":\"https:\/\/www.myvize.com.tr\/hindistan\/subelerimiz\/antalya\/#webpage\",\"url\":\"https:\/\/www.myvize.com.tr\/hindistan\/subelerimiz\/antalya\/\",\"name\":\"Hindistan Vize Ba\\u015fvuru Merkezi Antalya - MyVize\",\"isPartOf\":{\"@id\":\"https:\/\/www.myvize.com.tr\/hindistan\/#website\"},\"datePublished\":\"2021-01-02T14:32:19+00:00\",\"dateModified\":\"2022-04-08T12:48:10+00:00\",\"description\":\"Hindistan vizesi Antalya ofisimiz, hangi \\u00fclkeye seyahat etmek isterseniz gerekli b\\u00fct\\u00fcn bilgilere ula\\u015fabilirsiniz.\",\"breadcrumb\":{\"@id\":\"https:\/\/www.myvize.com.tr\/hindistan\/subelerimiz\/antalya\/#breadcrumb\"},\"inLanguage\":\"tr\",\"potentialAction\":[{\"@type\":\"ReadAction\",\"target\":[\"https:\/\/www.myvize.com.tr\/hindistan\/subelerimiz\/antalya\/\"]}]},{\"@type\":\"BreadcrumbList\",\"@id\":\"https:\/\/www.myvize.com.tr\/hindistan\/subelerimiz\/antalya\/#breadcrumb\",\"itemListElement\":[{\"@type\":\"ListItem\",\"position\":1,\"name\":\"Anasayfa\",\"item\":\"https:\/\/www.myvize.com.tr\/hindistan\/\"},{\"@type\":\"ListItem\",\"position\":2,\"name\":\"\\u015eUBELER\\u0130M\\u0130Z\",\"item\":\"https:\/\/www.myvize.com.tr\/hindistan\/subelerimiz\/\"},{\"@type\":\"ListItem\",\"position\":3,\"name\":\"Antalya\"}]}]}<\/script>\n<!-- \/ Yoast SEO plugin. -->","yoast_head_json":{"title":"Hindistan Vize Ba\u015fvuru Merkezi Antalya - MyVize","description":"Hindistan vizesi Antalya ofisimiz, hangi \u00fclkeye seyahat etmek isterseniz gerekli b\u00fct\u00fcn bilgilere ula\u015fabilirsiniz.","robots":{"index":"index","follow":"follow","max-snippet":"max-snippet:-1","max-image-preview":"max-image-preview:large","max-video-preview":"max-video-preview:-1"},"canonical":"https:\/\/www.myvize.com.tr\/hindistan\/subelerimiz\/antalya\/","og_locale":"tr_TR","og_type":"article","og_title":"Hindistan Vize Ba\u015fvuru Merkezi Antalya - MyVize","og_description":"Hindistan vizesi Antalya ofisimiz, hangi \u00fclkeye seyahat etmek isterseniz gerekli b\u00fct\u00fcn bilgilere ula\u015fabilirsiniz.","og_url":"https:\/\/www.myvize.com.tr\/hindistan\/subelerimiz\/antalya\/","og_site_name":"Hindistan Vizesi","article_modified_time":"2022-04-08T12:48:10+00:00","twitter_card":"summary_large_image","twitter_misc":{"Tahmini okuma s\u00fcresi":"1 dakika"},"schema":{"@context":"https:\/\/schema.org","@graph":[{"@type":"WebSite","@id":"https:\/\/www.myvize.com.tr\/hindistan\/#website","url":"https:\/\/www.myvize.com.tr\/hindistan\/","name":"Hindistan Vizesi","description":"","potentialAction":[{"@type":"SearchAction","target":{"@type":"EntryPoint","urlTemplate":"https:\/\/www.myvize.com.tr\/hindistan\/?s={search_term_string}"},"query-input":"required name=search_term_string"}],"inLanguage":"tr"},{"@type":"WebPage","@id":"https:\/\/www.myvize.com.tr\/hindistan\/subelerimiz\/antalya\/#webpage","url":"https:\/\/www.myvize.com.tr\/hindistan\/subelerimiz\/antalya\/","name":"Hindistan Vize Ba\u015fvuru Merkezi Antalya - MyVize","isPartOf":{"@id":"https:\/\/www.myvize.com.tr\/hindistan\/#website"},"datePublished":"2021-01-02T14:32:19+00:00","dateModified":"2022-04-08T12:48:10+00:00","description":"Hindistan vizesi Antalya ofisimiz, hangi \u00fclkeye seyahat etmek isterseniz gerekli b\u00fct\u00fcn bilgilere ula\u015fabilirsiniz.","breadcrumb":{"@id":"https:\/\/www.myvize.com.tr\/hindistan\/subelerimiz\/antalya\/#breadcrumb"},"inLanguage":"tr","potentialAction":[{"@type":"ReadAction","target":["https:\/\/www.myvize.com.tr\/hindistan\/subelerimiz\/antalya\/"]}]},{"@type":"BreadcrumbList","@id":"https:\/\/www.myvize.com.tr\/hindistan\/subelerimiz\/antalya\/#breadcrumb","itemListElement":[{"@type":"ListItem","position":1,"name":"Anasayfa","item":"https:\/\/www.myvize.com.tr\/hindistan\/"},{"@type":"ListItem","position":2,"name":"\u015eUBELER\u0130M\u0130Z","item":"https:\/\/www.myvize.com.tr\/hindistan\/subelerimiz\/"},{"@type":"ListItem","position":3,"name":"Antalya"}]}]}},"_links":{"self":[{"href":"https:\/\/www.myvize.com.tr\/hindistan\/wp-json\/wp\/v2\/pages\/211"}],"collection":[{"href":"https:\/\/www.myvize.com.tr\/hindistan\/wp-json\/wp\/v2\/pages"}],"about":[{"href":"https:\/\/www.myvize.com.tr\/hindistan\/wp-json\/wp\/v2\/types\/page"}],"author":[{"embeddable":true,"href":"https:\/\/www.myvize.com.tr\/hindistan\/wp-json\/wp\/v2\/users\/1"}],"replies":[{"embeddable":true,"href":"https:\/\/www.myvize.com.tr\/hindistan\/wp-json\/wp\/v2\/comments?post=211"}],"version-history":[{"count":6,"href":"https:\/\/www.myvize.com.tr\/hindistan\/wp-json\/wp\/v2\/pages\/211\/revisions"}],"predecessor-version":[{"id":741,"href":"https:\/\/www.myvize.com.tr\/hindistan\/wp-json\/wp\/v2\/pages\/211\/revisions\/741"}],"up":[{"embeddable":true,"href":"https:\/\/www.myvize.com.tr\/hindistan\/wp-json\/wp\/v2\/pages\/204"}],"wp:attachment":[{"href":"https:\/\/www.myvize.com.tr\/hindistan\/wp-json\/wp\/v2\/media?parent=211"}],"curies":[{"name":"wp","href":"https:\/\/api.w.org\/{rel}","templated":true}]}}