{"id":84,"date":"2020-11-30T13:05:08","date_gmt":"2020-11-30T10:05:08","guid":{"rendered":"https:\/\/www.myvize.com.tr\/hindistan\/?page_id=84"},"modified":"2022-04-08T15:39:31","modified_gmt":"2022-04-08T12:39:31","slug":"trabzon-fahri-konsoloslugu","status":"publish","type":"page","link":"https:\/\/www.myvize.com.tr\/hindistan\/konsolosluklar\/trabzon-fahri-konsoloslugu\/","title":{"rendered":"Hindistan Trabzon Fahri Konsoloslu\u011fu"},"content":{"rendered":"<h2><span style=\"font-family: Roboto; font-size: 27px;\"><strong>Hindistan Trabzon Fahri Konsoloslu\u011fu Hakk\u0131nda<\/strong><\/span><\/h2>\n<p><span style=\"font-family: Roboto; font-size: 14px;\"><strong>Trabzon B\u00fcy\u00fckel\u00e7ili\u011fi<\/strong> taraf\u0131ndan g\u00f6revlendirilen <strong>Trabzon Fahri Konsoloslu\u011fu<\/strong>, Hindistan vatanda\u015flar\u0131n\u0131n hakk\u0131n\u0131 arayan gerekti\u011fi yerler de resm\u00ee belge sa\u011flayan yetkili makamd\u0131r. T\u00fcrkiye&#8217;de ya\u015fam s\u00fcrd\u00fcrmekte olan Hindistan vatanda\u015flar\u0131n\u0131 <strong>Trabzon Fahri Konsoloslu\u011fu<\/strong> arac\u0131l\u0131\u011f\u0131yla resm\u00ee i\u015flemini yapt\u0131rabilmektedir. N\u00fcfus do\u011fum, nik\u00e2h, \u00f6l\u00fcm gibi resm\u00ee belgeler d\u00fczenlemesi makamlara ait g\u00f6revdendir. Bilindi\u011fi gibi t\u00fcm \u015fehirde en az bir adet ba\u015fkonsolosluk ya da b\u00fcy\u00fckel\u00e7ilik bulunmamakta. Trabzon \u015fehrinde fahri konsolosluk bulunmaktad\u0131r. Trabzon ve \u00e7evresindeki illerde ikamet etmekte olan ki\u015filere, T\u00fcrkiye Cumhuriyeti vatanda\u015f\u0131 ve Hindistan vatanda\u015f\u0131 <span style=\"color: #2acec2;\"><strong><a style=\"color: #2acec2;\" href=\"https:\/\/www.myvize.com.tr\/hindistan\/vize-islemleri\/hindistan-vizesi\/\" target=\"_blank\" rel=\"noopener\">Hindistan vizesi <\/a><\/strong><\/span>ve di\u011fer i\u015flemi <strong>Trabzon Hindistan Fahri Konsolosluk<\/strong> taraf\u0131ndan yap\u0131lmaktad\u0131r. <span style=\"color: #2acec2;\"><strong><a style=\"color: #2acec2;\" href=\"https:\/\/www.myvize.com.tr\/hindistan\/konsolosluklar\/ankara-buyukelciligi\/\" target=\"_blank\" rel=\"noopener\">Hindistan Ankara B\u00fcy\u00fckel\u00e7ili\u011fi<\/a><\/strong><\/span> taraf\u0131ndan yetkilendirilmi\u015f olan Hindistan Trabzon Fahri Konsoloslu\u011funda belge tasdik, do\u011fum evrak\u0131, evlilik belge, vatanda\u015fl\u0131k evrak, \u015firket belge tasdiki gibi t\u00fcm konsoloslu\u011fun i\u015flemleri yapmaktad\u0131r. Hafta i\u00e7i Pazartesi ve Cuma g\u00fcn\u00fc , sabah 08.30 ile 18.00 saat aras\u0131 hizmet vermektedir.<\/span><br \/>\n<span style=\"font-family: Roboto; font-size: 14px;\">Trabzon Fahri Konsoloslu\u011fu, <strong>Hindistan devlet<\/strong> ile ilgili i\u015flemleri yap\u0131lmaktad\u0131r. Hindistan devleti olan i\u015flemlerin T\u00fcrkiye&#8217;den kolayca yap\u0131lmas\u0131 sa\u011flayan kurumdur. Bu kurumda ba\u015fvurular ve istenilen i\u015flemler yap\u0131labilir.<\/span><\/p>\n","protected":false},"excerpt":{"rendered":"<p>Hindistan Trabzon Fahri Konsoloslu\u011fu Hakk\u0131nda Trabzon B\u00fcy\u00fckel\u00e7ili\u011fi taraf\u0131ndan g\u00f6revlendirilen Trabzon Fahri Konsoloslu\u011fu, Hindistan vatanda\u015flar\u0131n\u0131n hakk\u0131n\u0131 arayan gerekti\u011fi yerler de resm\u00ee belge sa\u011flayan yetkili makamd\u0131r. T\u00fcrkiye&#8217;de ya\u015fam s\u00fcrd\u00fcrmekte olan Hindistan vatanda\u015flar\u0131n\u0131 Trabzon Fahri Konsoloslu\u011fu arac\u0131l\u0131\u011f\u0131yla resm\u00ee i\u015flemini yapt\u0131rabilmektedir. N\u00fcfus do\u011fum, nik\u00e2h, \u00f6l\u00fcm gibi resm\u00ee belgeler d\u00fczenlemesi makamlara ait g\u00f6revdendir. Bilindi\u011fi gibi t\u00fcm \u015fehirde en az bir<\/p>\n","protected":false},"author":1,"featured_media":0,"parent":69,"menu_order":0,"comment_status":"open","ping_status":"closed","template":"","meta":[],"yoast_head":"<!-- This site is optimized with the Yoast SEO plugin v17.6 - https:\/\/yoast.com\/wordpress\/plugins\/seo\/ -->\n<title>Hindistan Trabzon Fahri Konsoloslu\u011fu - MyVize<\/title>\n<meta name=\"description\" content=\"Hindistan Trabzon Fahri Konsoloslu\u011fu \u00e7al\u0131\u015fma saatleri. Hindistan Trabzon Fahri Konsoloslu\u011fu ula\u015f\u0131m, ileti\u015fim bilgileri ve faaliyet alan\u0131.\" \/>\n<meta name=\"robots\" content=\"index, follow, max-snippet:-1, max-image-preview:large, max-video-preview:-1\" \/>\n<link rel=\"canonical\" href=\"https:\/\/www.myvize.com.tr\/hindistan\/konsolosluklar\/trabzon-fahri-konsoloslugu\/\" \/>\n<meta property=\"og:locale\" content=\"tr_TR\" \/>\n<meta property=\"og:type\" content=\"article\" \/>\n<meta property=\"og:title\" content=\"Hindistan Trabzon Fahri Konsoloslu\u011fu - MyVize\" \/>\n<meta property=\"og:description\" content=\"Hindistan Trabzon Fahri Konsoloslu\u011fu \u00e7al\u0131\u015fma saatleri. Hindistan Trabzon Fahri Konsoloslu\u011fu ula\u015f\u0131m, ileti\u015fim bilgileri ve faaliyet alan\u0131.\" \/>\n<meta property=\"og:url\" content=\"https:\/\/www.myvize.com.tr\/hindistan\/konsolosluklar\/trabzon-fahri-konsoloslugu\/\" \/>\n<meta property=\"og:site_name\" content=\"Hindistan Vizesi\" \/>\n<meta property=\"article:modified_time\" content=\"2022-04-08T12:39:31+00:00\" \/>\n<meta name=\"twitter:card\" content=\"summary_large_image\" \/>\n<meta name=\"twitter:label1\" content=\"Tahmini okuma s\u00fcresi\" \/>\n\t<meta name=\"twitter:data1\" content=\"1 dakika\" \/>\n<script type=\"application\/ld+json\" class=\"yoast-schema-graph\">{\"@context\":\"https:\/\/schema.org\",\"@graph\":[{\"@type\":\"WebSite\",\"@id\":\"https:\/\/www.myvize.com.tr\/hindistan\/#website\",\"url\":\"https:\/\/www.myvize.com.tr\/hindistan\/\",\"name\":\"Hindistan Vizesi\",\"description\":\"\",\"potentialAction\":[{\"@type\":\"SearchAction\",\"target\":{\"@type\":\"EntryPoint\",\"urlTemplate\":\"https:\/\/www.myvize.com.tr\/hindistan\/?s={search_term_string}\"},\"query-input\":\"required name=search_term_string\"}],\"inLanguage\":\"tr\"},{\"@type\":\"WebPage\",\"@id\":\"https:\/\/www.myvize.com.tr\/hindistan\/konsolosluklar\/trabzon-fahri-konsoloslugu\/#webpage\",\"url\":\"https:\/\/www.myvize.com.tr\/hindistan\/konsolosluklar\/trabzon-fahri-konsoloslugu\/\",\"name\":\"Hindistan Trabzon Fahri Konsoloslu\\u011fu - MyVize\",\"isPartOf\":{\"@id\":\"https:\/\/www.myvize.com.tr\/hindistan\/#website\"},\"datePublished\":\"2020-11-30T10:05:08+00:00\",\"dateModified\":\"2022-04-08T12:39:31+00:00\",\"description\":\"Hindistan Trabzon Fahri Konsoloslu\\u011fu \\u00e7al\\u0131\\u015fma saatleri. Hindistan Trabzon Fahri Konsoloslu\\u011fu ula\\u015f\\u0131m, ileti\\u015fim bilgileri ve faaliyet alan\\u0131.\",\"breadcrumb\":{\"@id\":\"https:\/\/www.myvize.com.tr\/hindistan\/konsolosluklar\/trabzon-fahri-konsoloslugu\/#breadcrumb\"},\"inLanguage\":\"tr\",\"potentialAction\":[{\"@type\":\"ReadAction\",\"target\":[\"https:\/\/www.myvize.com.tr\/hindistan\/konsolosluklar\/trabzon-fahri-konsoloslugu\/\"]}]},{\"@type\":\"BreadcrumbList\",\"@id\":\"https:\/\/www.myvize.com.tr\/hindistan\/konsolosluklar\/trabzon-fahri-konsoloslugu\/#breadcrumb\",\"itemListElement\":[{\"@type\":\"ListItem\",\"position\":1,\"name\":\"Anasayfa\",\"item\":\"https:\/\/www.myvize.com.tr\/hindistan\/\"},{\"@type\":\"ListItem\",\"position\":2,\"name\":\"KONSOLOSLUKLAR\",\"item\":\"https:\/\/www.myvize.com.tr\/hindistan\/konsolosluklar\/\"},{\"@type\":\"ListItem\",\"position\":3,\"name\":\"Hindistan Trabzon Fahri Konsoloslu\\u011fu\"}]}]}<\/script>\n<!-- \/ Yoast SEO plugin. -->","yoast_head_json":{"title":"Hindistan Trabzon Fahri Konsoloslu\u011fu - MyVize","description":"Hindistan Trabzon Fahri Konsoloslu\u011fu \u00e7al\u0131\u015fma saatleri. Hindistan Trabzon Fahri Konsoloslu\u011fu ula\u015f\u0131m, ileti\u015fim bilgileri ve faaliyet alan\u0131.","robots":{"index":"index","follow":"follow","max-snippet":"max-snippet:-1","max-image-preview":"max-image-preview:large","max-video-preview":"max-video-preview:-1"},"canonical":"https:\/\/www.myvize.com.tr\/hindistan\/konsolosluklar\/trabzon-fahri-konsoloslugu\/","og_locale":"tr_TR","og_type":"article","og_title":"Hindistan Trabzon Fahri Konsoloslu\u011fu - MyVize","og_description":"Hindistan Trabzon Fahri Konsoloslu\u011fu \u00e7al\u0131\u015fma saatleri. Hindistan Trabzon Fahri Konsoloslu\u011fu ula\u015f\u0131m, ileti\u015fim bilgileri ve faaliyet alan\u0131.","og_url":"https:\/\/www.myvize.com.tr\/hindistan\/konsolosluklar\/trabzon-fahri-konsoloslugu\/","og_site_name":"Hindistan Vizesi","article_modified_time":"2022-04-08T12:39:31+00:00","twitter_card":"summary_large_image","twitter_misc":{"Tahmini okuma s\u00fcresi":"1 dakika"},"schema":{"@context":"https:\/\/schema.org","@graph":[{"@type":"WebSite","@id":"https:\/\/www.myvize.com.tr\/hindistan\/#website","url":"https:\/\/www.myvize.com.tr\/hindistan\/","name":"Hindistan Vizesi","description":"","potentialAction":[{"@type":"SearchAction","target":{"@type":"EntryPoint","urlTemplate":"https:\/\/www.myvize.com.tr\/hindistan\/?s={search_term_string}"},"query-input":"required name=search_term_string"}],"inLanguage":"tr"},{"@type":"WebPage","@id":"https:\/\/www.myvize.com.tr\/hindistan\/konsolosluklar\/trabzon-fahri-konsoloslugu\/#webpage","url":"https:\/\/www.myvize.com.tr\/hindistan\/konsolosluklar\/trabzon-fahri-konsoloslugu\/","name":"Hindistan Trabzon Fahri Konsoloslu\u011fu - MyVize","isPartOf":{"@id":"https:\/\/www.myvize.com.tr\/hindistan\/#website"},"datePublished":"2020-11-30T10:05:08+00:00","dateModified":"2022-04-08T12:39:31+00:00","description":"Hindistan Trabzon Fahri Konsoloslu\u011fu \u00e7al\u0131\u015fma saatleri. Hindistan Trabzon Fahri Konsoloslu\u011fu ula\u015f\u0131m, ileti\u015fim bilgileri ve faaliyet alan\u0131.","breadcrumb":{"@id":"https:\/\/www.myvize.com.tr\/hindistan\/konsolosluklar\/trabzon-fahri-konsoloslugu\/#breadcrumb"},"inLanguage":"tr","potentialAction":[{"@type":"ReadAction","target":["https:\/\/www.myvize.com.tr\/hindistan\/konsolosluklar\/trabzon-fahri-konsoloslugu\/"]}]},{"@type":"BreadcrumbList","@id":"https:\/\/www.myvize.com.tr\/hindistan\/konsolosluklar\/trabzon-fahri-konsoloslugu\/#breadcrumb","itemListElement":[{"@type":"ListItem","position":1,"name":"Anasayfa","item":"https:\/\/www.myvize.com.tr\/hindistan\/"},{"@type":"ListItem","position":2,"name":"KONSOLOSLUKLAR","item":"https:\/\/www.myvize.com.tr\/hindistan\/konsolosluklar\/"},{"@type":"ListItem","position":3,"name":"Hindistan Trabzon Fahri Konsoloslu\u011fu"}]}]}},"_links":{"self":[{"href":"https:\/\/www.myvize.com.tr\/hindistan\/wp-json\/wp\/v2\/pages\/84"}],"collection":[{"href":"https:\/\/www.myvize.com.tr\/hindistan\/wp-json\/wp\/v2\/pages"}],"about":[{"href":"https:\/\/www.myvize.com.tr\/hindistan\/wp-json\/wp\/v2\/types\/page"}],"author":[{"embeddable":true,"href":"https:\/\/www.myvize.com.tr\/hindistan\/wp-json\/wp\/v2\/users\/1"}],"replies":[{"embeddable":true,"href":"https:\/\/www.myvize.com.tr\/hindistan\/wp-json\/wp\/v2\/comments?post=84"}],"version-history":[{"count":6,"href":"https:\/\/www.myvize.com.tr\/hindistan\/wp-json\/wp\/v2\/pages\/84\/revisions"}],"predecessor-version":[{"id":732,"href":"https:\/\/www.myvize.com.tr\/hindistan\/wp-json\/wp\/v2\/pages\/84\/revisions\/732"}],"up":[{"embeddable":true,"href":"https:\/\/www.myvize.com.tr\/hindistan\/wp-json\/wp\/v2\/pages\/69"}],"wp:attachment":[{"href":"https:\/\/www.myvize.com.tr\/hindistan\/wp-json\/wp\/v2\/media?parent=84"}],"curies":[{"name":"wp","href":"https:\/\/api.w.org\/{rel}","templated":true}]}}