{"id":321,"date":"2021-06-12T12:00:00","date_gmt":"2021-06-12T09:00:00","guid":{"rendered":"https:\/\/www.myvize.com.tr\/hollanda\/?page_id=321"},"modified":"2022-04-09T13:33:09","modified_gmt":"2022-04-09T10:33:09","slug":"hollanda-vize-ucreti","status":"publish","type":"page","link":"https:\/\/www.myvize.com.tr\/hollanda\/hollanda-vize-ucreti\/","title":{"rendered":"Hollanda Vize \u00dccreti"},"content":{"rendered":"\r\n<p>Bat\u0131 Avrupa \u00fclkesi olan Hollanda son derece g\u00fczel ve ilgi \u00e7eken \u00fclkelerden biridir. Avrupa\u2019da ki en b\u00fcy\u00fck limanlardan birine ev sahipli\u011fi yapan Hollanda son derece pop\u00fcler bir turizm \u00fclkesidir. Ya\u015fam \u015fartlar\u0131 ve halk\u0131na sa\u011flanan \u00f6zg\u00fcrl\u00fckler sayesinde y\u0131l\u0131n her d\u00f6neminde turist a\u011f\u0131rlayan bir \u00fclkedir. Hollanda\u2019ya seyahat etmek isteyen T\u00fcrk vatanda\u015flar\u0131ndan Bordo pasaport sahiplerinin mutlaka vize almas\u0131 gereklidir. Ancak di\u011fer pasaport sahiplerinin bu vize t\u00fcrlerini almak zorunlulu\u011fu yoktur.<\/p>\r\n\r\n\r\n\r\n<p>Hollanda vizesi alacaksan\u0131z mutlaka \u00f6nceden evrak listesi ve vize \u00fccretleri hakk\u0131nda bilgi edinmelisiniz. Bu \u015fekilde vize reddi gibi durumlarla kar\u015f\u0131la\u015fman\u0131z da s\u00f6z konusu olmayacakt\u0131r. Vize i\u015flemleri s\u0131ras\u0131nda yetkilendirilmi\u015f vize merkezlerinden de i\u015flem yapt\u0131rman\u0131z m\u00fcmk\u00fcnd\u00fcr.<\/p>\r\n\r\n\r\n\r\n<p><strong>Hollanda Vize \u00dccretlerinin Yat\u0131r\u0131lmas\u0131<\/strong><\/p>\r\n\r\n\r\n\r\n<p>Hollanda vizesi alacaksan\u0131z mutlaka Hollanda vize \u00fccretlerinin yat\u0131r\u0131lmas\u0131 i\u015flemini ger\u00e7ekle\u015ftirmelisiniz. Bu i\u015flemler s\u0131ras\u0131nda dikkat etmeniz gereken en \u00f6nemli nokta yetki verilen kurumlara \u00f6deme yap\u0131l\u0131yor olmas\u0131d\u0131r. Bunun yan\u0131nda g\u00fcncel \u00fccret bilgisi yat\u0131r\u0131lmas\u0131 da \u00f6nemli bir detayd\u0131r.<\/p>\r\n\r\n<p><img decoding=\"async\" src=\"https:\/\/www.myvize.com.tr\/hollanda\/wp-content\/uploads\/2021\/09\/53.jpg\" \/><\/p>\r\n\r\n<p>Hollanda vize ba\u015fvurunuz iptal edilirse bir daha o \u00fccreti geri alabilme l\u00fcks\u00fcn\u00fcz yoktur. Ayn\u0131 zamanda yeni bir ba\u015fvuru yapman\u0131z gerekirse de mutlaka vize \u00fccretlerini yeniden yat\u0131rmalar\u0131 gerekir. Seyahat tarihinden en az 1 ay \u00f6ncesinden vize i\u015flemlerinize ba\u015flaman\u0131z gerekmektedir.<\/p>\r\n\r\n\r\n\r\n<p>Vize i\u015flemleri s\u0131ras\u0131nda dikkat etmeniz gereken en \u00f6nemli nokta \u00fccretlerin zaman\u0131nda yat\u0131r\u0131lmas\u0131d\u0131r. Bununla birlikte \u00fccretler kar\u015f\u0131l\u0131\u011f\u0131nda dekont da alman\u0131z gerekiyor. Bu dekont \u00fczerinde kurum ismi gibi detaylar\u0131n da bulunmas\u0131 \u00f6nemlidir.<\/p>\r\n\r\n\r\n\r\n<p><strong>Hollanda Vize \u00dccreti Ne Kadar?<\/strong><\/p>\r\n\r\n\r\n\r\n<p>Hollanda vize \u00fccretleri turistik, akraba ziyareti, ticaret gibi kategorilerde 80 Euro olarak belirlenmi\u015ftir. Bu \u00fccretlerin belirlenmesinde konsolosluklar yetkilidir. Hollanda vize \u00fccretleri yan\u0131nda seyahat sa\u011fl\u0131k sigortas\u0131 da \u00f6nemlidir. Seyahatin kusursuz bir \u015fekilde ger\u00e7ekle\u015febilmesi i\u00e7in 30 bin Euro teminatl\u0131 bir seyahat sa\u011fl\u0131k sigortas\u0131 yapt\u0131rman\u0131z gereklidir.<\/p>\r\n\r\n\r\n\r\n<p>Bunlara ek olarak e\u011fer pasaportunuz yoksa ya da yenilemek gerekiyorsa bunun i\u00e7in de \u00f6denmesi gereken \u00fccretler vard\u0131r. En az 6 ayl\u0131k alabilece\u011finiz pasaportunuz i\u00e7in 407,20 TL \u00f6demeniz gereklidir. Bunun yan\u0131nda en fazla alabilece\u011finiz pasaport s\u00fcresi 10 y\u0131ld\u0131r. 10 y\u0131ll\u0131k pasaport i\u00e7in ise 1265,40 TL \u00f6demeniz gerekmektedir.<\/p>\r\n","protected":false},"excerpt":{"rendered":"<p>Bat\u0131 Avrupa \u00fclkesi olan Hollanda son derece g\u00fczel ve ilgi \u00e7eken \u00fclkelerden biridir. Avrupa\u2019da ki en b\u00fcy\u00fck limanlardan birine ev sahipli\u011fi yapan Hollanda son derece pop\u00fcler bir turizm \u00fclkesidir. Ya\u015fam \u015fartlar\u0131 ve halk\u0131na sa\u011flanan \u00f6zg\u00fcrl\u00fckler sayesinde y\u0131l\u0131n her d\u00f6neminde turist a\u011f\u0131rlayan bir \u00fclkedir. Hollanda\u2019ya seyahat etmek isteyen T\u00fcrk vatanda\u015flar\u0131ndan Bordo pasaport sahiplerinin mutlaka vize almas\u0131<\/p>\n","protected":false},"author":1,"featured_media":0,"parent":0,"menu_order":0,"comment_status":"open","ping_status":"closed","template":"","meta":{"footnotes":""},"class_list":["post-321","page","type-page","status-publish","hentry"],"yoast_head":"<!-- This site is optimized with the Yoast SEO plugin v26.8 - https:\/\/yoast.com\/product\/yoast-seo-wordpress\/ -->\n<title>Hollanda Vize \u00dccreti Ne Kadar? - Hollanda Vize Harc\u0131 2021<\/title>\n<meta name=\"description\" content=\"Hollanda Vize \u00dccretleri i\u00e7in Hemen T\u0131kla! \u00dccretsiz Hollanda Vize Randevusu i\u00e7in hemen ara!\" \/>\n<meta name=\"robots\" content=\"index, follow, max-snippet:-1, max-image-preview:large, max-video-preview:-1\" \/>\n<link rel=\"canonical\" href=\"https:\/\/www.myvize.com.tr\/hollanda\/hollanda-vize-ucreti\/\" \/>\n<meta property=\"og:locale\" content=\"tr_TR\" \/>\n<meta property=\"og:type\" content=\"article\" \/>\n<meta property=\"og:title\" content=\"Hollanda Vize \u00dccreti Ne Kadar? - Hollanda Vize Harc\u0131 2021\" \/>\n<meta property=\"og:description\" content=\"Hollanda Vize \u00dccretleri i\u00e7in Hemen T\u0131kla! \u00dccretsiz Hollanda Vize Randevusu i\u00e7in hemen ara!\" \/>\n<meta property=\"og:url\" content=\"https:\/\/www.myvize.com.tr\/hollanda\/hollanda-vize-ucreti\/\" \/>\n<meta property=\"og:site_name\" content=\"Hollanda Vize\" \/>\n<meta property=\"article:modified_time\" content=\"2022-04-09T10:33:09+00:00\" \/>\n<meta property=\"og:image\" content=\"https:\/\/www.myvize.com.tr\/hollanda\/wp-content\/uploads\/2021\/09\/53.jpg\" \/>\n<meta name=\"twitter:card\" content=\"summary_large_image\" \/>\n<meta name=\"twitter:label1\" content=\"Tahmini okuma s\u00fcresi\" \/>\n\t<meta name=\"twitter:data1\" content=\"2 dakika\" \/>\n<script type=\"application\/ld+json\" class=\"yoast-schema-graph\">{\"@context\":\"https:\/\/schema.org\",\"@graph\":[{\"@type\":\"WebPage\",\"@id\":\"https:\/\/www.myvize.com.tr\/hollanda\/hollanda-vize-ucreti\/\",\"url\":\"https:\/\/www.myvize.com.tr\/hollanda\/hollanda-vize-ucreti\/\",\"name\":\"Hollanda Vize \u00dccreti Ne Kadar? - Hollanda Vize Harc\u0131 2021\",\"isPartOf\":{\"@id\":\"https:\/\/www.myvize.com.tr\/hollanda\/#website\"},\"primaryImageOfPage\":{\"@id\":\"https:\/\/www.myvize.com.tr\/hollanda\/hollanda-vize-ucreti\/#primaryimage\"},\"image\":{\"@id\":\"https:\/\/www.myvize.com.tr\/hollanda\/hollanda-vize-ucreti\/#primaryimage\"},\"thumbnailUrl\":\"https:\/\/www.myvize.com.tr\/hollanda\/wp-content\/uploads\/2021\/09\/53.jpg\",\"datePublished\":\"2021-06-12T09:00:00+00:00\",\"dateModified\":\"2022-04-09T10:33:09+00:00\",\"description\":\"Hollanda Vize \u00dccretleri i\u00e7in Hemen T\u0131kla! \u00dccretsiz Hollanda Vize Randevusu i\u00e7in hemen ara!\",\"breadcrumb\":{\"@id\":\"https:\/\/www.myvize.com.tr\/hollanda\/hollanda-vize-ucreti\/#breadcrumb\"},\"inLanguage\":\"tr\",\"potentialAction\":[{\"@type\":\"ReadAction\",\"target\":[\"https:\/\/www.myvize.com.tr\/hollanda\/hollanda-vize-ucreti\/\"]}]},{\"@type\":\"ImageObject\",\"inLanguage\":\"tr\",\"@id\":\"https:\/\/www.myvize.com.tr\/hollanda\/hollanda-vize-ucreti\/#primaryimage\",\"url\":\"https:\/\/www.myvize.com.tr\/hollanda\/wp-content\/uploads\/2021\/09\/53.jpg\",\"contentUrl\":\"https:\/\/www.myvize.com.tr\/hollanda\/wp-content\/uploads\/2021\/09\/53.jpg\",\"width\":800,\"height\":500,\"caption\":\"Hollanda Vize \u00dccreti\"},{\"@type\":\"BreadcrumbList\",\"@id\":\"https:\/\/www.myvize.com.tr\/hollanda\/hollanda-vize-ucreti\/#breadcrumb\",\"itemListElement\":[{\"@type\":\"ListItem\",\"position\":1,\"name\":\"Anasayfa\",\"item\":\"https:\/\/www.myvize.com.tr\/hollanda\/\"},{\"@type\":\"ListItem\",\"position\":2,\"name\":\"Hollanda Vize \u00dccreti\"}]},{\"@type\":\"WebSite\",\"@id\":\"https:\/\/www.myvize.com.tr\/hollanda\/#website\",\"url\":\"https:\/\/www.myvize.com.tr\/hollanda\/\",\"name\":\"Hollanda Vize\",\"description\":\"\",\"potentialAction\":[{\"@type\":\"SearchAction\",\"target\":{\"@type\":\"EntryPoint\",\"urlTemplate\":\"https:\/\/www.myvize.com.tr\/hollanda\/?s={search_term_string}\"},\"query-input\":{\"@type\":\"PropertyValueSpecification\",\"valueRequired\":true,\"valueName\":\"search_term_string\"}}],\"inLanguage\":\"tr\"}]}<\/script>\n<!-- \/ Yoast SEO plugin. -->","yoast_head_json":{"title":"Hollanda Vize \u00dccreti Ne Kadar? - Hollanda Vize Harc\u0131 2021","description":"Hollanda Vize \u00dccretleri i\u00e7in Hemen T\u0131kla! \u00dccretsiz Hollanda Vize Randevusu i\u00e7in hemen ara!","robots":{"index":"index","follow":"follow","max-snippet":"max-snippet:-1","max-image-preview":"max-image-preview:large","max-video-preview":"max-video-preview:-1"},"canonical":"https:\/\/www.myvize.com.tr\/hollanda\/hollanda-vize-ucreti\/","og_locale":"tr_TR","og_type":"article","og_title":"Hollanda Vize \u00dccreti Ne Kadar? - Hollanda Vize Harc\u0131 2021","og_description":"Hollanda Vize \u00dccretleri i\u00e7in Hemen T\u0131kla! \u00dccretsiz Hollanda Vize Randevusu i\u00e7in hemen ara!","og_url":"https:\/\/www.myvize.com.tr\/hollanda\/hollanda-vize-ucreti\/","og_site_name":"Hollanda Vize","article_modified_time":"2022-04-09T10:33:09+00:00","og_image":[{"url":"https:\/\/www.myvize.com.tr\/hollanda\/wp-content\/uploads\/2021\/09\/53.jpg","type":"","width":"","height":""}],"twitter_card":"summary_large_image","twitter_misc":{"Tahmini okuma s\u00fcresi":"2 dakika"},"schema":{"@context":"https:\/\/schema.org","@graph":[{"@type":"WebPage","@id":"https:\/\/www.myvize.com.tr\/hollanda\/hollanda-vize-ucreti\/","url":"https:\/\/www.myvize.com.tr\/hollanda\/hollanda-vize-ucreti\/","name":"Hollanda Vize \u00dccreti Ne Kadar? - Hollanda Vize Harc\u0131 2021","isPartOf":{"@id":"https:\/\/www.myvize.com.tr\/hollanda\/#website"},"primaryImageOfPage":{"@id":"https:\/\/www.myvize.com.tr\/hollanda\/hollanda-vize-ucreti\/#primaryimage"},"image":{"@id":"https:\/\/www.myvize.com.tr\/hollanda\/hollanda-vize-ucreti\/#primaryimage"},"thumbnailUrl":"https:\/\/www.myvize.com.tr\/hollanda\/wp-content\/uploads\/2021\/09\/53.jpg","datePublished":"2021-06-12T09:00:00+00:00","dateModified":"2022-04-09T10:33:09+00:00","description":"Hollanda Vize \u00dccretleri i\u00e7in Hemen T\u0131kla! \u00dccretsiz Hollanda Vize Randevusu i\u00e7in hemen ara!","breadcrumb":{"@id":"https:\/\/www.myvize.com.tr\/hollanda\/hollanda-vize-ucreti\/#breadcrumb"},"inLanguage":"tr","potentialAction":[{"@type":"ReadAction","target":["https:\/\/www.myvize.com.tr\/hollanda\/hollanda-vize-ucreti\/"]}]},{"@type":"ImageObject","inLanguage":"tr","@id":"https:\/\/www.myvize.com.tr\/hollanda\/hollanda-vize-ucreti\/#primaryimage","url":"https:\/\/www.myvize.com.tr\/hollanda\/wp-content\/uploads\/2021\/09\/53.jpg","contentUrl":"https:\/\/www.myvize.com.tr\/hollanda\/wp-content\/uploads\/2021\/09\/53.jpg","width":800,"height":500,"caption":"Hollanda Vize \u00dccreti"},{"@type":"BreadcrumbList","@id":"https:\/\/www.myvize.com.tr\/hollanda\/hollanda-vize-ucreti\/#breadcrumb","itemListElement":[{"@type":"ListItem","position":1,"name":"Anasayfa","item":"https:\/\/www.myvize.com.tr\/hollanda\/"},{"@type":"ListItem","position":2,"name":"Hollanda Vize \u00dccreti"}]},{"@type":"WebSite","@id":"https:\/\/www.myvize.com.tr\/hollanda\/#website","url":"https:\/\/www.myvize.com.tr\/hollanda\/","name":"Hollanda Vize","description":"","potentialAction":[{"@type":"SearchAction","target":{"@type":"EntryPoint","urlTemplate":"https:\/\/www.myvize.com.tr\/hollanda\/?s={search_term_string}"},"query-input":{"@type":"PropertyValueSpecification","valueRequired":true,"valueName":"search_term_string"}}],"inLanguage":"tr"}]}},"_links":{"self":[{"href":"https:\/\/www.myvize.com.tr\/hollanda\/wp-json\/wp\/v2\/pages\/321","targetHints":{"allow":["GET"]}}],"collection":[{"href":"https:\/\/www.myvize.com.tr\/hollanda\/wp-json\/wp\/v2\/pages"}],"about":[{"href":"https:\/\/www.myvize.com.tr\/hollanda\/wp-json\/wp\/v2\/types\/page"}],"author":[{"embeddable":true,"href":"https:\/\/www.myvize.com.tr\/hollanda\/wp-json\/wp\/v2\/users\/1"}],"replies":[{"embeddable":true,"href":"https:\/\/www.myvize.com.tr\/hollanda\/wp-json\/wp\/v2\/comments?post=321"}],"version-history":[{"count":6,"href":"https:\/\/www.myvize.com.tr\/hollanda\/wp-json\/wp\/v2\/pages\/321\/revisions"}],"predecessor-version":[{"id":1127,"href":"https:\/\/www.myvize.com.tr\/hollanda\/wp-json\/wp\/v2\/pages\/321\/revisions\/1127"}],"wp:attachment":[{"href":"https:\/\/www.myvize.com.tr\/hollanda\/wp-json\/wp\/v2\/media?parent=321"}],"curies":[{"name":"wp","href":"https:\/\/api.w.org\/{rel}","templated":true}]}}