{"id":331,"date":"2021-06-22T12:00:00","date_gmt":"2021-06-22T09:00:00","guid":{"rendered":"https:\/\/www.myvize.com.tr\/hollanda\/?page_id=331"},"modified":"2022-12-19T20:42:58","modified_gmt":"2022-12-19T17:42:58","slug":"hollanda-transit-vize","status":"publish","type":"page","link":"https:\/\/www.myvize.com.tr\/hollanda\/hollanda-transit-vize\/","title":{"rendered":"Hollanda Transit Vize"},"content":{"rendered":"<p><span style=\"font-family: Roboto;\"><\/span><\/p>\r\n<p><span style=\"font-family: Roboto; font-size: 14px;\"><strong>Hollanda transit vize<\/strong>\u00a0i\u015flemleri di\u011fer vize i\u015flemlerinden farkl\u0131d\u0131r.<strong>\u00a0Hollanda\u00a0transit vizesi<\/strong>\u00a0schengen \u00fclkesine Seyahat ediyorsan\u0131z bu iste\u011finize imk\u00e2n tan\u0131maz. Bu durumda k\u0131sa s\u00fcreli schengen vizesi alman\u0131z gerekmektedir. Schengen b\u00f6lgeleri ve ABD oturum izniniz varsa veya vizeniz varsa, Kanada, Japonya gibi \u00fclkelerde s\u00fcresiz kal\u0131c\u0131l\u0131k temin eden oturum iziniz varsa\u00a0<strong>Hollanda transit vize\u00a0<\/strong>alman\u0131za gerek yoktur. Bunun d\u0131\u015f\u0131nda AEA, AB veya \u0130svi\u00e7re vatanda\u015f\u0131ysan\u0131z da transit vizeye ihtiya\u00e7 duymadan ge\u00e7i\u015flerinizi sa\u011flaman\u0131z m\u00fcmk\u00fcnd\u00fcr. Diplomatik pasaportunuz varsa veya ICAO (Uluslararas\u0131 Sivil Havac\u0131l\u0131k \u00d6rg\u00fct\u00fc) mensubuysan\u0131z da Hollanda transit vize imkanlar\u0131ndan yararlanabilirsiniz veya buna ihtiya\u00e7 bile duymayabilirsiniz. Belgeler ve d\u00fczenlemeler de di\u011fer \u00fclkelere g\u00f6re farkl\u0131l\u0131k g\u00f6sterir. \u00d6rne\u011fin son 10 y\u0131l i\u00e7inde d\u00fczenlenmi\u015f bir pasaport \u00f6rne\u011fi sunman\u0131z gerekmektedir. Ayn\u0131 durum seyahat izin belgeleri i\u00e7in de ge\u00e7erlidir. Vize ba\u015fvuru formunuzun ve imzalanm\u0131\u015f bir PDF dosyas\u0131nda sunman\u0131z gerekmektedir. Kimlikte sunmu\u015f oldu\u011funuz foto\u011fraf Hollanda\u2019n\u0131n ki\u015filerle alakal\u0131 tercihlerine uygun olmal\u0131d\u0131r. Planlad\u0131\u011f\u0131n\u0131z tarihten en az 3 ay \u00f6nce ba\u015fvuru i\u015flemlerinizi ba\u015flatman\u0131z, i\u015flemlerin h\u0131zlanmas\u0131 ve d\u00fczg\u00fcn ilerlemesi ad\u0131na olduk\u00e7a \u00f6nemlidir. Ba\u015fvurular\u0131n\u0131z SIS ve VIS taraf\u0131ndan kontrol edilecek ve ancak bu \u015fekilde onaylanacakt\u0131r. T\u00fcrkiye\u2019den ba\u015fvuruda bulunacaksan\u0131z \u00f6zellikle b\u00fcy\u00fck \u015fehirlerden yapm\u0131\u015f oldu\u011funuz ba\u015fvurular daha h\u0131zl\u0131 bir \u015fekilde sonu\u00e7 verecektir.\u00a0<strong>Hollanda transit vize<\/strong>\u00a0i\u015flemleri i\u00e7in ayr\u0131ca terc\u00fcmana ihtiya\u00e7 duyulan durumlarda yeminli terc\u00fcman bulunmas\u0131 \u015fartt\u0131r. Aile bireylerin birisi terc\u00fcman olarak g\u00f6sterilemez ve kay\u0131tlara ge\u00e7irilemez.<\/span><\/p>\r\n<p><span style=\"font-family: Roboto; font-size: 14px;\"><\/span><\/p>\r\n<p><span style=\"font-family: Roboto; font-size: 14px;\"><img decoding=\"async\" src=\"https:\/\/www.myvize.com.tr\/hollanda\/wp-content\/uploads\/2021\/09\/27.jpg\" \/><\/span><\/p>","protected":false},"excerpt":{"rendered":"<p>Hollanda transit vize\u00a0i\u015flemleri di\u011fer vize i\u015flemlerinden farkl\u0131d\u0131r.\u00a0Hollanda\u00a0transit vizesi\u00a0schengen \u00fclkesine Seyahat ediyorsan\u0131z bu iste\u011finize imk\u00e2n tan\u0131maz. Bu durumda k\u0131sa s\u00fcreli schengen vizesi alman\u0131z gerekmektedir. Schengen b\u00f6lgeleri ve ABD oturum izniniz varsa veya vizeniz varsa, Kanada, Japonya gibi \u00fclkelerde s\u00fcresiz kal\u0131c\u0131l\u0131k temin eden oturum iziniz varsa\u00a0Hollanda transit vize\u00a0alman\u0131za gerek yoktur. Bunun d\u0131\u015f\u0131nda AEA, AB veya \u0130svi\u00e7re vatanda\u015f\u0131ysan\u0131z<\/p>\n","protected":false},"author":1,"featured_media":0,"parent":0,"menu_order":0,"comment_status":"open","ping_status":"closed","template":"","meta":{"footnotes":""},"class_list":["post-331","page","type-page","status-publish","hentry"],"yoast_head":"<!-- This site is optimized with the Yoast SEO plugin v26.8 - https:\/\/yoast.com\/product\/yoast-seo-wordpress\/ -->\n<title>Hollanda Transit Vize - Hollanda Vizesi - MyVize<\/title>\n<meta name=\"description\" content=\"Hollanda Transit Vizesi almak i\u00e7in gerekli t\u00fcm evraklar listesi 2022 hemen t\u0131kla! Hollanda Vize Randevusu i\u00e7in hemen ara!\" \/>\n<meta name=\"robots\" content=\"index, follow, max-snippet:-1, max-image-preview:large, max-video-preview:-1\" \/>\n<link rel=\"canonical\" href=\"https:\/\/www.myvize.com.tr\/hollanda\/hollanda-transit-vize\/\" \/>\n<meta property=\"og:locale\" content=\"tr_TR\" \/>\n<meta property=\"og:type\" content=\"article\" \/>\n<meta property=\"og:title\" content=\"Hollanda Transit Vize - Hollanda Vizesi - MyVize\" \/>\n<meta property=\"og:description\" content=\"Hollanda Transit Vizesi almak i\u00e7in gerekli t\u00fcm evraklar listesi 2022 hemen t\u0131kla! Hollanda Vize Randevusu i\u00e7in hemen ara!\" \/>\n<meta property=\"og:url\" content=\"https:\/\/www.myvize.com.tr\/hollanda\/hollanda-transit-vize\/\" \/>\n<meta property=\"og:site_name\" content=\"Hollanda Vize\" \/>\n<meta property=\"article:modified_time\" content=\"2022-12-19T17:42:58+00:00\" \/>\n<meta property=\"og:image\" content=\"https:\/\/www.myvize.com.tr\/hollanda\/wp-content\/uploads\/2021\/09\/27.jpg\" \/>\n<meta name=\"twitter:card\" content=\"summary_large_image\" \/>\n<meta name=\"twitter:label1\" content=\"Tahmini okuma s\u00fcresi\" \/>\n\t<meta name=\"twitter:data1\" content=\"2 dakika\" \/>\n<script type=\"application\/ld+json\" class=\"yoast-schema-graph\">{\"@context\":\"https:\/\/schema.org\",\"@graph\":[{\"@type\":\"WebPage\",\"@id\":\"https:\/\/www.myvize.com.tr\/hollanda\/hollanda-transit-vize\/\",\"url\":\"https:\/\/www.myvize.com.tr\/hollanda\/hollanda-transit-vize\/\",\"name\":\"Hollanda Transit Vize - Hollanda Vizesi - MyVize\",\"isPartOf\":{\"@id\":\"https:\/\/www.myvize.com.tr\/hollanda\/#website\"},\"primaryImageOfPage\":{\"@id\":\"https:\/\/www.myvize.com.tr\/hollanda\/hollanda-transit-vize\/#primaryimage\"},\"image\":{\"@id\":\"https:\/\/www.myvize.com.tr\/hollanda\/hollanda-transit-vize\/#primaryimage\"},\"thumbnailUrl\":\"https:\/\/www.myvize.com.tr\/hollanda\/wp-content\/uploads\/2021\/09\/27.jpg\",\"datePublished\":\"2021-06-22T09:00:00+00:00\",\"dateModified\":\"2022-12-19T17:42:58+00:00\",\"description\":\"Hollanda Transit Vizesi almak i\u00e7in gerekli t\u00fcm evraklar listesi 2022 hemen t\u0131kla! Hollanda Vize Randevusu i\u00e7in hemen ara!\",\"breadcrumb\":{\"@id\":\"https:\/\/www.myvize.com.tr\/hollanda\/hollanda-transit-vize\/#breadcrumb\"},\"inLanguage\":\"tr\",\"potentialAction\":[{\"@type\":\"ReadAction\",\"target\":[\"https:\/\/www.myvize.com.tr\/hollanda\/hollanda-transit-vize\/\"]}]},{\"@type\":\"ImageObject\",\"inLanguage\":\"tr\",\"@id\":\"https:\/\/www.myvize.com.tr\/hollanda\/hollanda-transit-vize\/#primaryimage\",\"url\":\"https:\/\/www.myvize.com.tr\/hollanda\/wp-content\/uploads\/2021\/09\/27.jpg\",\"contentUrl\":\"https:\/\/www.myvize.com.tr\/hollanda\/wp-content\/uploads\/2021\/09\/27.jpg\",\"width\":800,\"height\":500,\"caption\":\"Hollanda Transit Vize\"},{\"@type\":\"BreadcrumbList\",\"@id\":\"https:\/\/www.myvize.com.tr\/hollanda\/hollanda-transit-vize\/#breadcrumb\",\"itemListElement\":[{\"@type\":\"ListItem\",\"position\":1,\"name\":\"Anasayfa\",\"item\":\"https:\/\/www.myvize.com.tr\/hollanda\/\"},{\"@type\":\"ListItem\",\"position\":2,\"name\":\"Hollanda Transit Vize\"}]},{\"@type\":\"WebSite\",\"@id\":\"https:\/\/www.myvize.com.tr\/hollanda\/#website\",\"url\":\"https:\/\/www.myvize.com.tr\/hollanda\/\",\"name\":\"Hollanda Vize\",\"description\":\"\",\"potentialAction\":[{\"@type\":\"SearchAction\",\"target\":{\"@type\":\"EntryPoint\",\"urlTemplate\":\"https:\/\/www.myvize.com.tr\/hollanda\/?s={search_term_string}\"},\"query-input\":{\"@type\":\"PropertyValueSpecification\",\"valueRequired\":true,\"valueName\":\"search_term_string\"}}],\"inLanguage\":\"tr\"}]}<\/script>\n<!-- \/ Yoast SEO plugin. -->","yoast_head_json":{"title":"Hollanda Transit Vize - Hollanda Vizesi - MyVize","description":"Hollanda Transit Vizesi almak i\u00e7in gerekli t\u00fcm evraklar listesi 2022 hemen t\u0131kla! Hollanda Vize Randevusu i\u00e7in hemen ara!","robots":{"index":"index","follow":"follow","max-snippet":"max-snippet:-1","max-image-preview":"max-image-preview:large","max-video-preview":"max-video-preview:-1"},"canonical":"https:\/\/www.myvize.com.tr\/hollanda\/hollanda-transit-vize\/","og_locale":"tr_TR","og_type":"article","og_title":"Hollanda Transit Vize - Hollanda Vizesi - MyVize","og_description":"Hollanda Transit Vizesi almak i\u00e7in gerekli t\u00fcm evraklar listesi 2022 hemen t\u0131kla! Hollanda Vize Randevusu i\u00e7in hemen ara!","og_url":"https:\/\/www.myvize.com.tr\/hollanda\/hollanda-transit-vize\/","og_site_name":"Hollanda Vize","article_modified_time":"2022-12-19T17:42:58+00:00","og_image":[{"url":"https:\/\/www.myvize.com.tr\/hollanda\/wp-content\/uploads\/2021\/09\/27.jpg","type":"","width":"","height":""}],"twitter_card":"summary_large_image","twitter_misc":{"Tahmini okuma s\u00fcresi":"2 dakika"},"schema":{"@context":"https:\/\/schema.org","@graph":[{"@type":"WebPage","@id":"https:\/\/www.myvize.com.tr\/hollanda\/hollanda-transit-vize\/","url":"https:\/\/www.myvize.com.tr\/hollanda\/hollanda-transit-vize\/","name":"Hollanda Transit Vize - Hollanda Vizesi - MyVize","isPartOf":{"@id":"https:\/\/www.myvize.com.tr\/hollanda\/#website"},"primaryImageOfPage":{"@id":"https:\/\/www.myvize.com.tr\/hollanda\/hollanda-transit-vize\/#primaryimage"},"image":{"@id":"https:\/\/www.myvize.com.tr\/hollanda\/hollanda-transit-vize\/#primaryimage"},"thumbnailUrl":"https:\/\/www.myvize.com.tr\/hollanda\/wp-content\/uploads\/2021\/09\/27.jpg","datePublished":"2021-06-22T09:00:00+00:00","dateModified":"2022-12-19T17:42:58+00:00","description":"Hollanda Transit Vizesi almak i\u00e7in gerekli t\u00fcm evraklar listesi 2022 hemen t\u0131kla! Hollanda Vize Randevusu i\u00e7in hemen ara!","breadcrumb":{"@id":"https:\/\/www.myvize.com.tr\/hollanda\/hollanda-transit-vize\/#breadcrumb"},"inLanguage":"tr","potentialAction":[{"@type":"ReadAction","target":["https:\/\/www.myvize.com.tr\/hollanda\/hollanda-transit-vize\/"]}]},{"@type":"ImageObject","inLanguage":"tr","@id":"https:\/\/www.myvize.com.tr\/hollanda\/hollanda-transit-vize\/#primaryimage","url":"https:\/\/www.myvize.com.tr\/hollanda\/wp-content\/uploads\/2021\/09\/27.jpg","contentUrl":"https:\/\/www.myvize.com.tr\/hollanda\/wp-content\/uploads\/2021\/09\/27.jpg","width":800,"height":500,"caption":"Hollanda Transit Vize"},{"@type":"BreadcrumbList","@id":"https:\/\/www.myvize.com.tr\/hollanda\/hollanda-transit-vize\/#breadcrumb","itemListElement":[{"@type":"ListItem","position":1,"name":"Anasayfa","item":"https:\/\/www.myvize.com.tr\/hollanda\/"},{"@type":"ListItem","position":2,"name":"Hollanda Transit Vize"}]},{"@type":"WebSite","@id":"https:\/\/www.myvize.com.tr\/hollanda\/#website","url":"https:\/\/www.myvize.com.tr\/hollanda\/","name":"Hollanda Vize","description":"","potentialAction":[{"@type":"SearchAction","target":{"@type":"EntryPoint","urlTemplate":"https:\/\/www.myvize.com.tr\/hollanda\/?s={search_term_string}"},"query-input":{"@type":"PropertyValueSpecification","valueRequired":true,"valueName":"search_term_string"}}],"inLanguage":"tr"}]}},"_links":{"self":[{"href":"https:\/\/www.myvize.com.tr\/hollanda\/wp-json\/wp\/v2\/pages\/331","targetHints":{"allow":["GET"]}}],"collection":[{"href":"https:\/\/www.myvize.com.tr\/hollanda\/wp-json\/wp\/v2\/pages"}],"about":[{"href":"https:\/\/www.myvize.com.tr\/hollanda\/wp-json\/wp\/v2\/types\/page"}],"author":[{"embeddable":true,"href":"https:\/\/www.myvize.com.tr\/hollanda\/wp-json\/wp\/v2\/users\/1"}],"replies":[{"embeddable":true,"href":"https:\/\/www.myvize.com.tr\/hollanda\/wp-json\/wp\/v2\/comments?post=331"}],"version-history":[{"count":5,"href":"https:\/\/www.myvize.com.tr\/hollanda\/wp-json\/wp\/v2\/pages\/331\/revisions"}],"predecessor-version":[{"id":1215,"href":"https:\/\/www.myvize.com.tr\/hollanda\/wp-json\/wp\/v2\/pages\/331\/revisions\/1215"}],"wp:attachment":[{"href":"https:\/\/www.myvize.com.tr\/hollanda\/wp-json\/wp\/v2\/media?parent=331"}],"curies":[{"name":"wp","href":"https:\/\/api.w.org\/{rel}","templated":true}]}}