{"id":47,"date":"2020-11-30T12:48:28","date_gmt":"2020-11-30T09:48:28","guid":{"rendered":"https:\/\/www.myvize.com.tr\/hollanda\/?page_id=47"},"modified":"2022-04-09T12:48:00","modified_gmt":"2022-04-09T09:48:00","slug":"hollanda-vize-basvuru-formu","status":"publish","type":"page","link":"https:\/\/www.myvize.com.tr\/hollanda\/vize-islemleri\/hollanda-vize-basvuru-formu\/","title":{"rendered":"Hollanda Vize Ba\u015fvuru Formu"},"content":{"rendered":"<h2><span style=\"font-family: Roboto; font-size: 27px;\"><strong>Hollanda Vize Ba\u015fvuru Formu Hakk\u0131nda<\/strong><\/span><\/h2>\n<p><span style=\"font-family: Roboto; font-size: 14px;\"><strong>Hollanda vize<\/strong>\u00a0i\u015flemini tamamlayabilmek i\u00e7in doldurulmas\u0131 ve yaz\u0131lmas\u0131 zorunlu olan belgeler vard\u0131r. Bu belgeler i\u00e7erisinde\u00a0<strong>Hollanda vizesi<\/strong>\u00a0<strong>ba\u015fvuru formu<\/strong> en \u00f6nemli belgeler aras\u0131nda yer almaktad\u0131r. Bu ba\u015fvuru formu ba\u015fkonsolosluk taraf\u0131ndan haz\u0131rlan\u0131r ve<strong> vize ba\u015fvuru<\/strong> sahibi hakk\u0131nda ki t\u00fcm detayl\u0131 bilgileri i\u00e7erir. Formun \u00fczerinde yaz\u0131l\u0131 olan her bilginin mutlaka do\u011fru bir \u015fekilde doldurulmas\u0131 gerekiyor.\u00a0<strong><span style=\"color: #2acec2;\"><a style=\"color: #2acec2;\" href=\"https:\/\/www.myvize.com.tr\/hollanda\/vize-islemleri\/hollanda-vizesi\/\" target=\"_blank\" rel=\"noopener\">Hollanda vizesi<\/a><\/span> i\u015flemleri<\/strong>\u00a0i\u00e7in ba\u015fvuru formunda mutlaka vize t\u00fcr\u00fcn\u00fcn i\u015faretlenmi\u015f olmas\u0131na da dikkat etmeniz gerekiyor.<\/span><\/p>\n<p><span style=\"font-family: Roboto; font-size: 14px;\"><strong>Vize ba\u015fvuru formu<\/strong> doldurulurken mutlaka t\u00fcm bilgilerin eksiksiz bir \u015fekilde ve do\u011fru olarak doldurulmas\u0131 gerekiyor. Ba\u015fvuru formunu doldururken bilgilerin ger\u00e7ek olmas\u0131na da dikkat etmelisiniz. <strong>Hollanda Konsoloslu\u011fu<\/strong> sizin hakk\u0131n\u0131zda ki t\u00fcm bilgileri bu ba\u015fvuru formunda yazanlar do\u011frultusunda \u00f6\u011frenmektedir. Ayn\u0131 zamanda yazd\u0131\u011f\u0131n\u0131z t\u00fcm bilgilerin de di\u011fer evraklar\u0131n\u0131z\u0131 desteklemesi b\u00fcy\u00fck bir \u00f6nem ta\u015f\u0131yor. Uyumsuz ve ger\u00e7ekleri yans\u0131tmayan bilgiler bu s\u00fcre\u00e7te vizenizin reddi ile sonu\u00e7lanabilmektedir.<\/span><\/p>\n<p><img decoding=\"async\" src=\"https:\/\/www.myvize.com.tr\/hollanda\/wp-content\/uploads\/2021\/09\/47.jpg\" \/><\/p>\n<h2><span style=\"font-family: Roboto; font-size: 27px;\"><strong>Hollanda Vize Ba\u015fvuru Formu Nas\u0131l Doldurulur?<\/strong><\/span><\/h2>\n<p><span style=\"font-family: Roboto; font-size: 14px;\"><strong>Hollanda vize ba\u015fvuru formu<\/strong> nas\u0131l doldurulur sorusuna yan\u0131t vermek gerekirse \u00f6ncelikle form \u00fczerinde ki vize t\u00fcr\u00fc i\u015faretlenmelidir. Uluslararas\u0131 bir belge niteli\u011finde oldu\u011funda mutlaka resmi dil kullan\u0131lmal\u0131d\u0131r. Amac\u0131na uygun bir \u015fekilde doldurulmas\u0131na dikkat edilmelidir. Kimlik bilgileri, ileti\u015fim ve adres, seyahat gidi\u015f ve d\u00f6n\u00fc\u015f tarihleri gibi t\u00fcm bilgilerin yer almas\u0131na dikkat edilmelidir.<\/span><\/p>\n<p><span style=\"font-family: Roboto; font-size: 14px;\"><span style=\"color: #2acec2;\"><strong><a style=\"color: #2acec2;\" href=\"https:\/\/www.myvize.com.tr\/hollanda\/vize-islemleri\/hollanda-vize-basvurusu\/\" target=\"_blank\" rel=\"noopener\">Hollanda vize ba\u015fvurusu<\/a><\/strong> <\/span>yaparken bu belgenin vize dilek\u00e7e ve davetiyesi ile tutarl\u0131 bilgileri i\u00e7ermesine dikkat etmeniz gerekiyor. Bu belge T\u00fcrk\u00e7e, \u0130ngilizce ve Dutch\u2019ca olmak \u00fczere \u00fc\u00e7 farkl\u0131 dilde doldurulabilmektedir. Formun doldurulmas\u0131 s\u0131ras\u0131nda mutlaka t\u00fckenmez kalem kullanman\u0131z gerekiyor.<\/span><\/p>\n<p><span style=\"font-family: Roboto; font-size: 14px;\">Ayn\u0131 zamanda bilgileri b\u00fcy\u00fck harflerle yazmal\u0131s\u0131n\u0131z. Bunlar\u0131n yan\u0131nda konsolosluk taraf\u0131ndan belirlenen biyometrik foto\u011fraf\u0131 formun foto\u011fraf k\u0131sm\u0131na yap\u0131\u015ft\u0131rmal\u0131s\u0131n\u0131z. Foto\u011fraf\u0131n 35x 45 mm \u00f6l\u00e7\u00fclerinde olmas\u0131 gerekiyor. Pasaportta ki imzan\u0131n ayn\u0131s\u0131 ile formu imzalamal\u0131s\u0131n\u0131z. Sonras\u0131nda\u00a0<strong><span style=\"color: #2acec2;\"><a style=\"color: #2acec2;\" href=\"https:\/\/www.myvize.com.tr\/hollanda\/hollanda-vize-ucreti\/\" target=\"_blank\" rel=\"noopener\">Hollanda vize \u00fccreti<\/a><\/span>\u00a0<\/strong>de \u00f6denerek belgeleri kuruma teslim edebilirsiniz.<\/span><\/p>\n<p><img loading=\"lazy\" decoding=\"async\" src=\"https:\/\/www.myvize.com.tr\/romanya\/wp-content\/uploads\/2021\/07\/aDOBE-LOGO-1.png\" width=\"75\" height=\"75\" \/> \u00a0\u00a0Hollanda Vizesi Ba\u015fvuru Formunu\u00a0 <a href=\"https:\/\/www.myvize.com.tr\/hollanda\/wp-content\/uploads\/2021\/12\/hollanda-vize-basvuru-formu-pdf-1.pdf\" target=\"_blank\" rel=\"noreferrer noopener\">(\u0130ndirmek \u0130\u00e7in T\u0131klay\u0131n\u0131z!!)<\/a><\/p>\n","protected":false},"excerpt":{"rendered":"<p>Hollanda Vize Ba\u015fvuru Formu Hakk\u0131nda Hollanda vize\u00a0i\u015flemini tamamlayabilmek i\u00e7in doldurulmas\u0131 ve yaz\u0131lmas\u0131 zorunlu olan belgeler vard\u0131r. Bu belgeler i\u00e7erisinde\u00a0Hollanda vizesi\u00a0ba\u015fvuru formu en \u00f6nemli belgeler aras\u0131nda yer almaktad\u0131r. Bu ba\u015fvuru formu ba\u015fkonsolosluk taraf\u0131ndan haz\u0131rlan\u0131r ve vize ba\u015fvuru sahibi hakk\u0131nda ki t\u00fcm detayl\u0131 bilgileri i\u00e7erir. Formun \u00fczerinde yaz\u0131l\u0131 olan her bilginin mutlaka do\u011fru bir \u015fekilde doldurulmas\u0131 gerekiyor.\u00a0Hollanda<\/p>\n","protected":false},"author":1,"featured_media":0,"parent":18,"menu_order":0,"comment_status":"open","ping_status":"closed","template":"","meta":{"footnotes":""},"class_list":["post-47","page","type-page","status-publish","hentry"],"yoast_head":"<!-- This site is optimized with the Yoast SEO plugin v26.8 - https:\/\/yoast.com\/product\/yoast-seo-wordpress\/ -->\n<title>Hollanda Vize Ba\u015fvuru Formu - Hollanda Vize - MyVize<\/title>\n<meta name=\"description\" content=\"Hollanda Vize Ba\u015fvuru Formu 2022 hemen t\u0131kla! Vize Dan\u0131\u015fman\u0131m\u0131zdan Bilgi Almak \u0130\u00e7in Hemen Ara: 0850 346 84 93\" \/>\n<meta name=\"robots\" content=\"index, follow, max-snippet:-1, max-image-preview:large, max-video-preview:-1\" \/>\n<link rel=\"canonical\" href=\"https:\/\/www.myvize.com.tr\/hollanda\/vize-islemleri\/hollanda-vize-basvuru-formu\/\" \/>\n<meta property=\"og:locale\" content=\"tr_TR\" \/>\n<meta property=\"og:type\" content=\"article\" \/>\n<meta property=\"og:title\" content=\"Hollanda Vize Ba\u015fvuru Formu - Hollanda Vize - MyVize\" \/>\n<meta property=\"og:description\" content=\"Hollanda Vize Ba\u015fvuru Formu 2022 hemen t\u0131kla! Vize Dan\u0131\u015fman\u0131m\u0131zdan Bilgi Almak \u0130\u00e7in Hemen Ara: 0850 346 84 93\" \/>\n<meta property=\"og:url\" content=\"https:\/\/www.myvize.com.tr\/hollanda\/vize-islemleri\/hollanda-vize-basvuru-formu\/\" \/>\n<meta property=\"og:site_name\" content=\"Hollanda Vize\" \/>\n<meta property=\"article:modified_time\" content=\"2022-04-09T09:48:00+00:00\" \/>\n<meta property=\"og:image\" content=\"https:\/\/www.myvize.com.tr\/hollanda\/wp-content\/uploads\/2021\/09\/47.jpg\" \/>\n<meta name=\"twitter:card\" content=\"summary_large_image\" \/>\n<meta name=\"twitter:label1\" content=\"Tahmini okuma s\u00fcresi\" \/>\n\t<meta name=\"twitter:data1\" content=\"3 dakika\" \/>\n<script type=\"application\/ld+json\" class=\"yoast-schema-graph\">{\"@context\":\"https:\/\/schema.org\",\"@graph\":[{\"@type\":\"WebPage\",\"@id\":\"https:\/\/www.myvize.com.tr\/hollanda\/vize-islemleri\/hollanda-vize-basvuru-formu\/\",\"url\":\"https:\/\/www.myvize.com.tr\/hollanda\/vize-islemleri\/hollanda-vize-basvuru-formu\/\",\"name\":\"Hollanda Vize Ba\u015fvuru Formu - Hollanda Vize - MyVize\",\"isPartOf\":{\"@id\":\"https:\/\/www.myvize.com.tr\/hollanda\/#website\"},\"primaryImageOfPage\":{\"@id\":\"https:\/\/www.myvize.com.tr\/hollanda\/vize-islemleri\/hollanda-vize-basvuru-formu\/#primaryimage\"},\"image\":{\"@id\":\"https:\/\/www.myvize.com.tr\/hollanda\/vize-islemleri\/hollanda-vize-basvuru-formu\/#primaryimage\"},\"thumbnailUrl\":\"https:\/\/www.myvize.com.tr\/hollanda\/wp-content\/uploads\/2021\/09\/47.jpg\",\"datePublished\":\"2020-11-30T09:48:28+00:00\",\"dateModified\":\"2022-04-09T09:48:00+00:00\",\"description\":\"Hollanda Vize Ba\u015fvuru Formu 2022 hemen t\u0131kla! Vize Dan\u0131\u015fman\u0131m\u0131zdan Bilgi Almak \u0130\u00e7in Hemen Ara: 0850 346 84 93\",\"breadcrumb\":{\"@id\":\"https:\/\/www.myvize.com.tr\/hollanda\/vize-islemleri\/hollanda-vize-basvuru-formu\/#breadcrumb\"},\"inLanguage\":\"tr\",\"potentialAction\":[{\"@type\":\"ReadAction\",\"target\":[\"https:\/\/www.myvize.com.tr\/hollanda\/vize-islemleri\/hollanda-vize-basvuru-formu\/\"]}]},{\"@type\":\"ImageObject\",\"inLanguage\":\"tr\",\"@id\":\"https:\/\/www.myvize.com.tr\/hollanda\/vize-islemleri\/hollanda-vize-basvuru-formu\/#primaryimage\",\"url\":\"https:\/\/www.myvize.com.tr\/hollanda\/wp-content\/uploads\/2021\/09\/47.jpg\",\"contentUrl\":\"https:\/\/www.myvize.com.tr\/hollanda\/wp-content\/uploads\/2021\/09\/47.jpg\",\"width\":800,\"height\":500,\"caption\":\"Hollanda Vize Ba\u015fvuru Formu\"},{\"@type\":\"BreadcrumbList\",\"@id\":\"https:\/\/www.myvize.com.tr\/hollanda\/vize-islemleri\/hollanda-vize-basvuru-formu\/#breadcrumb\",\"itemListElement\":[{\"@type\":\"ListItem\",\"position\":1,\"name\":\"Anasayfa\",\"item\":\"https:\/\/www.myvize.com.tr\/hollanda\/\"},{\"@type\":\"ListItem\",\"position\":2,\"name\":\"V\u0130ZE \u0130\u015eLEMLER\u0130\",\"item\":\"https:\/\/www.myvize.com.tr\/hollanda\/vize-islemleri\/\"},{\"@type\":\"ListItem\",\"position\":3,\"name\":\"Hollanda Vize Ba\u015fvuru Formu\"}]},{\"@type\":\"WebSite\",\"@id\":\"https:\/\/www.myvize.com.tr\/hollanda\/#website\",\"url\":\"https:\/\/www.myvize.com.tr\/hollanda\/\",\"name\":\"Hollanda Vize\",\"description\":\"\",\"potentialAction\":[{\"@type\":\"SearchAction\",\"target\":{\"@type\":\"EntryPoint\",\"urlTemplate\":\"https:\/\/www.myvize.com.tr\/hollanda\/?s={search_term_string}\"},\"query-input\":{\"@type\":\"PropertyValueSpecification\",\"valueRequired\":true,\"valueName\":\"search_term_string\"}}],\"inLanguage\":\"tr\"}]}<\/script>\n<!-- \/ Yoast SEO plugin. -->","yoast_head_json":{"title":"Hollanda Vize Ba\u015fvuru Formu - Hollanda Vize - MyVize","description":"Hollanda Vize Ba\u015fvuru Formu 2022 hemen t\u0131kla! Vize Dan\u0131\u015fman\u0131m\u0131zdan Bilgi Almak \u0130\u00e7in Hemen Ara: 0850 346 84 93","robots":{"index":"index","follow":"follow","max-snippet":"max-snippet:-1","max-image-preview":"max-image-preview:large","max-video-preview":"max-video-preview:-1"},"canonical":"https:\/\/www.myvize.com.tr\/hollanda\/vize-islemleri\/hollanda-vize-basvuru-formu\/","og_locale":"tr_TR","og_type":"article","og_title":"Hollanda Vize Ba\u015fvuru Formu - Hollanda Vize - MyVize","og_description":"Hollanda Vize Ba\u015fvuru Formu 2022 hemen t\u0131kla! Vize Dan\u0131\u015fman\u0131m\u0131zdan Bilgi Almak \u0130\u00e7in Hemen Ara: 0850 346 84 93","og_url":"https:\/\/www.myvize.com.tr\/hollanda\/vize-islemleri\/hollanda-vize-basvuru-formu\/","og_site_name":"Hollanda Vize","article_modified_time":"2022-04-09T09:48:00+00:00","og_image":[{"url":"https:\/\/www.myvize.com.tr\/hollanda\/wp-content\/uploads\/2021\/09\/47.jpg","type":"","width":"","height":""}],"twitter_card":"summary_large_image","twitter_misc":{"Tahmini okuma s\u00fcresi":"3 dakika"},"schema":{"@context":"https:\/\/schema.org","@graph":[{"@type":"WebPage","@id":"https:\/\/www.myvize.com.tr\/hollanda\/vize-islemleri\/hollanda-vize-basvuru-formu\/","url":"https:\/\/www.myvize.com.tr\/hollanda\/vize-islemleri\/hollanda-vize-basvuru-formu\/","name":"Hollanda Vize Ba\u015fvuru Formu - Hollanda Vize - MyVize","isPartOf":{"@id":"https:\/\/www.myvize.com.tr\/hollanda\/#website"},"primaryImageOfPage":{"@id":"https:\/\/www.myvize.com.tr\/hollanda\/vize-islemleri\/hollanda-vize-basvuru-formu\/#primaryimage"},"image":{"@id":"https:\/\/www.myvize.com.tr\/hollanda\/vize-islemleri\/hollanda-vize-basvuru-formu\/#primaryimage"},"thumbnailUrl":"https:\/\/www.myvize.com.tr\/hollanda\/wp-content\/uploads\/2021\/09\/47.jpg","datePublished":"2020-11-30T09:48:28+00:00","dateModified":"2022-04-09T09:48:00+00:00","description":"Hollanda Vize Ba\u015fvuru Formu 2022 hemen t\u0131kla! Vize Dan\u0131\u015fman\u0131m\u0131zdan Bilgi Almak \u0130\u00e7in Hemen Ara: 0850 346 84 93","breadcrumb":{"@id":"https:\/\/www.myvize.com.tr\/hollanda\/vize-islemleri\/hollanda-vize-basvuru-formu\/#breadcrumb"},"inLanguage":"tr","potentialAction":[{"@type":"ReadAction","target":["https:\/\/www.myvize.com.tr\/hollanda\/vize-islemleri\/hollanda-vize-basvuru-formu\/"]}]},{"@type":"ImageObject","inLanguage":"tr","@id":"https:\/\/www.myvize.com.tr\/hollanda\/vize-islemleri\/hollanda-vize-basvuru-formu\/#primaryimage","url":"https:\/\/www.myvize.com.tr\/hollanda\/wp-content\/uploads\/2021\/09\/47.jpg","contentUrl":"https:\/\/www.myvize.com.tr\/hollanda\/wp-content\/uploads\/2021\/09\/47.jpg","width":800,"height":500,"caption":"Hollanda Vize Ba\u015fvuru Formu"},{"@type":"BreadcrumbList","@id":"https:\/\/www.myvize.com.tr\/hollanda\/vize-islemleri\/hollanda-vize-basvuru-formu\/#breadcrumb","itemListElement":[{"@type":"ListItem","position":1,"name":"Anasayfa","item":"https:\/\/www.myvize.com.tr\/hollanda\/"},{"@type":"ListItem","position":2,"name":"V\u0130ZE \u0130\u015eLEMLER\u0130","item":"https:\/\/www.myvize.com.tr\/hollanda\/vize-islemleri\/"},{"@type":"ListItem","position":3,"name":"Hollanda Vize Ba\u015fvuru Formu"}]},{"@type":"WebSite","@id":"https:\/\/www.myvize.com.tr\/hollanda\/#website","url":"https:\/\/www.myvize.com.tr\/hollanda\/","name":"Hollanda Vize","description":"","potentialAction":[{"@type":"SearchAction","target":{"@type":"EntryPoint","urlTemplate":"https:\/\/www.myvize.com.tr\/hollanda\/?s={search_term_string}"},"query-input":{"@type":"PropertyValueSpecification","valueRequired":true,"valueName":"search_term_string"}}],"inLanguage":"tr"}]}},"_links":{"self":[{"href":"https:\/\/www.myvize.com.tr\/hollanda\/wp-json\/wp\/v2\/pages\/47","targetHints":{"allow":["GET"]}}],"collection":[{"href":"https:\/\/www.myvize.com.tr\/hollanda\/wp-json\/wp\/v2\/pages"}],"about":[{"href":"https:\/\/www.myvize.com.tr\/hollanda\/wp-json\/wp\/v2\/types\/page"}],"author":[{"embeddable":true,"href":"https:\/\/www.myvize.com.tr\/hollanda\/wp-json\/wp\/v2\/users\/1"}],"replies":[{"embeddable":true,"href":"https:\/\/www.myvize.com.tr\/hollanda\/wp-json\/wp\/v2\/comments?post=47"}],"version-history":[{"count":5,"href":"https:\/\/www.myvize.com.tr\/hollanda\/wp-json\/wp\/v2\/pages\/47\/revisions"}],"predecessor-version":[{"id":1122,"href":"https:\/\/www.myvize.com.tr\/hollanda\/wp-json\/wp\/v2\/pages\/47\/revisions\/1122"}],"up":[{"embeddable":true,"href":"https:\/\/www.myvize.com.tr\/hollanda\/wp-json\/wp\/v2\/pages\/18"}],"wp:attachment":[{"href":"https:\/\/www.myvize.com.tr\/hollanda\/wp-json\/wp\/v2\/media?parent=47"}],"curies":[{"name":"wp","href":"https:\/\/api.w.org\/{rel}","templated":true}]}}