{"id":169,"date":"2020-12-22T17:19:28","date_gmt":"2020-12-22T14:19:28","guid":{"rendered":"https:\/\/www.myvize.com.tr\/ingiltere\/?page_id=169"},"modified":"2022-04-11T15:05:16","modified_gmt":"2022-04-11T12:05:16","slug":"duyurular","status":"publish","type":"page","link":"https:\/\/www.myvize.com.tr\/ingiltere\/duyurular\/","title":{"rendered":"DUYURULAR"},"content":{"rendered":"\r\n<h1 class=\"wp-block-heading\">4.\u0130ngiltere Vizesi Covid-19 G\u00fcncellemesi<\/h1>\r\n\r\n\r\n\r\n<p>Profesyonel olarak y\u00fck ve yolcu ta\u015f\u0131yan s\u00fcr\u00fcc\u00fcler i\u00e7in muafiyetlerin yer ald\u0131\u011f\u0131 vize rejimlerinin Covid-19 kapsam\u0131nda nas\u0131l uyguland\u0131\u011f\u0131n\u0131 sizlerle payla\u015faca\u011f\u0131z.\u00a0<strong>\u0130ngiltere Vizesi<\/strong>\u00a0almak i\u00e7in ba\u015fvuru yapaca\u011f\u0131n\u0131zda 6 Nisan 2021 tarihi itibariyle baz\u0131 g\u00fcncellemeler yap\u0131lm\u0131\u015ft\u0131r. Uluslararas\u0131 var\u0131\u015flarda 2. veya 8. g\u00fcnlerde testlerini tamamlamas\u0131 gereken ki\u015filerin uymas\u0131 gereken kurallar bulunmaktad\u0131r. Karantina kural\u0131na uygun \u015fekilde hareket eden ki\u015filerin \u0130ngiltere seyahatleri i\u00e7in doldurmas\u0131 gereken formlar hakk\u0131nda bilgi veriyoruz. Yolcu bulma formunun 48 saatten fazla kalmayan ki\u015filer dahil olmak \u00fczere doldurulmas\u0131 gerekmektedir. E\u011fer 48 saati a\u015fmayacak yolculuklar\u0131 yapacaksan\u0131z, bu durumda Covid-19 testi yapt\u0131rma \u015fart\u0131n\u0131z bulunmamaktad\u0131r. Ancak bu s\u00fcreyi a\u015facak olan ki\u015filer i\u00e7in testin yapt\u0131r\u0131lmas\u0131 zorunlu tutulmaktad\u0131r.<\/p>\r\n\r\n<p><img decoding=\"async\" src=\"https:\/\/www.myvize.com.tr\/ingiltere\/wp-content\/uploads\/2021\/09\/46.jpg\" \/><\/p>\r\n\r\n<h4 class=\"wp-block-heading\">\u0130ngiltere Vizesi \u0130\u00e7in Karantina Var M\u0131?<\/h4>\r\n\r\n\r\n\r\n<p>\u0130ngiltere seyahatleriniz i\u00e7in 48 saatten daha uzun s\u00fcreyle kalmak istedi\u011finizde Covid-19 testini belirli g\u00fcnlerde yapt\u0131rman\u0131z gerekmektedir. Toplulu\u011fun i\u00e7erisinde bulunan ya da evde kalan ki\u015filer i\u00e7in ev testinin yapt\u0131r\u0131lmas\u0131 uygun g\u00f6r\u00fclmektedir. Her g\u00fcn seyahat eden ki\u015filer i\u00e7in 3 g\u00fcnl\u00fck s\u00fcre\u00e7lerde mutlaka h\u0131zl\u0131 testin yapt\u0131r\u0131lmas\u0131 gerekir. Ki\u015filerin \u0130ngiltere seyahatleri boyunca kendilerini izole etmesine gerek duyulmaktad\u0131r. Yap\u0131lan son duyuruyu takip etti\u011finizde 20 May\u0131s 2021 tarihi itibariyle riskin azalt\u0131lmas\u0131 amac\u0131yla nakliyecilere y\u00f6nelik anla\u015fmalara var\u0131ld\u0131\u011f\u0131na dikkat \u00e7ekilmektedir. Buna g\u00f6re nakliyecilerin giri\u015f yasa\u011f\u0131ndan muaf tutulduklar\u0131n\u0131 vurgulayabiliriz.\u00a0<strong>\u0130ngiltere vizesi<\/strong>\u00a0almak i\u00e7in uyman\u0131z gereken \u015fartlar\u0131 sizler i\u00e7in a\u00e7\u0131klayacak olan ekiplerimizin deste\u011finden faydalanabilirsiniz. Vize al\u0131mlar\u0131 sayesinde giri\u015f yasa\u011f\u0131ndan muaf tutulan gruplar\u0131n test s\u00fcre\u00e7lerine de\u011finilmektedir.<\/p>\r\n","protected":false},"excerpt":{"rendered":"<p>4.\u0130ngiltere Vizesi Covid-19 G\u00fcncellemesi Profesyonel olarak y\u00fck ve yolcu ta\u015f\u0131yan s\u00fcr\u00fcc\u00fcler i\u00e7in muafiyetlerin yer ald\u0131\u011f\u0131 vize rejimlerinin Covid-19 kapsam\u0131nda nas\u0131l uyguland\u0131\u011f\u0131n\u0131 sizlerle payla\u015faca\u011f\u0131z.\u00a0\u0130ngiltere Vizesi\u00a0almak i\u00e7in ba\u015fvuru yapaca\u011f\u0131n\u0131zda 6 Nisan 2021 tarihi itibariyle baz\u0131 g\u00fcncellemeler yap\u0131lm\u0131\u015ft\u0131r. Uluslararas\u0131 var\u0131\u015flarda 2. veya 8. g\u00fcnlerde testlerini tamamlamas\u0131 gereken ki\u015filerin uymas\u0131 gereken kurallar bulunmaktad\u0131r. Karantina kural\u0131na uygun \u015fekilde hareket eden<\/p>\n","protected":false},"author":1,"featured_media":0,"parent":0,"menu_order":0,"comment_status":"closed","ping_status":"closed","template":"","meta":{"footnotes":""},"class_list":["post-169","page","type-page","status-publish","hentry"],"yoast_head":"<!-- This site is optimized with the Yoast SEO plugin v24.0 - https:\/\/yoast.com\/wordpress\/plugins\/seo\/ -->\n<title>\u0130ngiltere Vizesi Duyurular - MyVize<\/title>\n<meta name=\"description\" content=\"\u0130ngiltere Vizesi Ba\u015fvuru Duyurular\u0131. \u0130ngiltere Vize Ba\u015fvuru Duyurular\u0131 Hakk\u0131nda Bilgi \u0130\u00e7in Hemen Bizi Aray\u0131n.\" \/>\n<meta name=\"robots\" content=\"index, follow, max-snippet:-1, max-image-preview:large, max-video-preview:-1\" \/>\n<link rel=\"canonical\" href=\"https:\/\/www.myvize.com.tr\/ingiltere\/duyurular\/\" \/>\n<meta property=\"og:locale\" content=\"tr_TR\" \/>\n<meta property=\"og:type\" content=\"article\" \/>\n<meta property=\"og:title\" content=\"\u0130ngiltere Vizesi Duyurular - MyVize\" \/>\n<meta property=\"og:description\" content=\"\u0130ngiltere Vizesi Ba\u015fvuru Duyurular\u0131. \u0130ngiltere Vize Ba\u015fvuru Duyurular\u0131 Hakk\u0131nda Bilgi \u0130\u00e7in Hemen Bizi Aray\u0131n.\" \/>\n<meta property=\"og:url\" content=\"https:\/\/www.myvize.com.tr\/ingiltere\/duyurular\/\" \/>\n<meta property=\"og:site_name\" content=\"\u0130ngiltere Vize Ba\u015fvuru &amp; \u0130ngiltere Vizesi\" \/>\n<meta property=\"article:modified_time\" content=\"2022-04-11T12:05:16+00:00\" \/>\n<meta property=\"og:image\" content=\"https:\/\/www.myvize.com.tr\/ingiltere\/wp-content\/uploads\/2021\/09\/46.jpg\" \/>\n<meta name=\"twitter:card\" content=\"summary_large_image\" \/>\n<meta name=\"twitter:label1\" content=\"Tahmini okuma s\u00fcresi\" \/>\n\t<meta name=\"twitter:data1\" content=\"1 dakika\" \/>\n<script type=\"application\/ld+json\" class=\"yoast-schema-graph\">{\"@context\":\"https:\/\/schema.org\",\"@graph\":[{\"@type\":\"WebPage\",\"@id\":\"https:\/\/www.myvize.com.tr\/ingiltere\/duyurular\/\",\"url\":\"https:\/\/www.myvize.com.tr\/ingiltere\/duyurular\/\",\"name\":\"\u0130ngiltere Vizesi Duyurular - MyVize\",\"isPartOf\":{\"@id\":\"https:\/\/www.myvize.com.tr\/ingiltere\/#website\"},\"primaryImageOfPage\":{\"@id\":\"https:\/\/www.myvize.com.tr\/ingiltere\/duyurular\/#primaryimage\"},\"image\":{\"@id\":\"https:\/\/www.myvize.com.tr\/ingiltere\/duyurular\/#primaryimage\"},\"thumbnailUrl\":\"https:\/\/www.myvize.com.tr\/ingiltere\/wp-content\/uploads\/2021\/09\/46.jpg\",\"datePublished\":\"2020-12-22T14:19:28+00:00\",\"dateModified\":\"2022-04-11T12:05:16+00:00\",\"description\":\"\u0130ngiltere Vizesi Ba\u015fvuru Duyurular\u0131. \u0130ngiltere Vize Ba\u015fvuru Duyurular\u0131 Hakk\u0131nda Bilgi \u0130\u00e7in Hemen Bizi Aray\u0131n.\",\"breadcrumb\":{\"@id\":\"https:\/\/www.myvize.com.tr\/ingiltere\/duyurular\/#breadcrumb\"},\"inLanguage\":\"tr\",\"potentialAction\":[{\"@type\":\"ReadAction\",\"target\":[\"https:\/\/www.myvize.com.tr\/ingiltere\/duyurular\/\"]}]},{\"@type\":\"ImageObject\",\"inLanguage\":\"tr\",\"@id\":\"https:\/\/www.myvize.com.tr\/ingiltere\/duyurular\/#primaryimage\",\"url\":\"https:\/\/www.myvize.com.tr\/ingiltere\/wp-content\/uploads\/2021\/09\/46.jpg\",\"contentUrl\":\"https:\/\/www.myvize.com.tr\/ingiltere\/wp-content\/uploads\/2021\/09\/46.jpg\",\"width\":800,\"height\":500,\"caption\":\"\u0130ngiltere Duyurular\"},{\"@type\":\"BreadcrumbList\",\"@id\":\"https:\/\/www.myvize.com.tr\/ingiltere\/duyurular\/#breadcrumb\",\"itemListElement\":[{\"@type\":\"ListItem\",\"position\":1,\"name\":\"Anasayfa\",\"item\":\"https:\/\/www.myvize.com.tr\/ingiltere\/\"},{\"@type\":\"ListItem\",\"position\":2,\"name\":\"DUYURULAR\"}]},{\"@type\":\"WebSite\",\"@id\":\"https:\/\/www.myvize.com.tr\/ingiltere\/#website\",\"url\":\"https:\/\/www.myvize.com.tr\/ingiltere\/\",\"name\":\"\u0130ngiltere Vize Ba\u015fvuru &amp; \u0130ngiltere Vizesi\",\"description\":\"\",\"potentialAction\":[{\"@type\":\"SearchAction\",\"target\":{\"@type\":\"EntryPoint\",\"urlTemplate\":\"https:\/\/www.myvize.com.tr\/ingiltere\/?s={search_term_string}\"},\"query-input\":{\"@type\":\"PropertyValueSpecification\",\"valueRequired\":true,\"valueName\":\"search_term_string\"}}],\"inLanguage\":\"tr\"}]}<\/script>\n<!-- \/ Yoast SEO plugin. -->","yoast_head_json":{"title":"\u0130ngiltere Vizesi Duyurular - MyVize","description":"\u0130ngiltere Vizesi Ba\u015fvuru Duyurular\u0131. \u0130ngiltere Vize Ba\u015fvuru Duyurular\u0131 Hakk\u0131nda Bilgi \u0130\u00e7in Hemen Bizi Aray\u0131n.","robots":{"index":"index","follow":"follow","max-snippet":"max-snippet:-1","max-image-preview":"max-image-preview:large","max-video-preview":"max-video-preview:-1"},"canonical":"https:\/\/www.myvize.com.tr\/ingiltere\/duyurular\/","og_locale":"tr_TR","og_type":"article","og_title":"\u0130ngiltere Vizesi Duyurular - MyVize","og_description":"\u0130ngiltere Vizesi Ba\u015fvuru Duyurular\u0131. \u0130ngiltere Vize Ba\u015fvuru Duyurular\u0131 Hakk\u0131nda Bilgi \u0130\u00e7in Hemen Bizi Aray\u0131n.","og_url":"https:\/\/www.myvize.com.tr\/ingiltere\/duyurular\/","og_site_name":"\u0130ngiltere Vize Ba\u015fvuru &amp; \u0130ngiltere Vizesi","article_modified_time":"2022-04-11T12:05:16+00:00","og_image":[{"url":"https:\/\/www.myvize.com.tr\/ingiltere\/wp-content\/uploads\/2021\/09\/46.jpg","type":"","width":"","height":""}],"twitter_card":"summary_large_image","twitter_misc":{"Tahmini okuma s\u00fcresi":"1 dakika"},"schema":{"@context":"https:\/\/schema.org","@graph":[{"@type":"WebPage","@id":"https:\/\/www.myvize.com.tr\/ingiltere\/duyurular\/","url":"https:\/\/www.myvize.com.tr\/ingiltere\/duyurular\/","name":"\u0130ngiltere Vizesi Duyurular - MyVize","isPartOf":{"@id":"https:\/\/www.myvize.com.tr\/ingiltere\/#website"},"primaryImageOfPage":{"@id":"https:\/\/www.myvize.com.tr\/ingiltere\/duyurular\/#primaryimage"},"image":{"@id":"https:\/\/www.myvize.com.tr\/ingiltere\/duyurular\/#primaryimage"},"thumbnailUrl":"https:\/\/www.myvize.com.tr\/ingiltere\/wp-content\/uploads\/2021\/09\/46.jpg","datePublished":"2020-12-22T14:19:28+00:00","dateModified":"2022-04-11T12:05:16+00:00","description":"\u0130ngiltere Vizesi Ba\u015fvuru Duyurular\u0131. \u0130ngiltere Vize Ba\u015fvuru Duyurular\u0131 Hakk\u0131nda Bilgi \u0130\u00e7in Hemen Bizi Aray\u0131n.","breadcrumb":{"@id":"https:\/\/www.myvize.com.tr\/ingiltere\/duyurular\/#breadcrumb"},"inLanguage":"tr","potentialAction":[{"@type":"ReadAction","target":["https:\/\/www.myvize.com.tr\/ingiltere\/duyurular\/"]}]},{"@type":"ImageObject","inLanguage":"tr","@id":"https:\/\/www.myvize.com.tr\/ingiltere\/duyurular\/#primaryimage","url":"https:\/\/www.myvize.com.tr\/ingiltere\/wp-content\/uploads\/2021\/09\/46.jpg","contentUrl":"https:\/\/www.myvize.com.tr\/ingiltere\/wp-content\/uploads\/2021\/09\/46.jpg","width":800,"height":500,"caption":"\u0130ngiltere Duyurular"},{"@type":"BreadcrumbList","@id":"https:\/\/www.myvize.com.tr\/ingiltere\/duyurular\/#breadcrumb","itemListElement":[{"@type":"ListItem","position":1,"name":"Anasayfa","item":"https:\/\/www.myvize.com.tr\/ingiltere\/"},{"@type":"ListItem","position":2,"name":"DUYURULAR"}]},{"@type":"WebSite","@id":"https:\/\/www.myvize.com.tr\/ingiltere\/#website","url":"https:\/\/www.myvize.com.tr\/ingiltere\/","name":"\u0130ngiltere Vize Ba\u015fvuru &amp; \u0130ngiltere Vizesi","description":"","potentialAction":[{"@type":"SearchAction","target":{"@type":"EntryPoint","urlTemplate":"https:\/\/www.myvize.com.tr\/ingiltere\/?s={search_term_string}"},"query-input":{"@type":"PropertyValueSpecification","valueRequired":true,"valueName":"search_term_string"}}],"inLanguage":"tr"}]}},"_links":{"self":[{"href":"https:\/\/www.myvize.com.tr\/ingiltere\/wp-json\/wp\/v2\/pages\/169","targetHints":{"allow":["GET"]}}],"collection":[{"href":"https:\/\/www.myvize.com.tr\/ingiltere\/wp-json\/wp\/v2\/pages"}],"about":[{"href":"https:\/\/www.myvize.com.tr\/ingiltere\/wp-json\/wp\/v2\/types\/page"}],"author":[{"embeddable":true,"href":"https:\/\/www.myvize.com.tr\/ingiltere\/wp-json\/wp\/v2\/users\/1"}],"replies":[{"embeddable":true,"href":"https:\/\/www.myvize.com.tr\/ingiltere\/wp-json\/wp\/v2\/comments?post=169"}],"version-history":[{"count":5,"href":"https:\/\/www.myvize.com.tr\/ingiltere\/wp-json\/wp\/v2\/pages\/169\/revisions"}],"predecessor-version":[{"id":1585,"href":"https:\/\/www.myvize.com.tr\/ingiltere\/wp-json\/wp\/v2\/pages\/169\/revisions\/1585"}],"wp:attachment":[{"href":"https:\/\/www.myvize.com.tr\/ingiltere\/wp-json\/wp\/v2\/media?parent=169"}],"curies":[{"name":"wp","href":"https:\/\/api.w.org\/{rel}","templated":true}]}}