{"id":247,"date":"2020-12-22T17:33:01","date_gmt":"2020-12-22T14:33:01","guid":{"rendered":"https:\/\/www.myvize.com.tr\/ingiltere\/?page_id=247"},"modified":"2022-06-17T12:59:31","modified_gmt":"2022-06-17T09:59:31","slug":"vize-islem-takip-belgesi","status":"publish","type":"page","link":"https:\/\/www.myvize.com.tr\/ingiltere\/form-ve-dilekce\/vize-islem-takip-belgesi\/","title":{"rendered":"\u0130ngiltere Vize \u0130\u015flem Takip Belgesi"},"content":{"rendered":"<h2><strong><span style=\"font-family: Roboto; font-size: 27px;\">\u0130ngiltere Vize \u0130\u015flem Takip Belgesi Nedir?<\/span><\/strong><\/h2>\n<p><span style=\"font-family: Roboto; font-size: 14px;\">T\u00fcrkiye Cumhuriyeti vatanda\u015f\u0131 ve ikametg\u00e2h T\u00fcrkiye\u2019de bulunan yabanc\u0131 uyruklu ki\u015filer, \u0130ngiltere&#8217;ye k\u0131sa s\u00fcreli olarak seyahat etmeyi isterse baz\u0131 i\u015flem yapmas\u0131 gerekmektedir. Bunun i\u00e7in \u00f6ncelikle Konsoloslu\u011fa gidip \u0130ngiltere vizesi ba\u015fvurusunda bulunmalar\u0131 gerekmektedir. Yetkili makamlar\u0131n belirtti\u011fi belgeyi ileterek k\u0131sa s\u00fcreli vizeleri alabilir. Ba\u015fvuracak ilgili ki\u015filer ilk olarak\u00a0\u00a0<strong><span style=\"color: #2acec2;\"><a style=\"color: #2acec2;\" href=\"https:\/\/www.myvize.com.tr\/ingiltere\/vize-islemleri\/ingiltere-vizesi\/\" target=\"_blank\" rel=\"noopener\">\u0130ngiltere vizesi<\/a><\/span>\u00a0<\/strong>\u00a0taleplerini ikametg\u00e2h\u0131 bulundu\u011fu \u015fehirde bulunan ba\u015fvuru merkezlerine yapmal\u0131d\u0131r. Ard\u0131ndan bu ba\u015fvuru merkezleri yetkili makam olan \u0130ngiltere Ba\u015fkonsoloslu\u011funa ya da \u0130ngiltere B\u00fcy\u00fckel\u00e7ili\u011fine iletecektir. Alaca\u011f\u0131n\u0131z vize t\u00fcr\u00fcn\u00fc yetkili makam\u0131n sizden isteyece\u011fi evraklar\u0131 de\u011fi\u015fiklik g\u00f6sterecektir. Bu sebeple seyahat plan\u0131 \u00f6nceden tasarlaman\u0131z sizin vize i\u015flemlerini daha da h\u0131zland\u0131racakt\u0131r. \u00c7\u00fcnk\u00fc seyahat plan\u0131 konsolosluklar ve b\u00fcy\u00fckel\u00e7ilik memurlar\u0131 taraf\u0131ndan inand\u0131r\u0131c\u0131 bulunmazsa vize reddi alabilir ya da i\u015fleminizin uzamas\u0131na neden olabilir. \u00a0\u00a0Konsoloslu\u011fa <strong>\u0130ngiltere vizesi ba\u015fvuru<\/strong> formunda yazd\u0131\u011f\u0131n\u0131z bilgilerin ger\u00e7ekli\u011fini ara\u015ft\u0131rmaktad\u0131r. Bunun yan\u0131nda \u0130ngiltere vize takip formu resm\u00ee dan\u0131\u015fmanla yap\u0131lmakta olan vize merkezlerine giderek alman\u0131z m\u00fcmk\u00fcn. \u00a0\u00a0<\/span><\/p>\n<h2><strong><span style=\"font-family: Roboto; font-size: 27px;\">\u0130ngiltere Vize \u0130\u015flem Takip Belgesi Nas\u0131l Doldurulur?<\/span><\/strong><\/h2>\n<p><span style=\"font-family: Roboto; font-size: 14px;\"><strong>\u0130ngiltere vizesi almak<\/strong> isteyen \u00f6ncelikle \u0130ngiltere vize ba\u015fvuru formunu eksiksiz olarak doldurmal\u0131d\u0131r. Ayr\u0131ca vize ba\u015fvuru belgesini ve yenilemi\u015f oldu\u011fu pasaportla \u0130ngiltere Konsoloslu\u011fu, \u0130ngiltere b\u00fcy\u00fckel\u00e7ili\u011fi ya da konsoloslu\u011fun yetkilendirmi\u015f oldu\u011fu vize merkezlerine giderek ba\u015fvuru yapabilir. Vize ba\u015fvuru takip formu sizin ve vize ba\u015fvuru merkezinin kontrol\u00fc alt\u0131nda olmal\u0131d\u0131r. Vize ba\u015fvuru takip sistemleri ile ilgili ki\u015fi ba\u015fvuru durumunu ve hangi a\u015famada oldu\u011funu kolayl\u0131klarla g\u00f6rebilir. Ba\u015fvuru merkezlerinin online sitesi \u00fczerinden girerek kolayca \u00f6\u011frenebilme imk\u00e2n\u0131na sahip olabilirsiniz. Ba\u015fvuru yapt\u0131\u011f\u0131n\u0131z kurulu\u015flar\u0131n size verecekleri referans numaras\u0131 gibi bilgilerle siteden \u00f6\u011frenebilirsiniz. Bunun yan\u0131nda \u00a0pasaport numaras\u0131 ile \u00a0kolayca sorgulama yapabilme \u015fans\u0131n\u0131z da vard\u0131r. \u0130ngiltere vizesi ba\u015fvuru formu \u0130ngiltere konsoloslu\u011fu taraf\u0131ndan ilgili ki\u015finin vize i\u015flemini ba\u015flatabilmesi i\u00e7in haz\u0131rlanan\u00a0\u00a0belgelerdir. \u00a0\u00a0\u0130ngiltere vizesi i\u00e7in ilk ad\u0131m\u0131n\u0131z bu formu doldurmak olacakt\u0131r. \u00a0<\/span><\/p>\n<h2><strong><span style=\"font-family: Roboto; font-size: 27px;\">\u0130ngiltere Vize \u0130\u015flem Takip Belgesi Doldurulurken Dikkat Edilmesi Gerekenler<\/span><\/strong><\/h2>\n<p><span style=\"font-family: Roboto; font-size: 14px;\">\u0130ngiltere vizesi almak isteyen \u00f6ncelikle \u0130ngiltere vize ba\u015fvuru formunu eksiksiz olarak doldurmal\u0131d\u0131r. Ayr\u0131ca vize ba\u015fvuru belgeleri ve yenilemi\u015f olduklar\u0131 pasaportlar ile \u0130ngiltere Konsoloslu\u011fu, <strong>\u0130ngiltere B\u00fcy\u00fckel\u00e7ili\u011fi<\/strong> ya da Konsoloslu\u011funun yetkilendirmi\u015f oldu\u011fu vize merkezine giderek ba\u015fvurular\u0131n\u0131 yapabilir. Vize ba\u015fvuru takipleri sizlerin ve vize ba\u015fvuru merkezlerinin kontrol\u00fc alt\u0131nda olmal\u0131d\u0131r. Vize ba\u015fvuru takip sistem ile ilgili ki\u015fi ba\u015fvuru durumlar\u0131 ve vizenin hangi a\u015famada oldu\u011fu kolayl\u0131kla g\u00f6r\u00fclebilir. Ba\u015fvuru merkezinin online sitesi \u00fczerinden girerek kolayca \u00f6\u011frenme imk\u00e2n\u0131na sahip olabilirsiniz. Ba\u015fvuru yapt\u0131\u011f\u0131n\u0131z kurulu\u015f size verece\u011fi referans numaras\u0131 vb. bilgilerle vizenizin durumunu siteden \u00f6\u011frenebilirsiniz. Bunun yan\u0131nda da pasaport numaralar\u0131n\u0131z ile kolayca sorgulamalar yapabilme \u015fans\u0131n\u0131z vard\u0131r. \u00a0\u00a0<\/span><\/p>\n<h3><span style=\"font-family: Roboto; font-size: 24px;\">\u0130ngiltere Vize \u0130\u015flem Takip Belgesi \u00d6rne\u011fi<\/span><\/h3>\n<p><span style=\"font-family: Roboto; font-size: 14px;\"><strong>\u0130ngiltere vize i\u015flem takip belgesi<\/strong> vizenizin durumunu takip etmeye yarayan bir formdur. Bu formu vizeye ba\u015fvurunuzuyapt\u0131ktann sonra ba\u015fvuru yapmaya yard\u0131mc\u0131 olan vize ba\u015fvuru merkezinde alabilirsiniz. Vize takip formunda yer alan doldurulmas\u0131 zorunlu belgeler bulunmaktad\u0131r. Bu belgeler;<\/span><\/p>\n<p><span style=\"font-family: Roboto; font-size: 14px;\">Ba\u015fvuru sahibinin bilgisi;<\/span><\/p>\n<p><span style=\"font-family: Roboto; font-size: 14px;\">-Ad\u0131.<\/span><\/p>\n<p><span style=\"font-family: Roboto; font-size: 14px;\">-Soyad\u0131.<\/span><\/p>\n<p><span style=\"font-family: Roboto; font-size: 14px;\">-e e-posta adresi.<\/span><\/p>\n<p><span style=\"font-family: Roboto; font-size: 14px;\">-cep telefonu numaras\u0131.<\/span><\/p>\n<p><span style=\"font-family: Roboto; font-size: 14px;\">-Adres.<\/span><\/p>\n<p><span style=\"font-family: Roboto; font-size: 14px;\">-Firma Ad\u0131.<\/span><\/p>\n<p><span style=\"font-family: Roboto; font-size: 14px;\">Vize dan\u0131\u015fman\u0131 taraf\u0131ndan doldurulacak k\u0131s\u0131mlar;<\/span><\/p>\n<p><span style=\"font-family: Roboto; font-size: 14px;\">-Seyahat edilecek olan \u00fclke.<\/span><\/p>\n<p><span style=\"font-family: Roboto; font-size: 14px;\">-Gidi\u015f d\u00f6n\u00fc\u015f tarihi.<\/span><\/p>\n<p><span style=\"font-family: Roboto; font-size: 14px;\">-Fatura i\u00e7in firma bilgisi.<\/span><\/p>\n<p><span style=\"font-family: Roboto; font-size: 14px;\">-Vize \u00fccretleri.<\/span><\/p>\n<p><span style=\"font-family: Roboto; font-size: 14px;\">-Vize dan\u0131\u015fman\u0131 bilgisi.<\/span><\/p>\n<p><span style=\"font-family: Roboto; font-size: 14px;\">-Vize takip no.<\/span><\/p>\n<p><span style=\"font-family: Roboto; font-size: 14px;\">Vize Evrak\u0131 Teslim<\/span><\/p>\n<p><span style=\"font-family: Roboto; font-size: 14px;\">Vize ba\u015fvurusunda da gerekli evrak, vize \u00fccretleri, ba\u015fvurusu yap\u0131lan \u00fclkeler seyahat sigortalar\u0131 zorunlulu\u011fu varsa <strong>seyahat sigortas\u0131<\/strong> ile ilgili evrak ba\u015fvuru da bulunan ki\u015fi taraf\u0131nda konsoloslu\u011fa veya arac\u0131 merkezlere verilmelidir.<\/span><\/p>\n<p><span style=\"font-family: Roboto; font-size: 14px;\">Vize Takip Usul\u00fc<\/span><\/p>\n<p><span style=\"font-family: Roboto; font-size: 14px;\">Ba\u015fvuru sahipleri eksik ya da ge\u00e7ersiz evrak teslim etti\u011fine ve bu sebeple vize ba\u015fvurusu reddi almas\u0131 durumunda ba\u015fvuru yaparken gidilen ba\u015fvuru merkezi sorumlulu\u011fu tamamen ki\u015filere aittir.<\/span><\/p>\n<p><span style=\"font-family: Roboto; font-size: 14px;\">Vize i\u015flemleri s\u0131ras\u0131nda \u00f6denen har\u00e7lar ve \u00fccretler geri iade edilemez.<\/span><\/p>\n","protected":false},"excerpt":{"rendered":"<p>\u0130ngiltere Vize \u0130\u015flem Takip Belgesi Nedir? T\u00fcrkiye Cumhuriyeti vatanda\u015f\u0131 ve ikametg\u00e2h T\u00fcrkiye\u2019de bulunan yabanc\u0131 uyruklu ki\u015filer, \u0130ngiltere&#8217;ye k\u0131sa s\u00fcreli olarak seyahat etmeyi isterse baz\u0131 i\u015flem yapmas\u0131 gerekmektedir. Bunun i\u00e7in \u00f6ncelikle Konsoloslu\u011fa gidip \u0130ngiltere vizesi ba\u015fvurusunda bulunmalar\u0131 gerekmektedir. Yetkili makamlar\u0131n belirtti\u011fi belgeyi ileterek k\u0131sa s\u00fcreli vizeleri alabilir. Ba\u015fvuracak ilgili ki\u015filer ilk olarak\u00a0\u00a0\u0130ngiltere vizesi\u00a0\u00a0taleplerini ikametg\u00e2h\u0131 bulundu\u011fu \u015fehirde<\/p>\n","protected":false},"author":1,"featured_media":0,"parent":166,"menu_order":0,"comment_status":"open","ping_status":"closed","template":"","meta":{"footnotes":""},"class_list":["post-247","page","type-page","status-publish","hentry"],"yoast_head":"<!-- This site is optimized with the Yoast SEO plugin v24.0 - https:\/\/yoast.com\/wordpress\/plugins\/seo\/ -->\n<title>\u0130ngiltere Vize \u0130\u015flem Takip Belgesi - MyVize<\/title>\n<meta name=\"description\" content=\"\u0130ngiltere Vize \u0130\u015flem Takip Belgesi Nas\u0131l Yaz\u0131l\u0131r? \u0130ngiltere Vize \u0130\u015flem Takip Belgesi Ne \u0130\u015fe Yarar? Bilgi \u0130\u00e7in Aray\u0131n: 0850 346 84 93\" \/>\n<meta name=\"robots\" content=\"index, follow, max-snippet:-1, max-image-preview:large, max-video-preview:-1\" \/>\n<link rel=\"canonical\" href=\"https:\/\/www.myvize.com.tr\/ingiltere\/form-ve-dilekce\/vize-islem-takip-belgesi\/\" \/>\n<meta property=\"og:locale\" content=\"tr_TR\" \/>\n<meta property=\"og:type\" content=\"article\" \/>\n<meta property=\"og:title\" content=\"\u0130ngiltere Vize \u0130\u015flem Takip Belgesi - MyVize\" \/>\n<meta property=\"og:description\" content=\"\u0130ngiltere Vize \u0130\u015flem Takip Belgesi Nas\u0131l Yaz\u0131l\u0131r? \u0130ngiltere Vize \u0130\u015flem Takip Belgesi Ne \u0130\u015fe Yarar? Bilgi \u0130\u00e7in Aray\u0131n: 0850 346 84 93\" \/>\n<meta property=\"og:url\" content=\"https:\/\/www.myvize.com.tr\/ingiltere\/form-ve-dilekce\/vize-islem-takip-belgesi\/\" \/>\n<meta property=\"og:site_name\" content=\"\u0130ngiltere Vize Ba\u015fvuru &amp; \u0130ngiltere Vizesi\" \/>\n<meta property=\"article:modified_time\" content=\"2022-06-17T09:59:31+00:00\" \/>\n<meta name=\"twitter:card\" content=\"summary_large_image\" \/>\n<meta name=\"twitter:label1\" content=\"Tahmini okuma s\u00fcresi\" \/>\n\t<meta name=\"twitter:data1\" content=\"3 dakika\" \/>\n<script type=\"application\/ld+json\" class=\"yoast-schema-graph\">{\"@context\":\"https:\/\/schema.org\",\"@graph\":[{\"@type\":\"WebPage\",\"@id\":\"https:\/\/www.myvize.com.tr\/ingiltere\/form-ve-dilekce\/vize-islem-takip-belgesi\/\",\"url\":\"https:\/\/www.myvize.com.tr\/ingiltere\/form-ve-dilekce\/vize-islem-takip-belgesi\/\",\"name\":\"\u0130ngiltere Vize \u0130\u015flem Takip Belgesi - MyVize\",\"isPartOf\":{\"@id\":\"https:\/\/www.myvize.com.tr\/ingiltere\/#website\"},\"datePublished\":\"2020-12-22T14:33:01+00:00\",\"dateModified\":\"2022-06-17T09:59:31+00:00\",\"description\":\"\u0130ngiltere Vize \u0130\u015flem Takip Belgesi Nas\u0131l Yaz\u0131l\u0131r? \u0130ngiltere Vize \u0130\u015flem Takip Belgesi Ne \u0130\u015fe Yarar? Bilgi \u0130\u00e7in Aray\u0131n: 0850 346 84 93\",\"breadcrumb\":{\"@id\":\"https:\/\/www.myvize.com.tr\/ingiltere\/form-ve-dilekce\/vize-islem-takip-belgesi\/#breadcrumb\"},\"inLanguage\":\"tr\",\"potentialAction\":[{\"@type\":\"ReadAction\",\"target\":[\"https:\/\/www.myvize.com.tr\/ingiltere\/form-ve-dilekce\/vize-islem-takip-belgesi\/\"]}]},{\"@type\":\"BreadcrumbList\",\"@id\":\"https:\/\/www.myvize.com.tr\/ingiltere\/form-ve-dilekce\/vize-islem-takip-belgesi\/#breadcrumb\",\"itemListElement\":[{\"@type\":\"ListItem\",\"position\":1,\"name\":\"Anasayfa\",\"item\":\"https:\/\/www.myvize.com.tr\/ingiltere\/\"},{\"@type\":\"ListItem\",\"position\":2,\"name\":\"FORM VE D\u0130LEK\u00c7E\",\"item\":\"https:\/\/www.myvize.com.tr\/ingiltere\/form-ve-dilekce\/\"},{\"@type\":\"ListItem\",\"position\":3,\"name\":\"\u0130ngiltere Vize \u0130\u015flem Takip Belgesi\"}]},{\"@type\":\"WebSite\",\"@id\":\"https:\/\/www.myvize.com.tr\/ingiltere\/#website\",\"url\":\"https:\/\/www.myvize.com.tr\/ingiltere\/\",\"name\":\"\u0130ngiltere Vize Ba\u015fvuru &amp; \u0130ngiltere Vizesi\",\"description\":\"\",\"potentialAction\":[{\"@type\":\"SearchAction\",\"target\":{\"@type\":\"EntryPoint\",\"urlTemplate\":\"https:\/\/www.myvize.com.tr\/ingiltere\/?s={search_term_string}\"},\"query-input\":{\"@type\":\"PropertyValueSpecification\",\"valueRequired\":true,\"valueName\":\"search_term_string\"}}],\"inLanguage\":\"tr\"}]}<\/script>\n<!-- \/ Yoast SEO plugin. -->","yoast_head_json":{"title":"\u0130ngiltere Vize \u0130\u015flem Takip Belgesi - MyVize","description":"\u0130ngiltere Vize \u0130\u015flem Takip Belgesi Nas\u0131l Yaz\u0131l\u0131r? \u0130ngiltere Vize \u0130\u015flem Takip Belgesi Ne \u0130\u015fe Yarar? Bilgi \u0130\u00e7in Aray\u0131n: 0850 346 84 93","robots":{"index":"index","follow":"follow","max-snippet":"max-snippet:-1","max-image-preview":"max-image-preview:large","max-video-preview":"max-video-preview:-1"},"canonical":"https:\/\/www.myvize.com.tr\/ingiltere\/form-ve-dilekce\/vize-islem-takip-belgesi\/","og_locale":"tr_TR","og_type":"article","og_title":"\u0130ngiltere Vize \u0130\u015flem Takip Belgesi - MyVize","og_description":"\u0130ngiltere Vize \u0130\u015flem Takip Belgesi Nas\u0131l Yaz\u0131l\u0131r? \u0130ngiltere Vize \u0130\u015flem Takip Belgesi Ne \u0130\u015fe Yarar? Bilgi \u0130\u00e7in Aray\u0131n: 0850 346 84 93","og_url":"https:\/\/www.myvize.com.tr\/ingiltere\/form-ve-dilekce\/vize-islem-takip-belgesi\/","og_site_name":"\u0130ngiltere Vize Ba\u015fvuru &amp; \u0130ngiltere Vizesi","article_modified_time":"2022-06-17T09:59:31+00:00","twitter_card":"summary_large_image","twitter_misc":{"Tahmini okuma s\u00fcresi":"3 dakika"},"schema":{"@context":"https:\/\/schema.org","@graph":[{"@type":"WebPage","@id":"https:\/\/www.myvize.com.tr\/ingiltere\/form-ve-dilekce\/vize-islem-takip-belgesi\/","url":"https:\/\/www.myvize.com.tr\/ingiltere\/form-ve-dilekce\/vize-islem-takip-belgesi\/","name":"\u0130ngiltere Vize \u0130\u015flem Takip Belgesi - MyVize","isPartOf":{"@id":"https:\/\/www.myvize.com.tr\/ingiltere\/#website"},"datePublished":"2020-12-22T14:33:01+00:00","dateModified":"2022-06-17T09:59:31+00:00","description":"\u0130ngiltere Vize \u0130\u015flem Takip Belgesi Nas\u0131l Yaz\u0131l\u0131r? \u0130ngiltere Vize \u0130\u015flem Takip Belgesi Ne \u0130\u015fe Yarar? Bilgi \u0130\u00e7in Aray\u0131n: 0850 346 84 93","breadcrumb":{"@id":"https:\/\/www.myvize.com.tr\/ingiltere\/form-ve-dilekce\/vize-islem-takip-belgesi\/#breadcrumb"},"inLanguage":"tr","potentialAction":[{"@type":"ReadAction","target":["https:\/\/www.myvize.com.tr\/ingiltere\/form-ve-dilekce\/vize-islem-takip-belgesi\/"]}]},{"@type":"BreadcrumbList","@id":"https:\/\/www.myvize.com.tr\/ingiltere\/form-ve-dilekce\/vize-islem-takip-belgesi\/#breadcrumb","itemListElement":[{"@type":"ListItem","position":1,"name":"Anasayfa","item":"https:\/\/www.myvize.com.tr\/ingiltere\/"},{"@type":"ListItem","position":2,"name":"FORM VE D\u0130LEK\u00c7E","item":"https:\/\/www.myvize.com.tr\/ingiltere\/form-ve-dilekce\/"},{"@type":"ListItem","position":3,"name":"\u0130ngiltere Vize \u0130\u015flem Takip Belgesi"}]},{"@type":"WebSite","@id":"https:\/\/www.myvize.com.tr\/ingiltere\/#website","url":"https:\/\/www.myvize.com.tr\/ingiltere\/","name":"\u0130ngiltere Vize Ba\u015fvuru &amp; \u0130ngiltere Vizesi","description":"","potentialAction":[{"@type":"SearchAction","target":{"@type":"EntryPoint","urlTemplate":"https:\/\/www.myvize.com.tr\/ingiltere\/?s={search_term_string}"},"query-input":{"@type":"PropertyValueSpecification","valueRequired":true,"valueName":"search_term_string"}}],"inLanguage":"tr"}]}},"_links":{"self":[{"href":"https:\/\/www.myvize.com.tr\/ingiltere\/wp-json\/wp\/v2\/pages\/247","targetHints":{"allow":["GET"]}}],"collection":[{"href":"https:\/\/www.myvize.com.tr\/ingiltere\/wp-json\/wp\/v2\/pages"}],"about":[{"href":"https:\/\/www.myvize.com.tr\/ingiltere\/wp-json\/wp\/v2\/types\/page"}],"author":[{"embeddable":true,"href":"https:\/\/www.myvize.com.tr\/ingiltere\/wp-json\/wp\/v2\/users\/1"}],"replies":[{"embeddable":true,"href":"https:\/\/www.myvize.com.tr\/ingiltere\/wp-json\/wp\/v2\/comments?post=247"}],"version-history":[{"count":4,"href":"https:\/\/www.myvize.com.tr\/ingiltere\/wp-json\/wp\/v2\/pages\/247\/revisions"}],"predecessor-version":[{"id":1619,"href":"https:\/\/www.myvize.com.tr\/ingiltere\/wp-json\/wp\/v2\/pages\/247\/revisions\/1619"}],"up":[{"embeddable":true,"href":"https:\/\/www.myvize.com.tr\/ingiltere\/wp-json\/wp\/v2\/pages\/166"}],"wp:attachment":[{"href":"https:\/\/www.myvize.com.tr\/ingiltere\/wp-json\/wp\/v2\/media?parent=247"}],"curies":[{"name":"wp","href":"https:\/\/api.w.org\/{rel}","templated":true}]}}