{"id":306,"date":"2020-12-28T13:19:06","date_gmt":"2020-12-28T10:19:06","guid":{"rendered":"https:\/\/www.myvize.com.tr\/ingiltere\/?page_id=306"},"modified":"2022-04-11T15:10:09","modified_gmt":"2022-04-11T12:10:09","slug":"corlu","status":"publish","type":"page","link":"https:\/\/www.myvize.com.tr\/ingiltere\/subelerimiz\/corlu\/","title":{"rendered":"\u00c7orlu"},"content":{"rendered":"<p><img decoding=\"async\" src=\"https:\/\/www.myvize.com.tr\/ingiltere\/wp-content\/uploads\/2021\/09\/3-10.jpg\" \/><\/p>\n","protected":false},"excerpt":{"rendered":"","protected":false},"author":1,"featured_media":0,"parent":281,"menu_order":0,"comment_status":"open","ping_status":"closed","template":"","meta":{"footnotes":""},"class_list":["post-306","page","type-page","status-publish","hentry"],"yoast_head":"<!-- This site is optimized with the Yoast SEO plugin v24.0 - https:\/\/yoast.com\/wordpress\/plugins\/seo\/ -->\n<title>\u0130ngiltere Vizesi \u00c7orlu Vize \u015eubesi - MyVize<\/title>\n<meta name=\"description\" content=\"\u0130ngiltere Vizesi \u00c7orlu Vize Merkezi. \u0130ngiltere Vize Ba\u015fvurusu \u00c7orlu \u015eubesi. \u0130ngiltere Vize Randevusu \u0130\u00e7in \u00c7orlu \u015eubesini Arayabilirsiniz.\" \/>\n<meta name=\"robots\" content=\"index, follow, max-snippet:-1, max-image-preview:large, max-video-preview:-1\" \/>\n<link rel=\"canonical\" href=\"https:\/\/www.myvize.com.tr\/ingiltere\/subelerimiz\/corlu\/\" \/>\n<meta property=\"og:locale\" content=\"tr_TR\" \/>\n<meta property=\"og:type\" content=\"article\" \/>\n<meta property=\"og:title\" content=\"\u0130ngiltere Vizesi \u00c7orlu Vize \u015eubesi - MyVize\" \/>\n<meta property=\"og:description\" content=\"\u0130ngiltere Vizesi \u00c7orlu Vize Merkezi. \u0130ngiltere Vize Ba\u015fvurusu \u00c7orlu \u015eubesi. \u0130ngiltere Vize Randevusu \u0130\u00e7in \u00c7orlu \u015eubesini Arayabilirsiniz.\" \/>\n<meta property=\"og:url\" content=\"https:\/\/www.myvize.com.tr\/ingiltere\/subelerimiz\/corlu\/\" \/>\n<meta property=\"og:site_name\" content=\"\u0130ngiltere Vize Ba\u015fvuru &amp; \u0130ngiltere Vizesi\" \/>\n<meta property=\"article:modified_time\" content=\"2022-04-11T12:10:09+00:00\" \/>\n<meta property=\"og:image\" content=\"https:\/\/www.myvize.com.tr\/ingiltere\/wp-content\/uploads\/2021\/09\/3-10.jpg\" \/>\n<meta name=\"twitter:card\" content=\"summary_large_image\" \/>\n<script type=\"application\/ld+json\" class=\"yoast-schema-graph\">{\"@context\":\"https:\/\/schema.org\",\"@graph\":[{\"@type\":\"WebPage\",\"@id\":\"https:\/\/www.myvize.com.tr\/ingiltere\/subelerimiz\/corlu\/\",\"url\":\"https:\/\/www.myvize.com.tr\/ingiltere\/subelerimiz\/corlu\/\",\"name\":\"\u0130ngiltere Vizesi \u00c7orlu Vize \u015eubesi - MyVize\",\"isPartOf\":{\"@id\":\"https:\/\/www.myvize.com.tr\/ingiltere\/#website\"},\"primaryImageOfPage\":{\"@id\":\"https:\/\/www.myvize.com.tr\/ingiltere\/subelerimiz\/corlu\/#primaryimage\"},\"image\":{\"@id\":\"https:\/\/www.myvize.com.tr\/ingiltere\/subelerimiz\/corlu\/#primaryimage\"},\"thumbnailUrl\":\"https:\/\/www.myvize.com.tr\/ingiltere\/wp-content\/uploads\/2021\/09\/3-10.jpg\",\"datePublished\":\"2020-12-28T10:19:06+00:00\",\"dateModified\":\"2022-04-11T12:10:09+00:00\",\"description\":\"\u0130ngiltere Vizesi \u00c7orlu Vize Merkezi. \u0130ngiltere Vize Ba\u015fvurusu \u00c7orlu \u015eubesi. \u0130ngiltere Vize Randevusu \u0130\u00e7in \u00c7orlu \u015eubesini Arayabilirsiniz.\",\"breadcrumb\":{\"@id\":\"https:\/\/www.myvize.com.tr\/ingiltere\/subelerimiz\/corlu\/#breadcrumb\"},\"inLanguage\":\"tr\",\"potentialAction\":[{\"@type\":\"ReadAction\",\"target\":[\"https:\/\/www.myvize.com.tr\/ingiltere\/subelerimiz\/corlu\/\"]}]},{\"@type\":\"ImageObject\",\"inLanguage\":\"tr\",\"@id\":\"https:\/\/www.myvize.com.tr\/ingiltere\/subelerimiz\/corlu\/#primaryimage\",\"url\":\"https:\/\/www.myvize.com.tr\/ingiltere\/wp-content\/uploads\/2021\/09\/3-10.jpg\",\"contentUrl\":\"https:\/\/www.myvize.com.tr\/ingiltere\/wp-content\/uploads\/2021\/09\/3-10.jpg\",\"width\":800,\"height\":500,\"caption\":\"\u0130ngiltere \u015eubelerimiz \u00c7orlu\"},{\"@type\":\"BreadcrumbList\",\"@id\":\"https:\/\/www.myvize.com.tr\/ingiltere\/subelerimiz\/corlu\/#breadcrumb\",\"itemListElement\":[{\"@type\":\"ListItem\",\"position\":1,\"name\":\"Anasayfa\",\"item\":\"https:\/\/www.myvize.com.tr\/ingiltere\/\"},{\"@type\":\"ListItem\",\"position\":2,\"name\":\"\u015eUBELER\u0130M\u0130Z\",\"item\":\"https:\/\/www.myvize.com.tr\/ingiltere\/subelerimiz\/\"},{\"@type\":\"ListItem\",\"position\":3,\"name\":\"\u00c7orlu\"}]},{\"@type\":\"WebSite\",\"@id\":\"https:\/\/www.myvize.com.tr\/ingiltere\/#website\",\"url\":\"https:\/\/www.myvize.com.tr\/ingiltere\/\",\"name\":\"\u0130ngiltere Vize Ba\u015fvuru &amp; \u0130ngiltere Vizesi\",\"description\":\"\",\"potentialAction\":[{\"@type\":\"SearchAction\",\"target\":{\"@type\":\"EntryPoint\",\"urlTemplate\":\"https:\/\/www.myvize.com.tr\/ingiltere\/?s={search_term_string}\"},\"query-input\":{\"@type\":\"PropertyValueSpecification\",\"valueRequired\":true,\"valueName\":\"search_term_string\"}}],\"inLanguage\":\"tr\"}]}<\/script>\n<!-- \/ Yoast SEO plugin. -->","yoast_head_json":{"title":"\u0130ngiltere Vizesi \u00c7orlu Vize \u015eubesi - MyVize","description":"\u0130ngiltere Vizesi \u00c7orlu Vize Merkezi. \u0130ngiltere Vize Ba\u015fvurusu \u00c7orlu \u015eubesi. \u0130ngiltere Vize Randevusu \u0130\u00e7in \u00c7orlu \u015eubesini Arayabilirsiniz.","robots":{"index":"index","follow":"follow","max-snippet":"max-snippet:-1","max-image-preview":"max-image-preview:large","max-video-preview":"max-video-preview:-1"},"canonical":"https:\/\/www.myvize.com.tr\/ingiltere\/subelerimiz\/corlu\/","og_locale":"tr_TR","og_type":"article","og_title":"\u0130ngiltere Vizesi \u00c7orlu Vize \u015eubesi - MyVize","og_description":"\u0130ngiltere Vizesi \u00c7orlu Vize Merkezi. \u0130ngiltere Vize Ba\u015fvurusu \u00c7orlu \u015eubesi. \u0130ngiltere Vize Randevusu \u0130\u00e7in \u00c7orlu \u015eubesini Arayabilirsiniz.","og_url":"https:\/\/www.myvize.com.tr\/ingiltere\/subelerimiz\/corlu\/","og_site_name":"\u0130ngiltere Vize Ba\u015fvuru &amp; \u0130ngiltere Vizesi","article_modified_time":"2022-04-11T12:10:09+00:00","og_image":[{"url":"https:\/\/www.myvize.com.tr\/ingiltere\/wp-content\/uploads\/2021\/09\/3-10.jpg","type":"","width":"","height":""}],"twitter_card":"summary_large_image","schema":{"@context":"https:\/\/schema.org","@graph":[{"@type":"WebPage","@id":"https:\/\/www.myvize.com.tr\/ingiltere\/subelerimiz\/corlu\/","url":"https:\/\/www.myvize.com.tr\/ingiltere\/subelerimiz\/corlu\/","name":"\u0130ngiltere Vizesi \u00c7orlu Vize \u015eubesi - MyVize","isPartOf":{"@id":"https:\/\/www.myvize.com.tr\/ingiltere\/#website"},"primaryImageOfPage":{"@id":"https:\/\/www.myvize.com.tr\/ingiltere\/subelerimiz\/corlu\/#primaryimage"},"image":{"@id":"https:\/\/www.myvize.com.tr\/ingiltere\/subelerimiz\/corlu\/#primaryimage"},"thumbnailUrl":"https:\/\/www.myvize.com.tr\/ingiltere\/wp-content\/uploads\/2021\/09\/3-10.jpg","datePublished":"2020-12-28T10:19:06+00:00","dateModified":"2022-04-11T12:10:09+00:00","description":"\u0130ngiltere Vizesi \u00c7orlu Vize Merkezi. \u0130ngiltere Vize Ba\u015fvurusu \u00c7orlu \u015eubesi. \u0130ngiltere Vize Randevusu \u0130\u00e7in \u00c7orlu \u015eubesini Arayabilirsiniz.","breadcrumb":{"@id":"https:\/\/www.myvize.com.tr\/ingiltere\/subelerimiz\/corlu\/#breadcrumb"},"inLanguage":"tr","potentialAction":[{"@type":"ReadAction","target":["https:\/\/www.myvize.com.tr\/ingiltere\/subelerimiz\/corlu\/"]}]},{"@type":"ImageObject","inLanguage":"tr","@id":"https:\/\/www.myvize.com.tr\/ingiltere\/subelerimiz\/corlu\/#primaryimage","url":"https:\/\/www.myvize.com.tr\/ingiltere\/wp-content\/uploads\/2021\/09\/3-10.jpg","contentUrl":"https:\/\/www.myvize.com.tr\/ingiltere\/wp-content\/uploads\/2021\/09\/3-10.jpg","width":800,"height":500,"caption":"\u0130ngiltere \u015eubelerimiz \u00c7orlu"},{"@type":"BreadcrumbList","@id":"https:\/\/www.myvize.com.tr\/ingiltere\/subelerimiz\/corlu\/#breadcrumb","itemListElement":[{"@type":"ListItem","position":1,"name":"Anasayfa","item":"https:\/\/www.myvize.com.tr\/ingiltere\/"},{"@type":"ListItem","position":2,"name":"\u015eUBELER\u0130M\u0130Z","item":"https:\/\/www.myvize.com.tr\/ingiltere\/subelerimiz\/"},{"@type":"ListItem","position":3,"name":"\u00c7orlu"}]},{"@type":"WebSite","@id":"https:\/\/www.myvize.com.tr\/ingiltere\/#website","url":"https:\/\/www.myvize.com.tr\/ingiltere\/","name":"\u0130ngiltere Vize Ba\u015fvuru &amp; \u0130ngiltere Vizesi","description":"","potentialAction":[{"@type":"SearchAction","target":{"@type":"EntryPoint","urlTemplate":"https:\/\/www.myvize.com.tr\/ingiltere\/?s={search_term_string}"},"query-input":{"@type":"PropertyValueSpecification","valueRequired":true,"valueName":"search_term_string"}}],"inLanguage":"tr"}]}},"_links":{"self":[{"href":"https:\/\/www.myvize.com.tr\/ingiltere\/wp-json\/wp\/v2\/pages\/306","targetHints":{"allow":["GET"]}}],"collection":[{"href":"https:\/\/www.myvize.com.tr\/ingiltere\/wp-json\/wp\/v2\/pages"}],"about":[{"href":"https:\/\/www.myvize.com.tr\/ingiltere\/wp-json\/wp\/v2\/types\/page"}],"author":[{"embeddable":true,"href":"https:\/\/www.myvize.com.tr\/ingiltere\/wp-json\/wp\/v2\/users\/1"}],"replies":[{"embeddable":true,"href":"https:\/\/www.myvize.com.tr\/ingiltere\/wp-json\/wp\/v2\/comments?post=306"}],"version-history":[{"count":5,"href":"https:\/\/www.myvize.com.tr\/ingiltere\/wp-json\/wp\/v2\/pages\/306\/revisions"}],"predecessor-version":[{"id":1590,"href":"https:\/\/www.myvize.com.tr\/ingiltere\/wp-json\/wp\/v2\/pages\/306\/revisions\/1590"}],"up":[{"embeddable":true,"href":"https:\/\/www.myvize.com.tr\/ingiltere\/wp-json\/wp\/v2\/pages\/281"}],"wp:attachment":[{"href":"https:\/\/www.myvize.com.tr\/ingiltere\/wp-json\/wp\/v2\/media?parent=306"}],"curies":[{"name":"wp","href":"https:\/\/api.w.org\/{rel}","templated":true}]}}