{"id":660,"date":"2021-08-18T11:41:48","date_gmt":"2021-08-18T08:41:48","guid":{"rendered":"https:\/\/www.myvize.com.tr\/ingiltere\/?page_id=660"},"modified":"2021-09-14T14:05:42","modified_gmt":"2021-09-14T11:05:42","slug":"ingiltere-ticari-vize-davetiye-mektubu","status":"publish","type":"page","link":"https:\/\/www.myvize.com.tr\/ingiltere\/ingiltere-ticari-vize-davetiye-mektubu\/","title":{"rendered":"\u0130ngiltere Ticari Vize Davetiye Mektubu"},"content":{"rendered":"<p><span style=\"font-family: Roboto; font-size: 14px;\">Avrupa b\u00f6lgesinin bat\u0131s\u0131nda yer alan \u0130ngiltere \u00fclkesi; \u0130sko\u00e7ya ve \u0130rlanda ile kom\u015fu \u00fclkelerdir. B\u00fcy\u00fck Britanya adalar\u0131nda bulunan \u0130ngiltere \u00fclkesi, ayn\u0131 zamanda Atlas Okyanusu\u2019nun \u00fczerinde yer almaktad\u0131r. Umuma Mahsus (Bordo Pasaport) harici Ye\u015fil, Gri ve Siyah pasaport sahipleri sadece seyahat ama\u00e7l\u0131 durumlarda vize almalar\u0131na gerek yoktur. Ancak <strong>Ticari vize<\/strong> al\u0131rken herkesten vize istenmektedir. <span style=\"color: #2acec2;\"><strong><a style=\"color: #2acec2;\" href=\"https:\/\/www.myvize.com.tr\/ingiltere\/vize-islemleri\/ingiltere-ticari-vize\/\" target=\"_blank\" rel=\"noopener\">\u0130ngiltere Ticari vize<\/a><\/strong><\/span> al\u0131rken de davetiye mektubu \u015fart ko\u015fulur. Bu mektubu g\u00f6nderen ki\u015fi \u0130ngiltere \u015firket mevkisinde yetkili olmal\u0131 yahut \u0130ngiltere vatanda\u015f\u0131, oturum izni olmal\u0131d\u0131r\u00a0<\/span><\/p>\n<p><span style=\"font-family: Roboto; font-size: 14px;\">avetiye mektubu \u00f6rne\u011fi nas\u0131l yaz\u0131l\u0131r:\u00a0<\/span><\/p>\n<ul>\n<li><span style=\"font-family: Roboto; font-size: 14px;\">Mektubun ba\u015f\u0131na tarih atmal\u0131s\u0131n\u0131z\u00a0<\/span><\/li>\n<li><span style=\"font-family: Roboto; font-size: 14px;\">Ard\u0131ndan <strong>\u0130ngiltere B\u00fcy\u00fckel\u00e7ili\u011fine<\/strong>, diye hitap ederek mektuba ba\u015flamal\u0131s\u0131n\u0131z.\u00a0<\/span><\/li>\n<li><span style=\"font-family: Roboto; font-size: 14px;\">Yunanistan\u2019a gidecek ki\u015finin ad\u0131 soyad\u0131 ve pasaport numaras\u0131 yaz\u0131l\u0131r. Sonra bir sonraki paragrafa \u0130ngiltere\u2019ye gidecek ki\u015finin nerede ya\u015fad\u0131\u011f\u0131, ziyaret eden ki\u015fi ile aralar\u0131ndaki ili\u015fki belirtilir ve ard\u0131ndan neden \u0130ngiltere\u2019ye davet edildi\u011fine dair gerek\u00e7e yaz\u0131l\u0131r.\u00a0<\/span><\/li>\n<li><span style=\"font-family: Roboto; font-size: 14px;\">Mektubun bitiminde davet eden ki\u015fi ad\u0131n\u0131, do\u011fum tarihini, adresini, telefon numaras\u0131n\u0131 ve imzas\u0131n\u0131 b\u0131rakmal\u0131d\u0131r.\u00a0\u00a0<\/span><\/li>\n<\/ul>\n<p><span style=\"font-family: Roboto; font-size: 14px;\">\u00a0\u00a0 Mektup onay al\u0131rsa Konsolosluk taraf\u0131ndan ka\u015fe ve m\u00fch\u00fcrlenerek evraklar\u0131n\u0131z\u0131n aras\u0131na konulup dikkate al\u0131nacakt\u0131r.\u00a0<\/span><\/p>\n","protected":false},"excerpt":{"rendered":"<p>Avrupa b\u00f6lgesinin bat\u0131s\u0131nda yer alan \u0130ngiltere \u00fclkesi; \u0130sko\u00e7ya ve \u0130rlanda ile kom\u015fu \u00fclkelerdir. B\u00fcy\u00fck Britanya adalar\u0131nda bulunan \u0130ngiltere \u00fclkesi, ayn\u0131 zamanda Atlas Okyanusu\u2019nun \u00fczerinde yer almaktad\u0131r. Umuma Mahsus (Bordo Pasaport) harici Ye\u015fil, Gri ve Siyah pasaport sahipleri sadece seyahat ama\u00e7l\u0131 durumlarda vize almalar\u0131na gerek yoktur. Ancak Ticari vize al\u0131rken herkesten vize istenmektedir. \u0130ngiltere Ticari vize<\/p>\n","protected":false},"author":1,"featured_media":0,"parent":0,"menu_order":0,"comment_status":"open","ping_status":"closed","template":"","meta":{"footnotes":""},"class_list":["post-660","page","type-page","status-publish","hentry"],"yoast_head":"<!-- This site is optimized with the Yoast SEO plugin v24.0 - https:\/\/yoast.com\/wordpress\/plugins\/seo\/ -->\n<title>\u0130ngiltere Ticari Vize Davetiye Mektubu - \u0130ngiltere Vize Ba\u015fvuru &amp; \u0130ngiltere Vizesi<\/title>\n<meta name=\"robots\" content=\"index, follow, max-snippet:-1, max-image-preview:large, max-video-preview:-1\" \/>\n<link rel=\"canonical\" href=\"https:\/\/www.myvize.com.tr\/ingiltere\/ingiltere-ticari-vize-davetiye-mektubu\/\" \/>\n<meta property=\"og:locale\" content=\"tr_TR\" \/>\n<meta property=\"og:type\" content=\"article\" \/>\n<meta property=\"og:title\" content=\"\u0130ngiltere Ticari Vize Davetiye Mektubu - \u0130ngiltere Vize Ba\u015fvuru &amp; \u0130ngiltere Vizesi\" \/>\n<meta property=\"og:description\" content=\"Avrupa b\u00f6lgesinin bat\u0131s\u0131nda yer alan \u0130ngiltere \u00fclkesi; \u0130sko\u00e7ya ve \u0130rlanda ile kom\u015fu \u00fclkelerdir. B\u00fcy\u00fck Britanya adalar\u0131nda bulunan \u0130ngiltere \u00fclkesi, ayn\u0131 zamanda Atlas Okyanusu\u2019nun \u00fczerinde yer almaktad\u0131r. Umuma Mahsus (Bordo Pasaport) harici Ye\u015fil, Gri ve Siyah pasaport sahipleri sadece seyahat ama\u00e7l\u0131 durumlarda vize almalar\u0131na gerek yoktur. Ancak Ticari vize al\u0131rken herkesten vize istenmektedir. \u0130ngiltere Ticari vize\" \/>\n<meta property=\"og:url\" content=\"https:\/\/www.myvize.com.tr\/ingiltere\/ingiltere-ticari-vize-davetiye-mektubu\/\" \/>\n<meta property=\"og:site_name\" content=\"\u0130ngiltere Vize Ba\u015fvuru &amp; \u0130ngiltere Vizesi\" \/>\n<meta property=\"article:modified_time\" content=\"2021-09-14T11:05:42+00:00\" \/>\n<meta name=\"twitter:card\" content=\"summary_large_image\" \/>\n<meta name=\"twitter:label1\" content=\"Tahmini okuma s\u00fcresi\" \/>\n\t<meta name=\"twitter:data1\" content=\"1 dakika\" \/>\n<script type=\"application\/ld+json\" class=\"yoast-schema-graph\">{\"@context\":\"https:\/\/schema.org\",\"@graph\":[{\"@type\":\"WebPage\",\"@id\":\"https:\/\/www.myvize.com.tr\/ingiltere\/ingiltere-ticari-vize-davetiye-mektubu\/\",\"url\":\"https:\/\/www.myvize.com.tr\/ingiltere\/ingiltere-ticari-vize-davetiye-mektubu\/\",\"name\":\"\u0130ngiltere Ticari Vize Davetiye Mektubu - \u0130ngiltere Vize Ba\u015fvuru &amp; \u0130ngiltere Vizesi\",\"isPartOf\":{\"@id\":\"https:\/\/www.myvize.com.tr\/ingiltere\/#website\"},\"datePublished\":\"2021-08-18T08:41:48+00:00\",\"dateModified\":\"2021-09-14T11:05:42+00:00\",\"breadcrumb\":{\"@id\":\"https:\/\/www.myvize.com.tr\/ingiltere\/ingiltere-ticari-vize-davetiye-mektubu\/#breadcrumb\"},\"inLanguage\":\"tr\",\"potentialAction\":[{\"@type\":\"ReadAction\",\"target\":[\"https:\/\/www.myvize.com.tr\/ingiltere\/ingiltere-ticari-vize-davetiye-mektubu\/\"]}]},{\"@type\":\"BreadcrumbList\",\"@id\":\"https:\/\/www.myvize.com.tr\/ingiltere\/ingiltere-ticari-vize-davetiye-mektubu\/#breadcrumb\",\"itemListElement\":[{\"@type\":\"ListItem\",\"position\":1,\"name\":\"Anasayfa\",\"item\":\"https:\/\/www.myvize.com.tr\/ingiltere\/\"},{\"@type\":\"ListItem\",\"position\":2,\"name\":\"\u0130ngiltere Ticari Vize Davetiye Mektubu\"}]},{\"@type\":\"WebSite\",\"@id\":\"https:\/\/www.myvize.com.tr\/ingiltere\/#website\",\"url\":\"https:\/\/www.myvize.com.tr\/ingiltere\/\",\"name\":\"\u0130ngiltere Vize Ba\u015fvuru &amp; \u0130ngiltere Vizesi\",\"description\":\"\",\"potentialAction\":[{\"@type\":\"SearchAction\",\"target\":{\"@type\":\"EntryPoint\",\"urlTemplate\":\"https:\/\/www.myvize.com.tr\/ingiltere\/?s={search_term_string}\"},\"query-input\":{\"@type\":\"PropertyValueSpecification\",\"valueRequired\":true,\"valueName\":\"search_term_string\"}}],\"inLanguage\":\"tr\"}]}<\/script>\n<!-- \/ Yoast SEO plugin. -->","yoast_head_json":{"title":"\u0130ngiltere Ticari Vize Davetiye Mektubu - \u0130ngiltere Vize Ba\u015fvuru &amp; \u0130ngiltere Vizesi","robots":{"index":"index","follow":"follow","max-snippet":"max-snippet:-1","max-image-preview":"max-image-preview:large","max-video-preview":"max-video-preview:-1"},"canonical":"https:\/\/www.myvize.com.tr\/ingiltere\/ingiltere-ticari-vize-davetiye-mektubu\/","og_locale":"tr_TR","og_type":"article","og_title":"\u0130ngiltere Ticari Vize Davetiye Mektubu - \u0130ngiltere Vize Ba\u015fvuru &amp; \u0130ngiltere Vizesi","og_description":"Avrupa b\u00f6lgesinin bat\u0131s\u0131nda yer alan \u0130ngiltere \u00fclkesi; \u0130sko\u00e7ya ve \u0130rlanda ile kom\u015fu \u00fclkelerdir. B\u00fcy\u00fck Britanya adalar\u0131nda bulunan \u0130ngiltere \u00fclkesi, ayn\u0131 zamanda Atlas Okyanusu\u2019nun \u00fczerinde yer almaktad\u0131r. Umuma Mahsus (Bordo Pasaport) harici Ye\u015fil, Gri ve Siyah pasaport sahipleri sadece seyahat ama\u00e7l\u0131 durumlarda vize almalar\u0131na gerek yoktur. Ancak Ticari vize al\u0131rken herkesten vize istenmektedir. \u0130ngiltere Ticari vize","og_url":"https:\/\/www.myvize.com.tr\/ingiltere\/ingiltere-ticari-vize-davetiye-mektubu\/","og_site_name":"\u0130ngiltere Vize Ba\u015fvuru &amp; \u0130ngiltere Vizesi","article_modified_time":"2021-09-14T11:05:42+00:00","twitter_card":"summary_large_image","twitter_misc":{"Tahmini okuma s\u00fcresi":"1 dakika"},"schema":{"@context":"https:\/\/schema.org","@graph":[{"@type":"WebPage","@id":"https:\/\/www.myvize.com.tr\/ingiltere\/ingiltere-ticari-vize-davetiye-mektubu\/","url":"https:\/\/www.myvize.com.tr\/ingiltere\/ingiltere-ticari-vize-davetiye-mektubu\/","name":"\u0130ngiltere Ticari Vize Davetiye Mektubu - \u0130ngiltere Vize Ba\u015fvuru &amp; \u0130ngiltere Vizesi","isPartOf":{"@id":"https:\/\/www.myvize.com.tr\/ingiltere\/#website"},"datePublished":"2021-08-18T08:41:48+00:00","dateModified":"2021-09-14T11:05:42+00:00","breadcrumb":{"@id":"https:\/\/www.myvize.com.tr\/ingiltere\/ingiltere-ticari-vize-davetiye-mektubu\/#breadcrumb"},"inLanguage":"tr","potentialAction":[{"@type":"ReadAction","target":["https:\/\/www.myvize.com.tr\/ingiltere\/ingiltere-ticari-vize-davetiye-mektubu\/"]}]},{"@type":"BreadcrumbList","@id":"https:\/\/www.myvize.com.tr\/ingiltere\/ingiltere-ticari-vize-davetiye-mektubu\/#breadcrumb","itemListElement":[{"@type":"ListItem","position":1,"name":"Anasayfa","item":"https:\/\/www.myvize.com.tr\/ingiltere\/"},{"@type":"ListItem","position":2,"name":"\u0130ngiltere Ticari Vize Davetiye Mektubu"}]},{"@type":"WebSite","@id":"https:\/\/www.myvize.com.tr\/ingiltere\/#website","url":"https:\/\/www.myvize.com.tr\/ingiltere\/","name":"\u0130ngiltere Vize Ba\u015fvuru &amp; \u0130ngiltere Vizesi","description":"","potentialAction":[{"@type":"SearchAction","target":{"@type":"EntryPoint","urlTemplate":"https:\/\/www.myvize.com.tr\/ingiltere\/?s={search_term_string}"},"query-input":{"@type":"PropertyValueSpecification","valueRequired":true,"valueName":"search_term_string"}}],"inLanguage":"tr"}]}},"_links":{"self":[{"href":"https:\/\/www.myvize.com.tr\/ingiltere\/wp-json\/wp\/v2\/pages\/660","targetHints":{"allow":["GET"]}}],"collection":[{"href":"https:\/\/www.myvize.com.tr\/ingiltere\/wp-json\/wp\/v2\/pages"}],"about":[{"href":"https:\/\/www.myvize.com.tr\/ingiltere\/wp-json\/wp\/v2\/types\/page"}],"author":[{"embeddable":true,"href":"https:\/\/www.myvize.com.tr\/ingiltere\/wp-json\/wp\/v2\/users\/1"}],"replies":[{"embeddable":true,"href":"https:\/\/www.myvize.com.tr\/ingiltere\/wp-json\/wp\/v2\/comments?post=660"}],"version-history":[{"count":1,"href":"https:\/\/www.myvize.com.tr\/ingiltere\/wp-json\/wp\/v2\/pages\/660\/revisions"}],"predecessor-version":[{"id":662,"href":"https:\/\/www.myvize.com.tr\/ingiltere\/wp-json\/wp\/v2\/pages\/660\/revisions\/662"}],"wp:attachment":[{"href":"https:\/\/www.myvize.com.tr\/ingiltere\/wp-json\/wp\/v2\/media?parent=660"}],"curies":[{"name":"wp","href":"https:\/\/api.w.org\/{rel}","templated":true}]}}