{"id":176,"date":"2020-12-24T16:01:31","date_gmt":"2020-12-24T13:01:31","guid":{"rendered":"https:\/\/www.myvize.com.tr\/ispanya\/?page_id=176"},"modified":"2022-04-11T17:25:01","modified_gmt":"2022-04-11T14:25:01","slug":"aile-birlesimi","status":"publish","type":"page","link":"https:\/\/www.myvize.com.tr\/ispanya\/oturum-2\/aile-birlesimi\/","title":{"rendered":"\u0130spanya Aile Birle\u015fimi"},"content":{"rendered":"<h2><strong><span style=\"font-family: Roboto; font-size: 27px;\">\u0130spanya Aile Birle\u015fimi \u0130\u00e7in Gerekli Evraklar<\/span><\/strong><\/h2>\n<p><span style=\"font-family: Roboto; font-size: 14px;\">\u0130spanya\u2019da bulunan aile \u00fcyesi ile beraber \u0130spanya\u2019da ya\u015famak isteyen ki\u015filer, <strong>\u0130spanya aile birle\u015fimi vizesi<\/strong> almas\u0131 gerekmektedir. <strong>\u0130spanya aile birle\u015fimi vizesi<\/strong> ba\u015fvurular\u0131, \u0130spanya Konsolosluklar\u0131na ya da<span style=\"color: #2acec2;\"><strong><a style=\"color: #2acec2;\" href=\"https:\/\/www.myvize.com.tr\/ispanya\/vize-islemleri\/ispanya-vize-basvurusu\/\" target=\"_blank\" rel=\"noopener\"> \u0130spanya vize ba\u015fvurusu\u00a0<\/a><\/strong><\/span>merkezlerine yap\u0131lmal\u0131d\u0131r. Ancak ba\u015fvuru i\u00e7in baz\u0131 evraklar haz\u0131rlanmal\u0131d\u0131r.<strong> \u0130spanya aile birle\u015fimi<\/strong> i\u00e7in gerekli evraklar a\u015fa\u011f\u0131da verilmi\u015ftir.<\/span><\/p>\n<ul>\n<li><span style=\"font-family: Roboto; font-size: 14px;\"><strong>Pasaport:\u00a0<\/strong>\u0130spanya\u2019ya yap\u0131lacak seyahatlerde pasaportunuzun olmas\u0131 zorunludur. Pasaportunuzun g\u00fcncel ve y\u0131pranmam\u0131\u015f oldu\u011funa dikkat etmelisiniz. Ayr\u0131ca pasaportun en az 1 y\u0131ll\u0131k ge\u00e7erlili\u011fi olmal\u0131d\u0131r.<\/span><\/li>\n<li><span style=\"font-family: Roboto; font-size: 14px;\"><strong>Vize Ba\u015fvuru Formu:\u00a0<\/strong>\u0130spanya seyahatleri i\u00e7in doldurulmas\u0131 gereken zorunlu bir beldedir. Bu belgede ki\u015fisel bilgiler, seyahat amac\u0131, aile bilgileri, pasaport bilgileri gibi ba\u015fvuru sahibi hakk\u0131nda detayl\u0131 bilgiler yer almaktad\u0131r.<\/span><\/li>\n<li><span style=\"font-family: Roboto; font-size: 14px;\"><strong>Uluslararas\u0131 Evlenme Kay\u0131t \u00d6rne\u011fi:\u00a0<\/strong>Form\u00fcl B belgesi olarak bilinen bu belge, aile birle\u015fimi yapaca\u011f\u0131n\u0131z ki\u015fi ile evli oldu\u011funuzu g\u00f6steren bir belgedir. Bu belgeyi evlilik yolu ile <strong>aile birle\u015fimi<\/strong> yapacak olan ki\u015filerin vermesi zorunludur.<\/span><\/li>\n<li><span style=\"font-family: Roboto; font-size: 14px;\"><strong>N\u00fcfus C\u00fczdan\u0131 Fotokopisi:\u00a0<\/strong>\u00f6n ve arka y\u00fcz fotokopisi gereklidir.<\/span><\/li>\n<li><span style=\"font-family: Roboto; font-size: 14px;\"><strong>Tam vukuatl\u0131 n\u00fcfus kay\u0131t \u00f6rne\u011fi<\/strong><\/span><\/li>\n<li><span style=\"font-family: Roboto; font-size: 14px;\"><strong>Banka hesap d\u00f6k\u00fcmleri<\/strong><\/span><\/li>\n<li><span style=\"font-family: Roboto; font-size: 14px;\"><strong>Adli sicil kayd\u0131<\/strong><\/span><\/li>\n<li><span style=\"font-family: Roboto; font-size: 14px;\"><strong>Dil yeterlili\u011fi belgesi<\/strong><\/span><\/li>\n<li><span style=\"font-family: Roboto; font-size: 14px;\"><strong>U\u00e7u\u015f ve konaklama bilgileri<\/strong><\/span><\/li>\n<li><span style=\"font-family: Roboto; font-size: 14px;\"><strong>Akrabal\u0131k ba\u011flar\u0131n\u0131 kan\u0131tlayan belgeler<\/strong><\/span><\/li>\n<\/ul>\n<p><img decoding=\"async\" src=\"https:\/\/www.myvize.com.tr\/ispanya\/wp-content\/uploads\/2021\/10\/29.jpg\" \/><\/p>\n","protected":false},"excerpt":{"rendered":"<p>\u0130spanya Aile Birle\u015fimi \u0130\u00e7in Gerekli Evraklar \u0130spanya\u2019da bulunan aile \u00fcyesi ile beraber \u0130spanya\u2019da ya\u015famak isteyen ki\u015filer, \u0130spanya aile birle\u015fimi vizesi almas\u0131 gerekmektedir. \u0130spanya aile birle\u015fimi vizesi ba\u015fvurular\u0131, \u0130spanya Konsolosluklar\u0131na ya da \u0130spanya vize ba\u015fvurusu\u00a0merkezlerine yap\u0131lmal\u0131d\u0131r. Ancak ba\u015fvuru i\u00e7in baz\u0131 evraklar haz\u0131rlanmal\u0131d\u0131r. \u0130spanya aile birle\u015fimi i\u00e7in gerekli evraklar a\u015fa\u011f\u0131da verilmi\u015ftir. Pasaport:\u00a0\u0130spanya\u2019ya yap\u0131lacak seyahatlerde pasaportunuzun olmas\u0131 zorunludur.<\/p>\n","protected":false},"author":1,"featured_media":0,"parent":163,"menu_order":0,"comment_status":"open","ping_status":"closed","template":"","meta":{"footnotes":""},"class_list":["post-176","page","type-page","status-publish","hentry"],"yoast_head":"<!-- This site is optimized with the Yoast SEO plugin v24.0 - https:\/\/yoast.com\/wordpress\/plugins\/seo\/ -->\n<title>\u0130spanya Aile Birle\u015fimi Vizesi - \u0130spanya Vize - MyVize<\/title>\n<meta name=\"description\" content=\"\u0130spanya aile birle\u015fimi vizesi i\u00e7in gerekli evraklar neler? \u0130spanya aile birle\u015fimi vizesi i\u00e7in neler gerekli ve \u015fartlar\u0131 nelerdir?\" \/>\n<meta name=\"robots\" content=\"index, follow, max-snippet:-1, max-image-preview:large, max-video-preview:-1\" \/>\n<link rel=\"canonical\" href=\"https:\/\/www.myvize.com.tr\/ispanya\/oturum-2\/aile-birlesimi\/\" \/>\n<meta property=\"og:locale\" content=\"tr_TR\" \/>\n<meta property=\"og:type\" content=\"article\" \/>\n<meta property=\"og:title\" content=\"\u0130spanya Aile Birle\u015fimi Vizesi - \u0130spanya Vize - MyVize\" \/>\n<meta property=\"og:description\" content=\"\u0130spanya aile birle\u015fimi vizesi i\u00e7in gerekli evraklar neler? \u0130spanya aile birle\u015fimi vizesi i\u00e7in neler gerekli ve \u015fartlar\u0131 nelerdir?\" \/>\n<meta property=\"og:url\" content=\"https:\/\/www.myvize.com.tr\/ispanya\/oturum-2\/aile-birlesimi\/\" \/>\n<meta property=\"og:site_name\" content=\"\u0130spanya Vizesi\" \/>\n<meta property=\"article:modified_time\" content=\"2022-04-11T14:25:01+00:00\" \/>\n<meta property=\"og:image\" content=\"https:\/\/www.myvize.com.tr\/ispanya\/wp-content\/uploads\/2021\/10\/29.jpg\" \/>\n<meta name=\"twitter:card\" content=\"summary_large_image\" \/>\n<meta name=\"twitter:label1\" content=\"Tahmini okuma s\u00fcresi\" \/>\n\t<meta name=\"twitter:data1\" content=\"1 dakika\" \/>\n<script type=\"application\/ld+json\" class=\"yoast-schema-graph\">{\"@context\":\"https:\/\/schema.org\",\"@graph\":[{\"@type\":\"WebPage\",\"@id\":\"https:\/\/www.myvize.com.tr\/ispanya\/oturum-2\/aile-birlesimi\/\",\"url\":\"https:\/\/www.myvize.com.tr\/ispanya\/oturum-2\/aile-birlesimi\/\",\"name\":\"\u0130spanya Aile Birle\u015fimi Vizesi - \u0130spanya Vize - MyVize\",\"isPartOf\":{\"@id\":\"https:\/\/www.myvize.com.tr\/ispanya\/#website\"},\"primaryImageOfPage\":{\"@id\":\"https:\/\/www.myvize.com.tr\/ispanya\/oturum-2\/aile-birlesimi\/#primaryimage\"},\"image\":{\"@id\":\"https:\/\/www.myvize.com.tr\/ispanya\/oturum-2\/aile-birlesimi\/#primaryimage\"},\"thumbnailUrl\":\"https:\/\/www.myvize.com.tr\/ispanya\/wp-content\/uploads\/2021\/10\/29.jpg\",\"datePublished\":\"2020-12-24T13:01:31+00:00\",\"dateModified\":\"2022-04-11T14:25:01+00:00\",\"description\":\"\u0130spanya aile birle\u015fimi vizesi i\u00e7in gerekli evraklar neler? \u0130spanya aile birle\u015fimi vizesi i\u00e7in neler gerekli ve \u015fartlar\u0131 nelerdir?\",\"breadcrumb\":{\"@id\":\"https:\/\/www.myvize.com.tr\/ispanya\/oturum-2\/aile-birlesimi\/#breadcrumb\"},\"inLanguage\":\"tr\",\"potentialAction\":[{\"@type\":\"ReadAction\",\"target\":[\"https:\/\/www.myvize.com.tr\/ispanya\/oturum-2\/aile-birlesimi\/\"]}]},{\"@type\":\"ImageObject\",\"inLanguage\":\"tr\",\"@id\":\"https:\/\/www.myvize.com.tr\/ispanya\/oturum-2\/aile-birlesimi\/#primaryimage\",\"url\":\"https:\/\/www.myvize.com.tr\/ispanya\/wp-content\/uploads\/2021\/10\/29.jpg\",\"contentUrl\":\"https:\/\/www.myvize.com.tr\/ispanya\/wp-content\/uploads\/2021\/10\/29.jpg\",\"width\":800,\"height\":500,\"caption\":\"\u0130spanya Aile Birle\u015fimi\"},{\"@type\":\"BreadcrumbList\",\"@id\":\"https:\/\/www.myvize.com.tr\/ispanya\/oturum-2\/aile-birlesimi\/#breadcrumb\",\"itemListElement\":[{\"@type\":\"ListItem\",\"position\":1,\"name\":\"Anasayfa\",\"item\":\"https:\/\/www.myvize.com.tr\/ispanya\/\"},{\"@type\":\"ListItem\",\"position\":2,\"name\":\"OTURUM\",\"item\":\"https:\/\/www.myvize.com.tr\/ispanya\/oturum-2\/\"},{\"@type\":\"ListItem\",\"position\":3,\"name\":\"\u0130spanya Aile Birle\u015fimi\"}]},{\"@type\":\"WebSite\",\"@id\":\"https:\/\/www.myvize.com.tr\/ispanya\/#website\",\"url\":\"https:\/\/www.myvize.com.tr\/ispanya\/\",\"name\":\"\u0130spanya Vizesi\",\"description\":\"\",\"potentialAction\":[{\"@type\":\"SearchAction\",\"target\":{\"@type\":\"EntryPoint\",\"urlTemplate\":\"https:\/\/www.myvize.com.tr\/ispanya\/?s={search_term_string}\"},\"query-input\":{\"@type\":\"PropertyValueSpecification\",\"valueRequired\":true,\"valueName\":\"search_term_string\"}}],\"inLanguage\":\"tr\"}]}<\/script>\n<!-- \/ Yoast SEO plugin. -->","yoast_head_json":{"title":"\u0130spanya Aile Birle\u015fimi Vizesi - \u0130spanya Vize - MyVize","description":"\u0130spanya aile birle\u015fimi vizesi i\u00e7in gerekli evraklar neler? \u0130spanya aile birle\u015fimi vizesi i\u00e7in neler gerekli ve \u015fartlar\u0131 nelerdir?","robots":{"index":"index","follow":"follow","max-snippet":"max-snippet:-1","max-image-preview":"max-image-preview:large","max-video-preview":"max-video-preview:-1"},"canonical":"https:\/\/www.myvize.com.tr\/ispanya\/oturum-2\/aile-birlesimi\/","og_locale":"tr_TR","og_type":"article","og_title":"\u0130spanya Aile Birle\u015fimi Vizesi - \u0130spanya Vize - MyVize","og_description":"\u0130spanya aile birle\u015fimi vizesi i\u00e7in gerekli evraklar neler? \u0130spanya aile birle\u015fimi vizesi i\u00e7in neler gerekli ve \u015fartlar\u0131 nelerdir?","og_url":"https:\/\/www.myvize.com.tr\/ispanya\/oturum-2\/aile-birlesimi\/","og_site_name":"\u0130spanya Vizesi","article_modified_time":"2022-04-11T14:25:01+00:00","og_image":[{"url":"https:\/\/www.myvize.com.tr\/ispanya\/wp-content\/uploads\/2021\/10\/29.jpg","type":"","width":"","height":""}],"twitter_card":"summary_large_image","twitter_misc":{"Tahmini okuma s\u00fcresi":"1 dakika"},"schema":{"@context":"https:\/\/schema.org","@graph":[{"@type":"WebPage","@id":"https:\/\/www.myvize.com.tr\/ispanya\/oturum-2\/aile-birlesimi\/","url":"https:\/\/www.myvize.com.tr\/ispanya\/oturum-2\/aile-birlesimi\/","name":"\u0130spanya Aile Birle\u015fimi Vizesi - \u0130spanya Vize - MyVize","isPartOf":{"@id":"https:\/\/www.myvize.com.tr\/ispanya\/#website"},"primaryImageOfPage":{"@id":"https:\/\/www.myvize.com.tr\/ispanya\/oturum-2\/aile-birlesimi\/#primaryimage"},"image":{"@id":"https:\/\/www.myvize.com.tr\/ispanya\/oturum-2\/aile-birlesimi\/#primaryimage"},"thumbnailUrl":"https:\/\/www.myvize.com.tr\/ispanya\/wp-content\/uploads\/2021\/10\/29.jpg","datePublished":"2020-12-24T13:01:31+00:00","dateModified":"2022-04-11T14:25:01+00:00","description":"\u0130spanya aile birle\u015fimi vizesi i\u00e7in gerekli evraklar neler? \u0130spanya aile birle\u015fimi vizesi i\u00e7in neler gerekli ve \u015fartlar\u0131 nelerdir?","breadcrumb":{"@id":"https:\/\/www.myvize.com.tr\/ispanya\/oturum-2\/aile-birlesimi\/#breadcrumb"},"inLanguage":"tr","potentialAction":[{"@type":"ReadAction","target":["https:\/\/www.myvize.com.tr\/ispanya\/oturum-2\/aile-birlesimi\/"]}]},{"@type":"ImageObject","inLanguage":"tr","@id":"https:\/\/www.myvize.com.tr\/ispanya\/oturum-2\/aile-birlesimi\/#primaryimage","url":"https:\/\/www.myvize.com.tr\/ispanya\/wp-content\/uploads\/2021\/10\/29.jpg","contentUrl":"https:\/\/www.myvize.com.tr\/ispanya\/wp-content\/uploads\/2021\/10\/29.jpg","width":800,"height":500,"caption":"\u0130spanya Aile Birle\u015fimi"},{"@type":"BreadcrumbList","@id":"https:\/\/www.myvize.com.tr\/ispanya\/oturum-2\/aile-birlesimi\/#breadcrumb","itemListElement":[{"@type":"ListItem","position":1,"name":"Anasayfa","item":"https:\/\/www.myvize.com.tr\/ispanya\/"},{"@type":"ListItem","position":2,"name":"OTURUM","item":"https:\/\/www.myvize.com.tr\/ispanya\/oturum-2\/"},{"@type":"ListItem","position":3,"name":"\u0130spanya Aile Birle\u015fimi"}]},{"@type":"WebSite","@id":"https:\/\/www.myvize.com.tr\/ispanya\/#website","url":"https:\/\/www.myvize.com.tr\/ispanya\/","name":"\u0130spanya Vizesi","description":"","potentialAction":[{"@type":"SearchAction","target":{"@type":"EntryPoint","urlTemplate":"https:\/\/www.myvize.com.tr\/ispanya\/?s={search_term_string}"},"query-input":{"@type":"PropertyValueSpecification","valueRequired":true,"valueName":"search_term_string"}}],"inLanguage":"tr"}]}},"_links":{"self":[{"href":"https:\/\/www.myvize.com.tr\/ispanya\/wp-json\/wp\/v2\/pages\/176","targetHints":{"allow":["GET"]}}],"collection":[{"href":"https:\/\/www.myvize.com.tr\/ispanya\/wp-json\/wp\/v2\/pages"}],"about":[{"href":"https:\/\/www.myvize.com.tr\/ispanya\/wp-json\/wp\/v2\/types\/page"}],"author":[{"embeddable":true,"href":"https:\/\/www.myvize.com.tr\/ispanya\/wp-json\/wp\/v2\/users\/1"}],"replies":[{"embeddable":true,"href":"https:\/\/www.myvize.com.tr\/ispanya\/wp-json\/wp\/v2\/comments?post=176"}],"version-history":[{"count":5,"href":"https:\/\/www.myvize.com.tr\/ispanya\/wp-json\/wp\/v2\/pages\/176\/revisions"}],"predecessor-version":[{"id":952,"href":"https:\/\/www.myvize.com.tr\/ispanya\/wp-json\/wp\/v2\/pages\/176\/revisions\/952"}],"up":[{"embeddable":true,"href":"https:\/\/www.myvize.com.tr\/ispanya\/wp-json\/wp\/v2\/pages\/163"}],"wp:attachment":[{"href":"https:\/\/www.myvize.com.tr\/ispanya\/wp-json\/wp\/v2\/media?parent=176"}],"curies":[{"name":"wp","href":"https:\/\/api.w.org\/{rel}","templated":true}]}}