{"id":188,"date":"2020-12-24T16:03:47","date_gmt":"2020-12-24T13:03:47","guid":{"rendered":"https:\/\/www.myvize.com.tr\/ispanya\/?page_id=188"},"modified":"2022-04-12T12:59:28","modified_gmt":"2022-04-12T09:59:28","slug":"ispanya-vize-basvuru-formu","status":"publish","type":"page","link":"https:\/\/www.myvize.com.tr\/ispanya\/form-ve-dilekce\/ispanya-vize-basvuru-formu\/","title":{"rendered":"\u0130spanya Vize Ba\u015fvuru Formu"},"content":{"rendered":"\r\n<h2><strong><span style=\"font-size: 27px; font-family: Roboto;\">\u0130spanya Vize Ba\u015fvuru Formu Hakk\u0131nda<\/span><\/strong><\/h2>\r\n<p><span style=\"font-family: Roboto; font-size: 14px;\">\u0130spanya vize i\u015flemlerinin ba\u015flat\u0131lmas\u0131nda en b\u00fcy\u00fck etken\u00a0<strong>\u0130spanya Vize Ba\u015fvuru Formu\u00a0<\/strong>haz\u0131rlamakt\u0131r. Bu forum sayesinde vize i\u015flemlerinizi onaylatabilir ve vize \u00e7\u0131k\u0131\u015f\u0131n\u0131 sa\u011flayabilirsiniz. Ancak\u00a0<strong>\u0130spanya Vize Ba\u015fvuru Formu\u00a0<\/strong>haz\u0131rlan\u0131rken dikkat edilmesi gerekir. Ufac\u0131k bir hata ile emeklerinizin ziyan olmas\u0131 m\u00fcmk\u00fcnd\u00fcr. Bu y\u00fczden\u00a0<strong>\u0130spanya Vize Ba\u015fvuru Formu\u00a0<\/strong>\u00f6nem ta\u015f\u0131maktad\u0131r. Eksik ve yanl\u0131\u015f yap\u0131lan ba\u015fvurular kesinlikle de\u011ferlendirmeye al\u0131nmamaktad\u0131r.\u00a0 Resmi bir kuruma verdi\u011finiz her beyan ger\u00e7ek\u00e7i olmak zorundad\u0131r.<strong><span style=\"color: #2acec2;\"><a style=\"color: #2acec2;\" href=\"https:\/\/www.myvize.com.tr\/ispanya\/vize-islemleri\/ispanya-vizesi\/\" target=\"_blank\" rel=\"noopener\">\u00a0\u0130spanya Vizesi<\/a><\/span> Ba\u015fvuru Formu <\/strong>ile dosyalanan belgeler aras\u0131nda terslik olu\u015fursa vize i\u015flemlerine ba\u015flaman\u0131z olanaks\u0131zd\u0131r. Ba\u015fvurunuz ge\u00e7ersiz say\u0131laca\u011f\u0131 gibi birde yalan beyandan su\u00e7lu konuma d\u00fc\u015fmeniz ka\u00e7\u0131n\u0131lmazd\u0131r. Bu gibi duruma d\u00fc\u015fmemek ad\u0131na dikkatli ve kontroll\u00fc davranmak i\u015fleyi\u015fin ilerlemesi a\u00e7\u0131s\u0131ndan \u00f6nemlidir.<\/span><\/p>\r\n<p><span style=\"font-family: Roboto; font-size: 14px;\">\r\n\r\n<\/span><\/p>\r\n<p><span style=\"font-family: Roboto; font-size: 14px;\"><strong>\u0130spanya Vize Ba\u015fvuru Formu\u00a0<\/strong>elden teslim edilmelidir. Bu y\u00fczden online olarak doldurulma olana\u011f\u0131 yoktur. Ancak ba\u015fvuru forumunun \u00e7\u0131kt\u0131s\u0131n\u0131 rahat bir \u015fekilde al\u0131nmaktad\u0131r.\u00a0<strong>\u0130spanya Vize Ba\u015fvuru Formu\u00a0<\/strong>b\u00fcy\u00fck harflerle olacak \u015fekilde t\u00fckenmez yard\u0131m\u0131 ile haz\u0131rlanmal\u0131d\u0131r. Ancak bunu dikkatli bir \u015fekilde acele etmeden yapman\u0131z hata yapman\u0131z\u0131 engelleyecektir.\u00a0<strong>\u0130spanya Vize Ba\u015fvuru Formu\u00a0<\/strong>hata kabul etmeyen resmi bir belgedir. Bu y\u00fczden verdi\u011finiz bilgilere \u00e7ok dikkat edilmesi gerekir. \u00d6zellikle yalan beyan bildirimi sahtecilik su\u00e7unu tetikler.<strong><span style=\"color: #2acec2;\"><a style=\"color: #2acec2;\" href=\"https:\/\/www.myvize.com.tr\/ispanya\/vize-islemleri\/ispanya-vize-basvurusu\/\" target=\"_blank\" rel=\"noopener\">\u00a0<\/a>\u0130spanya Vize Ba\u015fvurusu<\/span> Formu<\/strong>\u00a0T\u00fcrk\u00e7e, \u0130ngilizce ve \u0130spanyol dili ile olu\u015fturulabilmektedir. Ki\u015fisel bilgileriniz ve \u00fclkeye seyahat amac\u0131n\u0131z\u0131 a\u00e7\u0131k bir dille ifade edece\u011finiz bu belge vize al\u0131p alamayaca\u011f\u0131n\u0131z\u0131 belirleyece\u011finden dikkatle haz\u0131rlanmal\u0131d\u0131r.<\/span><\/p>\r\n<p><img decoding=\"async\" src=\"https:\/\/www.myvize.com.tr\/ispanya\/wp-content\/uploads\/2021\/10\/37.jpg\" \/><\/p>\r\n<p><span style=\"font-family: Roboto; font-size: 14px;\">90 g\u00fcnden uzun s\u00fcrecek konaklamalar i\u00e7in (Oturum izni) uzun s\u00fcreli <strong>vize ba\u015fvuru formu<\/strong> se\u00e7ilmelidir. Uzun s\u00fcreli kal\u0131\u015flar i\u00e7in olan form, \u0130spanyolca dilindedir. Uzun s\u00fcreli olan vizeler i\u00e7in, konsolosluk ve b\u00fcy\u00fckel\u00e7ilikler \u00fczerinden ba\u015fvuru gerekirken, k\u0131sa s\u00fcreli vizeler i\u00e7in <strong>vize ba\u015fvuru merkezleri<\/strong> ile ba\u015fvurunuzu ger\u00e7ekle\u015ftirebilirsiniz. Randevu almak i\u00e7in Konsolosluk ve b\u00fcy\u00fckel\u00e7ili\u011fin resmi online sitesini kullan\u0131n\u0131z.<\/span><\/p>\r\n<p><span style=\"font-family: Roboto; font-size: 14px;\"><strong>\u0130spanya Vize Ba\u015fvuru<\/strong> Formu &#8216;nu doldururken, pasaporttaki bilgilerin ayn\u0131s\u0131 forma yaz\u0131lmal\u0131d\u0131r. E\u011fer ba\u015fka bir \u00fclke vatanda\u015fl\u0131\u011f\u0131na da sahipseniz, Form \u00fczerindeki ilgili alanda bu bilgiyi a\u00e7\u0131k\u00e7a payla\u015fman\u0131z gerekir. Re\u015fit olan ki\u015filerin ba\u015fvuru formunu bizzat kendileri taraf\u0131ndan, silinmez bir kalemle imzalamalar\u0131 gerekir. Formda bulunan 2 adet imza yeri kesinlikle imzalanmal\u0131d\u0131r. Tek imzal\u0131 formlar\u0131n ba\u015fvurusu yanl\u0131\u015fl\u0131kla al\u0131nm\u0131\u015f bile olsa, devam eden i\u015flemler ger\u00e7ekle\u015ftirilmez. 18 ya\u015f\u0131ndan k\u00fc\u00e7\u00fcklerin<strong> vize ba\u015fvuru<\/strong> formlar\u0131 ebeveynleri veya yasal vasileri taraf\u0131ndan imzalamalar\u0131 gerekecektir.<\/span><\/p>\r\n<p><span style=\"font-family: Roboto; font-size: 14px;\">Vize ba\u015fvuru formunu doldururken, pasaportunuzla ilgili bilgileri (Pasaport nereden al\u0131nd\u0131, hangi tarihte al\u0131nd\u0131, ge\u00e7erlilik s\u00fcresi nedir, pasaportun t\u00fcr\u00fc nedir) dikkatlice doldurmaya \u00f6zen g\u00f6steriniz. Ge\u00e7erli pasaportunuzun t\u00fcm sayfalar\u0131ndaki bilgiler okunakl\u0131 olmal\u0131d\u0131r. Su lekesi nedeniyle silinmeler, tahribat yap\u0131lm\u0131\u015f pasaport kabul edilmeyecektir. Seyahatinizin bitiminden itibaren 3 ay 15 g\u00fcn s\u00fcre daha pasaportunuz ge\u00e7erli olmal\u0131d\u0131r.<\/span><\/p>\r\n<p><span style=\"font-family: Roboto; font-size: 14px;\">Vize ba\u015fvurunuzun onay s\u00fcrecinde, ek bilgiler istenebilece\u011finden ve yetkililer g\u00f6r\u00fc\u015fme talep edebilece\u011finden g\u00fcncel telefon numaras\u0131 yaz\u0131lmal\u0131d\u0131r.\u00a0<\/span><\/p>\r\n<p><span style=\"font-family: Roboto; font-size: 14px;\">Seyahat amac\u0131 ne ise, <strong>vize ba\u015fvuru \u00fccreti<\/strong> buna g\u00f6re eksiksiz yat\u0131r\u0131lmal\u0131 ve dekont \u00fczerine de a\u00e7\u0131klama \u015feklinde belirtilmelidir. Vize ba\u015fvuru s\u00fcrecinde eksiklikler nedeniyle ba\u015fvuru red edilirse, ba\u015fvuru \u00fccretinin iade edilmeyece\u011fi hususunuz g\u00f6z \u00f6n\u00fcnde bulundurunuz.<\/span><\/p>\r\n","protected":false},"excerpt":{"rendered":"<p>\u0130spanya Vize Ba\u015fvuru Formu Hakk\u0131nda \u0130spanya vize i\u015flemlerinin ba\u015flat\u0131lmas\u0131nda en b\u00fcy\u00fck etken\u00a0\u0130spanya Vize Ba\u015fvuru Formu\u00a0haz\u0131rlamakt\u0131r. Bu forum sayesinde vize i\u015flemlerinizi onaylatabilir ve vize \u00e7\u0131k\u0131\u015f\u0131n\u0131 sa\u011flayabilirsiniz. Ancak\u00a0\u0130spanya Vize Ba\u015fvuru Formu\u00a0haz\u0131rlan\u0131rken dikkat edilmesi gerekir. Ufac\u0131k bir hata ile emeklerinizin ziyan olmas\u0131 m\u00fcmk\u00fcnd\u00fcr. Bu y\u00fczden\u00a0\u0130spanya Vize Ba\u015fvuru Formu\u00a0\u00f6nem ta\u015f\u0131maktad\u0131r. Eksik ve yanl\u0131\u015f yap\u0131lan ba\u015fvurular kesinlikle de\u011ferlendirmeye al\u0131nmamaktad\u0131r.\u00a0 Resmi<\/p>\n","protected":false},"author":1,"featured_media":0,"parent":169,"menu_order":0,"comment_status":"open","ping_status":"closed","template":"","meta":{"footnotes":""},"class_list":["post-188","page","type-page","status-publish","hentry"],"yoast_head":"<!-- This site is optimized with the Yoast SEO plugin v24.0 - https:\/\/yoast.com\/wordpress\/plugins\/seo\/ -->\n<title>\u0130spanya Vize Ba\u015fvuru Formu - Vize Ba\u015fvurusu - MyVize<\/title>\n<meta name=\"description\" content=\"\u0130spanya vize ba\u015fvuru formuna dair veriler. \u0130spanya vize ba\u015fvuru formu g\u00f6rsel anlat\u0131m. \u0130spanya vize ba\u015fvuru formu i\u00e7in ileti\u015fime ge\u00e7in.\" \/>\n<meta name=\"robots\" content=\"index, follow, max-snippet:-1, max-image-preview:large, max-video-preview:-1\" \/>\n<link rel=\"canonical\" href=\"https:\/\/www.myvize.com.tr\/ispanya\/form-ve-dilekce\/ispanya-vize-basvuru-formu\/\" \/>\n<meta property=\"og:locale\" content=\"tr_TR\" \/>\n<meta property=\"og:type\" content=\"article\" \/>\n<meta property=\"og:title\" content=\"\u0130spanya Vize Ba\u015fvuru Formu - Vize Ba\u015fvurusu - MyVize\" \/>\n<meta property=\"og:description\" content=\"\u0130spanya vize ba\u015fvuru formuna dair veriler. \u0130spanya vize ba\u015fvuru formu g\u00f6rsel anlat\u0131m. \u0130spanya vize ba\u015fvuru formu i\u00e7in ileti\u015fime ge\u00e7in.\" \/>\n<meta property=\"og:url\" content=\"https:\/\/www.myvize.com.tr\/ispanya\/form-ve-dilekce\/ispanya-vize-basvuru-formu\/\" \/>\n<meta property=\"og:site_name\" content=\"\u0130spanya Vizesi\" \/>\n<meta property=\"article:modified_time\" content=\"2022-04-12T09:59:28+00:00\" \/>\n<meta property=\"og:image\" content=\"https:\/\/www.myvize.com.tr\/ispanya\/wp-content\/uploads\/2021\/10\/37.jpg\" \/>\n<meta name=\"twitter:card\" content=\"summary_large_image\" \/>\n<meta name=\"twitter:label1\" content=\"Tahmini okuma s\u00fcresi\" \/>\n\t<meta name=\"twitter:data1\" content=\"3 dakika\" \/>\n<script type=\"application\/ld+json\" class=\"yoast-schema-graph\">{\"@context\":\"https:\/\/schema.org\",\"@graph\":[{\"@type\":\"WebPage\",\"@id\":\"https:\/\/www.myvize.com.tr\/ispanya\/form-ve-dilekce\/ispanya-vize-basvuru-formu\/\",\"url\":\"https:\/\/www.myvize.com.tr\/ispanya\/form-ve-dilekce\/ispanya-vize-basvuru-formu\/\",\"name\":\"\u0130spanya Vize Ba\u015fvuru Formu - Vize Ba\u015fvurusu - MyVize\",\"isPartOf\":{\"@id\":\"https:\/\/www.myvize.com.tr\/ispanya\/#website\"},\"primaryImageOfPage\":{\"@id\":\"https:\/\/www.myvize.com.tr\/ispanya\/form-ve-dilekce\/ispanya-vize-basvuru-formu\/#primaryimage\"},\"image\":{\"@id\":\"https:\/\/www.myvize.com.tr\/ispanya\/form-ve-dilekce\/ispanya-vize-basvuru-formu\/#primaryimage\"},\"thumbnailUrl\":\"https:\/\/www.myvize.com.tr\/ispanya\/wp-content\/uploads\/2021\/10\/37.jpg\",\"datePublished\":\"2020-12-24T13:03:47+00:00\",\"dateModified\":\"2022-04-12T09:59:28+00:00\",\"description\":\"\u0130spanya vize ba\u015fvuru formuna dair veriler. \u0130spanya vize ba\u015fvuru formu g\u00f6rsel anlat\u0131m. \u0130spanya vize ba\u015fvuru formu i\u00e7in ileti\u015fime ge\u00e7in.\",\"breadcrumb\":{\"@id\":\"https:\/\/www.myvize.com.tr\/ispanya\/form-ve-dilekce\/ispanya-vize-basvuru-formu\/#breadcrumb\"},\"inLanguage\":\"tr\",\"potentialAction\":[{\"@type\":\"ReadAction\",\"target\":[\"https:\/\/www.myvize.com.tr\/ispanya\/form-ve-dilekce\/ispanya-vize-basvuru-formu\/\"]}]},{\"@type\":\"ImageObject\",\"inLanguage\":\"tr\",\"@id\":\"https:\/\/www.myvize.com.tr\/ispanya\/form-ve-dilekce\/ispanya-vize-basvuru-formu\/#primaryimage\",\"url\":\"https:\/\/www.myvize.com.tr\/ispanya\/wp-content\/uploads\/2021\/10\/37.jpg\",\"contentUrl\":\"https:\/\/www.myvize.com.tr\/ispanya\/wp-content\/uploads\/2021\/10\/37.jpg\",\"width\":800,\"height\":500,\"caption\":\"\u0130spanya Vize Ba\u015fvuru Formu\"},{\"@type\":\"BreadcrumbList\",\"@id\":\"https:\/\/www.myvize.com.tr\/ispanya\/form-ve-dilekce\/ispanya-vize-basvuru-formu\/#breadcrumb\",\"itemListElement\":[{\"@type\":\"ListItem\",\"position\":1,\"name\":\"Anasayfa\",\"item\":\"https:\/\/www.myvize.com.tr\/ispanya\/\"},{\"@type\":\"ListItem\",\"position\":2,\"name\":\"FORM VE D\u0130LEK\u00c7E\",\"item\":\"https:\/\/www.myvize.com.tr\/ispanya\/form-ve-dilekce\/\"},{\"@type\":\"ListItem\",\"position\":3,\"name\":\"\u0130spanya Vize Ba\u015fvuru Formu\"}]},{\"@type\":\"WebSite\",\"@id\":\"https:\/\/www.myvize.com.tr\/ispanya\/#website\",\"url\":\"https:\/\/www.myvize.com.tr\/ispanya\/\",\"name\":\"\u0130spanya Vizesi\",\"description\":\"\",\"potentialAction\":[{\"@type\":\"SearchAction\",\"target\":{\"@type\":\"EntryPoint\",\"urlTemplate\":\"https:\/\/www.myvize.com.tr\/ispanya\/?s={search_term_string}\"},\"query-input\":{\"@type\":\"PropertyValueSpecification\",\"valueRequired\":true,\"valueName\":\"search_term_string\"}}],\"inLanguage\":\"tr\"}]}<\/script>\n<!-- \/ Yoast SEO plugin. -->","yoast_head_json":{"title":"\u0130spanya Vize Ba\u015fvuru Formu - Vize Ba\u015fvurusu - MyVize","description":"\u0130spanya vize ba\u015fvuru formuna dair veriler. \u0130spanya vize ba\u015fvuru formu g\u00f6rsel anlat\u0131m. \u0130spanya vize ba\u015fvuru formu i\u00e7in ileti\u015fime ge\u00e7in.","robots":{"index":"index","follow":"follow","max-snippet":"max-snippet:-1","max-image-preview":"max-image-preview:large","max-video-preview":"max-video-preview:-1"},"canonical":"https:\/\/www.myvize.com.tr\/ispanya\/form-ve-dilekce\/ispanya-vize-basvuru-formu\/","og_locale":"tr_TR","og_type":"article","og_title":"\u0130spanya Vize Ba\u015fvuru Formu - Vize Ba\u015fvurusu - MyVize","og_description":"\u0130spanya vize ba\u015fvuru formuna dair veriler. \u0130spanya vize ba\u015fvuru formu g\u00f6rsel anlat\u0131m. \u0130spanya vize ba\u015fvuru formu i\u00e7in ileti\u015fime ge\u00e7in.","og_url":"https:\/\/www.myvize.com.tr\/ispanya\/form-ve-dilekce\/ispanya-vize-basvuru-formu\/","og_site_name":"\u0130spanya Vizesi","article_modified_time":"2022-04-12T09:59:28+00:00","og_image":[{"url":"https:\/\/www.myvize.com.tr\/ispanya\/wp-content\/uploads\/2021\/10\/37.jpg","type":"","width":"","height":""}],"twitter_card":"summary_large_image","twitter_misc":{"Tahmini okuma s\u00fcresi":"3 dakika"},"schema":{"@context":"https:\/\/schema.org","@graph":[{"@type":"WebPage","@id":"https:\/\/www.myvize.com.tr\/ispanya\/form-ve-dilekce\/ispanya-vize-basvuru-formu\/","url":"https:\/\/www.myvize.com.tr\/ispanya\/form-ve-dilekce\/ispanya-vize-basvuru-formu\/","name":"\u0130spanya Vize Ba\u015fvuru Formu - Vize Ba\u015fvurusu - MyVize","isPartOf":{"@id":"https:\/\/www.myvize.com.tr\/ispanya\/#website"},"primaryImageOfPage":{"@id":"https:\/\/www.myvize.com.tr\/ispanya\/form-ve-dilekce\/ispanya-vize-basvuru-formu\/#primaryimage"},"image":{"@id":"https:\/\/www.myvize.com.tr\/ispanya\/form-ve-dilekce\/ispanya-vize-basvuru-formu\/#primaryimage"},"thumbnailUrl":"https:\/\/www.myvize.com.tr\/ispanya\/wp-content\/uploads\/2021\/10\/37.jpg","datePublished":"2020-12-24T13:03:47+00:00","dateModified":"2022-04-12T09:59:28+00:00","description":"\u0130spanya vize ba\u015fvuru formuna dair veriler. \u0130spanya vize ba\u015fvuru formu g\u00f6rsel anlat\u0131m. \u0130spanya vize ba\u015fvuru formu i\u00e7in ileti\u015fime ge\u00e7in.","breadcrumb":{"@id":"https:\/\/www.myvize.com.tr\/ispanya\/form-ve-dilekce\/ispanya-vize-basvuru-formu\/#breadcrumb"},"inLanguage":"tr","potentialAction":[{"@type":"ReadAction","target":["https:\/\/www.myvize.com.tr\/ispanya\/form-ve-dilekce\/ispanya-vize-basvuru-formu\/"]}]},{"@type":"ImageObject","inLanguage":"tr","@id":"https:\/\/www.myvize.com.tr\/ispanya\/form-ve-dilekce\/ispanya-vize-basvuru-formu\/#primaryimage","url":"https:\/\/www.myvize.com.tr\/ispanya\/wp-content\/uploads\/2021\/10\/37.jpg","contentUrl":"https:\/\/www.myvize.com.tr\/ispanya\/wp-content\/uploads\/2021\/10\/37.jpg","width":800,"height":500,"caption":"\u0130spanya Vize Ba\u015fvuru Formu"},{"@type":"BreadcrumbList","@id":"https:\/\/www.myvize.com.tr\/ispanya\/form-ve-dilekce\/ispanya-vize-basvuru-formu\/#breadcrumb","itemListElement":[{"@type":"ListItem","position":1,"name":"Anasayfa","item":"https:\/\/www.myvize.com.tr\/ispanya\/"},{"@type":"ListItem","position":2,"name":"FORM VE D\u0130LEK\u00c7E","item":"https:\/\/www.myvize.com.tr\/ispanya\/form-ve-dilekce\/"},{"@type":"ListItem","position":3,"name":"\u0130spanya Vize Ba\u015fvuru Formu"}]},{"@type":"WebSite","@id":"https:\/\/www.myvize.com.tr\/ispanya\/#website","url":"https:\/\/www.myvize.com.tr\/ispanya\/","name":"\u0130spanya Vizesi","description":"","potentialAction":[{"@type":"SearchAction","target":{"@type":"EntryPoint","urlTemplate":"https:\/\/www.myvize.com.tr\/ispanya\/?s={search_term_string}"},"query-input":{"@type":"PropertyValueSpecification","valueRequired":true,"valueName":"search_term_string"}}],"inLanguage":"tr"}]}},"_links":{"self":[{"href":"https:\/\/www.myvize.com.tr\/ispanya\/wp-json\/wp\/v2\/pages\/188","targetHints":{"allow":["GET"]}}],"collection":[{"href":"https:\/\/www.myvize.com.tr\/ispanya\/wp-json\/wp\/v2\/pages"}],"about":[{"href":"https:\/\/www.myvize.com.tr\/ispanya\/wp-json\/wp\/v2\/types\/page"}],"author":[{"embeddable":true,"href":"https:\/\/www.myvize.com.tr\/ispanya\/wp-json\/wp\/v2\/users\/1"}],"replies":[{"embeddable":true,"href":"https:\/\/www.myvize.com.tr\/ispanya\/wp-json\/wp\/v2\/comments?post=188"}],"version-history":[{"count":5,"href":"https:\/\/www.myvize.com.tr\/ispanya\/wp-json\/wp\/v2\/pages\/188\/revisions"}],"predecessor-version":[{"id":960,"href":"https:\/\/www.myvize.com.tr\/ispanya\/wp-json\/wp\/v2\/pages\/188\/revisions\/960"}],"up":[{"embeddable":true,"href":"https:\/\/www.myvize.com.tr\/ispanya\/wp-json\/wp\/v2\/pages\/169"}],"wp:attachment":[{"href":"https:\/\/www.myvize.com.tr\/ispanya\/wp-json\/wp\/v2\/media?parent=188"}],"curies":[{"name":"wp","href":"https:\/\/api.w.org\/{rel}","templated":true}]}}