{"id":190,"date":"2020-12-24T16:04:07","date_gmt":"2020-12-24T13:04:07","guid":{"rendered":"https:\/\/www.myvize.com.tr\/ispanya\/?page_id=190"},"modified":"2022-04-12T13:00:53","modified_gmt":"2022-04-12T10:00:53","slug":"turistik-vize-dilekce-ornegi","status":"publish","type":"page","link":"https:\/\/www.myvize.com.tr\/ispanya\/form-ve-dilekce\/turistik-vize-dilekce-ornegi\/","title":{"rendered":"\u0130spanya Turistik Vize Dilek\u00e7e \u00d6rne\u011fi"},"content":{"rendered":"<h2><strong><span style=\"font-family: Roboto; font-size: 27px;\">Turistik Vize Dilek\u00e7e \u00d6rne\u011fi<\/span><\/strong><\/h2>\n<p><span style=\"font-family: Roboto; font-size: 14px;\">\u0130spanya\u2019ya turistik seyahatte bulunacak olan T\u00fcrk vatanda\u015flar\u0131n\u0131n, <strong>\u0130spanya turistik vizesi<\/strong> almas\u0131 gerekmektedir. <strong>\u0130spanya turistik vizesi<\/strong> alacak olan T\u00fcrk vatanda\u015flar\u0131 ise \u0130spanya turistik vizesi i\u00e7in dilek\u00e7e yazmal\u0131d\u0131r.<\/span><\/p>\n<ul>\n<li><span style=\"font-family: Roboto; font-size: 14px;\"><strong>\u0130spanya turistik vize<\/strong> dilek\u00e7esi, A4 ka\u011f\u0131d\u0131na yaz\u0131lmal\u0131d\u0131r. Ka\u011f\u0131tta bir y\u0131pranma ya da kir olmamal\u0131d\u0131r.<\/span><\/li>\n<li><span style=\"font-family: Roboto; font-size: 14px;\">Dilek\u00e7e resmi bir dille yaz\u0131lmal\u0131d\u0131r.<\/span><\/li>\n<li><span style=\"font-family: Roboto; font-size: 14px;\">Dilek\u00e7e elle ya da bilgisayar ile yaz\u0131labilir. Ancak \u0131slak imzal\u0131 olmas\u0131 zorunludur. El ile yaz\u0131lan dilek\u00e7elerin okunakl\u0131 olmas\u0131 gerekmektedir.<\/span><\/li>\n<li><span style=\"font-family: Roboto; font-size: 14px;\">\u0130spanyolca ya da \u0130ngilizce yaz\u0131lmal\u0131d\u0131r.<\/span><\/li>\n<li><span style=\"font-family: Roboto; font-size: 14px;\">Konsoloslu\u011fa hitaben yaz\u0131lmas\u0131 ve vize b\u00f6l\u00fcm\u00fcn\u00fcn dikkatine sunulmas\u0131 gerekmektedir.<\/span><\/li>\n<li><span style=\"font-family: Roboto; font-size: 14px;\">Seyahatiniz ile ilgili bilgiler vermelisiniz. Seyahat tarihleri, nerede konaklayaca\u011f\u0131n\u0131z gibi bilgiler olmal\u0131d\u0131r.<\/span><\/li>\n<\/ul>\n<p><img decoding=\"async\" src=\"https:\/\/www.myvize.com.tr\/ispanya\/wp-content\/uploads\/2021\/10\/38.jpg\" \/><\/p>\n<p><span style=\"font-family: Roboto; font-size: 14px;\"><strong>\u0130spanya turistik vize dilek\u00e7e \u00f6rne\u011fi;<\/strong><\/span><\/p>\n<p><span style=\"font-family: Roboto; font-size: 14px;\"><strong>\u0130spanya Ba\u015fkonsoloslu\u011fu\u00a0\u00a0\u00a0\u00a0\u00a0\u00a0\u00a0\u00a0\u00a0\u00a0\u00a0\u00a0\u00a0\u00a0\u00a0\u00a0\u00a0\u00a0\u00a0\u00a0\u00a0\u00a0\u00a0\u00a0\u00a0\u00a0\u00a0\u00a0\u00a0\u00a0\u00a0\u00a0\u00a0\u00a0\u00a0\u00a0\u00a0\u00a0\u00a0\u00a0\u00a0\u00a0\u00a0\u00a0\u00a0\u00a0\u00a0\u00a0\u00a0\u00a0\u00a0\u00a0\u00a0\u00a0\u00a0\u00a0\u00a0\u00a0\u00a0\u00a0\u00a0\u00a0\u00a0\u00a0\u00a0\u00a0\u00a0\u00a0\u00a0\u00a0\u00a0\u00a0\u00a0\u00a0\u00a0\u00a0\u00a0\u00a0\u00a0\u00a0\u00a0\u00a0 Tarih<\/strong><\/span><\/p>\n<p><span style=\"font-family: Roboto; font-size: 14px;\"><strong>Vize B\u00f6l\u00fcm\u00fc<\/strong><\/span><\/p>\n<p><span style=\"font-family: Roboto; font-size: 14px;\">Ben, Ali Veli, 02.02.2021 ile 10.03.2021 tarihleri aras\u0131nda \u00fclkenizin Barselona \u015fehrine turistik ziyarette bulunaca\u011f\u0131m. Seyahatim s\u00fcresi boyunca Hotel Sw Glow\u2019da konaklayaca\u011f\u0131m.<\/span><\/p>\n<p><span style=\"font-family: Roboto; font-size: 14px;\">\u0130spanya\u2019da kalaca\u011f\u0131m s\u00fcre i\u00e7erisindeki masraflar\u0131m\u0131 ve gidi\u015f- d\u00f6n\u00fc\u015f masraflar\u0131m\u0131 kendim kar\u015f\u0131layaca\u011f\u0131m. Vize bitiminden evvel \u0130spanya\u2019dan ayr\u0131laca\u011f\u0131m ve \u0130spanya sosyal ya\u015fam\u0131n\u0131, kamu d\u00fczenini tehlikeye sokacak davran\u0131\u015flarda bulunmayaca\u011f\u0131m. Gerekli olan \u0130spanya turistik vizesinin verilmesini rica ederim.<\/span><\/p>\n<p><span style=\"font-family: Roboto; font-size: 14px;\">Sayg\u0131lar\u0131mla<\/span><\/p>\n<p><span style=\"font-family: Roboto; font-size: 14px;\">Ad- Soyad<\/span><\/p>\n<p><span style=\"font-family: Roboto; font-size: 14px;\">\u0130mza<\/span><\/p>\n<p><span style=\"font-family: Roboto; font-size: 14px;\"><span style=\"color: #2acec2;\"><strong><a style=\"color: #2acec2;\" href=\"https:\/\/www.myvize.com.tr\/ispanya\/ispanya-vize-ucreti\/\" target=\"_blank\" rel=\"noopener\">\u0130spanya Vize \u00dccreti<\/a><\/strong><\/span> ile ilgili bilgi almak i\u00e7in bizi aray\u0131n.<\/span><\/p>\n","protected":false},"excerpt":{"rendered":"<p>Turistik Vize Dilek\u00e7e \u00d6rne\u011fi \u0130spanya\u2019ya turistik seyahatte bulunacak olan T\u00fcrk vatanda\u015flar\u0131n\u0131n, \u0130spanya turistik vizesi almas\u0131 gerekmektedir. \u0130spanya turistik vizesi alacak olan T\u00fcrk vatanda\u015flar\u0131 ise \u0130spanya turistik vizesi i\u00e7in dilek\u00e7e yazmal\u0131d\u0131r. \u0130spanya turistik vize dilek\u00e7esi, A4 ka\u011f\u0131d\u0131na yaz\u0131lmal\u0131d\u0131r. Ka\u011f\u0131tta bir y\u0131pranma ya da kir olmamal\u0131d\u0131r. Dilek\u00e7e resmi bir dille yaz\u0131lmal\u0131d\u0131r. Dilek\u00e7e elle ya da bilgisayar ile<\/p>\n","protected":false},"author":1,"featured_media":0,"parent":169,"menu_order":0,"comment_status":"open","ping_status":"closed","template":"","meta":{"footnotes":""},"class_list":["post-190","page","type-page","status-publish","hentry"],"yoast_head":"<!-- This site is optimized with the Yoast SEO plugin v24.0 - https:\/\/yoast.com\/wordpress\/plugins\/seo\/ -->\n<title>\u0130spanya Turistik Vize Dilek\u00e7e \u00d6rne\u011fi - MyVize<\/title>\n<meta name=\"description\" content=\"\u0130spanya turistik vize dilek\u00e7e \u00f6rnekleri g\u00fcncel 2022 g\u00f6rselleri. \u0130spanya turistik vize dilek\u00e7e \u00f6rnekleri nas\u0131l yaz\u0131l\u0131r?\" \/>\n<meta name=\"robots\" content=\"index, follow, max-snippet:-1, max-image-preview:large, max-video-preview:-1\" \/>\n<link rel=\"canonical\" href=\"https:\/\/www.myvize.com.tr\/ispanya\/form-ve-dilekce\/turistik-vize-dilekce-ornegi\/\" \/>\n<meta property=\"og:locale\" content=\"tr_TR\" \/>\n<meta property=\"og:type\" content=\"article\" \/>\n<meta property=\"og:title\" content=\"\u0130spanya Turistik Vize Dilek\u00e7e \u00d6rne\u011fi - MyVize\" \/>\n<meta property=\"og:description\" content=\"\u0130spanya turistik vize dilek\u00e7e \u00f6rnekleri g\u00fcncel 2022 g\u00f6rselleri. \u0130spanya turistik vize dilek\u00e7e \u00f6rnekleri nas\u0131l yaz\u0131l\u0131r?\" \/>\n<meta property=\"og:url\" content=\"https:\/\/www.myvize.com.tr\/ispanya\/form-ve-dilekce\/turistik-vize-dilekce-ornegi\/\" \/>\n<meta property=\"og:site_name\" content=\"\u0130spanya Vizesi\" \/>\n<meta property=\"article:modified_time\" content=\"2022-04-12T10:00:53+00:00\" \/>\n<meta property=\"og:image\" content=\"https:\/\/www.myvize.com.tr\/ispanya\/wp-content\/uploads\/2021\/10\/38.jpg\" \/>\n<meta name=\"twitter:card\" content=\"summary_large_image\" \/>\n<meta name=\"twitter:label1\" content=\"Tahmini okuma s\u00fcresi\" \/>\n\t<meta name=\"twitter:data1\" content=\"1 dakika\" \/>\n<script type=\"application\/ld+json\" class=\"yoast-schema-graph\">{\"@context\":\"https:\/\/schema.org\",\"@graph\":[{\"@type\":\"WebPage\",\"@id\":\"https:\/\/www.myvize.com.tr\/ispanya\/form-ve-dilekce\/turistik-vize-dilekce-ornegi\/\",\"url\":\"https:\/\/www.myvize.com.tr\/ispanya\/form-ve-dilekce\/turistik-vize-dilekce-ornegi\/\",\"name\":\"\u0130spanya Turistik Vize Dilek\u00e7e \u00d6rne\u011fi - MyVize\",\"isPartOf\":{\"@id\":\"https:\/\/www.myvize.com.tr\/ispanya\/#website\"},\"primaryImageOfPage\":{\"@id\":\"https:\/\/www.myvize.com.tr\/ispanya\/form-ve-dilekce\/turistik-vize-dilekce-ornegi\/#primaryimage\"},\"image\":{\"@id\":\"https:\/\/www.myvize.com.tr\/ispanya\/form-ve-dilekce\/turistik-vize-dilekce-ornegi\/#primaryimage\"},\"thumbnailUrl\":\"https:\/\/www.myvize.com.tr\/ispanya\/wp-content\/uploads\/2021\/10\/38.jpg\",\"datePublished\":\"2020-12-24T13:04:07+00:00\",\"dateModified\":\"2022-04-12T10:00:53+00:00\",\"description\":\"\u0130spanya turistik vize dilek\u00e7e \u00f6rnekleri g\u00fcncel 2022 g\u00f6rselleri. \u0130spanya turistik vize dilek\u00e7e \u00f6rnekleri nas\u0131l yaz\u0131l\u0131r?\",\"breadcrumb\":{\"@id\":\"https:\/\/www.myvize.com.tr\/ispanya\/form-ve-dilekce\/turistik-vize-dilekce-ornegi\/#breadcrumb\"},\"inLanguage\":\"tr\",\"potentialAction\":[{\"@type\":\"ReadAction\",\"target\":[\"https:\/\/www.myvize.com.tr\/ispanya\/form-ve-dilekce\/turistik-vize-dilekce-ornegi\/\"]}]},{\"@type\":\"ImageObject\",\"inLanguage\":\"tr\",\"@id\":\"https:\/\/www.myvize.com.tr\/ispanya\/form-ve-dilekce\/turistik-vize-dilekce-ornegi\/#primaryimage\",\"url\":\"https:\/\/www.myvize.com.tr\/ispanya\/wp-content\/uploads\/2021\/10\/38.jpg\",\"contentUrl\":\"https:\/\/www.myvize.com.tr\/ispanya\/wp-content\/uploads\/2021\/10\/38.jpg\",\"width\":800,\"height\":500,\"caption\":\"\u0130spanya Turistik Vize Dilek\u00e7e \u00d6rne\u011fi\"},{\"@type\":\"BreadcrumbList\",\"@id\":\"https:\/\/www.myvize.com.tr\/ispanya\/form-ve-dilekce\/turistik-vize-dilekce-ornegi\/#breadcrumb\",\"itemListElement\":[{\"@type\":\"ListItem\",\"position\":1,\"name\":\"Anasayfa\",\"item\":\"https:\/\/www.myvize.com.tr\/ispanya\/\"},{\"@type\":\"ListItem\",\"position\":2,\"name\":\"FORM VE D\u0130LEK\u00c7E\",\"item\":\"https:\/\/www.myvize.com.tr\/ispanya\/form-ve-dilekce\/\"},{\"@type\":\"ListItem\",\"position\":3,\"name\":\"\u0130spanya Turistik Vize Dilek\u00e7e \u00d6rne\u011fi\"}]},{\"@type\":\"WebSite\",\"@id\":\"https:\/\/www.myvize.com.tr\/ispanya\/#website\",\"url\":\"https:\/\/www.myvize.com.tr\/ispanya\/\",\"name\":\"\u0130spanya Vizesi\",\"description\":\"\",\"potentialAction\":[{\"@type\":\"SearchAction\",\"target\":{\"@type\":\"EntryPoint\",\"urlTemplate\":\"https:\/\/www.myvize.com.tr\/ispanya\/?s={search_term_string}\"},\"query-input\":{\"@type\":\"PropertyValueSpecification\",\"valueRequired\":true,\"valueName\":\"search_term_string\"}}],\"inLanguage\":\"tr\"}]}<\/script>\n<!-- \/ Yoast SEO plugin. -->","yoast_head_json":{"title":"\u0130spanya Turistik Vize Dilek\u00e7e \u00d6rne\u011fi - MyVize","description":"\u0130spanya turistik vize dilek\u00e7e \u00f6rnekleri g\u00fcncel 2022 g\u00f6rselleri. \u0130spanya turistik vize dilek\u00e7e \u00f6rnekleri nas\u0131l yaz\u0131l\u0131r?","robots":{"index":"index","follow":"follow","max-snippet":"max-snippet:-1","max-image-preview":"max-image-preview:large","max-video-preview":"max-video-preview:-1"},"canonical":"https:\/\/www.myvize.com.tr\/ispanya\/form-ve-dilekce\/turistik-vize-dilekce-ornegi\/","og_locale":"tr_TR","og_type":"article","og_title":"\u0130spanya Turistik Vize Dilek\u00e7e \u00d6rne\u011fi - MyVize","og_description":"\u0130spanya turistik vize dilek\u00e7e \u00f6rnekleri g\u00fcncel 2022 g\u00f6rselleri. \u0130spanya turistik vize dilek\u00e7e \u00f6rnekleri nas\u0131l yaz\u0131l\u0131r?","og_url":"https:\/\/www.myvize.com.tr\/ispanya\/form-ve-dilekce\/turistik-vize-dilekce-ornegi\/","og_site_name":"\u0130spanya Vizesi","article_modified_time":"2022-04-12T10:00:53+00:00","og_image":[{"url":"https:\/\/www.myvize.com.tr\/ispanya\/wp-content\/uploads\/2021\/10\/38.jpg","type":"","width":"","height":""}],"twitter_card":"summary_large_image","twitter_misc":{"Tahmini okuma s\u00fcresi":"1 dakika"},"schema":{"@context":"https:\/\/schema.org","@graph":[{"@type":"WebPage","@id":"https:\/\/www.myvize.com.tr\/ispanya\/form-ve-dilekce\/turistik-vize-dilekce-ornegi\/","url":"https:\/\/www.myvize.com.tr\/ispanya\/form-ve-dilekce\/turistik-vize-dilekce-ornegi\/","name":"\u0130spanya Turistik Vize Dilek\u00e7e \u00d6rne\u011fi - MyVize","isPartOf":{"@id":"https:\/\/www.myvize.com.tr\/ispanya\/#website"},"primaryImageOfPage":{"@id":"https:\/\/www.myvize.com.tr\/ispanya\/form-ve-dilekce\/turistik-vize-dilekce-ornegi\/#primaryimage"},"image":{"@id":"https:\/\/www.myvize.com.tr\/ispanya\/form-ve-dilekce\/turistik-vize-dilekce-ornegi\/#primaryimage"},"thumbnailUrl":"https:\/\/www.myvize.com.tr\/ispanya\/wp-content\/uploads\/2021\/10\/38.jpg","datePublished":"2020-12-24T13:04:07+00:00","dateModified":"2022-04-12T10:00:53+00:00","description":"\u0130spanya turistik vize dilek\u00e7e \u00f6rnekleri g\u00fcncel 2022 g\u00f6rselleri. \u0130spanya turistik vize dilek\u00e7e \u00f6rnekleri nas\u0131l yaz\u0131l\u0131r?","breadcrumb":{"@id":"https:\/\/www.myvize.com.tr\/ispanya\/form-ve-dilekce\/turistik-vize-dilekce-ornegi\/#breadcrumb"},"inLanguage":"tr","potentialAction":[{"@type":"ReadAction","target":["https:\/\/www.myvize.com.tr\/ispanya\/form-ve-dilekce\/turistik-vize-dilekce-ornegi\/"]}]},{"@type":"ImageObject","inLanguage":"tr","@id":"https:\/\/www.myvize.com.tr\/ispanya\/form-ve-dilekce\/turistik-vize-dilekce-ornegi\/#primaryimage","url":"https:\/\/www.myvize.com.tr\/ispanya\/wp-content\/uploads\/2021\/10\/38.jpg","contentUrl":"https:\/\/www.myvize.com.tr\/ispanya\/wp-content\/uploads\/2021\/10\/38.jpg","width":800,"height":500,"caption":"\u0130spanya Turistik Vize Dilek\u00e7e \u00d6rne\u011fi"},{"@type":"BreadcrumbList","@id":"https:\/\/www.myvize.com.tr\/ispanya\/form-ve-dilekce\/turistik-vize-dilekce-ornegi\/#breadcrumb","itemListElement":[{"@type":"ListItem","position":1,"name":"Anasayfa","item":"https:\/\/www.myvize.com.tr\/ispanya\/"},{"@type":"ListItem","position":2,"name":"FORM VE D\u0130LEK\u00c7E","item":"https:\/\/www.myvize.com.tr\/ispanya\/form-ve-dilekce\/"},{"@type":"ListItem","position":3,"name":"\u0130spanya Turistik Vize Dilek\u00e7e \u00d6rne\u011fi"}]},{"@type":"WebSite","@id":"https:\/\/www.myvize.com.tr\/ispanya\/#website","url":"https:\/\/www.myvize.com.tr\/ispanya\/","name":"\u0130spanya Vizesi","description":"","potentialAction":[{"@type":"SearchAction","target":{"@type":"EntryPoint","urlTemplate":"https:\/\/www.myvize.com.tr\/ispanya\/?s={search_term_string}"},"query-input":{"@type":"PropertyValueSpecification","valueRequired":true,"valueName":"search_term_string"}}],"inLanguage":"tr"}]}},"_links":{"self":[{"href":"https:\/\/www.myvize.com.tr\/ispanya\/wp-json\/wp\/v2\/pages\/190","targetHints":{"allow":["GET"]}}],"collection":[{"href":"https:\/\/www.myvize.com.tr\/ispanya\/wp-json\/wp\/v2\/pages"}],"about":[{"href":"https:\/\/www.myvize.com.tr\/ispanya\/wp-json\/wp\/v2\/types\/page"}],"author":[{"embeddable":true,"href":"https:\/\/www.myvize.com.tr\/ispanya\/wp-json\/wp\/v2\/users\/1"}],"replies":[{"embeddable":true,"href":"https:\/\/www.myvize.com.tr\/ispanya\/wp-json\/wp\/v2\/comments?post=190"}],"version-history":[{"count":5,"href":"https:\/\/www.myvize.com.tr\/ispanya\/wp-json\/wp\/v2\/pages\/190\/revisions"}],"predecessor-version":[{"id":961,"href":"https:\/\/www.myvize.com.tr\/ispanya\/wp-json\/wp\/v2\/pages\/190\/revisions\/961"}],"up":[{"embeddable":true,"href":"https:\/\/www.myvize.com.tr\/ispanya\/wp-json\/wp\/v2\/pages\/169"}],"wp:attachment":[{"href":"https:\/\/www.myvize.com.tr\/ispanya\/wp-json\/wp\/v2\/media?parent=190"}],"curies":[{"name":"wp","href":"https:\/\/api.w.org\/{rel}","templated":true}]}}